Results for 7.0.0 20161216 (experimental) [trunk revision 243740] (GCC) testsuite on x86_64-pc-solaris2.12
Rainer Orth
ro@CeBiTec.Uni-Bielefeld.DE
Sat Dec 17 15:34:00 GMT 2016
LAST_UPDATED: Fri Dec 16 12:34:16 2016 (revision 243740)
Native configuration is x86_64-pc-solaris2.12
=== libatomic tests ===
Running target unix/-m32
=== libatomic Summary for unix/-m32 ===
# of expected passes 44
# of unsupported tests 5
Running target unix
=== libatomic Summary for unix ===
# of expected passes 54
=== libatomic Summary ===
# of expected passes 98
# of unsupported tests 5
=== libffi tests ===
Running target unix/-m32
=== libffi Summary for unix/-m32 ===
# of expected passes 2799
Running target unix
=== libffi Summary for unix ===
# of expected passes 2214
=== libffi Summary ===
# of expected passes 5013
=== libgo tests ===
Running target unix
FAIL: net
FAIL: go/build
=== libgo Summary for unix ===
# of expected passes 136
# of unexpected failures 2
Running target unix/-m32
FAIL: net
FAIL: time
FAIL: go/build
=== libgo Summary for unix/-m32 ===
# of expected passes 135
# of unexpected failures 3
=== libgo Summary ===
# of expected passes 271
# of unexpected failures 5
/var/gcc/regression/trunk/12-gcc-gas-64/build/./gcc/gccgo version 7.0.0 20161216 (experimental) [trunk revision 243740] (GCC)
=== libgomp tests ===
Running target unix/-m32
=== libgomp Summary for unix/-m32 ===
# of expected passes 5142
# of unsupported tests 334
Running target unix
=== libgomp Summary for unix ===
# of expected passes 5142
# of unsupported tests 334
=== libgomp Summary ===
# of expected passes 10284
# of unsupported tests 668
=== libitm tests ===
Running target unix/-m32
=== libitm Summary for unix/-m32 ===
# of expected passes 42
# of expected failures 3
# of unsupported tests 1
Running target unix
=== libitm Summary for unix ===
# of expected passes 42
# of expected failures 3
# of unsupported tests 1
=== libitm Summary ===
# of expected passes 84
# of expected failures 6
# of unsupported tests 2
=== libstdc++ tests ===
Running target unix
FAIL: 27_io/headers/cstdio/functions_neg.cc (test for errors, line 24)
=== libstdc++ Summary for unix ===
# of expected passes 10714
# of unexpected failures 1
# of expected failures 66
# of unsupported tests 619
Running target unix/-m32
FAIL: 27_io/headers/cstdio/functions_neg.cc (test for errors, line 24)
FAIL: experimental/memory_resource/resource_adaptor.cc execution test
=== libstdc++ Summary for unix/-m32 ===
# of expected passes 10721
# of unexpected failures 2
# of expected failures 66
# of unsupported tests 615
=== libstdc++ Summary ===
# of expected passes 21435
# of unexpected failures 3
# of expected failures 132
# of unsupported tests 1234
=== acats tests ===
=== acats Summary ===
# of expected passes 2320
# of unexpected failures 0
=== g++ tests ===
Running target unix
FAIL: g++.dg/cilk-plus/AN/array_test_ND_tplt.cc -O3 -fcilkplus (test for excess errors)
WARNING: g++.dg/cilk-plus/AN/array_test_ND_tplt.cc -O3 -fcilkplus compilation failed to produce executable
FAIL: g++.dg/cilk-plus/AN/array_test_ND_tplt.cc -O3 -ftree-vectorize -fcilkplus -g (test for excess errors)
WARNING: g++.dg/cilk-plus/AN/array_test_ND_tplt.cc -O3 -ftree-vectorize -fcilkplus -g compilation failed to produce executable
FAIL: g++.dg/cilk-plus/AN/array_test_ND_tplt.cc -g -O3 -fcilkplus (test for excess errors)
WARNING: g++.dg/cilk-plus/AN/array_test_ND_tplt.cc -g -O3 -fcilkplus compilation failed to produce executable
FAIL: g++.dg/cilk-plus/CK/stl_iter.cc -g -fcilkplus (test for excess errors)
WARNING: g++.dg/cilk-plus/CK/stl_iter.cc -g -fcilkplus compilation failed to produce executable
FAIL: g++.dg/cilk-plus/CK/stl_rev_iter.cc -g -O2 -fcilkplus (test for excess errors)
WARNING: g++.dg/cilk-plus/CK/stl_rev_iter.cc -g -O2 -fcilkplus compilation failed to produce executable
FAIL: g++.dg/cilk-plus/CK/stl_test.cc -O3 -fcilkplus (test for excess errors)
WARNING: g++.dg/cilk-plus/CK/stl_test.cc -O3 -fcilkplus compilation failed to produce executable
WARNING: program timed out.
WARNING: program timed out.
WARNING: program timed out.
WARNING: program timed out.
WARNING: program timed out.
WARNING: program timed out.
FAIL: g++.dg/gcov/pr16855-priority.C -std=gnu++11 gcov: 1 failures in line counts, 0 in branch percentages, 0 in return percentages, 0 in intermediate format
FAIL: g++.dg/gcov/pr16855-priority.C -std=gnu++11 line 22: is #####:should be 1
FAIL: g++.dg/gcov/pr16855-priority.C -std=gnu++14 gcov: 1 failures in line counts, 0 in branch percentages, 0 in return percentages, 0 in intermediate format
FAIL: g++.dg/gcov/pr16855-priority.C -std=gnu++14 line 22: is #####:should be 1
FAIL: g++.dg/gcov/pr16855-priority.C -std=gnu++98 gcov: 1 failures in line counts, 0 in branch percentages, 0 in return percentages, 0 in intermediate format
FAIL: g++.dg/gcov/pr16855-priority.C -std=gnu++98 line 22: is #####:should be 1
FAIL: g++.dg/gcov/pr16855.C -std=gnu++11 gcov: 1 failures in line counts, 0 in branch percentages, 0 in return percentages, 0 in intermediate format
FAIL: g++.dg/gcov/pr16855.C -std=gnu++11 line 21: is #####:should be 1
FAIL: g++.dg/gcov/pr16855.C -std=gnu++14 gcov: 1 failures in line counts, 0 in branch percentages, 0 in return percentages, 0 in intermediate format
FAIL: g++.dg/gcov/pr16855.C -std=gnu++14 line 21: is #####:should be 1
FAIL: g++.dg/gcov/pr16855.C -std=gnu++98 gcov: 1 failures in line counts, 0 in branch percentages, 0 in return percentages, 0 in intermediate format
FAIL: g++.dg/gcov/pr16855.C -std=gnu++98 line 21: is #####:should be 1
=== g++ Summary for unix ===
# of expected passes 104320
# of unexpected failures 18
# of expected failures 337
# of unsupported tests 4008
Running target unix/-m32
FAIL: g++.dg/cilk-plus/AN/array_test_ND_tplt.cc -O3 -ftree-vectorize -fcilkplus -g (test for excess errors)
WARNING: g++.dg/cilk-plus/AN/array_test_ND_tplt.cc -O3 -ftree-vectorize -fcilkplus -g compilation failed to produce executable
FAIL: g++.dg/cilk-plus/AN/array_test_ND_tplt.cc -g -O3 -fcilkplus (test for excess errors)
WARNING: g++.dg/cilk-plus/AN/array_test_ND_tplt.cc -g -O3 -fcilkplus compilation failed to produce executable
WARNING: program timed out.
WARNING: program timed out.
FAIL: g++.dg/opt/pr59470.C -std=gnu++11 (test for excess errors)
WARNING: g++.dg/opt/pr59470.C -std=gnu++11 compilation failed to produce executable
FAIL: g++.dg/opt/pr59470.C -std=gnu++14 (test for excess errors)
WARNING: g++.dg/opt/pr59470.C -std=gnu++14 compilation failed to produce executable
FAIL: g++.dg/opt/pr59470.C -std=gnu++98 (test for excess errors)
WARNING: g++.dg/opt/pr59470.C -std=gnu++98 compilation failed to produce executable
FAIL: g++.dg/gcov/pr16855-priority.C -std=gnu++11 gcov: 1 failures in line counts, 0 in branch percentages, 0 in return percentages, 0 in intermediate format
FAIL: g++.dg/gcov/pr16855-priority.C -std=gnu++11 line 22: is #####:should be 1
FAIL: g++.dg/gcov/pr16855-priority.C -std=gnu++14 gcov: 1 failures in line counts, 0 in branch percentages, 0 in return percentages, 0 in intermediate format
FAIL: g++.dg/gcov/pr16855-priority.C -std=gnu++14 line 22: is #####:should be 1
FAIL: g++.dg/gcov/pr16855-priority.C -std=gnu++98 gcov: 1 failures in line counts, 0 in branch percentages, 0 in return percentages, 0 in intermediate format
FAIL: g++.dg/gcov/pr16855-priority.C -std=gnu++98 line 22: is #####:should be 1
FAIL: g++.dg/gcov/pr16855.C -std=gnu++11 gcov: 1 failures in line counts, 0 in branch percentages, 0 in return percentages, 0 in intermediate format
FAIL: g++.dg/gcov/pr16855.C -std=gnu++11 line 21: is #####:should be 1
FAIL: g++.dg/gcov/pr16855.C -std=gnu++14 gcov: 1 failures in line counts, 0 in branch percentages, 0 in return percentages, 0 in intermediate format
FAIL: g++.dg/gcov/pr16855.C -std=gnu++14 line 21: is #####:should be 1
FAIL: g++.dg/gcov/pr16855.C -std=gnu++98 gcov: 1 failures in line counts, 0 in branch percentages, 0 in return percentages, 0 in intermediate format
FAIL: g++.dg/gcov/pr16855.C -std=gnu++98 line 21: is #####:should be 1
=== g++ Summary for unix/-m32 ===
# of expected passes 102999
# of unexpected failures 17
# of expected failures 337
# of unsupported tests 3764
=== g++ Summary ===
# of expected passes 207319
# of unexpected failures 35
# of expected failures 674
# of unsupported tests 7772
/var/gcc/regression/trunk/12-gcc-gas-64/build/gcc/testsuite/g++/../../xg++ version 7.0.0 20161216 (experimental) [trunk revision 243740] (GCC)
=== gcc tests ===
Running target unix
FAIL: gcc.dg/tree-ssa/pr69270-3.c scan-tree-dump-times uncprop1 ", 1" 4
FAIL: gcc.target/i386/pr45685.c scan-assembler-times cmov 6
=== gcc Summary for unix ===
# of expected passes 116149
# of unexpected failures 2
# of expected failures 353
# of unsupported tests 1968
Running target unix/-m32
FAIL: gcc.dg/atomic/c11-atomic-exec-2.c -O2 -flto -flto-partition=none (test for excess errors)
WARNING: program timed out.
FAIL: gcc.dg/graphite/scop-dsyr2k.c scan-tree-dump-times graphite "number of SCoPs: 1" 1
FAIL: gcc.dg/graphite/scop-dsyrk.c scan-tree-dump-times graphite "number of SCoPs: 1" 1
FAIL: gcc.dg/tree-ssa/pr69270-3.c scan-tree-dump-times uncprop1 ", 1" 4
FAIL: gcc.dg/tree-ssa/scev-5.c scan-tree-dump-times optimized "&a" 1
=== gcc Summary for unix/-m32 ===
# of expected passes 114596
# of unexpected failures 5
# of expected failures 358
# of unsupported tests 1986
=== gcc Summary ===
# of expected passes 230745
# of unexpected failures 7
# of expected failures 711
# of unsupported tests 3954
/var/gcc/regression/trunk/12-gcc-gas-64/build/gcc/xgcc version 7.0.0 20161216 (experimental) [trunk revision 243740] (GCC)
=== gfortran tests ===
Running target unix
XPASS: gfortran.dg/charlen_03.f90 -O (test for excess errors)
XPASS: gfortran.dg/charlen_10.f90 -O (test for excess errors)
FAIL: gfortran.dg/graphite/pr68279.f90 -O (internal compiler error)
FAIL: gfortran.dg/graphite/pr68279.f90 -O (test for excess errors)
=== gfortran Summary for unix ===
# of expected passes 44387
# of unexpected failures 2
# of unexpected successes 2
# of expected failures 89
# of unsupported tests 79
Running target unix/-m32
FAIL: gfortran.dg/coarray/event_2.f90 -fcoarray=lib -O2 -lcaf_single -latomic execution test
XPASS: gfortran.dg/charlen_03.f90 -O (test for excess errors)
XPASS: gfortran.dg/charlen_10.f90 -O (test for excess errors)
=== gfortran Summary for unix/-m32 ===
# of expected passes 44170
# of unexpected failures 1
# of unexpected successes 2
# of expected failures 89
# of unsupported tests 182
=== gfortran Summary ===
# of expected passes 88557
# of unexpected failures 3
# of unexpected successes 4
# of expected failures 178
# of unsupported tests 261
/var/gcc/regression/trunk/12-gcc-gas-64/build/gcc/testsuite/gfortran/../../gfortran version 7.0.0 20161216 (experimental) [trunk revision 243740] (GCC)
=== gnat tests ===
Running target unix
FAIL: gnat.dg/vect3.adb scan-tree-dump-times vect "vectorized 1 loops" 15
FAIL: gnat.dg/vect6.adb scan-tree-dump-times vect "vectorized 1 loops" 15
=== gnat Summary for unix ===
# of expected passes 2550
# of unexpected failures 2
# of expected failures 24
# of unsupported tests 7
Running target unix/-m32
FAIL: gnat.dg/vect3.adb scan-tree-dump-times vect "vectorized 1 loops" 15
FAIL: gnat.dg/vect6.adb scan-tree-dump-times vect "vectorized 1 loops" 15
=== gnat Summary for unix/-m32 ===
# of expected passes 2550
# of unexpected failures 2
# of expected failures 24
# of unsupported tests 7
=== gnat Summary ===
# of expected passes 5100
# of unexpected failures 4
# of expected failures 48
# of unsupported tests 14
/var/gcc/regression/trunk/12-gcc-gas-64/build/gcc/gnatmake version 7.0.0 20161216 (experimental) [trunk revision 243740]
=== go tests ===
Running target unix
=== go Summary for unix ===
# of expected passes 7247
# of expected failures 1
# of untested testcases 10
# of unsupported tests 1
Running target unix/-m32
=== go Summary for unix/-m32 ===
# of expected passes 7366
# of expected failures 1
# of untested testcases 10
# of unsupported tests 2
=== go Summary ===
# of expected passes 14613
# of expected failures 2
# of untested testcases 20
# of unsupported tests 3
=== obj-c++ tests ===
Running target unix/-m32
=== obj-c++ Summary for unix/-m32 ===
# of expected passes 1458
# of expected failures 2
# of unsupported tests 77
Running target unix
=== obj-c++ Summary for unix ===
# of expected passes 1450
# of expected failures 10
# of unsupported tests 77
=== obj-c++ Summary ===
# of expected passes 2908
# of expected failures 12
# of unsupported tests 154
/var/gcc/regression/trunk/12-gcc-gas-64/build/gcc/testsuite/obj-c++/../../xg++ version 7.0.0 20161216 (experimental) [trunk revision 243740] (GCC)
=== objc tests ===
Running target unix
=== objc Summary for unix ===
# of expected passes 2797
# of expected failures 6
# of unsupported tests 68
Running target unix/-m32
=== objc Summary for unix/-m32 ===
# of expected passes 2797
# of expected failures 6
# of unsupported tests 68
=== objc Summary ===
# of expected passes 5594
# of expected failures 12
# of unsupported tests 136
/var/gcc/regression/trunk/12-gcc-gas-64/build/gcc/xgcc version 7.0.0 20161216 (experimental) [trunk revision 243740] (GCC)
Compiler version: 7.0.0 20161216 (experimental) [trunk revision 243740] (GCC)
Platform: x86_64-pc-solaris2.12
configure flags: --prefix=/vol/gcc --target=amd64-pc-solaris2.12 --enable-objc-gc --with-target-bdw-gc-include=/vol/gcc/include,32=/vol/gcc/include --with-target-bdw-gc-lib=/vol/gcc/lib/amd64,32=/vol/gcc/lib --with-as=/vol/gcc/bin/amd64/gas-2.27 --with-gnu-as --with-gmp-include=/vol/gcc/include --with-gmp-lib=/vol/gcc/lib/amd64 --with-mpfr-include=/vol/gcc/include --with-mpfr-lib=/vol/gcc/lib/amd64 --with-mpc-include=/vol/gcc/include --with-mpc-lib=/vol/gcc/lib/amd64 --enable-languages=all,ada,obj-c++,go --with-isl-include=/vol/gcc/include --with-isl-lib=/vol/gcc/lib/amd64 --build=amd64-pc-solaris2.12 --host=amd64-pc-solaris2.12
BOOT_CFLAGS=-g -O2
More information about the Gcc-testresults
mailing list