Results for 7.0.0 20161204 (experimental) [trunk revision 243227] (GCC) testsuite on powerpc-ibm-aix7.2.0.0
David Edelsohn
edelsohn@p7curie.watson.ibm.com
Sun Dec 4 02:35:00 GMT 2016
LAST_UPDATED: Sun Dec 4 00:29:58 UTC 2016 (revision 243227)
Native configuration is powerpc-ibm-aix7.2.0.0
=== g++ tests ===
Running target unix
FAIL: g++.dg/compat/eh/new1 cp_compat_x_tst.o-cp_compat_y_tst.o execute
XPASS: g++.dg/debug/pr56294.C -gdwarf-2 (test for excess errors)
XPASS: g++.dg/debug/pr56294.C -gdwarf-2 -g1 (test for excess errors)
XPASS: g++.dg/debug/pr56294.C -gdwarf-2 -g3 (test for excess errors)
XPASS: g++.dg/debug/pr56294.C -gxcoff (test for excess errors)
XPASS: g++.dg/debug/pr56294.C -gxcoff+ (test for excess errors)
XPASS: g++.dg/debug/pr56294.C -gxcoff+1 (test for excess errors)
XPASS: g++.dg/debug/pr56294.C -gxcoff+3 (test for excess errors)
XPASS: g++.dg/debug/pr56294.C -gxcoff1 (test for excess errors)
XPASS: g++.dg/debug/pr56294.C -gxcoff3 (test for excess errors)
XPASS: g++.dg/debug/pr56819.C -gdwarf-2 (test for excess errors)
XPASS: g++.dg/debug/pr56819.C -gdwarf-2 -g1 (test for excess errors)
XPASS: g++.dg/debug/pr56819.C -gdwarf-2 -g3 (test for excess errors)
XPASS: g++.dg/debug/pr56819.C -gxcoff (test for excess errors)
XPASS: g++.dg/debug/pr56819.C -gxcoff+ (test for excess errors)
XPASS: g++.dg/debug/pr56819.C -gxcoff+1 (test for excess errors)
XPASS: g++.dg/debug/pr56819.C -gxcoff+3 (test for excess errors)
XPASS: g++.dg/debug/pr56819.C -gxcoff1 (test for excess errors)
XPASS: g++.dg/debug/pr56819.C -gxcoff3 (test for excess errors)
XPASS: g++.dg/debug/dwarf2/defaulted-member-function-3.C scan-assembler-not DW_AT_defaulted
XPASS: g++.dg/debug/dwarf2/pr46123-2.C -std=gnu++11 broken -feliminate-dwarf2-dups (test for bogus messages, line 1)
XPASS: g++.dg/debug/dwarf2/pr46123-2.C -std=gnu++14 broken -feliminate-dwarf2-dups (test for bogus messages, line 1)
XPASS: g++.dg/debug/dwarf2/pr46123-2.C -std=gnu++98 broken -feliminate-dwarf2-dups (test for bogus messages, line 1)
XPASS: g++.dg/eh/new1.C -std=c++11 execution test
XPASS: g++.dg/eh/new1.C -std=c++98 execution test
FAIL: g++.dg/ext/vector32.C -std=c++11 (internal compiler error)
FAIL: g++.dg/ext/vector32.C -std=c++11 (test for excess errors)
FAIL: g++.dg/ext/vector32.C -std=c++14 (internal compiler error)
FAIL: g++.dg/ext/vector32.C -std=c++14 (test for excess errors)
FAIL: g++.dg/ext/vector32.C -std=c++98 (internal compiler error)
FAIL: g++.dg/ext/vector32.C -std=c++98 (test for excess errors)
FAIL: g++.dg/ext/vector32a.C -std=c++11 (internal compiler error)
FAIL: g++.dg/ext/vector32a.C -std=c++11 (test for excess errors)
FAIL: g++.dg/ext/vector32a.C -std=c++14 (internal compiler error)
FAIL: g++.dg/ext/vector32a.C -std=c++14 (test for excess errors)
FAIL: g++.dg/ext/vector32a.C -std=c++98 (internal compiler error)
FAIL: g++.dg/ext/vector32a.C -std=c++98 (test for excess errors)
XPASS: g++.dg/template/linkage1.C -std=c++98 scan-assembler-not (weak|glob)[^\\n]*_Z3fooIXadL_ZL11static_funcvEEEvv
XPASS: g++.dg/tls/thread_local-order2.C -std=c++11 execution test
XPASS: g++.dg/tls/thread_local-order2.C -std=c++14 execution test
FAIL: g++.dg/tree-prof/pr57451.C compilation, -fprofile-use -D_PROFILE_USE
UNRESOLVED: g++.dg/tree-prof/pr57451.C execution, -fprofile-use -D_PROFILE_USE
XPASS: g++.old-deja/g++.eh/new2.C -std=gnu++11 execution test
XPASS: g++.old-deja/g++.eh/new2.C -std=gnu++98 execution test
XPASS: g++.old-deja/g++.mike/p755a.C -std=c++11 execution test
XPASS: g++.old-deja/g++.mike/p755a.C -std=c++98 execution test
=== g++ Summary ===
# of expected passes 95409
# of unexpected failures 14
# of unexpected successes 31
# of expected failures 549
# of unresolved testcases 1
# of unsupported tests 4222
/tmp/GCC/gcc/testsuite/g++/../../xg++ version 7.0.0 20161204 (experimental) [trunk revision 243227] (GCC)
=== gcc tests ===
Running target unix
XPASS: gcc.dg/autopar/pr46799.c (test for excess errors)
XPASS: gcc.dg/debug/dwarf2/stacked-qualified-types-3.c scan-assembler-times DIE \\\\([^\\n]*\\\\) DW_TAG_(?:const|volatile|atomic|restrict)_type 8
FAIL: gcc.dg/asm-names.c scan-assembler-not ____frob14
XPASS: gcc.dg/pr64935-1.c (test for excess errors)
FAIL: gcc.dg/sms-8.c scan-rtl-dump-times sms "SMS succeeded" 0
FAIL: gcc.dg/uninit-pred-6_a.c warning (test for warnings, line 36)
FAIL: gcc.dg/uninit-pred-6_c.c warning (test for warnings, line 43)
FAIL: gcc.dg/graphite/scop-dsyr2k.c scan-tree-dump-times graphite "number of SCoPs: 1" 1
FAIL: gcc.dg/graphite/scop-dsyrk.c scan-tree-dump-times graphite "number of SCoPs: 1" 1
FAIL: gcc.dg/ipa/iinline-attr.c scan-ipa-dump inline "hooray[^\\\\n]*inline copy in test"
FAIL: gcc.dg/tls/alias-1.c (test for excess errors)
XPASS: gcc.dg/torture/pr59166.c -O0 (test for excess errors)
FAIL: gcc.dg/torture/pr68264.c -O0 execution test
FAIL: gcc.dg/torture/pr68264.c -Os execution test
FAIL: gcc.dg/torture/pr69776-2.c -O2 execution test
FAIL: gcc.dg/torture/pr69776-2.c -O3 -g execution test
FAIL: gcc.dg/tree-prof/time-profiler-2.c scan-ipa-dump-times profile "Read tp_first_run: 0" 2
FAIL: gcc.dg/tree-prof/time-profiler-2.c scan-ipa-dump-times profile "Read tp_first_run: 2" 1
FAIL: gcc.dg/tree-prof/time-profiler-2.c scan-ipa-dump-times profile "Read tp_first_run: 3" 1
FAIL: gcc.dg/tree-ssa/ivopts-lt-2.c scan-tree-dump-times ivopts "PHI <p_" 1
FAIL: gcc.dg/tree-ssa/ivopts-lt-2.c scan-tree-dump-times ivopts "PHI" 1
FAIL: gcc.dg/tree-ssa/ivopts-lt-2.c scan-tree-dump-times ivopts "p_[0-9]* <" 1
FAIL: gcc.dg/tree-ssa/pr69270-3.c scan-tree-dump-times uncprop1 ", 1" 4
FAIL: gcc.dg/tree-ssa/scev-3.c scan-tree-dump-times optimized "&a" 1
FAIL: gcc.dg/tree-ssa/scev-4.c scan-tree-dump-times optimized "&a" 1
FAIL: gcc.dg/tree-ssa/scev-5.c scan-tree-dump-times optimized "&a" 1
FAIL: gcc.dg/vect/costmodel/ppc/costmodel-bb-slp-9a-pr63175.c scan-assembler-not \\tlwz?u?x?
XPASS: gcc.dg/vect/costmodel/ppc/costmodel-fast-math-vect-pr29925.c scan-tree-dump-times vect "vectorization not profitable" 1
FAIL: gcc.dg/vect/costmodel/ppc/costmodel-vect-33.c scan-tree-dump-times vect "vectorization not profitable" 1
FAIL: gcc.dg/vect/costmodel/ppc/costmodel-vect-76b.c scan-tree-dump-times vect "vectorized 1 loops" 1
XPASS: gcc.dg/vect/slp-24-big-array.c scan-tree-dump-times vect "vectorized 1 loops" 1
XPASS: gcc.dg/vect/slp-24-big-array.c scan-tree-dump-times vect "vectorizing stmts using SLP" 2
XPASS: gcc.dg/vect/slp-24.c scan-tree-dump-times vect "vectorized 1 loops" 1
XPASS: gcc.dg/vect/slp-24.c scan-tree-dump-times vect "vectorizing stmts using SLP" 2
FAIL: gcc.dg/vect/slp-perm-8.c scan-tree-dump-times vect "vectorized 1 loops" 1
XPASS: gcc.dg/vect/vect-24.c scan-tree-dump-times vect "vectorized 3 loops" 1
XPASS: gcc.target/powerpc/20050830-1.c scan-assembler bdn
FAIL: gcc.target/powerpc/p8vector-vectorize-1.c scan-assembler-times [\\t ]vcmpequd[\\t ] 2
FAIL: gcc.target/powerpc/ppc-negeq0-1.c scan-assembler-not cntlz
=== gcc Summary ===
# of expected passes 78733
# of unexpected failures 28
# of unexpected successes 11
# of expected failures 299
# of unsupported tests 2262
/tmp/GCC/gcc/xgcc version 7.0.0 20161204 (experimental) [trunk revision 243227] (GCC)
=== gfortran tests ===
Running target unix
FAIL: gfortran.dg/coarray/event_2.f90 -fcoarray=lib -O2 -lcaf_single execution test
FAIL: gfortran.dg/alloc_comp_class_5.f03 -O0 execution test
FAIL: gfortran.dg/alloc_comp_class_5.f03 -O1 execution test
FAIL: gfortran.dg/alloc_comp_class_5.f03 -O2 execution test
FAIL: gfortran.dg/alloc_comp_class_5.f03 -O3 -fomit-frame-pointer -funroll-loops -fpeel-loops -ftracer -finline-functions execution test
FAIL: gfortran.dg/alloc_comp_class_5.f03 -O3 -g execution test
FAIL: gfortran.dg/alloc_comp_class_5.f03 -Os execution test
FAIL: gfortran.dg/bind_c_array_params_2.f90 -O scan-assembler-times [ \\t][\$,_0-9]*myBindC 1
FAIL: gfortran.dg/graphite/vect-pr40979.f90 -O scan-tree-dump-times vect "vectorized 1 loops" 1
FAIL: gfortran.dg/vect/fast-math-mgrid-resid.f -O scan-tree-dump pcom "vectp_u.*__lsm.* = PHI <.*vectp_u.*__lsm"
=== gfortran Summary ===
# of expected passes 43176
# of unexpected failures 10
# of expected failures 92
# of unsupported tests 342
/tmp/GCC/gcc/testsuite/gfortran/../../gfortran version 7.0.0 20161204 (experimental) [trunk revision 243227] (GCC)
=== objc tests ===
Running target unix
FAIL: objc.dg-struct-layout-encoding-1/t026_main.m execution test
=== objc Summary ===
# of expected passes 2678
# of unexpected failures 1
# of expected failures 10
# of unsupported tests 59
/tmp/GCC/gcc/xgcc version 7.0.0 20161204 (experimental) [trunk revision 243227] (GCC)
=== libatomic tests ===
Running target unix
=== libatomic Summary ===
# of expected passes 44
# of unsupported tests 5
=== libgomp tests ===
Running target unix
FAIL: libgomp.fortran/omp_workshare1.f -O execution test
FAIL: libgomp.fortran/omp_workshare2.f -O execution test
FAIL: libgomp.fortran/recursion1.f90 -O0 execution test
FAIL: libgomp.fortran/recursion1.f90 -O1 execution test
FAIL: libgomp.fortran/recursion1.f90 -O2 execution test
FAIL: libgomp.fortran/recursion1.f90 -O3 -fomit-frame-pointer -funroll-loops -fpeel-loops -ftracer -finline-functions execution test
FAIL: libgomp.fortran/recursion1.f90 -O3 -g execution test
FAIL: libgomp.fortran/recursion1.f90 -Os execution test
FAIL: libgomp.fortran/strassen.f90 -O execution test
FAIL: libgomp.graphite/force-parallel-7.c execution test
FAIL: libgomp.oacc-c/../libgomp.oacc-c-c++-common/atomic_update-1.c -DACC_DEVICE_TYPE_host=1 -DACC_MEM_SHARED=1 -O2 execution test
FAIL: libgomp.oacc-c++/../libgomp.oacc-c-c++-common/atomic_update-1.c -DACC_DEVICE_TYPE_host=1 -DACC_MEM_SHARED=1 -O2 execution test
=== libgomp Summary ===
# of expected passes 5020
# of unexpected failures 12
# of unsupported tests 389
=== libstdc++ tests ===
Running target unix
=== libstdc++ Summary ===
# of expected passes 9948
# of expected failures 70
# of unsupported tests 721
Compiler version: 7.0.0 20161204 (experimental) [trunk revision 243227] (GCC)
Platform: powerpc-ibm-aix7.2.0.0
configure flags: --disable-werror --with-gmp=/gsa/yktgsa/home/e/d/edelsohn/install --with-isl=/gsa/yktgsa/home/e/d/edelsohn/install --with-libiconv-prefix=/gsa/yktgsa/home/e/d/edelsohn/install --disable-libstdcxx-pch --with-included-gettext CC=gcc-6.2.0 CXX=g++-6.2.0 --enable-languages=c,c++,fortran,objc --no-create --no-recursion
More information about the Gcc-testresults
mailing list