Results for 7.0.0 20161130 (experimental) [trunk revision 242991] (GCC) testsuite on hppa-unknown-linux-gnu
John David Anglin
dave.anglin@bell.net
Fri Dec 2 23:43:00 GMT 2016
LAST_UPDATED: Wed Nov 30 01:39:00 UTC 2016 (revision 242991)
=== acats tests ===
FAIL: c974001
=== acats Summary ===
# of expected passes 2319
# of unexpected failures 1
Native configuration is hppa-unknown-linux-gnu
=== gcc tests ===
Running target unix
FAIL: gcc.dg/atomic/c11-atomic-exec-5.c -O0 execution test
FAIL: gcc.dg/atomic/c11-atomic-exec-5.c -O1 execution test
FAIL: gcc.dg/atomic/c11-atomic-exec-5.c -O2 execution test
FAIL: gcc.dg/atomic/c11-atomic-exec-5.c -O3 -fomit-frame-pointer -funroll-loops -fpeel-loops -ftracer -finline-functions execution test
FAIL: gcc.dg/atomic/c11-atomic-exec-5.c -O3 -g execution test
FAIL: gcc.dg/atomic/c11-atomic-exec-5.c -Os execution test
FAIL: gcc.dg/atomic/c11-atomic-exec-5.c -O2 -flto -fno-use-linker-plugin -flto-partition=none execution test
FAIL: gcc.dg/atomic/c11-atomic-exec-5.c -O2 -flto -fuse-linker-plugin -fno-fat-lto-objects execution test
FAIL: gcc.dg/pr78213.c -fself-test (test for warnings, line )
FAIL: c-c++-common/gomp/clauses-2.c (test for errors, line 25)
FAIL: c-c++-common/gomp/clauses-2.c (test for errors, line 39)
FAIL: c-c++-common/gomp/clauses-2.c (test for errors, line 41)
FAIL: c-c++-common/gomp/clauses-2.c (test for errors, line 43)
FAIL: c-c++-common/gomp/clauses-2.c (test for excess errors)
FAIL: gcc.dg/graphite/scop-dsyr2k.c scan-tree-dump-times graphite "number of SCoPs: 1" 1
FAIL: gcc.dg/graphite/scop-dsyrk.c scan-tree-dump-times graphite "number of SCoPs: 1" 1
XPASS: gcc.dg/guality/example.c -O0 execution test
XPASS: gcc.dg/guality/guality.c -O0 execution test
XPASS: gcc.dg/guality/inline-params.c -O2 execution test
XPASS: gcc.dg/guality/inline-params.c -O3 -g execution test
XPASS: gcc.dg/guality/inline-params.c -Os execution test
XPASS: gcc.dg/guality/inline-params.c -O2 -flto -fno-use-linker-plugin -flto-partition=none execution test
FAIL: gcc.dg/guality/nrv-1.c -O2 line 20 a2.i[0] == 42
FAIL: gcc.dg/guality/nrv-1.c -O3 -g line 20 a2.i[0] == 42
FAIL: gcc.dg/guality/nrv-1.c -Os line 20 a2.i[0] == 42
FAIL: gcc.dg/guality/nrv-1.c -O2 -flto -fno-use-linker-plugin -flto-partition=none line 20 a2.i[0] == 42
FAIL: gcc.dg/guality/nrv-1.c -O2 -flto -fuse-linker-plugin -fno-fat-lto-objects line 20 a2.i[0] == 42
FAIL: gcc.dg/guality/pr36728-1.c -O1 line 16 arg5 == 5
FAIL: gcc.dg/guality/pr36728-1.c -O1 line 16 arg6 == 6
FAIL: gcc.dg/guality/pr36728-1.c -O1 line 16 arg7 == 30
FAIL: gcc.dg/guality/pr36728-1.c -O1 line 18 arg5 == 5
FAIL: gcc.dg/guality/pr36728-1.c -O1 line 18 arg6 == 6
FAIL: gcc.dg/guality/pr36728-1.c -O1 line 18 arg7 == 30
FAIL: gcc.dg/guality/pr36728-1.c -O2 line 16 arg5 == 5
FAIL: gcc.dg/guality/pr36728-1.c -O2 line 16 arg6 == 6
FAIL: gcc.dg/guality/pr36728-1.c -O2 line 16 arg7 == 30
FAIL: gcc.dg/guality/pr36728-1.c -O2 line 16 y == 2
FAIL: gcc.dg/guality/pr36728-1.c -O2 line 18 arg5 == 5
FAIL: gcc.dg/guality/pr36728-1.c -O2 line 18 arg6 == 6
FAIL: gcc.dg/guality/pr36728-1.c -O2 line 18 arg7 == 30
FAIL: gcc.dg/guality/pr36728-1.c -O3 -g line 16 y == 2
FAIL: gcc.dg/guality/pr36728-1.c -Os line 16 arg5 == 5
FAIL: gcc.dg/guality/pr36728-1.c -Os line 16 arg6 == 6
FAIL: gcc.dg/guality/pr36728-1.c -Os line 16 arg7 == 30
FAIL: gcc.dg/guality/pr36728-1.c -Os line 16 y == 2
FAIL: gcc.dg/guality/pr36728-1.c -Os line 18 arg5 == 5
FAIL: gcc.dg/guality/pr36728-1.c -Os line 18 arg6 == 6
FAIL: gcc.dg/guality/pr36728-1.c -Os line 18 arg7 == 30
FAIL: gcc.dg/guality/pr36728-1.c -O2 -flto -fno-use-linker-plugin -flto-partition=none line 16 arg5 == 5
FAIL: gcc.dg/guality/pr36728-1.c -O2 -flto -fno-use-linker-plugin -flto-partition=none line 16 arg6 == 6
FAIL: gcc.dg/guality/pr36728-1.c -O2 -flto -fno-use-linker-plugin -flto-partition=none line 16 arg7 == 30
FAIL: gcc.dg/guality/pr36728-1.c -O2 -flto -fno-use-linker-plugin -flto-partition=none line 16 y == 2
FAIL: gcc.dg/guality/pr36728-1.c -O2 -flto -fno-use-linker-plugin -flto-partition=none line 18 arg5 == 5
FAIL: gcc.dg/guality/pr36728-1.c -O2 -flto -fno-use-linker-plugin -flto-partition=none line 18 arg6 == 6
FAIL: gcc.dg/guality/pr36728-1.c -O2 -flto -fno-use-linker-plugin -flto-partition=none line 18 arg7 == 30
FAIL: gcc.dg/guality/pr36728-1.c -O2 -flto -fuse-linker-plugin -fno-fat-lto-objects line 16 y == 2
FAIL: gcc.dg/guality/pr36728-2.c -O1 line 16 arg5 == 5
FAIL: gcc.dg/guality/pr36728-2.c -O1 line 16 arg6 == 6
FAIL: gcc.dg/guality/pr36728-2.c -O1 line 16 arg7 == 30
FAIL: gcc.dg/guality/pr36728-2.c -O1 line 18 arg5 == 5
FAIL: gcc.dg/guality/pr36728-2.c -O1 line 18 arg6 == 6
FAIL: gcc.dg/guality/pr36728-2.c -O1 line 18 arg7 == 30
FAIL: gcc.dg/guality/pr36728-2.c -O2 line 16 arg5 == 5
FAIL: gcc.dg/guality/pr36728-2.c -O2 line 16 arg6 == 6
FAIL: gcc.dg/guality/pr36728-2.c -O2 line 16 arg7 == 30
FAIL: gcc.dg/guality/pr36728-2.c -O2 line 18 arg5 == 5
FAIL: gcc.dg/guality/pr36728-2.c -O2 line 18 arg6 == 6
FAIL: gcc.dg/guality/pr36728-2.c -O2 line 18 arg7 == 30
FAIL: gcc.dg/guality/pr36728-2.c -O3 -g line 16 arg1 == 1
FAIL: gcc.dg/guality/pr36728-2.c -O3 -g line 16 arg2 == 2
FAIL: gcc.dg/guality/pr36728-2.c -O3 -g line 16 arg3 == 3
FAIL: gcc.dg/guality/pr36728-2.c -O3 -g line 16 arg4 == 4
FAIL: gcc.dg/guality/pr36728-2.c -O3 -g line 16 arg5 == 5
FAIL: gcc.dg/guality/pr36728-2.c -O3 -g line 16 arg6 == 6
FAIL: gcc.dg/guality/pr36728-2.c -O3 -g line 16 arg7 == 30
FAIL: gcc.dg/guality/pr36728-2.c -O3 -g line 18 arg1 == 1
FAIL: gcc.dg/guality/pr36728-2.c -O3 -g line 18 arg2 == 2
FAIL: gcc.dg/guality/pr36728-2.c -O3 -g line 18 arg3 == 3
FAIL: gcc.dg/guality/pr36728-2.c -O3 -g line 18 arg4 == 4
FAIL: gcc.dg/guality/pr36728-2.c -O3 -g line 18 arg5 == 5
FAIL: gcc.dg/guality/pr36728-2.c -O3 -g line 18 arg6 == 6
FAIL: gcc.dg/guality/pr36728-2.c -O3 -g line 18 arg7 == 30
FAIL: gcc.dg/guality/pr36728-2.c -Os line 16 arg5 == 5
FAIL: gcc.dg/guality/pr36728-2.c -Os line 16 arg6 == 6
FAIL: gcc.dg/guality/pr36728-2.c -Os line 16 arg7 == 30
FAIL: gcc.dg/guality/pr36728-2.c -Os line 16 y == 2
FAIL: gcc.dg/guality/pr36728-2.c -Os line 18 arg5 == 5
FAIL: gcc.dg/guality/pr36728-2.c -Os line 18 arg6 == 6
FAIL: gcc.dg/guality/pr36728-2.c -Os line 18 arg7 == 30
FAIL: gcc.dg/guality/pr36728-2.c -O2 -flto -fno-use-linker-plugin -flto-partition=none line 16 arg5 == 5
FAIL: gcc.dg/guality/pr36728-2.c -O2 -flto -fno-use-linker-plugin -flto-partition=none line 16 arg6 == 6
FAIL: gcc.dg/guality/pr36728-2.c -O2 -flto -fno-use-linker-plugin -flto-partition=none line 16 arg7 == 30
FAIL: gcc.dg/guality/pr36728-2.c -O2 -flto -fno-use-linker-plugin -flto-partition=none line 18 arg5 == 5
FAIL: gcc.dg/guality/pr36728-2.c -O2 -flto -fno-use-linker-plugin -flto-partition=none line 18 arg6 == 6
FAIL: gcc.dg/guality/pr36728-2.c -O2 -flto -fno-use-linker-plugin -flto-partition=none line 18 arg7 == 30
FAIL: gcc.dg/guality/pr36728-2.c -O2 -flto -fuse-linker-plugin -fno-fat-lto-objects line 16 arg1 == 1
FAIL: gcc.dg/guality/pr36728-2.c -O2 -flto -fuse-linker-plugin -fno-fat-lto-objects line 16 arg2 == 2
FAIL: gcc.dg/guality/pr36728-2.c -O2 -flto -fuse-linker-plugin -fno-fat-lto-objects line 16 arg3 == 3
FAIL: gcc.dg/guality/pr36728-2.c -O2 -flto -fuse-linker-plugin -fno-fat-lto-objects line 16 arg4 == 4
FAIL: gcc.dg/guality/pr36728-2.c -O2 -flto -fuse-linker-plugin -fno-fat-lto-objects line 16 arg5 == 5
FAIL: gcc.dg/guality/pr36728-2.c -O2 -flto -fuse-linker-plugin -fno-fat-lto-objects line 16 arg6 == 6
FAIL: gcc.dg/guality/pr36728-2.c -O2 -flto -fuse-linker-plugin -fno-fat-lto-objects line 16 arg7 == 30
FAIL: gcc.dg/guality/pr36728-2.c -O2 -flto -fuse-linker-plugin -fno-fat-lto-objects line 18 arg1 == 1
FAIL: gcc.dg/guality/pr36728-2.c -O2 -flto -fuse-linker-plugin -fno-fat-lto-objects line 18 arg2 == 2
FAIL: gcc.dg/guality/pr36728-2.c -O2 -flto -fuse-linker-plugin -fno-fat-lto-objects line 18 arg3 == 3
FAIL: gcc.dg/guality/pr36728-2.c -O2 -flto -fuse-linker-plugin -fno-fat-lto-objects line 18 arg4 == 4
FAIL: gcc.dg/guality/pr36728-2.c -O2 -flto -fuse-linker-plugin -fno-fat-lto-objects line 18 arg5 == 5
FAIL: gcc.dg/guality/pr36728-2.c -O2 -flto -fuse-linker-plugin -fno-fat-lto-objects line 18 arg6 == 6
FAIL: gcc.dg/guality/pr36728-2.c -O2 -flto -fuse-linker-plugin -fno-fat-lto-objects line 18 arg7 == 30
FAIL: gcc.dg/guality/pr36728-3.c -O1 line 14 arg5 == 5
FAIL: gcc.dg/guality/pr36728-3.c -O1 line 14 arg6 == 6
FAIL: gcc.dg/guality/pr36728-3.c -O1 line 14 arg7 == 30
FAIL: gcc.dg/guality/pr36728-3.c -O1 line 16 arg5 == 5
FAIL: gcc.dg/guality/pr36728-3.c -O1 line 16 arg6 == 6
FAIL: gcc.dg/guality/pr36728-3.c -O1 line 16 arg7 == 30
FAIL: gcc.dg/guality/pr36728-3.c -O2 line 14 arg5 == 5
FAIL: gcc.dg/guality/pr36728-3.c -O2 line 14 arg6 == 6
FAIL: gcc.dg/guality/pr36728-3.c -O2 line 14 arg7 == 30
FAIL: gcc.dg/guality/pr36728-3.c -O2 line 16 arg5 == 5
FAIL: gcc.dg/guality/pr36728-3.c -O2 line 16 arg6 == 6
FAIL: gcc.dg/guality/pr36728-3.c -O2 line 16 arg7 == 30
FAIL: gcc.dg/guality/pr36728-3.c -Os line 14 arg5 == 5
FAIL: gcc.dg/guality/pr36728-3.c -Os line 14 arg6 == 6
FAIL: gcc.dg/guality/pr36728-3.c -Os line 14 arg7 == 30
FAIL: gcc.dg/guality/pr36728-3.c -Os line 16 arg5 == 5
FAIL: gcc.dg/guality/pr36728-3.c -Os line 16 arg6 == 6
FAIL: gcc.dg/guality/pr36728-3.c -Os line 16 arg7 == 30
FAIL: gcc.dg/guality/pr36728-3.c -O2 -flto -fno-use-linker-plugin -flto-partition=none line 14 arg5 == 5
FAIL: gcc.dg/guality/pr36728-3.c -O2 -flto -fno-use-linker-plugin -flto-partition=none line 14 arg6 == 6
FAIL: gcc.dg/guality/pr36728-3.c -O2 -flto -fno-use-linker-plugin -flto-partition=none line 14 arg7 == 30
FAIL: gcc.dg/guality/pr36728-3.c -O2 -flto -fno-use-linker-plugin -flto-partition=none line 16 arg5 == 5
FAIL: gcc.dg/guality/pr36728-3.c -O2 -flto -fno-use-linker-plugin -flto-partition=none line 16 arg6 == 6
FAIL: gcc.dg/guality/pr36728-3.c -O2 -flto -fno-use-linker-plugin -flto-partition=none line 16 arg7 == 30
FAIL: gcc.dg/guality/pr36728-4.c -O1 line 14 arg5 == 5
FAIL: gcc.dg/guality/pr36728-4.c -O1 line 14 arg6 == 6
FAIL: gcc.dg/guality/pr36728-4.c -O1 line 14 arg7 == 30
FAIL: gcc.dg/guality/pr36728-4.c -O1 line 16 arg5 == 5
FAIL: gcc.dg/guality/pr36728-4.c -O1 line 16 arg6 == 6
FAIL: gcc.dg/guality/pr36728-4.c -O1 line 16 arg7 == 30
FAIL: gcc.dg/guality/pr36728-4.c -O2 line 14 arg5 == 5
FAIL: gcc.dg/guality/pr36728-4.c -O2 line 14 arg6 == 6
FAIL: gcc.dg/guality/pr36728-4.c -O2 line 14 arg7 == 30
FAIL: gcc.dg/guality/pr36728-4.c -O2 line 16 arg5 == 5
FAIL: gcc.dg/guality/pr36728-4.c -O2 line 16 arg6 == 6
FAIL: gcc.dg/guality/pr36728-4.c -O2 line 16 arg7 == 30
FAIL: gcc.dg/guality/pr36728-4.c -Os line 14 arg5 == 5
FAIL: gcc.dg/guality/pr36728-4.c -Os line 14 arg6 == 6
FAIL: gcc.dg/guality/pr36728-4.c -Os line 14 arg7 == 30
FAIL: gcc.dg/guality/pr36728-4.c -Os line 16 arg5 == 5
FAIL: gcc.dg/guality/pr36728-4.c -Os line 16 arg6 == 6
FAIL: gcc.dg/guality/pr36728-4.c -Os line 16 arg7 == 30
FAIL: gcc.dg/guality/pr36728-4.c -O2 -flto -fno-use-linker-plugin -flto-partition=none line 14 arg5 == 5
FAIL: gcc.dg/guality/pr36728-4.c -O2 -flto -fno-use-linker-plugin -flto-partition=none line 14 arg6 == 6
FAIL: gcc.dg/guality/pr36728-4.c -O2 -flto -fno-use-linker-plugin -flto-partition=none line 14 arg7 == 30
FAIL: gcc.dg/guality/pr36728-4.c -O2 -flto -fno-use-linker-plugin -flto-partition=none line 16 arg5 == 5
FAIL: gcc.dg/guality/pr36728-4.c -O2 -flto -fno-use-linker-plugin -flto-partition=none line 16 arg6 == 6
FAIL: gcc.dg/guality/pr36728-4.c -O2 -flto -fno-use-linker-plugin -flto-partition=none line 16 arg7 == 30
XPASS: gcc.dg/guality/pr41353-1.c -O0 line 28 j == 28 + 37
FAIL: gcc.dg/guality/pr41404-1.c -O2 -flto -fuse-linker-plugin -fno-fat-lto-objects line 10 *foo == 'f'
FAIL: gcc.dg/guality/pr41404-1.c -O2 -flto -fuse-linker-plugin -fno-fat-lto-objects line 14 *foo == 'b'
FAIL: gcc.dg/guality/pr41404-1.c -O2 -flto -fuse-linker-plugin -fno-fat-lto-objects line 24 *foo == 'f'
FAIL: gcc.dg/guality/pr41447-1.c -O1 execution test
FAIL: gcc.dg/guality/pr41447-1.c -O2 execution test
FAIL: gcc.dg/guality/pr41447-1.c -O3 -g execution test
FAIL: gcc.dg/guality/pr41447-1.c -Os execution test
FAIL: gcc.dg/guality/pr41447-1.c -O2 -flto -fno-use-linker-plugin -flto-partition=none execution test
FAIL: gcc.dg/guality/pr41447-1.c -O2 -flto -fuse-linker-plugin -fno-fat-lto-objects execution test
FAIL: gcc.dg/guality/pr41616-1.c -O1 execution test
FAIL: gcc.dg/guality/pr41616-1.c -O2 execution test
FAIL: gcc.dg/guality/pr41616-1.c -O3 -g execution test
FAIL: gcc.dg/guality/pr41616-1.c -Os execution test
FAIL: gcc.dg/guality/pr41616-1.c -O2 -flto -fno-use-linker-plugin -flto-partition=none execution test
FAIL: gcc.dg/guality/pr41616-1.c -O2 -flto -fuse-linker-plugin -fno-fat-lto-objects execution test
FAIL: gcc.dg/guality/pr45882.c -O2 -flto -fuse-linker-plugin -fno-fat-lto-objects line 16 d == 112
FAIL: gcc.dg/guality/pr45882.c -O2 -flto -fuse-linker-plugin -fno-fat-lto-objects line 16 e == 142
FAIL: gcc.dg/guality/pr54200.c -Os line 20 z == 3
FAIL: gcc.dg/guality/pr54519-1.c -O2 line 20 y == 25
FAIL: gcc.dg/guality/pr54519-1.c -O2 line 23 y == 117
FAIL: gcc.dg/guality/pr54519-1.c -Os line 20 y == 25
FAIL: gcc.dg/guality/pr54519-1.c -Os line 23 y == 117
FAIL: gcc.dg/guality/pr54519-1.c -O2 -flto -fno-use-linker-plugin -flto-partition=none line 20 y == 25
FAIL: gcc.dg/guality/pr54519-1.c -O2 -flto -fno-use-linker-plugin -flto-partition=none line 20 z == 6
FAIL: gcc.dg/guality/pr54519-1.c -O2 -flto -fno-use-linker-plugin -flto-partition=none line 23 y == 117
FAIL: gcc.dg/guality/pr54519-1.c -O2 -flto -fno-use-linker-plugin -flto-partition=none line 23 z == 8
FAIL: gcc.dg/guality/pr54519-2.c -O1 line 17 y == 25
FAIL: gcc.dg/guality/pr54519-2.c -O2 line 17 y == 25
FAIL: gcc.dg/guality/pr54519-2.c -Os line 17 y == 25
FAIL: gcc.dg/guality/pr54519-2.c -O2 -flto -fno-use-linker-plugin -flto-partition=none line 17 y == 25
FAIL: gcc.dg/guality/pr54519-2.c -O2 -flto -fuse-linker-plugin -fno-fat-lto-objects line 17 y == 25
FAIL: gcc.dg/guality/pr54519-3.c -O1 line 20 z == 6
FAIL: gcc.dg/guality/pr54519-3.c -O1 line 23 z == 8
FAIL: gcc.dg/guality/pr54519-3.c -O2 line 20 z == 6
FAIL: gcc.dg/guality/pr54519-3.c -O2 line 23 z == 8
FAIL: gcc.dg/guality/pr54519-3.c -O3 -g line 20 z == 6
FAIL: gcc.dg/guality/pr54519-3.c -O3 -g line 23 z == 8
FAIL: gcc.dg/guality/pr54519-3.c -Os line 20 z == 6
FAIL: gcc.dg/guality/pr54519-3.c -Os line 23 z == 8
FAIL: gcc.dg/guality/pr54519-3.c -O2 -flto -fno-use-linker-plugin -flto-partition=none line 20 y == 25
FAIL: gcc.dg/guality/pr54519-3.c -O2 -flto -fno-use-linker-plugin -flto-partition=none line 20 z == 6
FAIL: gcc.dg/guality/pr54519-3.c -O2 -flto -fno-use-linker-plugin -flto-partition=none line 23 y == 117
FAIL: gcc.dg/guality/pr54519-3.c -O2 -flto -fno-use-linker-plugin -flto-partition=none line 23 z == 8
FAIL: gcc.dg/guality/pr54519-3.c -O2 -flto -fuse-linker-plugin -fno-fat-lto-objects line 20 y == 25
FAIL: gcc.dg/guality/pr54519-3.c -O2 -flto -fuse-linker-plugin -fno-fat-lto-objects line 20 z == 6
FAIL: gcc.dg/guality/pr54519-3.c -O2 -flto -fuse-linker-plugin -fno-fat-lto-objects line 23 y == 117
FAIL: gcc.dg/guality/pr54519-3.c -O2 -flto -fuse-linker-plugin -fno-fat-lto-objects line 23 z == 8
FAIL: gcc.dg/guality/pr54519-4.c -O1 line 17 y == 25
FAIL: gcc.dg/guality/pr54519-4.c -O2 line 17 y == 25
FAIL: gcc.dg/guality/pr54519-4.c -O3 -g line 17 y == 25
FAIL: gcc.dg/guality/pr54519-4.c -Os line 17 y == 25
FAIL: gcc.dg/guality/pr54519-4.c -O2 -flto -fno-use-linker-plugin -flto-partition=none line 17 y == 25
FAIL: gcc.dg/guality/pr54519-4.c -O2 -flto -fuse-linker-plugin -fno-fat-lto-objects line 17 y == 25
FAIL: gcc.dg/guality/pr54519-5.c -O2 -flto -fno-use-linker-plugin -flto-partition=none line 17 y == 25
FAIL: gcc.dg/guality/pr54519-5.c -O2 -flto -fuse-linker-plugin -fno-fat-lto-objects line 17 y == 25
FAIL: gcc.dg/guality/pr68860-1.c -O1 line 14 arg5 == 5
FAIL: gcc.dg/guality/pr68860-1.c -O1 line 14 arg6 == 6
FAIL: gcc.dg/guality/pr68860-1.c -O1 line 14 arg7 == 30
FAIL: gcc.dg/guality/pr68860-1.c -O1 line 14 arg8 == 7
FAIL: gcc.dg/guality/pr68860-1.c -O1 line 16 arg5 == 5
FAIL: gcc.dg/guality/pr68860-1.c -O1 line 16 arg6 == 6
FAIL: gcc.dg/guality/pr68860-1.c -O1 line 16 arg7 == 30
FAIL: gcc.dg/guality/pr68860-1.c -O1 line 16 arg8 == 7
FAIL: gcc.dg/guality/pr68860-1.c -O2 -flto -fno-use-linker-plugin -flto-partition=none line 14 arg1 == 1
FAIL: gcc.dg/guality/pr68860-1.c -O2 -flto -fno-use-linker-plugin -flto-partition=none line 14 arg2 == 2
FAIL: gcc.dg/guality/pr68860-1.c -O2 -flto -fno-use-linker-plugin -flto-partition=none line 14 arg3 == 3
FAIL: gcc.dg/guality/pr68860-1.c -O2 -flto -fno-use-linker-plugin -flto-partition=none line 14 arg4 == 4
FAIL: gcc.dg/guality/pr68860-1.c -O2 -flto -fno-use-linker-plugin -flto-partition=none line 14 arg5 == 5
FAIL: gcc.dg/guality/pr68860-1.c -O2 -flto -fno-use-linker-plugin -flto-partition=none line 14 arg6 == 6
FAIL: gcc.dg/guality/pr68860-1.c -O2 -flto -fno-use-linker-plugin -flto-partition=none line 16 arg1 == 1
FAIL: gcc.dg/guality/pr68860-1.c -O2 -flto -fno-use-linker-plugin -flto-partition=none line 16 arg2 == 2
FAIL: gcc.dg/guality/pr68860-1.c -O2 -flto -fno-use-linker-plugin -flto-partition=none line 16 arg3 == 3
FAIL: gcc.dg/guality/pr68860-1.c -O2 -flto -fno-use-linker-plugin -flto-partition=none line 16 arg4 == 4
FAIL: gcc.dg/guality/pr68860-1.c -O2 -flto -fno-use-linker-plugin -flto-partition=none line 16 arg5 == 5
FAIL: gcc.dg/guality/pr68860-1.c -O2 -flto -fno-use-linker-plugin -flto-partition=none line 16 arg6 == 6
FAIL: gcc.dg/guality/pr68860-1.c -O2 -flto -fuse-linker-plugin -fno-fat-lto-objects line 14 arg1 == 1
FAIL: gcc.dg/guality/pr68860-1.c -O2 -flto -fuse-linker-plugin -fno-fat-lto-objects line 14 arg2 == 2
FAIL: gcc.dg/guality/pr68860-1.c -O2 -flto -fuse-linker-plugin -fno-fat-lto-objects line 14 arg3 == 3
FAIL: gcc.dg/guality/pr68860-1.c -O2 -flto -fuse-linker-plugin -fno-fat-lto-objects line 14 arg4 == 4
FAIL: gcc.dg/guality/pr68860-1.c -O2 -flto -fuse-linker-plugin -fno-fat-lto-objects line 14 arg5 == 5
FAIL: gcc.dg/guality/pr68860-1.c -O2 -flto -fuse-linker-plugin -fno-fat-lto-objects line 14 arg6 == 6
FAIL: gcc.dg/guality/pr68860-1.c -O2 -flto -fuse-linker-plugin -fno-fat-lto-objects line 16 arg1 == 1
FAIL: gcc.dg/guality/pr68860-1.c -O2 -flto -fuse-linker-plugin -fno-fat-lto-objects line 16 arg2 == 2
FAIL: gcc.dg/guality/pr68860-1.c -O2 -flto -fuse-linker-plugin -fno-fat-lto-objects line 16 arg3 == 3
FAIL: gcc.dg/guality/pr68860-1.c -O2 -flto -fuse-linker-plugin -fno-fat-lto-objects line 16 arg4 == 4
FAIL: gcc.dg/guality/pr68860-1.c -O2 -flto -fuse-linker-plugin -fno-fat-lto-objects line 16 arg5 == 5
FAIL: gcc.dg/guality/pr68860-1.c -O2 -flto -fuse-linker-plugin -fno-fat-lto-objects line 16 arg6 == 6
FAIL: gcc.dg/guality/pr68860-2.c -O1 line 14 arg5 == 5
FAIL: gcc.dg/guality/pr68860-2.c -O1 line 14 arg6 == 6
FAIL: gcc.dg/guality/pr68860-2.c -O1 line 14 arg7 == 30
FAIL: gcc.dg/guality/pr68860-2.c -O1 line 14 arg8 == 7
FAIL: gcc.dg/guality/pr68860-2.c -O1 line 16 arg5 == 5
FAIL: gcc.dg/guality/pr68860-2.c -O1 line 16 arg6 == 6
FAIL: gcc.dg/guality/pr68860-2.c -O1 line 16 arg7 == 30
FAIL: gcc.dg/guality/pr68860-2.c -O1 line 16 arg8 == 7
FAIL: gcc.dg/guality/pr68860-2.c -O2 line 14 arg5 == 5
FAIL: gcc.dg/guality/pr68860-2.c -O2 line 14 arg6 == 6
FAIL: gcc.dg/guality/pr68860-2.c -O2 line 14 arg7 == 30
FAIL: gcc.dg/guality/pr68860-2.c -O2 line 14 arg8 == 7
FAIL: gcc.dg/guality/pr68860-2.c -O2 line 16 arg5 == 5
FAIL: gcc.dg/guality/pr68860-2.c -O2 line 16 arg6 == 6
FAIL: gcc.dg/guality/pr68860-2.c -O2 line 16 arg7 == 30
FAIL: gcc.dg/guality/pr68860-2.c -O2 line 16 arg8 == 7
FAIL: gcc.dg/guality/pr68860-2.c -Os line 14 arg5 == 5
FAIL: gcc.dg/guality/pr68860-2.c -Os line 14 arg6 == 6
FAIL: gcc.dg/guality/pr68860-2.c -Os line 14 arg7 == 30
FAIL: gcc.dg/guality/pr68860-2.c -Os line 14 arg8 == 7
FAIL: gcc.dg/guality/pr68860-2.c -Os line 16 arg5 == 5
FAIL: gcc.dg/guality/pr68860-2.c -Os line 16 arg6 == 6
FAIL: gcc.dg/guality/pr68860-2.c -Os line 16 arg7 == 30
FAIL: gcc.dg/guality/pr68860-2.c -Os line 16 arg8 == 7
FAIL: gcc.dg/guality/pr68860-2.c -O2 -flto -fno-use-linker-plugin -flto-partition=none line 14 arg5 == 5
FAIL: gcc.dg/guality/pr68860-2.c -O2 -flto -fno-use-linker-plugin -flto-partition=none line 14 arg6 == 6
FAIL: gcc.dg/guality/pr68860-2.c -O2 -flto -fno-use-linker-plugin -flto-partition=none line 14 arg7 == 30
FAIL: gcc.dg/guality/pr68860-2.c -O2 -flto -fno-use-linker-plugin -flto-partition=none line 14 arg8 == 7
FAIL: gcc.dg/guality/pr68860-2.c -O2 -flto -fno-use-linker-plugin -flto-partition=none line 16 arg5 == 5
FAIL: gcc.dg/guality/pr68860-2.c -O2 -flto -fno-use-linker-plugin -flto-partition=none line 16 arg6 == 6
FAIL: gcc.dg/guality/pr68860-2.c -O2 -flto -fno-use-linker-plugin -flto-partition=none line 16 arg7 == 30
FAIL: gcc.dg/guality/pr68860-2.c -O2 -flto -fno-use-linker-plugin -flto-partition=none line 16 arg8 == 7
FAIL: gcc.dg/guality/pr69947.c -O1 line 14 b[4] == 'e'
FAIL: gcc.dg/guality/pr69947.c -O2 line 14 b[4] == 'e'
FAIL: gcc.dg/guality/pr69947.c -O3 -g line 14 b[4] == 'e'
FAIL: gcc.dg/guality/pr69947.c -Os line 14 b[4] == 'e'
FAIL: gcc.dg/guality/pr69947.c -O2 -flto -fno-use-linker-plugin -flto-partition=none line 14 b[4] == 'e'
FAIL: gcc.dg/guality/pr69947.c -O2 -flto -fuse-linker-plugin -fno-fat-lto-objects line 14 b[4] == 'e'
FAIL: gcc.dg/guality/sra-1.c -O1 line 43 a.j == 14
FAIL: gcc.dg/guality/sra-1.c -O2 line 43 a.j == 14
FAIL: gcc.dg/guality/sra-1.c -O3 -g line 43 a.j == 14
FAIL: gcc.dg/guality/sra-1.c -Os line 43 a.j == 14
FAIL: gcc.dg/guality/sra-1.c -O2 -flto -fno-use-linker-plugin -flto-partition=none line 43 a.j == 14
FAIL: gcc.dg/guality/sra-1.c -O2 -flto -fuse-linker-plugin -fno-fat-lto-objects line 43 a.j == 14
FAIL: gcc.dg/guality/vla-1.c -O1 line 17 sizeof (a) == 6
FAIL: gcc.dg/guality/vla-1.c -O2 line 17 sizeof (a) == 6
FAIL: gcc.dg/guality/vla-1.c -O3 -g line 17 sizeof (a) == 6
FAIL: gcc.dg/guality/vla-1.c -Os line 17 sizeof (a) == 6
FAIL: gcc.dg/guality/vla-1.c -O2 -flto -fno-use-linker-plugin -flto-partition=none line 17 sizeof (a) == 6
FAIL: gcc.dg/guality/vla-1.c -O2 -flto -fuse-linker-plugin -fno-fat-lto-objects line 17 sizeof (a) == 6
FAIL: gcc.dg/ipa/ipcp-cstagg-7.c scan-ipa-dump-times cp "Discovered an indirect call to a known target" 3
FAIL: gcc.dg/plugin/must-tail-call-1.c -fplugin=./must_tail_call_plugin.so (test for excess errors)
XPASS: gcc.dg/tree-ssa/loop-1.c scan-assembler-times foo 5
FAIL: gcc.dg/tree-ssa/pr69270-3.c scan-tree-dump-times uncprop1 ", 1" 4
FAIL: gcc.dg/tree-ssa/scev-4.c scan-tree-dump-times optimized "&a" 1
FAIL: gcc.dg/tree-ssa/scev-5.c scan-tree-dump-times optimized "&a" 1
=== gcc Summary ===
# of expected passes 92900
# of unexpected failures 293
# of unexpected successes 8
# of expected failures 176
# of unsupported tests 2284
/home/dave/gnu/gcc/objdir/gcc/xgcc version 7.0.0 20161130 (experimental) [trunk revision 242991] (GCC)
=== gfortran tests ===
Running target unix
=== gfortran Summary ===
# of expected passes 42982
# of expected failures 86
# of unsupported tests 331
/home/dave/gnu/gcc/objdir/gcc/gfortran version 7.0.0 20161130 (experimental) [trunk revision 242991] (GCC)
=== g++ tests ===
Running target unix
FAIL: c-c++-common/gomp/clauses-2.c -std=c++98 (test for errors, line 25)
FAIL: c-c++-common/gomp/clauses-2.c -std=c++98 (test for errors, line 39)
FAIL: c-c++-common/gomp/clauses-2.c -std=c++98 (test for errors, line 41)
FAIL: c-c++-common/gomp/clauses-2.c -std=c++98 (test for errors, line 43)
FAIL: c-c++-common/gomp/clauses-2.c -std=c++98 (test for excess errors)
FAIL: c-c++-common/gomp/clauses-2.c -std=c++11 (test for errors, line 25)
FAIL: c-c++-common/gomp/clauses-2.c -std=c++11 (test for errors, line 39)
FAIL: c-c++-common/gomp/clauses-2.c -std=c++11 (test for errors, line 41)
FAIL: c-c++-common/gomp/clauses-2.c -std=c++11 (test for errors, line 43)
FAIL: c-c++-common/gomp/clauses-2.c -std=c++11 (test for excess errors)
FAIL: c-c++-common/gomp/clauses-2.c -std=c++14 (test for errors, line 25)
FAIL: c-c++-common/gomp/clauses-2.c -std=c++14 (test for errors, line 39)
FAIL: c-c++-common/gomp/clauses-2.c -std=c++14 (test for errors, line 41)
FAIL: c-c++-common/gomp/clauses-2.c -std=c++14 (test for errors, line 43)
FAIL: c-c++-common/gomp/clauses-2.c -std=c++14 (test for excess errors)
FAIL: g++.dg/guality/pr55665.C -O2 line 23 p == 40
FAIL: g++.dg/guality/pr55665.C -O3 -g line 23 p == 40
FAIL: g++.dg/plugin/self-assign-test-1.C -fplugin=./selfassign.so (test for warnings, line 10)
FAIL: g++.dg/plugin/self-assign-test-1.C -fplugin=./selfassign.so (test for warnings, line 13)
FAIL: g++.dg/plugin/self-assign-test-1.C -fplugin=./selfassign.so (test for warnings, line 26)
FAIL: g++.dg/plugin/self-assign-test-1.C -fplugin=./selfassign.so (test for warnings, line 27)
FAIL: g++.dg/plugin/self-assign-test-1.C -fplugin=./selfassign.so (test for warnings, line 33)
FAIL: g++.dg/plugin/self-assign-test-1.C -fplugin=./selfassign.so (test for warnings, line 34)
FAIL: g++.dg/plugin/self-assign-test-1.C -fplugin=./selfassign.so (test for warnings, line 40)
FAIL: g++.dg/plugin/self-assign-test-1.C -fplugin=./selfassign.so (test for warnings, line 41)
FAIL: g++.dg/plugin/self-assign-test-1.C -fplugin=./selfassign.so (test for warnings, line 42)
FAIL: g++.dg/plugin/self-assign-test-1.C -fplugin=./selfassign.so (test for warnings, line 43)
FAIL: g++.dg/plugin/self-assign-test-1.C -fplugin=./selfassign.so (test for warnings, line 44)
FAIL: g++.dg/plugin/self-assign-test-1.C -fplugin=./selfassign.so (test for warnings, line 46)
FAIL: g++.dg/plugin/self-assign-test-1.C -fplugin=./selfassign.so (test for excess errors)
FAIL: g++.dg/plugin/self-assign-test-2.C -fplugin=./selfassign.so (test for warnings, line 10)
FAIL: g++.dg/plugin/self-assign-test-2.C -fplugin=./selfassign.so (test for warnings, line 13)
FAIL: g++.dg/plugin/self-assign-test-2.C -fplugin=./selfassign.so (test for warnings, line 26)
FAIL: g++.dg/plugin/self-assign-test-2.C -fplugin=./selfassign.so (test for warnings, line 27)
FAIL: g++.dg/plugin/self-assign-test-2.C -fplugin=./selfassign.so (test for warnings, line 33)
FAIL: g++.dg/plugin/self-assign-test-2.C -fplugin=./selfassign.so (test for warnings, line 34)
FAIL: g++.dg/plugin/self-assign-test-2.C -fplugin=./selfassign.so (test for warnings, line 40)
FAIL: g++.dg/plugin/self-assign-test-2.C -fplugin=./selfassign.so (test for warnings, line 41)
FAIL: g++.dg/plugin/self-assign-test-2.C -fplugin=./selfassign.so (test for warnings, line 42)
FAIL: g++.dg/plugin/self-assign-test-2.C -fplugin=./selfassign.so (test for warnings, line 46)
FAIL: g++.dg/plugin/self-assign-test-2.C -fplugin=./selfassign.so (test for excess errors)
FAIL: g++.dg/plugin/self-assign-test-3.C -fplugin=./selfassign.so (test for excess errors)
FAIL: g++.dg/plugin/diagnostic-test-expressions-1.C -fplugin=./diagnostic_plugin_test_tree_expression_range.so (test for warnings, line 24)
FAIL: g++.dg/plugin/diagnostic-test-expressions-1.C -fplugin=./diagnostic_plugin_test_tree_expression_range.so (test for warnings, line 30)
FAIL: g++.dg/plugin/diagnostic-test-expressions-1.C -fplugin=./diagnostic_plugin_test_tree_expression_range.so (test for warnings, line 36)
FAIL: g++.dg/plugin/diagnostic-test-expressions-1.C -fplugin=./diagnostic_plugin_test_tree_expression_range.so (test for warnings, line 47)
FAIL: g++.dg/plugin/diagnostic-test-expressions-1.C -fplugin=./diagnostic_plugin_test_tree_expression_range.so (test for warnings, line 56)
FAIL: g++.dg/plugin/diagnostic-test-expressions-1.C -fplugin=./diagnostic_plugin_test_tree_expression_range.so (test for warnings, line 74)
FAIL: g++.dg/plugin/diagnostic-test-expressions-1.C -fplugin=./diagnostic_plugin_test_tree_expression_range.so (test for warnings, line 80)
FAIL: g++.dg/plugin/diagnostic-test-expressions-1.C -fplugin=./diagnostic_plugin_test_tree_expression_range.so (test for warnings, line 89)
FAIL: g++.dg/plugin/diagnostic-test-expressions-1.C -fplugin=./diagnostic_plugin_test_tree_expression_range.so (test for warnings, line 95)
FAIL: g++.dg/plugin/diagnostic-test-expressions-1.C -fplugin=./diagnostic_plugin_test_tree_expression_range.so (test for warnings, line 106)
FAIL: g++.dg/plugin/diagnostic-test-expressions-1.C -fplugin=./diagnostic_plugin_test_tree_expression_range.so (test for warnings, line 112)
FAIL: g++.dg/plugin/diagnostic-test-expressions-1.C -fplugin=./diagnostic_plugin_test_tree_expression_range.so (test for warnings, line 121)
FAIL: g++.dg/plugin/diagnostic-test-expressions-1.C -fplugin=./diagnostic_plugin_test_tree_expression_range.so (test for warnings, line 130)
FAIL: g++.dg/plugin/diagnostic-test-expressions-1.C -fplugin=./diagnostic_plugin_test_tree_expression_range.so (test for warnings, line 139)
FAIL: g++.dg/plugin/diagnostic-test-expressions-1.C -fplugin=./diagnostic_plugin_test_tree_expression_range.so (test for warnings, line 148)
FAIL: g++.dg/plugin/diagnostic-test-expressions-1.C -fplugin=./diagnostic_plugin_test_tree_expression_range.so (test for warnings, line 157)
FAIL: g++.dg/plugin/diagnostic-test-expressions-1.C -fplugin=./diagnostic_plugin_test_tree_expression_range.so (test for warnings, line 168)
FAIL: g++.dg/plugin/diagnostic-test-expressions-1.C -fplugin=./diagnostic_plugin_test_tree_expression_range.so (test for warnings, line 174)
FAIL: g++.dg/plugin/diagnostic-test-expressions-1.C -fplugin=./diagnostic_plugin_test_tree_expression_range.so (test for warnings, line 186)
FAIL: g++.dg/plugin/diagnostic-test-expressions-1.C -fplugin=./diagnostic_plugin_test_tree_expression_range.so (test for warnings, line 192)
FAIL: g++.dg/plugin/diagnostic-test-expressions-1.C -fplugin=./diagnostic_plugin_test_tree_expression_range.so (test for warnings, line 198)
FAIL: g++.dg/plugin/diagnostic-test-expressions-1.C -fplugin=./diagnostic_plugin_test_tree_expression_range.so (test for warnings, line 207)
FAIL: g++.dg/plugin/diagnostic-test-expressions-1.C -fplugin=./diagnostic_plugin_test_tree_expression_range.so (test for warnings, line 213)
FAIL: g++.dg/plugin/diagnostic-test-expressions-1.C -fplugin=./diagnostic_plugin_test_tree_expression_range.so (test for warnings, line 222)
FAIL: g++.dg/plugin/diagnostic-test-expressions-1.C -fplugin=./diagnostic_plugin_test_tree_expression_range.so (test for warnings, line 228)
FAIL: g++.dg/plugin/diagnostic-test-expressions-1.C -fplugin=./diagnostic_plugin_test_tree_expression_range.so (test for warnings, line 237)
FAIL: g++.dg/plugin/diagnostic-test-expressions-1.C -fplugin=./diagnostic_plugin_test_tree_expression_range.so (test for warnings, line 243)
FAIL: g++.dg/plugin/diagnostic-test-expressions-1.C -fplugin=./diagnostic_plugin_test_tree_expression_range.so (test for warnings, line 249)
FAIL: g++.dg/plugin/diagnostic-test-expressions-1.C -fplugin=./diagnostic_plugin_test_tree_expression_range.so (test for warnings, line 255)
FAIL: g++.dg/plugin/diagnostic-test-expressions-1.C -fplugin=./diagnostic_plugin_test_tree_expression_range.so (test for warnings, line 264)
FAIL: g++.dg/plugin/diagnostic-test-expressions-1.C -fplugin=./diagnostic_plugin_test_tree_expression_range.so (test for warnings, line 270)
FAIL: g++.dg/plugin/diagnostic-test-expressions-1.C -fplugin=./diagnostic_plugin_test_tree_expression_range.so (test for warnings, line 279)
FAIL: g++.dg/plugin/diagnostic-test-expressions-1.C -fplugin=./diagnostic_plugin_test_tree_expression_range.so (test for warnings, line 285)
FAIL: g++.dg/plugin/diagnostic-test-expressions-1.C -fplugin=./diagnostic_plugin_test_tree_expression_range.so (test for warnings, line 291)
FAIL: g++.dg/plugin/diagnostic-test-expressions-1.C -fplugin=./diagnostic_plugin_test_tree_expression_range.so (test for warnings, line 300)
FAIL: g++.dg/plugin/diagnostic-test-expressions-1.C -fplugin=./diagnostic_plugin_test_tree_expression_range.so (test for warnings, line 306)
FAIL: g++.dg/plugin/diagnostic-test-expressions-1.C -fplugin=./diagnostic_plugin_test_tree_expression_range.so (test for warnings, line 317)
FAIL: g++.dg/plugin/diagnostic-test-expressions-1.C -fplugin=./diagnostic_plugin_test_tree_expression_range.so (test for warnings, line 328)
FAIL: g++.dg/plugin/diagnostic-test-expressions-1.C -fplugin=./diagnostic_plugin_test_tree_expression_range.so (test for warnings, line 334)
FAIL: g++.dg/plugin/diagnostic-test-expressions-1.C -fplugin=./diagnostic_plugin_test_tree_expression_range.so (test for warnings, line 340)
FAIL: g++.dg/plugin/diagnostic-test-expressions-1.C -fplugin=./diagnostic_plugin_test_tree_expression_range.so (test for warnings, line 346)
FAIL: g++.dg/plugin/diagnostic-test-expressions-1.C -fplugin=./diagnostic_plugin_test_tree_expression_range.so (test for warnings, line 352)
FAIL: g++.dg/plugin/diagnostic-test-expressions-1.C -fplugin=./diagnostic_plugin_test_tree_expression_range.so (test for warnings, line 358)
FAIL: g++.dg/plugin/diagnostic-test-expressions-1.C -fplugin=./diagnostic_plugin_test_tree_expression_range.so (test for warnings, line 364)
FAIL: g++.dg/plugin/diagnostic-test-expressions-1.C -fplugin=./diagnostic_plugin_test_tree_expression_range.so (test for warnings, line 370)
FAIL: g++.dg/plugin/diagnostic-test-expressions-1.C -fplugin=./diagnostic_plugin_test_tree_expression_range.so (test for warnings, line 376)
FAIL: g++.dg/plugin/diagnostic-test-expressions-1.C -fplugin=./diagnostic_plugin_test_tree_expression_range.so (test for warnings, line 382)
FAIL: g++.dg/plugin/diagnostic-test-expressions-1.C -fplugin=./diagnostic_plugin_test_tree_expression_range.so (test for warnings, line 388)
FAIL: g++.dg/plugin/diagnostic-test-expressions-1.C -fplugin=./diagnostic_plugin_test_tree_expression_range.so (test for warnings, line 399)
FAIL: g++.dg/plugin/diagnostic-test-expressions-1.C -fplugin=./diagnostic_plugin_test_tree_expression_range.so (test for warnings, line 415)
FAIL: g++.dg/plugin/diagnostic-test-expressions-1.C -fplugin=./diagnostic_plugin_test_tree_expression_range.so (test for warnings, line 421)
FAIL: g++.dg/plugin/diagnostic-test-expressions-1.C -fplugin=./diagnostic_plugin_test_tree_expression_range.so (test for warnings, line 430)
FAIL: g++.dg/plugin/diagnostic-test-expressions-1.C -fplugin=./diagnostic_plugin_test_tree_expression_range.so (test for warnings, line 436)
FAIL: g++.dg/plugin/diagnostic-test-expressions-1.C -fplugin=./diagnostic_plugin_test_tree_expression_range.so (test for warnings, line 445)
FAIL: g++.dg/plugin/diagnostic-test-expressions-1.C -fplugin=./diagnostic_plugin_test_tree_expression_range.so (test for warnings, line 451)
FAIL: g++.dg/plugin/diagnostic-test-expressions-1.C -fplugin=./diagnostic_plugin_test_tree_expression_range.so (test for warnings, line 457)
FAIL: g++.dg/plugin/diagnostic-test-expressions-1.C -fplugin=./diagnostic_plugin_test_tree_expression_range.so (test for warnings, line 477)
FAIL: g++.dg/plugin/diagnostic-test-expressions-1.C -fplugin=./diagnostic_plugin_test_tree_expression_range.so (test for warnings, line 484)
FAIL: g++.dg/plugin/diagnostic-test-expressions-1.C -fplugin=./diagnostic_plugin_test_tree_expression_range.so (test for warnings, line 495)
FAIL: g++.dg/plugin/diagnostic-test-expressions-1.C -fplugin=./diagnostic_plugin_test_tree_expression_range.so (test for warnings, line 501)
FAIL: g++.dg/plugin/diagnostic-test-expressions-1.C -fplugin=./diagnostic_plugin_test_tree_expression_range.so (test for warnings, line 513)
FAIL: g++.dg/plugin/diagnostic-test-expressions-1.C -fplugin=./diagnostic_plugin_test_tree_expression_range.so (test for errors, line 523)
FAIL: g++.dg/plugin/diagnostic-test-expressions-1.C -fplugin=./diagnostic_plugin_test_tree_expression_range.so (test for errors, line 528)
FAIL: g++.dg/plugin/diagnostic-test-expressions-1.C -fplugin=./diagnostic_plugin_test_tree_expression_range.so (test for warnings, line 537)
FAIL: g++.dg/plugin/diagnostic-test-expressions-1.C -fplugin=./diagnostic_plugin_test_tree_expression_range.so (test for warnings, line 543)
FAIL: g++.dg/plugin/diagnostic-test-expressions-1.C -fplugin=./diagnostic_plugin_test_tree_expression_range.so (test for warnings, line 549)
FAIL: g++.dg/plugin/diagnostic-test-expressions-1.C -fplugin=./diagnostic_plugin_test_tree_expression_range.so (test for warnings, line 558)
FAIL: g++.dg/plugin/diagnostic-test-expressions-1.C -fplugin=./diagnostic_plugin_test_tree_expression_range.so (test for warnings, line 564)
FAIL: g++.dg/plugin/diagnostic-test-expressions-1.C -fplugin=./diagnostic_plugin_test_tree_expression_range.so (test for warnings, line 575)
FAIL: g++.dg/plugin/diagnostic-test-expressions-1.C -fplugin=./diagnostic_plugin_test_tree_expression_range.so (test for warnings, line 581)
FAIL: g++.dg/plugin/diagnostic-test-expressions-1.C -fplugin=./diagnostic_plugin_test_tree_expression_range.so (test for warnings, line 594)
FAIL: g++.dg/plugin/diagnostic-test-expressions-1.C -fplugin=./diagnostic_plugin_test_tree_expression_range.so (test for warnings, line 602)
FAIL: g++.dg/plugin/diagnostic-test-expressions-1.C -fplugin=./diagnostic_plugin_test_tree_expression_range.so (test for warnings, line 615)
FAIL: g++.dg/plugin/diagnostic-test-expressions-1.C -fplugin=./diagnostic_plugin_test_tree_expression_range.so (test for errors, line 626)
FAIL: g++.dg/plugin/diagnostic-test-expressions-1.C -fplugin=./diagnostic_plugin_test_tree_expression_range.so (test for warnings, line 647)
FAIL: g++.dg/plugin/diagnostic-test-expressions-1.C -fplugin=./diagnostic_plugin_test_tree_expression_range.so (test for warnings, line 653)
FAIL: g++.dg/plugin/diagnostic-test-expressions-1.C -fplugin=./diagnostic_plugin_test_tree_expression_range.so (test for warnings, line 659)
FAIL: g++.dg/plugin/diagnostic-test-expressions-1.C -fplugin=./diagnostic_plugin_test_tree_expression_range.so (test for warnings, line 665)
FAIL: g++.dg/plugin/diagnostic-test-expressions-1.C -fplugin=./diagnostic_plugin_test_tree_expression_range.so (test for warnings, line 674)
FAIL: g++.dg/plugin/diagnostic-test-expressions-1.C -fplugin=./diagnostic_plugin_test_tree_expression_range.so (test for warnings, line 680)
FAIL: g++.dg/plugin/diagnostic-test-expressions-1.C -fplugin=./diagnostic_plugin_test_tree_expression_range.so (test for warnings, line 686)
FAIL: g++.dg/plugin/diagnostic-test-expressions-1.C -fplugin=./diagnostic_plugin_test_tree_expression_range.so (test for warnings, line 702)
FAIL: g++.dg/plugin/diagnostic-test-expressions-1.C -fplugin=./diagnostic_plugin_test_tree_expression_range.so (test for warnings, line 711)
FAIL: g++.dg/plugin/diagnostic-test-expressions-1.C -fplugin=./diagnostic_plugin_test_tree_expression_range.so (test for warnings, line 717)
FAIL: g++.dg/plugin/diagnostic-test-expressions-1.C -fplugin=./diagnostic_plugin_test_tree_expression_range.so (test for warnings, line 723)
FAIL: g++.dg/plugin/diagnostic-test-expressions-1.C -fplugin=./diagnostic_plugin_test_tree_expression_range.so (test for warnings, line 729)
FAIL: g++.dg/plugin/diagnostic-test-expressions-1.C -fplugin=./diagnostic_plugin_test_tree_expression_range.so (test for warnings, line 735)
FAIL: g++.dg/plugin/diagnostic-test-expressions-1.C -fplugin=./diagnostic_plugin_test_tree_expression_range.so (test for warnings, line 743)
FAIL: g++.dg/plugin/diagnostic-test-expressions-1.C -fplugin=./diagnostic_plugin_test_tree_expression_range.so (test for warnings, line 752)
FAIL: g++.dg/plugin/diagnostic-test-expressions-1.C -fplugin=./diagnostic_plugin_test_tree_expression_range.so (test for errors, line 758)
FAIL: g++.dg/plugin/diagnostic-test-expressions-1.C -fplugin=./diagnostic_plugin_test_tree_expression_range.so (test for warnings, line 779)
FAIL: g++.dg/plugin/diagnostic-test-expressions-1.C -fplugin=./diagnostic_plugin_test_tree_expression_range.so expected multiline pattern lines 26-27 not found: "\\s*__emit_expression_range \\(0, \\(a \\+ b\\) \\);.*\\n ~~~\\^~~~\\n"
FAIL: g++.dg/plugin/diagnostic-test-expressions-1.C -fplugin=./diagnostic_plugin_test_tree_expression_range.so expected multiline pattern lines 32-33 not found: " __emit_expression_range \\(0, \\(a \\+ b\\) \\* \\(a - b\\) \\);.*\\n ~~~~~~~~\\^~~~~~~~~\\n"
FAIL: g++.dg/plugin/diagnostic-test-expressions-1.C -fplugin=./diagnostic_plugin_test_tree_expression_range.so expected multiline pattern lines 38-39 not found: " __emit_expression_range \\(0, !\\(a && b\\) \\);.*\\n \\^~~~~~~~~\\n"
FAIL: g++.dg/plugin/diagnostic-test-expressions-1.C -fplugin=./diagnostic_plugin_test_tree_expression_range.so expected multiline pattern lines 49-50 not found: " __emit_expression_range \\(0, arr\\[100\\] \\);.*\\n ~~~~~~~\\^\\n"
FAIL: g++.dg/plugin/diagnostic-test-expressions-1.C -fplugin=./diagnostic_plugin_test_tree_expression_range.so expected multiline pattern lines 58-59 not found: " __emit_expression_range \\(0, test_function_call \\(p, q, r\\) \\);.*\\n ~~~~~~~~~~~~~~~~~~~\\^~~~~~~~~\\n"
FAIL: g++.dg/plugin/diagnostic-test-expressions-1.C -fplugin=./diagnostic_plugin_test_tree_expression_range.so expected multiline pattern lines 76-77 not found: " __emit_expression_range \\(0, local\\.field \\);.*\\n ~~~~~~\\^~~~~\\n"
FAIL: g++.dg/plugin/diagnostic-test-expressions-1.C -fplugin=./diagnostic_plugin_test_tree_expression_range.so expected multiline pattern lines 82-83 not found: " __emit_expression_range \\(0, ptr->field \\);.*\\n ~~~~~\\^~~~~\\n"
FAIL: g++.dg/plugin/diagnostic-test-expressions-1.C -fplugin=./diagnostic_plugin_test_tree_expression_range.so expected multiline pattern lines 91-92 not found: " __emit_expression_range \\(0, i\\+\\+ \\);.*\\n ~\\^~\\n"
FAIL: g++.dg/plugin/diagnostic-test-expressions-1.C -fplugin=./diagnostic_plugin_test_tree_expression_range.so expected multiline pattern lines 97-98 not found: " __emit_expression_range \\(0, i-- \\);.*\\n ~\\^~\\n"
FAIL: g++.dg/plugin/diagnostic-test-expressions-1.C -fplugin=./diagnostic_plugin_test_tree_expression_range.so expected multiline pattern lines 108-109 not found: " __emit_expression_range \\(0, \\+\\+i \\);.*\\n \\^~~\\n"
FAIL: g++.dg/plugin/diagnostic-test-expressions-1.C -fplugin=./diagnostic_plugin_test_tree_expression_range.so expected multiline pattern lines 114-115 not found: " __emit_expression_range \\(0, --i \\);.*\\n \\^~~\\n"
FAIL: g++.dg/plugin/diagnostic-test-expressions-1.C -fplugin=./diagnostic_plugin_test_tree_expression_range.so expected multiline pattern lines 123-124 not found: " __emit_expression_range \\(0, &global \\);.*\\n \\^~~~~~~\\n"
FAIL: g++.dg/plugin/diagnostic-test-expressions-1.C -fplugin=./diagnostic_plugin_test_tree_expression_range.so expected multiline pattern lines 132-133 not found: " __emit_expression_range \\(0, \\*ptr \\);.*\\n \\^~~~\\n"
FAIL: g++.dg/plugin/diagnostic-test-expressions-1.C -fplugin=./diagnostic_plugin_test_tree_expression_range.so expected multiline pattern lines 141-142 not found: " __emit_expression_range \\(0, -i \\);.*\\n \\^~\\n"
FAIL: g++.dg/plugin/diagnostic-test-expressions-1.C -fplugin=./diagnostic_plugin_test_tree_expression_range.so expected multiline pattern lines 150-151 not found: " __emit_expression_range \\(0, ~i \\);.*\\n \\^~\\n"
FAIL: g++.dg/plugin/diagnostic-test-expressions-1.C -fplugin=./diagnostic_plugin_test_tree_expression_range.so expected multiline pattern lines 159-160 not found: " __emit_expression_range \\(0, !flag \\);.*\\n \\^~~~~\\n"
FAIL: g++.dg/plugin/diagnostic-test-expressions-1.C -fplugin=./diagnostic_plugin_test_tree_expression_range.so expected multiline pattern lines 170-171 not found: " __emit_expression_range \\(0, \\(int \\*\\)ptr \\);.*\\n \\^~~~~~~~~~\\n"
FAIL: g++.dg/plugin/diagnostic-test-expressions-1.C -fplugin=./diagnostic_plugin_test_tree_expression_range.so expected multiline pattern lines 176-177 not found: " __emit_expression_range \\(0, \\*\\(int \\*\\)0xdeadbeef \\);.*\\n \\^~~~~~~~~~~~~~~~~~\\n"
FAIL: g++.dg/plugin/diagnostic-test-expressions-1.C -fplugin=./diagnostic_plugin_test_tree_expression_range.so expected multiline pattern lines 188-189 not found: " __emit_expression_range \\(0, lhs \\* rhs \\);.*\\n ~~~~\\^~~~~\\n"
FAIL: g++.dg/plugin/diagnostic-test-expressions-1.C -fplugin=./diagnostic_plugin_test_tree_expression_range.so expected multiline pattern lines 194-195 not found: " __emit_expression_range \\(0, lhs / rhs \\);.*\\n ~~~~\\^~~~~\\n"
FAIL: g++.dg/plugin/diagnostic-test-expressions-1.C -fplugin=./diagnostic_plugin_test_tree_expression_range.so expected multiline pattern lines 200-201 not found: " __emit_expression_range \\(0, lhs % rhs \\);.*\\n ~~~~\\^~~~~\\n"
FAIL: g++.dg/plugin/diagnostic-test-expressions-1.C -fplugin=./diagnostic_plugin_test_tree_expression_range.so expected multiline pattern lines 209-210 not found: " __emit_expression_range \\(0, lhs \\+ rhs \\);.*\\n ~~~~\\^~~~~\\n"
FAIL: g++.dg/plugin/diagnostic-test-expressions-1.C -fplugin=./diagnostic_plugin_test_tree_expression_range.so expected multiline pattern lines 215-216 not found: " __emit_expression_range \\(0, lhs - rhs \\);.*\\n ~~~~\\^~~~~\\n"
FAIL: g++.dg/plugin/diagnostic-test-expressions-1.C -fplugin=./diagnostic_plugin_test_tree_expression_range.so expected multiline pattern lines 224-225 not found: " __emit_expression_range \\(0, lhs << rhs \\);.*\\n ~~~~\\^~~~~~\\n"
FAIL: g++.dg/plugin/diagnostic-test-expressions-1.C -fplugin=./diagnostic_plugin_test_tree_expression_range.so expected multiline pattern lines 230-231 not found: " __emit_expression_range \\(0, lhs >> rhs \\);.*\\n ~~~~\\^~~~~~\\n"
FAIL: g++.dg/plugin/diagnostic-test-expressions-1.C -fplugin=./diagnostic_plugin_test_tree_expression_range.so expected multiline pattern lines 239-240 not found: " __emit_expression_range \\(0, lhs < rhs \\);.*\\n ~~~~\\^~~~~\\n"
FAIL: g++.dg/plugin/diagnostic-test-expressions-1.C -fplugin=./diagnostic_plugin_test_tree_expression_range.so expected multiline pattern lines 245-246 not found: " __emit_expression_range \\(0, lhs > rhs \\);.*\\n ~~~~\\^~~~~\\n"
FAIL: g++.dg/plugin/diagnostic-test-expressions-1.C -fplugin=./diagnostic_plugin_test_tree_expression_range.so expected multiline pattern lines 251-252 not found: " __emit_expression_range \\(0, lhs <= rhs \\);.*\\n ~~~~\\^~~~~~\\n"
FAIL: g++.dg/plugin/diagnostic-test-expressions-1.C -fplugin=./diagnostic_plugin_test_tree_expression_range.so expected multiline pattern lines 257-258 not found: " __emit_expression_range \\(0, lhs >= rhs \\);.*\\n ~~~~\\^~~~~~\\n"
FAIL: g++.dg/plugin/diagnostic-test-expressions-1.C -fplugin=./diagnostic_plugin_test_tree_expression_range.so expected multiline pattern lines 266-267 not found: " __emit_expression_range \\(0, lhs == rhs \\);.*\\n ~~~~\\^~~~~~\\n"
FAIL: g++.dg/plugin/diagnostic-test-expressions-1.C -fplugin=./diagnostic_plugin_test_tree_expression_range.so expected multiline pattern lines 272-273 not found: " __emit_expression_range \\(0, lhs != rhs \\);.*\\n ~~~~\\^~~~~~\\n"
FAIL: g++.dg/plugin/diagnostic-test-expressions-1.C -fplugin=./diagnostic_plugin_test_tree_expression_range.so expected multiline pattern lines 281-282 not found: " __emit_expression_range \\(0, lhs & rhs \\);.*\\n ~~~~\\^~~~~\\n"
FAIL: g++.dg/plugin/diagnostic-test-expressions-1.C -fplugin=./diagnostic_plugin_test_tree_expression_range.so expected multiline pattern lines 287-288 not found: " __emit_expression_range \\(0, lhs \\^ rhs \\);.*\\n ~~~~\\^~~~~\\n"
FAIL: g++.dg/plugin/diagnostic-test-expressions-1.C -fplugin=./diagnostic_plugin_test_tree_expression_range.so expected multiline pattern lines 293-294 not found: " __emit_expression_range \\(0, lhs \\| rhs \\);.*\\n ~~~~\\^~~~~\\n"
FAIL: g++.dg/plugin/diagnostic-test-expressions-1.C -fplugin=./diagnostic_plugin_test_tree_expression_range.so expected multiline pattern lines 302-303 not found: " __emit_expression_range \\(0, lhs && rhs \\);.*\\n ~~~~\\^~~~~~\\n"
FAIL: g++.dg/plugin/diagnostic-test-expressions-1.C -fplugin=./diagnostic_plugin_test_tree_expression_range.so expected multiline pattern lines 308-309 not found: " __emit_expression_range \\(0, lhs \\|\\| rhs \\);.*\\n ~~~~\\^~~~~~\\n"
FAIL: g++.dg/plugin/diagnostic-test-expressions-1.C -fplugin=./diagnostic_plugin_test_tree_expression_range.so expected multiline pattern lines 319-320 not found: " __emit_expression_range \\(0, flag \\? on_true : on_false \\);.*\\n ~~~~~\\^~~~~~~~~~~~~~~~~~~~\\n"
FAIL: g++.dg/plugin/diagnostic-test-expressions-1.C -fplugin=./diagnostic_plugin_test_tree_expression_range.so expected multiline pattern lines 330-331 not found: " __emit_expression_range \\(0, dest = other \\);.*\\n ~~~~~\\^~~~~~~\\n"
FAIL: g++.dg/plugin/diagnostic-test-expressions-1.C -fplugin=./diagnostic_plugin_test_tree_expression_range.so expected multiline pattern lines 336-337 not found: " __emit_expression_range \\(0, dest \\*= other \\);.*\\n ~~~~~\\^~~~~~~~\\n"
FAIL: g++.dg/plugin/diagnostic-test-expressions-1.C -fplugin=./diagnostic_plugin_test_tree_expression_range.so expected multiline pattern lines 342-343 not found: " __emit_expression_range \\(0, dest /= other \\);.*\\n ~~~~~\\^~~~~~~~\\n"
FAIL: g++.dg/plugin/diagnostic-test-expressions-1.C -fplugin=./diagnostic_plugin_test_tree_expression_range.so expected multiline pattern lines 348-349 not found: " __emit_expression_range \\(0, dest %= other \\);.*\\n ~~~~~\\^~~~~~~~\\n"
FAIL: g++.dg/plugin/diagnostic-test-expressions-1.C -fplugin=./diagnostic_plugin_test_tree_expression_range.so expected multiline pattern lines 354-355 not found: " __emit_expression_range \\(0, dest \\+= other \\);.*\\n ~~~~~\\^~~~~~~~\\n"
FAIL: g++.dg/plugin/diagnostic-test-expressions-1.C -fplugin=./diagnostic_plugin_test_tree_expression_range.so expected multiline pattern lines 360-361 not found: " __emit_expression_range \\(0, dest -= other \\);.*\\n ~~~~~\\^~~~~~~~\\n"
FAIL: g++.dg/plugin/diagnostic-test-expressions-1.C -fplugin=./diagnostic_plugin_test_tree_expression_range.so expected multiline pattern lines 366-367 not found: " __emit_expression_range \\(0, dest <<= other \\);.*\\n ~~~~~\\^~~~~~~~~\\n"
FAIL: g++.dg/plugin/diagnostic-test-expressions-1.C -fplugin=./diagnostic_plugin_test_tree_expression_range.so expected multiline pattern lines 372-373 not found: " __emit_expression_range \\(0, dest >>= other \\);.*\\n ~~~~~\\^~~~~~~~~\\n"
FAIL: g++.dg/plugin/diagnostic-test-expressions-1.C -fplugin=./diagnostic_plugin_test_tree_expression_range.so expected multiline pattern lines 378-379 not found: " __emit_expression_range \\(0, dest &= other \\);.*\\n ~~~~~\\^~~~~~~~\\n"
FAIL: g++.dg/plugin/diagnostic-test-expressions-1.C -fplugin=./diagnostic_plugin_test_tree_expression_range.so expected multiline pattern lines 384-385 not found: " __emit_expression_range \\(0, dest \\^= other \\);.*\\n ~~~~~\\^~~~~~~~\\n"
FAIL: g++.dg/plugin/diagnostic-test-expressions-1.C -fplugin=./diagnostic_plugin_test_tree_expression_range.so expected multiline pattern lines 390-391 not found: " __emit_expression_range \\(0, dest \\|= other \\);.*\\n ~~~~~\\^~~~~~~~\\n"
FAIL: g++.dg/plugin/diagnostic-test-expressions-1.C -fplugin=./diagnostic_plugin_test_tree_expression_range.so expected multiline pattern lines 401-402 not found: " __emit_expression_range \\(0, \\(a\\+\\+, a \\+ b\\) \\);.*\\n ~~~~\\^~~~~~~~\\n"
FAIL: g++.dg/plugin/diagnostic-test-expressions-1.C -fplugin=./diagnostic_plugin_test_tree_expression_range.so expected multiline pattern lines 417-418 not found: " __emit_expression_range \\(0, "foo"\\[i\\] \\);.*\\n ~~~~~~~\\^\\n"
FAIL: g++.dg/plugin/diagnostic-test-expressions-1.C -fplugin=./diagnostic_plugin_test_tree_expression_range.so expected multiline pattern lines 423-424 not found: " __emit_expression_range \\(0, &"foo" "bar" \\);.*\\n \\^~~~~~~~~~~~\\n"
FAIL: g++.dg/plugin/diagnostic-test-expressions-1.C -fplugin=./diagnostic_plugin_test_tree_expression_range.so expected multiline pattern lines 432-433 not found: " __emit_expression_range \\(0, 42 \\+ i \\);.*\\n ~~~\\^~~\\n"
FAIL: g++.dg/plugin/diagnostic-test-expressions-1.C -fplugin=./diagnostic_plugin_test_tree_expression_range.so expected multiline pattern lines 438-439 not found: " __emit_expression_range \\(0, i \\+ 42 \\);.*\\n ~~\\^~~~\\n"
FAIL: g++.dg/plugin/diagnostic-test-expressions-1.C -fplugin=./diagnostic_plugin_test_tree_expression_range.so expected multiline pattern lines 447-448 not found: " __emit_expression_range \\(0, -42 \\+ i \\);.*\\n ~~~~\\^~~\\n"
FAIL: g++.dg/plugin/diagnostic-test-expressions-1.C -fplugin=./diagnostic_plugin_test_tree_expression_range.so expected multiline pattern lines 453-454 not found: " __emit_expression_range \\(0, i \\+ -42 \\);.*\\n ~~\\^~~~~\\n"
FAIL: g++.dg/plugin/diagnostic-test-expressions-1.C -fplugin=./diagnostic_plugin_test_tree_expression_range.so expected multiline pattern lines 459-460 not found: " __emit_expression_range \\(0, i \\? 0 : -1 \\);.*\\n ~~\\^~~~~~~~\\n"
FAIL: g++.dg/plugin/diagnostic-test-expressions-1.C -fplugin=./diagnostic_plugin_test_tree_expression_range.so expected multiline pattern lines 479-480 not found: " __emit_expression_range \\(0, \\(vector\\(4, float\\)\\)\\{2\\., 2\\., 2\\., 2\\.\\} \\+ 1\\);.*\\n ~~~~~~~~~~~~~~~~~\\^~~\\n"
FAIL: g++.dg/plugin/diagnostic-test-expressions-1.C -fplugin=./diagnostic_plugin_test_tree_expression_range.so expected multiline pattern lines 486-487 not found: " __emit_expression_range \\(0, 1 \\+ \\(vector\\(4, float\\)\\)\\{2\\., 2\\., 2\\., 2\\.\\}\\);.*\\n ~~\\^~~~~~~~~~~~~~~~~~~~~~~~~~~~~~~~~~~~\\n"
FAIL: g++.dg/plugin/diagnostic-test-expressions-1.C -fplugin=./diagnostic_plugin_test_tree_expression_range.so expected multiline pattern lines 497-498 not found: " __emit_expression_range \\(0, \\(\\{ static int a; a; \\}\\) \\+ 1\\);.*\\n ~~~~~~~~~~~~~~~~~~~~~~~\\^~~\\n"
FAIL: g++.dg/plugin/diagnostic-test-expressions-1.C -fplugin=./diagnostic_plugin_test_tree_expression_range.so expected multiline pattern lines 503-504 not found: " __emit_expression_range \\(0, 1 \\+ \\(\\{ static int a; a; \\}\\) \\);.*\\n ~~\\^~~~~~~~~~~~~~~~~~~~~~~~\\n"
FAIL: g++.dg/plugin/diagnostic-test-expressions-1.C -fplugin=./diagnostic_plugin_test_tree_expression_range.so expected multiline pattern lines 515-516 not found: " __emit_expression_range \\(0, &&label \\);.*\\n \\^~~~~~~\\n"
FAIL: g++.dg/plugin/diagnostic-test-expressions-1.C -fplugin=./diagnostic_plugin_test_tree_expression_range.so expected multiline pattern lines 525-526 not found: " i = __transaction_atomic \\(42\\);.*\\n \\^~~~~~~~~~~~~~~~~~~~\\n"
FAIL: g++.dg/plugin/diagnostic-test-expressions-1.C -fplugin=./diagnostic_plugin_test_tree_expression_range.so expected multiline pattern lines 530-531 not found: " i = __transaction_relaxed \\(42\\);.*\\n \\^~~~~~~~~~~~~~~~~~~~~\\n"
FAIL: g++.dg/plugin/diagnostic-test-expressions-1.C -fplugin=./diagnostic_plugin_test_tree_expression_range.so expected multiline pattern lines 539-540 not found: " __emit_expression_range \\(0, __FUNCTION__\\[i\\] \\);.*\\n ~~~~~~~~~~~~~~\\^\\n"
FAIL: g++.dg/plugin/diagnostic-test-expressions-1.C -fplugin=./diagnostic_plugin_test_tree_expression_range.so expected multiline pattern lines 545-546 not found: " __emit_expression_range \\(0, __PRETTY_FUNCTION__\\[i\\] \\);.*\\n ~~~~~~~~~~~~~~~~~~~~~\\^\\n"
FAIL: g++.dg/plugin/diagnostic-test-expressions-1.C -fplugin=./diagnostic_plugin_test_tree_expression_range.so expected multiline pattern lines 551-552 not found: " __emit_expression_range \\(0, __func__\\[i\\] \\);.*\\n ~~~~~~~~~~\\^\\n"
FAIL: g++.dg/plugin/diagnostic-test-expressions-1.C -fplugin=./diagnostic_plugin_test_tree_expression_range.so expected multiline pattern lines 560-561 not found: " __emit_expression_range \\(0, __builtin_va_arg \\(v, int\\) \\);.*\\n ~~~~~~~~~~~~~~~~~~~~~\\^~~~\\n"
FAIL: g++.dg/plugin/diagnostic-test-expressions-1.C -fplugin=./diagnostic_plugin_test_tree_expression_range.so expected multiline pattern lines 566-567 not found: " __emit_expression_range \\(0, __builtin_va_arg \\(v, int\\) \\+ 1 \\);.*\\n ~~~~~~~~~~~~~~~~~~~~~~~~~~\\^~~\\n"
FAIL: g++.dg/plugin/diagnostic-test-expressions-1.C -fplugin=./diagnostic_plugin_test_tree_expression_range.so expected multiline pattern lines 577-578 not found: " __emit_expression_range \\(0, i \\+ __builtin_offsetof \\(struct s, f\\) \\);.*\\n ~~\\^~~~~~~~~~~~~~~~~~~~~~~~~~~~~~~~~~\\n"
FAIL: g++.dg/plugin/diagnostic-test-expressions-1.C -fplugin=./diagnostic_plugin_test_tree_expression_range.so expected multiline pattern lines 583-584 not found: " __emit_expression_range \\(0, __builtin_offsetof \\(struct s, f\\) \\+ i \\);.*\\n ~~~~~~~~~~~~~~~~~~~~~~~~~~~~~~~~~\\^~~\\n"
FAIL: g++.dg/plugin/diagnostic-test-expressions-1.C -fplugin=./diagnostic_plugin_test_tree_expression_range.so expected multiline pattern lines 596-597 not found: " __emit_expression_range \\(0, b \\* b - 4 \\* a \\* c \\);.*\\n ~~~~~~\\^~~~~~~~~~~\\n"
FAIL: g++.dg/plugin/diagnostic-test-expressions-1.C -fplugin=./diagnostic_plugin_test_tree_expression_range.so expected multiline pattern lines 604-607 not found: " \\(-b \\+ sqrt \\(b \\* b - 4 \\* a \\* c\\)\\).*\\n ~~~~~~~~~~~~~~~~~~~~~~~~~~~~~~~\\n / \\(2 \\* a\\)\\);.*\\n \\^~~~~~~~~\\n"
FAIL: g++.dg/plugin/diagnostic-test-expressions-1.C -fplugin=./diagnostic_plugin_test_tree_expression_range.so expected multiline pattern lines 617-618 not found: " __emit_expression_range \\(0, bar \\(a\\) > a \\);.*\\n ~~~~~~~~\\^~~\\n"
FAIL: g++.dg/plugin/diagnostic-test-expressions-1.C -fplugin=./diagnostic_plugin_test_tree_expression_range.so expected multiline pattern lines 628-629 not found: " this;.*\\n \\^~~~\\n"
FAIL: g++.dg/plugin/diagnostic-test-expressions-1.C -fplugin=./diagnostic_plugin_test_tree_expression_range.so expected multiline pattern lines 649-650 not found: " __emit_expression_range \\(0, dynamic_cast <derived \\*> \\(ptr\\)\\);.*\\n \\^~~~~~~~~~~~~~~~~~~~~~~~~~~~~~\\n"
FAIL: g++.dg/plugin/diagnostic-test-expressions-1.C -fplugin=./diagnostic_plugin_test_tree_expression_range.so expected multiline pattern lines 655-656 not found: " __emit_expression_range \\(0, static_cast <derived \\*> \\(ptr\\)\\);.*\\n \\^~~~~~~~~~~~~~~~~~~~~~~~~~~~~\\n"
FAIL: g++.dg/plugin/diagnostic-test-expressions-1.C -fplugin=./diagnostic_plugin_test_tree_expression_range.so expected multiline pattern lines 661-662 not found: " __emit_expression_range \\(0, reinterpret_cast <int \\*> \\(ptr\\)\\);.*\\n \\^~~~~~~~~~~~~~~~~~~~~~~~~~~~~~\\n"
FAIL: g++.dg/plugin/diagnostic-test-expressions-1.C -fplugin=./diagnostic_plugin_test_tree_expression_range.so expected multiline pattern lines 667-668 not found: " __emit_expression_range \\(0, const_cast <base \\*> \\(ptr\\)\\);.*\\n \\^~~~~~~~~~~~~~~~~~~~~~~~~\\n"
FAIL: g++.dg/plugin/diagnostic-test-expressions-1.C -fplugin=./diagnostic_plugin_test_tree_expression_range.so expected multiline pattern lines 676-677 not found: " __emit_expression_range \\(0, float\\(i\\)\\);.*\\n \\^~~~~~~~\\n"
FAIL: g++.dg/plugin/diagnostic-test-expressions-1.C -fplugin=./diagnostic_plugin_test_tree_expression_range.so expected multiline pattern lines 682-683 not found: " __emit_expression_range \\(0, int\\(f\\)\\);.*\\n \\^~~~~~\\n"
FAIL: g++.dg/plugin/diagnostic-test-expressions-1.C -fplugin=./diagnostic_plugin_test_tree_expression_range.so expected multiline pattern lines 688-689 not found: " __emit_expression_range \\(0, s\\{i, f\\}\\);.*\\n \\^~~~~~~\\n"
FAIL: g++.dg/plugin/diagnostic-test-expressions-1.C -fplugin=./diagnostic_plugin_test_tree_expression_range.so expected multiline pattern lines 704-705 not found: " example_template <int>;.*\\n \\^~~~~~~~~~~~~~~~~~~~~~\\n"
FAIL: g++.dg/plugin/diagnostic-test-expressions-1.C -fplugin=./diagnostic_plugin_test_tree_expression_range.so expected multiline pattern lines 713-714 not found: " __emit_expression_range \\(0, ::new base\\);.*\\n \\^~~~~~~~~~\\n"
FAIL: g++.dg/plugin/diagnostic-test-expressions-1.C -fplugin=./diagnostic_plugin_test_tree_expression_range.so expected multiline pattern lines 719-720 not found: " __emit_expression_range \\(0, new base\\);.*\\n \\^~~~~~~~\\n"
FAIL: g++.dg/plugin/diagnostic-test-expressions-1.C -fplugin=./diagnostic_plugin_test_tree_expression_range.so expected multiline pattern lines 725-726 not found: " __emit_expression_range \\(0, new \\(base\\)\\);.*\\n \\^~~~~~~~~~\\n"
FAIL: g++.dg/plugin/diagnostic-test-expressions-1.C -fplugin=./diagnostic_plugin_test_tree_expression_range.so expected multiline pattern lines 731-732 not found: " __emit_expression_range \\(0, new base \\(42\\)\\);.*\\n \\^~~~~~~~~~~~~\\n"
FAIL: g++.dg/plugin/diagnostic-test-expressions-1.C -fplugin=./diagnostic_plugin_test_tree_expression_range.so expected multiline pattern lines 737-738 not found: " __emit_expression_range \\(0, new \\(base\\) \\(42\\)\\);.*\\n \\^~~~~~~~~~~~~~~\\n"
FAIL: g++.dg/plugin/diagnostic-test-expressions-1.C -fplugin=./diagnostic_plugin_test_tree_expression_range.so expected multiline pattern lines 745-746 not found: " __emit_expression_range \\(0, new example_template<int> \\(42\\)\\);.*\\n \\^~~~~~~~~~~~~~~~~~~~~~~~~~~~~~\\n"
FAIL: g++.dg/plugin/diagnostic-test-expressions-1.C -fplugin=./diagnostic_plugin_test_tree_expression_range.so expected multiline pattern lines 754-755 not found: " __emit_expression_range \\(0, \\(\\(base \\*\\)1\\)->pub \\(\\) \\);.*\\n ~~~~~~~~~~~~~~~~~\\^~\\n"
FAIL: g++.dg/plugin/diagnostic-test-expressions-1.C -fplugin=./diagnostic_plugin_test_tree_expression_range.so expected multiline pattern lines 760-761 not found: " \\(\\(base \\*\\)1\\)->priv \\(\\);.*\\n \\^\\n"
FAIL: g++.dg/plugin/diagnostic-test-expressions-1.C -fplugin=./diagnostic_plugin_test_tree_expression_range.so expected multiline pattern lines 764-765 not found: " int priv \\(\\);.*\\n \\^~~~\\n"
FAIL: g++.dg/plugin/diagnostic-test-expressions-1.C -fplugin=./diagnostic_plugin_test_tree_expression_range.so expected multiline pattern lines 781-782 not found: " __emit_expression_range \\(0, this->some_method \\(\\) \\);.*\\n ~~~~~~~~~~~~~~~~~~\\^~\\n"
FAIL: g++.dg/plugin/diagnostic-test-expressions-1.C -fplugin=./diagnostic_plugin_test_tree_expression_range.so (test for excess errors)
XPASS: g++.dg/tls/thread_local-order2.C -std=c++11 execution test
XPASS: g++.dg/tls/thread_local-order2.C -std=c++14 execution test
FAIL: g++.old-deja/g++.abi/vtable2.C -std=gnu++98 execution test
FAIL: g++.old-deja/g++.abi/vtable2.C -std=gnu++11 execution test
FAIL: g++.old-deja/g++.abi/vtable2.C -std=gnu++14 execution test
=== g++ Summary ===
# of expected passes 98465
# of unexpected failures 229
# of unexpected successes 2
# of expected failures 326
# of unsupported tests 4195
/home/dave/gnu/gcc/objdir/gcc/xg++ version 7.0.0 20161130 (experimental) [trunk revision 242991] (GCC)
=== gnat tests ===
Running target unix
=== gnat Summary ===
# of expected passes 2520
# of expected failures 24
# of unsupported tests 20
/home/dave/gnu/gcc/objdir/gcc/gnatmake version 7.0.0 20161130 (experimental) [trunk revision 242991]
=== go tests ===
Running target unix
FAIL: go.go-torture/execute/chan-1.go execution, -O0
FAIL: go.go-torture/execute/chan-1.go execution, -O1
FAIL: go.go-torture/execute/chan-1.go execution, -O2
FAIL: go.go-torture/execute/chan-1.go execution, -O2 -fomit-frame-pointer -finline-functions
FAIL: go.go-torture/execute/chan-1.go execution, -O2 -fomit-frame-pointer -finline-functions -funroll-loops
FAIL: go.go-torture/execute/chan-1.go execution, -O2 -fbounds-check
FAIL: go.go-torture/execute/chan-1.go execution, -O3 -g
FAIL: go.go-torture/execute/chan-1.go execution, -Os
WARNING: program timed out.
FAIL: go.go-torture/execute/go-1.go execution, -O0
WARNING: program timed out.
FAIL: go.go-torture/execute/go-1.go execution, -O1
WARNING: program timed out.
FAIL: go.go-torture/execute/go-1.go execution, -O2
WARNING: program timed out.
FAIL: go.go-torture/execute/go-1.go execution, -O2 -fomit-frame-pointer -finline-functions
WARNING: program timed out.
FAIL: go.go-torture/execute/go-1.go execution, -O2 -fomit-frame-pointer -finline-functions -funroll-loops
WARNING: program timed out.
FAIL: go.go-torture/execute/go-1.go execution, -O2 -fbounds-check
WARNING: program timed out.
FAIL: go.go-torture/execute/go-1.go execution, -O3 -g
WARNING: program timed out.
FAIL: go.go-torture/execute/go-1.go execution, -Os
WARNING: program timed out.
FAIL: go.go-torture/execute/go-2.go execution, -O0
WARNING: program timed out.
FAIL: go.go-torture/execute/go-2.go execution, -O1
WARNING: program timed out.
FAIL: go.go-torture/execute/go-2.go execution, -O2
WARNING: program timed out.
FAIL: go.go-torture/execute/go-2.go execution, -O2 -fomit-frame-pointer -finline-functions
WARNING: program timed out.
FAIL: go.go-torture/execute/go-2.go execution, -O2 -fomit-frame-pointer -finline-functions -funroll-loops
WARNING: program timed out.
FAIL: go.go-torture/execute/go-2.go execution, -O2 -fbounds-check
WARNING: program timed out.
FAIL: go.go-torture/execute/go-2.go execution, -O3 -g
WARNING: program timed out.
FAIL: go.go-torture/execute/go-2.go execution, -Os
FAIL: go.go-torture/execute/go-3.go execution, -O0
FAIL: go.go-torture/execute/go-3.go execution, -O1
FAIL: go.go-torture/execute/go-3.go execution, -O2
FAIL: go.go-torture/execute/go-3.go execution, -O2 -fomit-frame-pointer -finline-functions
FAIL: go.go-torture/execute/go-3.go execution, -O2 -fomit-frame-pointer -finline-functions -funroll-loops
FAIL: go.go-torture/execute/go-3.go execution, -O2 -fbounds-check
FAIL: go.go-torture/execute/go-3.go execution, -O3 -g
FAIL: go.go-torture/execute/go-3.go execution, -Os
FAIL: go.go-torture/execute/map-1.go execution, -O0
FAIL: go.go-torture/execute/map-1.go execution, -O1
FAIL: go.go-torture/execute/map-1.go execution, -O2
FAIL: go.go-torture/execute/map-1.go execution, -O2 -fomit-frame-pointer -finline-functions
FAIL: go.go-torture/execute/map-1.go execution, -O2 -fomit-frame-pointer -finline-functions -funroll-loops
FAIL: go.go-torture/execute/map-1.go execution, -O2 -fbounds-check
FAIL: go.go-torture/execute/map-1.go execution, -O3 -g
FAIL: go.go-torture/execute/map-1.go execution, -Os
FAIL: go.go-torture/execute/select-1.go execution, -O0
FAIL: go.go-torture/execute/select-1.go execution, -O1
FAIL: go.go-torture/execute/select-1.go execution, -O2
FAIL: go.go-torture/execute/select-1.go execution, -O2 -fomit-frame-pointer -finline-functions
FAIL: go.go-torture/execute/select-1.go execution, -O2 -fomit-frame-pointer -finline-functions -funroll-loops
FAIL: go.go-torture/execute/select-1.go execution, -O2 -fbounds-check
FAIL: go.go-torture/execute/select-1.go execution, -O3 -g
FAIL: go.go-torture/execute/select-1.go execution, -Os
WARNING: program timed out.
FAIL: go.test/test/235.go execution, -O2 -g
FAIL: go.test/test/64bit.go execution
FAIL: go.test/test/append.go execution, -O2 -g
FAIL: go.test/test/bigalg.go execution, -O2 -g
WARNING: program timed out.
FAIL: go.test/test/bigmap.go execution, -O2 -g
FAIL: go.test/test/blank.go execution, -O2 -g
FAIL: go.test/test/bom.go execution
FAIL: go.test/test/chan/doubleselect.go execution, -O2 -g
FAIL: go.test/test/chan/fifo.go execution, -O2 -g
FAIL: go.test/test/chan/goroutines.go execution, -O2 -g
FAIL: go.test/test/chan/nonblock.go execution, -O2 -g
FAIL: go.test/test/chan/powser1.go execution, -O2 -g
WARNING: program timed out.
FAIL: go.test/test/chan/powser2.go execution, -O2 -g
FAIL: go.test/test/chan/select.go execution, -O2 -g
WARNING: program timed out.
FAIL: go.test/test/chan/select3.go execution, -O2 -g
FAIL: go.test/test/chan/select4.go execution, -O2 -g
FAIL: go.test/test/chan/select5.go execution
FAIL: go.test/test/chan/select6.go execution, -O2 -g
FAIL: go.test/test/chan/select7.go execution, -O2 -g
WARNING: program timed out.
FAIL: go.test/test/chan/sieve1.go execution, -O2 -g
FAIL: go.test/test/chan/sieve2.go execution, -O2 -g
FAIL: go.test/test/chancap.go execution, -O2 -g
WARNING: program timed out.
FAIL: go.test/test/closedchan.go execution, -O2 -g
FAIL: go.test/test/cmp.go execution, -O2 -g
FAIL: go.test/test/const3.go execution, -O2 -g
FAIL: go.test/test/convT2X.go execution, -O2 -g
FAIL: go.test/test/convert.go execution, -O2 -g
FAIL: go.test/test/copy.go execution, -O2 -g
FAIL: go.test/test/crlf.go execution
FAIL: go.test/test/ddd.go execution, -O2 -g
FAIL: go.test/test/ddd2.dir/ddd3.go execution, -O2 -g
FAIL: go.test/test/defer.go execution, -O2 -g
FAIL: go.test/test/deferprint.go execution
FAIL: go.test/test/divmod.go execution, -O2 -g
FAIL: go.test/test/escape.go execution, -O2 -g
FAIL: go.test/test/escape3.go execution, -O2 -g
FAIL: go.test/test/fixedbugs/bug027.go execution, -O2 -g
FAIL: go.test/test/fixedbugs/bug054.go execution, -O2 -g
FAIL: go.test/test/fixedbugs/bug070.go execution, -O2 -g
FAIL: go.test/test/fixedbugs/bug102.go execution, -O2 -g
FAIL: go.test/test/fixedbugs/bug119.go execution, -O2 -g
FAIL: go.test/test/fixedbugs/bug120.go execution, -O2 -g
FAIL: go.test/test/fixedbugs/bug130.go execution, -O2 -g
FAIL: go.test/test/fixedbugs/bug147.go execution, -O2 -g
FAIL: go.test/test/fixedbugs/bug148.go execution, -O2 -g
FAIL: go.test/test/fixedbugs/bug154.go execution, -O2 -g
FAIL: go.test/test/fixedbugs/bug177.go execution, -O2 -g
FAIL: go.test/test/fixedbugs/bug184.go execution, -O2 -g
FAIL: go.test/test/fixedbugs/bug207.go execution, -O2 -g
FAIL: go.test/test/fixedbugs/bug221.go execution, -O2 -g
FAIL: go.test/test/fixedbugs/bug225.go execution, -O2 -g
FAIL: go.test/test/fixedbugs/bug230.go execution, -O2 -g
FAIL: go.test/test/fixedbugs/bug234.go execution, -O2 -g
FAIL: go.test/test/fixedbugs/bug236.go execution, -O2 -g
FAIL: go.test/test/fixedbugs/bug242.go execution, -O2 -g
WARNING: program timed out.
FAIL: go.test/test/fixedbugs/bug243.go execution, -O2 -g
FAIL: go.test/test/fixedbugs/bug257.go execution, -O2 -g
FAIL: go.test/test/fixedbugs/bug259.go execution, -O2 -g
FAIL: go.test/test/fixedbugs/bug260.go execution, -O2 -g
FAIL: go.test/test/fixedbugs/bug262.go execution, -O2 -g
FAIL: go.test/test/fixedbugs/bug271.go execution, -O2 -g
FAIL: go.test/test/fixedbugs/bug272.go execution, -O2 -g
FAIL: go.test/test/fixedbugs/bug273.go execution, -O2 -g
FAIL: go.test/test/fixedbugs/bug285.go execution, -O2 -g
FAIL: go.test/test/fixedbugs/bug286.go execution, -O2 -g
FAIL: go.test/test/fixedbugs/bug293.go execution, -O2 -g
FAIL: go.test/test/fixedbugs/bug294.go execution, -O2 -g
FAIL: go.test/test/fixedbugs/bug311.go execution, -O2 -g
FAIL: go.test/test/fixedbugs/bug312.go execution, -O2 -g
FAIL: go.test/test/fixedbugs/bug320.go execution, -O2 -g
FAIL: go.test/test/fixedbugs/bug343.go execution, -O2 -g
FAIL: go.test/test/fixedbugs/bug347.go execution, -O0 -g
FAIL: go.test/test/fixedbugs/bug348.go execution, -O0 -g
FAIL: go.test/test/fixedbugs/bug364.go execution, -O2 -g
FAIL: go.test/test/fixedbugs/bug369.go
FAIL: go.test/test/fixedbugs/bug402.go execution, -O2 -g
FAIL: go.test/test/fixedbugs/bug414.dir/prog.go execution, -O2 -g
FAIL: go.test/test/fixedbugs/bug442.go execution, -O2 -g
FAIL: ./bug447-out.go compilation, -O0 -g -fno-var-tracking-assignments
FAIL: ./bug449-out.go compilation, -O0 -g -fno-var-tracking-assignments
FAIL: go.test/test/fixedbugs/bug461.go execution, -O2 -g
FAIL: go.test/test/fixedbugs/bug465.dir/b.go execution, -O2 -g
FAIL: go.test/test/fixedbugs/bug474.go execution, -O2 -g
FAIL: go.test/test/fixedbugs/issue4085b.go execution, -O2 -g
FAIL: go.test/test/fixedbugs/issue4313.go execution, -O2 -g
FAIL: go.test/test/fixedbugs/issue4316.go execution, -O2 -g
FAIL: go.test/test/fixedbugs/issue4585.go execution, -O2 -g
FAIL: go.test/test/fixedbugs/issue4618.go execution, -O2 -g
FAIL: go.test/test/fixedbugs/issue4667.go execution, -O2 -g
FAIL: go.test/test/fixedbugs/issue4752.go execution, -O2 -g
FAIL: go.test/test/fixedbugs/issue4785.go execution, -O2 -g
FAIL: go.test/test/fixedbugs/issue4909b.go execution
FAIL: go.test/test/fixedbugs/issue4964.dir/b.go execution, -O2 -g
FAIL: go.test/test/fixedbugs/issue5162.go execution
FAIL: go.test/test/fixedbugs/issue5291.dir/prog.go execution, -O2 -g
FAIL: go.test/test/fixedbugs/issue5753.go execution, -O2 -g
FAIL: go.test/test/func5.go execution, -O2 -g
FAIL: go.test/test/gc2.go execution, -O2 -g
FAIL: go.test/test/index0.go execution
FAIL: go.test/test/index1.go execution
FAIL: go.test/test/index2.go execution
FAIL: go.test/test/initialize.go execution, -O2 -g
FAIL: go.test/test/interface/bigdata.go execution, -O2 -g
FAIL: go.test/test/interface/convert.go execution, -O2 -g
FAIL: go.test/test/interface/embed.go execution, -O2 -g
FAIL: go.test/test/interface/embed1.dir/embed1.go execution, -O2 -g
FAIL: go.test/test/interface/fake.go execution, -O2 -g
FAIL: go.test/test/interface/noeq.go execution, -O2 -g
FAIL: go.test/test/interface/receiver.go execution, -O2 -g
FAIL: go.test/test/interface/struct.go execution, -O2 -g
FAIL: go.test/test/ken/array.go execution, -O2 -g
FAIL: go.test/test/ken/chan.go execution, -O2 -g
WARNING: program timed out.
FAIL: go.test/test/ken/chan1.go execution, -O2 -g
FAIL: go.test/test/ken/cplx4.go execution, -O2 -g
FAIL: go.test/test/ken/cplx5.go execution, -O2 -g
FAIL: go.test/test/ken/embed.go execution, -O2 -g
FAIL: go.test/test/ken/interbasic.go execution, -O2 -g
FAIL: go.test/test/ken/intervar.go execution, -O2 -g
FAIL: go.test/test/ken/rob1.go execution, -O2 -g
FAIL: go.test/test/ken/rob2.go execution, -O2 -g
FAIL: go.test/test/ken/simpswitch.go execution, -O2 -g
FAIL: go.test/test/ken/string.go execution
FAIL: go.test/test/mallocfin.go execution, -O2 -g
FAIL: go.test/test/map.go execution, -O2 -g
FAIL: go.test/test/mapnan.go execution, -O2 -g
FAIL: go.test/test/method3.go execution, -O2 -g
FAIL: go.test/test/method4.dir/prog.go execution, -O2 -g
FAIL: go.test/test/method5.go execution, -O2 -g
FAIL: go.test/test/nil.go execution, -O2 -g
FAIL: go.test/test/nilptr.go execution, -O2 -g
FAIL: go.test/test/nul1.go execution
FAIL: go.test/test/range.go execution, -O2 -g
FAIL: go.test/test/recover.go execution, -O2 -g
FAIL: go.test/test/recover1.go execution, -O2 -g
FAIL: go.test/test/recover2.go execution, -O2 -g
FAIL: go.test/test/recover3.go execution, -O2 -g
FAIL: go.test/test/reorder.go execution, -O2 -g
FAIL: go.test/test/reorder2.go execution, -O2 -g
FAIL: go.test/test/sigchld.go execution
FAIL: go.test/test/slice3.go execution
FAIL: go.test/test/string_lit.go execution, -O2 -g
FAIL: go.test/test/struct0.go execution, -O2 -g
FAIL: go.test/test/turing.go execution, -O2 -g
FAIL: go.test/test/typeswitch.go execution, -O2 -g
FAIL: go.test/test/typeswitch1.go execution, -O2 -g
FAIL: go.test/test/utf.go execution, -O2 -g
FAIL: go.test/test/zerodivide.go execution, -O2 -g
=== go Summary ===
# of expected passes 2940
# of unexpected failures 195
# of expected failures 1
# of untested testcases 15
# of unsupported tests 3
/home/dave/gnu/gcc/objdir/gcc/gccgo version 7.0.0 20161130 (experimental) [trunk revision 242991] (GCC)
=== obj-c++ tests ===
Running target unix
FAIL: obj-c++.dg/plugin/diagnostic-test-expressions-1.mm -fplugin=./diagnostic_plugin_test_tree_expression_range.so (test for warnings, line 39)
FAIL: obj-c++.dg/plugin/diagnostic-test-expressions-1.mm -fplugin=./diagnostic_plugin_test_tree_expression_range.so (test for warnings, line 44)
FAIL: obj-c++.dg/plugin/diagnostic-test-expressions-1.mm -fplugin=./diagnostic_plugin_test_tree_expression_range.so (test for warnings, line 52)
FAIL: obj-c++.dg/plugin/diagnostic-test-expressions-1.mm -fplugin=./diagnostic_plugin_test_tree_expression_range.so (test for warnings, line 60)
FAIL: obj-c++.dg/plugin/diagnostic-test-expressions-1.mm -fplugin=./diagnostic_plugin_test_tree_expression_range.so (test for warnings, line 68)
FAIL: obj-c++.dg/plugin/diagnostic-test-expressions-1.mm -fplugin=./diagnostic_plugin_test_tree_expression_range.so (test for warnings, line 81)
FAIL: obj-c++.dg/plugin/diagnostic-test-expressions-1.mm -fplugin=./diagnostic_plugin_test_tree_expression_range.so (test for warnings, line 88)
FAIL: obj-c++.dg/plugin/diagnostic-test-expressions-1.mm -fplugin=./diagnostic_plugin_test_tree_expression_range.so expected multiline pattern lines 41-42 not found: "\\s*__emit_expression_range \\( 0, \\[self func0\\] \\);.*\\n \\^~~~~~~~~~~~\\n"
FAIL: obj-c++.dg/plugin/diagnostic-test-expressions-1.mm -fplugin=./diagnostic_plugin_test_tree_expression_range.so expected multiline pattern lines 46-47 not found: " __emit_expression_range \\( 0, \\[self func1:5\\] \\);.*\\n \\^~~~~~~~~~~~~~\\n"
FAIL: obj-c++.dg/plugin/diagnostic-test-expressions-1.mm -fplugin=./diagnostic_plugin_test_tree_expression_range.so expected multiline pattern lines 54-55 not found: " __emit_expression_range \\( 0, tests\\.func2 \\);.*\\n ~~~~~~\\^~~~~\\n"
FAIL: obj-c++.dg/plugin/diagnostic-test-expressions-1.mm -fplugin=./diagnostic_plugin_test_tree_expression_range.so expected multiline pattern lines 62-63 not found: " __emit_expression_range \\( 0, @selector\\(func0\\) \\);.*\\n \\^~~~~~~~~~~~~~~~\\n"
FAIL: obj-c++.dg/plugin/diagnostic-test-expressions-1.mm -fplugin=./diagnostic_plugin_test_tree_expression_range.so expected multiline pattern lines 70-71 not found: " __emit_expression_range \\( 0, @protocol\\(prot\\) \\);.*\\n \\^~~~~~~~~~~~~~~\\n"
FAIL: obj-c++.dg/plugin/diagnostic-test-expressions-1.mm -fplugin=./diagnostic_plugin_test_tree_expression_range.so expected multiline pattern lines 83-84 not found: " __emit_expression_range \\( 0, @encode\\(int\\) \\+ i \\);.*\\n ~~~~~~~~~~~~~\\^~~\\n"
FAIL: obj-c++.dg/plugin/diagnostic-test-expressions-1.mm -fplugin=./diagnostic_plugin_test_tree_expression_range.so expected multiline pattern lines 90-91 not found: " __emit_expression_range \\( 0, i \\+ @encode\\(int\\) \\);.*\\n ~~\\^~~~~~~~~~~~~~\\n"
FAIL: obj-c++.dg/plugin/diagnostic-test-expressions-1.mm -fplugin=./diagnostic_plugin_test_tree_expression_range.so (test for excess errors)
=== obj-c++ Summary ===
# of expected passes 1443
# of unexpected failures 15
# of expected failures 2
# of unsupported tests 77
/home/dave/gnu/gcc/objdir/gcc/xg++ version 7.0.0 20161130 (experimental) [trunk revision 242991] (GCC)
=== objc tests ===
Running target unix
FAIL: objc.dg/plugin/diagnostic-test-expressions-1.m -fplugin=./diagnostic_plugin_test_tree_expression_range.so (test for warnings, line 39)
FAIL: objc.dg/plugin/diagnostic-test-expressions-1.m -fplugin=./diagnostic_plugin_test_tree_expression_range.so (test for warnings, line 44)
FAIL: objc.dg/plugin/diagnostic-test-expressions-1.m -fplugin=./diagnostic_plugin_test_tree_expression_range.so (test for warnings, line 52)
FAIL: objc.dg/plugin/diagnostic-test-expressions-1.m -fplugin=./diagnostic_plugin_test_tree_expression_range.so (test for warnings, line 60)
FAIL: objc.dg/plugin/diagnostic-test-expressions-1.m -fplugin=./diagnostic_plugin_test_tree_expression_range.so (test for warnings, line 68)
FAIL: objc.dg/plugin/diagnostic-test-expressions-1.m -fplugin=./diagnostic_plugin_test_tree_expression_range.so (test for warnings, line 81)
FAIL: objc.dg/plugin/diagnostic-test-expressions-1.m -fplugin=./diagnostic_plugin_test_tree_expression_range.so (test for warnings, line 88)
FAIL: objc.dg/plugin/diagnostic-test-expressions-1.m -fplugin=./diagnostic_plugin_test_tree_expression_range.so expected multiline pattern lines 41-42 not found: "\\s*__emit_expression_range \\( 0, \\[self func0\\] \\);.*\\n ~~~~~~~~~~~~\\n"
FAIL: objc.dg/plugin/diagnostic-test-expressions-1.m -fplugin=./diagnostic_plugin_test_tree_expression_range.so expected multiline pattern lines 46-47 not found: " __emit_expression_range \\( 0, \\[self func1:5\\] \\);.*\\n ~~~~~~~~~~~~~~\\n"
FAIL: objc.dg/plugin/diagnostic-test-expressions-1.m -fplugin=./diagnostic_plugin_test_tree_expression_range.so expected multiline pattern lines 54-55 not found: " __emit_expression_range \\( 0, tests\\.func2 \\);.*\\n ~~~~~~~~~~~\\n"
FAIL: objc.dg/plugin/diagnostic-test-expressions-1.m -fplugin=./diagnostic_plugin_test_tree_expression_range.so expected multiline pattern lines 62-63 not found: " __emit_expression_range \\( 0, @selector\\(func0\\) \\);.*\\n \\^~~~~~~~~~~~~~~~\\n"
FAIL: objc.dg/plugin/diagnostic-test-expressions-1.m -fplugin=./diagnostic_plugin_test_tree_expression_range.so expected multiline pattern lines 70-71 not found: " __emit_expression_range \\( 0, @protocol\\(prot\\) \\);.*\\n ~~~~~~~~~~~~~~~\\n"
FAIL: objc.dg/plugin/diagnostic-test-expressions-1.m -fplugin=./diagnostic_plugin_test_tree_expression_range.so expected multiline pattern lines 83-84 not found: " __emit_expression_range \\( 0, @encode\\(int\\) \\+ i \\);.*\\n ~~~~~~~~~~~~~\\^~~\\n"
FAIL: objc.dg/plugin/diagnostic-test-expressions-1.m -fplugin=./diagnostic_plugin_test_tree_expression_range.so expected multiline pattern lines 90-91 not found: " __emit_expression_range \\( 0, i \\+ @encode\\(int\\) \\);.*\\n ~~\\^~~~~~~~~~~~~~\\n"
FAIL: objc.dg/plugin/diagnostic-test-expressions-1.m -fplugin=./diagnostic_plugin_test_tree_expression_range.so (test for excess errors)
=== objc Summary ===
# of expected passes 2788
# of unexpected failures 15
# of unsupported tests 68
/home/dave/gnu/gcc/objdir/gcc/xgcc version 7.0.0 20161130 (experimental) [trunk revision 242991] (GCC)
=== libatomic tests ===
Running target unix
=== libatomic Summary ===
# of expected passes 44
# of unsupported tests 5
=== libffi tests ===
Running target unix
=== libffi Summary ===
# of expected passes 1934
# of unsupported tests 28
=== libgo tests ===
Running target unix
FAIL: bufio
FAIL: bytes
FAIL: context
FAIL: errors
FAIL: expvar
FAIL: flag
FAIL: fmt
FAIL: html
FAIL: image
FAIL: io
FAIL: log
FAIL: math
FAIL: mime
FAIL: net
FAIL: os
FAIL: path
FAIL: reflect
FAIL: regexp
FAIL: runtime
FAIL: sort
FAIL: strconv
FAIL: sync
FAIL: syscall
FAIL: time
FAIL: unicode
FAIL: archive/tar
FAIL: archive/zip
FAIL: compress/bzip2
FAIL: compress/flate
FAIL: compress/gzip
FAIL: compress/lzw
FAIL: compress/zlib
FAIL: container/heap
FAIL: container/list
FAIL: container/ring
FAIL: crypto/aes
FAIL: crypto/cipher
FAIL: crypto/des
FAIL: crypto/dsa
FAIL: crypto/ecdsa
FAIL: crypto/elliptic
FAIL: crypto/hmac
FAIL: crypto/md5
FAIL: crypto/rand
FAIL: crypto/rc4
FAIL: crypto/rsa
FAIL: crypto/sha1
FAIL: crypto/sha256
FAIL: crypto/sha512
FAIL: crypto/subtle
FAIL: crypto/tls
FAIL: crypto/x509
FAIL: database/sql
FAIL: database/sql/driver
FAIL: debug/dwarf
FAIL: debug/elf
FAIL: debug/macho
FAIL: debug/pe
FAIL: debug/plan9obj
FAIL: encoding/ascii85
FAIL: encoding/asn1
FAIL: encoding/base32
FAIL: encoding/base64
FAIL: encoding/binary
FAIL: encoding/csv
FAIL: encoding/gob
FAIL: encoding/hex
FAIL: encoding/json
FAIL: encoding/pem
FAIL: encoding/xml
FAIL: exp/proxy
FAIL: exp/terminal
FAIL: html/template
FAIL: go/ast
FAIL: go/build
FAIL: go/constant
FAIL: go/doc
FAIL: go/format
FAIL: go/internal/gcimporter
FAIL: go/internal/gccgoimporter
FAIL: go/parser
FAIL: go/printer
FAIL: go/scanner
FAIL: go/token
FAIL: go/types
FAIL: golang_org/x/net/http2/hpack
FAIL: golang_org/x/net/lex/httplex
FAIL: hash/adler32
FAIL: hash/crc32
FAIL: hash/crc64
FAIL: hash/fnv
FAIL: image/color
FAIL: image/draw
FAIL: image/jpeg
FAIL: image/png
FAIL: index/suffixarray
FAIL: internal/singleflight
FAIL: internal/trace
FAIL: io/ioutil
FAIL: log/syslog
FAIL: math/big
FAIL: math/cmplx
FAIL: math/rand
FAIL: mime/multipart
FAIL: mime/quotedprintable
FAIL: net/http
FAIL: net/http/cgi
FAIL: net/http/cookiejar
FAIL: net/http/fcgi
FAIL: net/http/httptest
FAIL: net/http/httptrace
FAIL: net/http/httputil
FAIL: net/http/internal
FAIL: net/internal/socktest
FAIL: net/mail
FAIL: net/rpc
FAIL: net/smtp
FAIL: net/textproto
FAIL: net/url
FAIL: net/rpc/jsonrpc
FAIL: os/exec
FAIL: os/signal
FAIL: os/user
FAIL: path/filepath
FAIL: runtime/debug
FAIL: runtime/pprof
FAIL: runtime/internal/atomic
FAIL: runtime/internal/sys
FAIL: sync/atomic
FAIL: text/scanner
FAIL: text/tabwriter
FAIL: text/template
FAIL: text/template/parse
FAIL: testing/quick
FAIL: unicode/utf16
FAIL: unicode/utf8
=== libgo Summary ===
# of expected passes 2
# of unexpected failures 136
/home/dave/gnu/gcc/objdir/./gcc/gccgo version 7.0.0 20161130 (experimental) [trunk revision 242991] (GCC)
=== libgomp tests ===
Running target unix
FAIL: libgomp.c/simd-14.c execution test
FAIL: libgomp.c/target-29.c (internal compiler error)
FAIL: libgomp.c/target-29.c (test for excess errors)
UNRESOLVED: libgomp.c/target-29.c compilation failed to produce executable
FAIL: libgomp.c++/target-15.C (internal compiler error)
FAIL: libgomp.c++/target-15.C (test for excess errors)
UNRESOLVED: libgomp.c++/target-15.C compilation failed to produce executable
FAIL: libgomp.c++/target-16.C (internal compiler error)
FAIL: libgomp.c++/target-16.C (test for excess errors)
UNRESOLVED: libgomp.c++/target-16.C compilation failed to produce executable
FAIL: libgomp.c++/target-17.C (internal compiler error)
FAIL: libgomp.c++/target-17.C (test for excess errors)
UNRESOLVED: libgomp.c++/target-17.C compilation failed to produce executable
FAIL: libgomp.c++/target-19.C (internal compiler error)
FAIL: libgomp.c++/target-19.C (test for excess errors)
UNRESOLVED: libgomp.c++/target-19.C compilation failed to produce executable
FAIL: libgomp.fortran/udr13.f90 -Os execution test
=== libgomp Summary ===
# of expected passes 5038
# of unexpected failures 12
# of unresolved testcases 5
# of unsupported tests 380
=== libstdc++ tests ===
Running target unix
FAIL: 22_locale/numpunct/members/char/3.cc execution test
FAIL: 22_locale/time_get/get_date/wchar_t/4.cc execution test
FAIL: 26_numerics/headers/cmath/hypot.cc execution test
FAIL: libstdc++-prettyprinters/cxx17.cc print ab
FAIL: libstdc++-prettyprinters/cxx17.cc print ai
FAIL: libstdc++-prettyprinters/cxx17.cc print ap
FAIL: libstdc++-prettyprinters/cxx17.cc print as
FAIL: libstdc++-prettyprinters/cxx17.cc print as2
FAIL: libstdc++-prettyprinters/cxx17.cc print am
FAIL: libstdc++-prettyprinters/libfundts.cc print ab
FAIL: libstdc++-prettyprinters/libfundts.cc print ai
FAIL: libstdc++-prettyprinters/libfundts.cc print ap
FAIL: libstdc++-prettyprinters/libfundts.cc print as
FAIL: libstdc++-prettyprinters/libfundts.cc print as2
FAIL: libstdc++-prettyprinters/libfundts.cc print am
=== libstdc++ Summary ===
# of expected passes 11687
# of unexpected failures 15
# of expected failures 65
# of unsupported tests 276
Compiler version: 7.0.0 20161130 (experimental) [trunk revision 242991] (GCC)
Platform: hppa-unknown-linux-gnu
configure flags: --with-gnu-as --with-gnu-ld --enable-shared --enable-multiarch --enable-linker-build-id --build=hppa-linux-gnu --host=hppa-linux-gnu --target=hppa-linux-gnu --prefix=/home/dave/opt/gnu/gcc/gcc-7 --with-local-prefix=/home/dave/opt/gnu --enable-threads=posix --enable-__cxa_atexit --build=hppa-linux-gnu --enable-clocale=gnu --enable-checking=release --enable-languages=c,c++,objc,fortran,obj-c++,ada,lto,go
More information about the Gcc-testresults
mailing list