Results for 7.0.0 20160826 (experimental) [trunk revision 239777] (GCC) testsuite on x86_64-pc-linux-gnu
H.J. Lu Intel64
intel64@gnu-13.sc.intel.com
Fri Aug 26 16:20:00 GMT 2016
Native configuration is x86_64-pc-linux-gnu
=== gfortran tests ===
Running target unix
FAIL: gfortran.dg/graphite/pr68279.f90 -O (internal compiler error)
FAIL: gfortran.dg/graphite/pr68279.f90 -O (test for excess errors)
=== gfortran Summary for unix ===
# of expected passes 42913
# of unexpected failures 2
# of expected failures 76
# of unsupported tests 66
Running target unix/-m32
FAIL: gfortran.dg/bessel_6.f90 -O0 execution test
FAIL: gfortran.dg/bessel_6.f90 -O1 execution test
FAIL: gfortran.dg/bessel_6.f90 -O2 execution test
FAIL: gfortran.dg/bessel_6.f90 -O3 -fomit-frame-pointer -funroll-loops -fpeel-loops -ftracer -finline-functions execution test
FAIL: gfortran.dg/bessel_6.f90 -O3 -g execution test
FAIL: gfortran.dg/bessel_6.f90 -Os execution test
=== gfortran Summary for unix/-m32 ===
# of expected passes 42691
# of unexpected failures 6
# of expected failures 76
# of unsupported tests 169
=== gfortran Summary ===
# of expected passes 85604
# of unexpected failures 8
# of expected failures 152
# of unsupported tests 235
/export/gnu/import/git/gcc-test-intel64/bld/gcc/testsuite/gfortran/../../gfortran version 7.0.0 20160826 (experimental) [trunk revision 239777] (GCC)
=== g++ tests ===
Running target unix
FAIL: g++.dg/guality/pr55665.C -O2 line 23 p == 40
FAIL: g++.dg/guality/pr55665.C -O3 -g line 23 p == 40
XPASS: g++.dg/tls/thread_local-order2.C -std=c++11 execution test
XPASS: g++.dg/tls/thread_local-order2.C -std=c++14 execution test
=== g++ Summary for unix ===
# of expected passes 108060
# of unexpected failures 2
# of unexpected successes 2
# of expected failures 324
# of unsupported tests 3932
Running target unix/-m32
FAIL: g++.dg/guality/pr55665.C -O2 line 23 p == 40
FAIL: g++.dg/guality/pr55665.C -O3 -g line 23 p == 40
XPASS: g++.dg/tls/thread_local-order2.C -std=c++11 execution test
XPASS: g++.dg/tls/thread_local-order2.C -std=c++14 execution test
=== g++ Summary for unix/-m32 ===
# of expected passes 106463
# of unexpected failures 2
# of unexpected successes 2
# of expected failures 324
# of unsupported tests 3697
=== g++ Summary ===
# of expected passes 214523
# of unexpected failures 4
# of unexpected successes 4
# of expected failures 648
# of unsupported tests 7629
/export/gnu/import/git/gcc-test-intel64/bld/gcc/testsuite/g++/../../xg++ version 7.0.0 20160826 (experimental) [trunk revision 239777] (GCC)
=== objc tests ===
Running target unix
=== objc Summary for unix ===
# of expected passes 2783
# of expected failures 6
# of unsupported tests 68
Running target unix/-m32
=== objc Summary for unix/-m32 ===
# of expected passes 2783
# of expected failures 6
# of unsupported tests 68
=== objc Summary ===
# of expected passes 5566
# of expected failures 12
# of unsupported tests 136
/export/gnu/import/git/gcc-test-intel64/bld/gcc/xgcc version 7.0.0 20160826 (experimental) [trunk revision 239777] (GCC)
=== boehm-gc tests ===
Running target unix/-m32
=== boehm-gc Summary for unix/-m32 ===
# of expected passes 12
# of unsupported tests 1
Running target unix
=== boehm-gc Summary for unix ===
# of expected passes 12
# of unsupported tests 1
=== boehm-gc Summary ===
# of expected passes 24
# of unsupported tests 2
=== libatomic tests ===
Running target unix/-m32
=== libatomic Summary for unix/-m32 ===
# of expected passes 44
# of unsupported tests 5
Running target unix
=== libatomic Summary for unix ===
# of expected passes 54
=== libatomic Summary ===
# of expected passes 98
# of unsupported tests 5
=== libffi tests ===
Running target unix/-m32
=== libffi Summary for unix/-m32 ===
# of expected passes 2799
Running target unix
=== libffi Summary for unix ===
# of expected passes 2214
=== libffi Summary ===
# of expected passes 5013
=== libgomp tests ===
Running target unix/-m32
=== libgomp Summary for unix/-m32 ===
# of expected passes 5074
# of unsupported tests 331
Running target unix
=== libgomp Summary for unix ===
# of expected passes 5074
# of unsupported tests 331
=== libgomp Summary ===
# of expected passes 10148
# of unsupported tests 662
=== libitm tests ===
Running target unix/-m32
=== libitm Summary for unix/-m32 ===
# of expected passes 42
# of expected failures 3
# of unsupported tests 1
Running target unix
=== libitm Summary for unix ===
# of expected passes 42
# of expected failures 3
# of unsupported tests 1
=== libitm Summary ===
# of expected passes 84
# of expected failures 6
# of unsupported tests 2
=== libjava tests ===
Running target unix/-m32
=== libjava Summary for unix/-m32 ===
# of expected passes 2614
# of expected failures 4
Running target unix
=== libjava Summary for unix ===
# of expected passes 2614
# of expected failures 4
=== libjava Summary ===
# of expected passes 5228
# of expected failures 8
=== libstdc++ tests ===
Running target unix
=== libstdc++ Summary for unix ===
# of expected passes 11652
# of expected failures 65
# of unsupported tests 235
Running target unix/-m32
=== libstdc++ Summary for unix/-m32 ===
# of expected passes 11660
# of expected failures 65
# of unsupported tests 231
=== libstdc++ Summary ===
# of expected passes 23312
# of expected failures 130
# of unsupported tests 466
Compiler version: 7.0.0 20160826 (experimental) [trunk revision 239777] (GCC)
Platform: x86_64-pc-linux-gnu
configure flags: --prefix=/usr/7.0.0 --enable-clocale=gnu --with-system-zlib --enable-shared --with-demangler-in-ld --enable-libmpx --with-fpmath=sse --enable-languages=c,c++,fortran,java,lto,objc
More information about the Gcc-testresults
mailing list