Results for 7.0.0 20160822 (experimental) [trunk revision 239658] (GCC) testsuite on sparcv9-sun-solaris2.12
Rainer Orth
ro@CeBiTec.Uni-Bielefeld.DE
Wed Aug 24 18:26:00 GMT 2016
LAST_UPDATED: Mon Aug 22 13:38:14 2016 (revision 239658)
=== acats tests ===
=== acats Summary ===
# of expected passes 2320
# of unexpected failures 0
Native configuration is sparcv9-sun-solaris2.12
=== g++ tests ===
Running target unix
=== g++ Summary for unix ===
# of expected passes 99751
# of expected failures 326
# of unsupported tests 4106
Running target unix/-m32
=== g++ Summary for unix/-m32 ===
# of expected passes 97863
# of expected failures 326
# of unsupported tests 4137
=== g++ Summary ===
# of expected passes 197614
# of expected failures 652
# of unsupported tests 8243
/var/gcc/regression/trunk/12-gcc-gas-64/build/gcc/testsuite/g++/../../xg++ version 7.0.0 20160822 (experimental) [trunk revision 239658] (GCC)
=== gcc tests ===
Running target unix
FAIL: gcc.dg/plugin/must-tail-call-1.c -fplugin=./must_tail_call_plugin.so (test for excess errors)
FAIL: gcc.dg/tree-ssa/pr69270-3.c scan-tree-dump-times uncprop1 ", 1" 4
XPASS: gcc.dg/tree-ssa/pr71347.c scan-tree-dump-not optimized ".* = MEM.*;"
FAIL: gcc.dg/tree-ssa/scev-3.c scan-tree-dump-times optimized "&a" 1
FAIL: gcc.dg/tree-ssa/scev-4.c scan-tree-dump-times optimized "&a" 1
FAIL: gcc.dg/tree-ssa/scev-5.c scan-tree-dump-times optimized "&a" 1
FAIL: gcc.dg/tree-ssa/slsr-8.c scan-tree-dump-times optimized " w?\\\\* " 7
FAIL: gcc.dg/vect/pr57558-1.c -flto -ffat-lto-objects scan-tree-dump vect "vectorized 1 loops"
FAIL: gcc.dg/vect/pr57558-1.c scan-tree-dump vect "vectorized 1 loops"
FAIL: gcc.dg/vect/pr71264.c -flto -ffat-lto-objects scan-tree-dump vect "vectorized 1 loops in function"
FAIL: gcc.dg/vect/pr71264.c scan-tree-dump vect "vectorized 1 loops in function"
FAIL: gcc.dg/vect/slp-43.c -flto -ffat-lto-objects scan-tree-dump-times vect "vectorized 1 loops" 13
FAIL: gcc.dg/vect/slp-43.c scan-tree-dump-times vect "vectorized 1 loops" 13
FAIL: gcc.dg/vect/slp-45.c -flto -ffat-lto-objects scan-tree-dump-times vect "vectorized 1 loops" 13
FAIL: gcc.dg/vect/slp-45.c scan-tree-dump-times vect "vectorized 1 loops" 13
=== gcc Summary for unix ===
# of expected passes 94696
# of unexpected failures 14
# of unexpected successes 1
# of expected failures 349
# of unsupported tests 2290
Running target unix/-m32
FAIL: gcc.dg/graphite/scop-dsyr2k.c scan-tree-dump-times graphite "number of SCoPs: 1" 1
FAIL: gcc.dg/graphite/scop-dsyrk.c scan-tree-dump-times graphite "number of SCoPs: 1" 1
FAIL: gcc.dg/plugin/must-tail-call-1.c -fplugin=./must_tail_call_plugin.so (test for excess errors)
FAIL: gcc.dg/simulate-thread/atomic-other-int.c -O2 -g thread simulation test
FAIL: gcc.dg/simulate-thread/atomic-other-int.c -O3 -g thread simulation test
FAIL: gcc.dg/simulate-thread/speculative-store-4.c -O0 -g thread simulation test
FAIL: gcc.dg/simulate-thread/speculative-store.c -O0 -g thread simulation test
FAIL: gcc.dg/tree-ssa/pr69270-3.c scan-tree-dump-times uncprop1 ", 1" 4
XPASS: gcc.dg/tree-ssa/pr71347.c scan-tree-dump-not optimized ".* = MEM.*;"
FAIL: gcc.dg/tree-ssa/scev-3.c scan-tree-dump-times optimized "&a" 1
FAIL: gcc.dg/tree-ssa/scev-4.c scan-tree-dump-times optimized "&a" 1
FAIL: gcc.dg/tree-ssa/scev-5.c scan-tree-dump-times optimized "&a" 1
FAIL: gcc.dg/tree-ssa/slsr-8.c scan-tree-dump-times optimized " w?\\\\* " 7
FAIL: gcc.dg/vect/pr71264.c -flto -ffat-lto-objects scan-tree-dump vect "vectorized 1 loops in function"
FAIL: gcc.dg/vect/pr71264.c scan-tree-dump vect "vectorized 1 loops in function"
FAIL: gcc.dg/vect/slp-43.c -flto -ffat-lto-objects scan-tree-dump-times vect "vectorized 1 loops" 13
FAIL: gcc.dg/vect/slp-43.c scan-tree-dump-times vect "vectorized 1 loops" 13
FAIL: gcc.dg/vect/slp-45.c -flto -ffat-lto-objects scan-tree-dump-times vect "vectorized 1 loops" 13
FAIL: gcc.dg/vect/slp-45.c scan-tree-dump-times vect "vectorized 1 loops" 13
=== gcc Summary for unix/-m32 ===
# of expected passes 93743
# of unexpected failures 18
# of unexpected successes 1
# of expected failures 361
# of unsupported tests 2448
=== gcc Summary ===
# of expected passes 188439
# of unexpected failures 32
# of unexpected successes 2
# of expected failures 710
# of unsupported tests 4738
/var/gcc/regression/trunk/12-gcc-gas-64/build/gcc/xgcc version 7.0.0 20160822 (experimental) [trunk revision 239658] (GCC)
=== gfortran tests ===
Running target unix
FAIL: gfortran.dg/coarray/event_1.f90 -fcoarray=lib -O2 -lcaf_single -latomic execution test
FAIL: gfortran.dg/coarray/event_2.f90 -fcoarray=lib -O2 -lcaf_single -latomic execution test
FAIL: gfortran.dg/graphite/pr68279.f90 -O (internal compiler error)
FAIL: gfortran.dg/graphite/pr68279.f90 -O (test for excess errors)
=== gfortran Summary for unix ===
# of expected passes 42765
# of unexpected failures 4
# of expected failures 80
# of unsupported tests 108
Running target unix/-m32
FAIL: gfortran.dg/coarray/event_1.f90 -fcoarray=lib -O2 -lcaf_single -latomic execution test
FAIL: gfortran.dg/coarray/event_2.f90 -fcoarray=lib -O2 -lcaf_single -latomic execution test
=== gfortran Summary for unix/-m32 ===
# of expected passes 42519
# of unexpected failures 2
# of expected failures 80
# of unsupported tests 229
=== gfortran Summary ===
# of expected passes 85284
# of unexpected failures 6
# of expected failures 160
# of unsupported tests 337
/var/gcc/regression/trunk/12-gcc-gas-64/build/gcc/testsuite/gfortran/../../gfortran version 7.0.0 20160822 (experimental) [trunk revision 239658] (GCC)
=== gnat tests ===
Running target unix/-m32
=== gnat Summary for unix/-m32 ===
# of expected passes 2479
# of expected failures 22
# of unsupported tests 21
Running target unix
=== gnat Summary for unix ===
# of expected passes 2479
# of expected failures 22
# of unsupported tests 21
=== gnat Summary ===
# of expected passes 4958
# of expected failures 44
# of unsupported tests 42
/var/gcc/regression/trunk/12-gcc-gas-64/build/gcc/gnatmake version 7.0.0 20160822 (experimental) [trunk revision 239658]
=== go tests ===
Running target unix
FAIL: go.test/test/fixedbugs/issue4562.go execution, -O2 -g
FAIL: go.test/test/nil.go execution, -O2 -g
=== go Summary for unix ===
# of expected passes 7241
# of unexpected failures 2
# of expected failures 1
# of untested testcases 11
# of unsupported tests 3
Running target unix/-m32
FAIL: go.test/test/fixedbugs/issue4562.go execution, -O2 -g
FAIL: go.test/test/nil.go execution, -O2 -g
=== go Summary for unix/-m32 ===
# of expected passes 7361
# of unexpected failures 2
# of expected failures 1
# of untested testcases 11
# of unsupported tests 3
=== go Summary ===
# of expected passes 14602
# of unexpected failures 4
# of expected failures 2
# of untested testcases 22
# of unsupported tests 6
=== obj-c++ tests ===
Running target unix/-m32
=== obj-c++ Summary for unix/-m32 ===
# of expected passes 1454
# of expected failures 2
# of unsupported tests 77
Running target unix
=== obj-c++ Summary for unix ===
# of expected passes 1446
# of expected failures 10
# of unsupported tests 77
=== obj-c++ Summary ===
# of expected passes 2900
# of expected failures 12
# of unsupported tests 154
/var/gcc/regression/trunk/12-gcc-gas-64/build/gcc/testsuite/obj-c++/../../xg++ version 7.0.0 20160822 (experimental) [trunk revision 239658] (GCC)
=== objc tests ===
Running target unix
=== objc Summary for unix ===
# of expected passes 2789
# of unsupported tests 68
Running target unix/-m32
=== objc Summary for unix/-m32 ===
# of expected passes 2789
# of unsupported tests 68
=== objc Summary ===
# of expected passes 5578
# of unsupported tests 136
/var/gcc/regression/trunk/12-gcc-gas-64/build/gcc/xgcc version 7.0.0 20160822 (experimental) [trunk revision 239658] (GCC)
=== boehm-gc tests ===
Running target unix/-m32
=== boehm-gc Summary for unix/-m32 ===
# of expected passes 12
# of unsupported tests 1
Running target unix
=== boehm-gc Summary for unix ===
# of expected passes 12
# of unsupported tests 1
=== boehm-gc Summary ===
# of expected passes 24
# of unsupported tests 2
=== libatomic tests ===
Running target unix/-m32
=== libatomic Summary for unix/-m32 ===
# of expected passes 44
# of unsupported tests 5
Running target unix
=== libatomic Summary for unix ===
# of expected passes 54
=== libatomic Summary ===
# of expected passes 98
# of unsupported tests 5
=== libffi tests ===
Running target unix/-m32
=== libffi Summary for unix/-m32 ===
# of expected passes 2214
Running target unix
=== libffi Summary for unix ===
# of expected passes 2214
=== libffi Summary ===
# of expected passes 4428
=== libgo tests ===
Running target unix
FAIL: syscall
FAIL: go/build
=== libgo Summary for unix ===
# of expected passes 135
# of unexpected failures 2
Running target unix/-m32
FAIL: syscall
FAIL: go/build
FAIL: net/http
=== libgo Summary for unix/-m32 ===
# of expected passes 134
# of unexpected failures 3
=== libgo Summary ===
# of expected passes 269
# of unexpected failures 5
/var/gcc/regression/trunk/12-gcc-gas-64/build/./gcc/gccgo version 7.0.0 20160822 (experimental) [trunk revision 239658] (GCC)
=== libgomp tests ===
Running target unix/-m32
=== libgomp Summary for unix/-m32 ===
# of expected passes 4972
# of unsupported tests 382
Running target unix
=== libgomp Summary for unix ===
# of expected passes 4972
# of unsupported tests 382
=== libgomp Summary ===
# of expected passes 9944
# of unsupported tests 764
=== libitm tests ===
Running target unix/-m32
=== libitm Summary for unix/-m32 ===
# of expected passes 42
# of expected failures 3
# of unsupported tests 1
Running target unix
=== libitm Summary for unix ===
# of expected passes 42
# of expected failures 3
# of unsupported tests 1
=== libitm Summary ===
# of expected passes 84
# of expected failures 6
# of unsupported tests 2
=== libjava tests ===
Running target unix/-m32
=== libjava Summary for unix/-m32 ===
# of expected passes 2614
# of expected failures 4
Running target unix
FAIL: libjava.jar/ReturnProxyTest.jar output - gij test
FAIL: libjava.jar/arraysort.jar output - gij test
FAIL: calls output - gij test
=== libjava Summary for unix ===
# of expected passes 2611
# of unexpected failures 3
# of expected failures 4
=== libjava Summary ===
# of expected passes 5225
# of unexpected failures 3
# of expected failures 8
=== libstdc++ tests ===
Running target unix
FAIL: experimental/filesystem/operations/copy.cc execution test
FAIL: experimental/filesystem/operations/copy_file.cc execution test
=== libstdc++ Summary for unix ===
# of expected passes 10241
# of unexpected failures 2
# of expected failures 66
# of unsupported tests 691
Running target unix/-m32
FAIL: experimental/filesystem/operations/copy.cc execution test
FAIL: experimental/filesystem/operations/copy_file.cc execution test
=== libstdc++ Summary for unix/-m32 ===
# of expected passes 10241
# of unexpected failures 2
# of expected failures 66
# of unsupported tests 691
=== libstdc++ Summary ===
# of expected passes 20482
# of unexpected failures 4
# of expected failures 132
# of unsupported tests 1382
Compiler version: 7.0.0 20160822 (experimental) [trunk revision 239658] (GCC)
Platform: sparcv9-sun-solaris2.12
configure flags: --prefix=/vol/gcc --target=sparcv9-sun-solaris2.12 --enable-objc-gc --with-as=/vol/gcc/bin/sparcv9/gas-2.27 --with-gnu-as --with-gmp-include=/vol/gcc/include --with-gmp-lib=/vol/gcc/lib/sparcv9 --with-mpfr-include=/vol/gcc/include --with-mpfr-lib=/vol/gcc/lib/sparcv9 --with-mpc-include=/vol/gcc/include --with-mpc-lib=/vol/gcc/lib/sparcv9 --enable-languages=all,ada,obj-c++,go --with-isl-include=/vol/gcc/include --with-isl-lib=/vol/gcc/lib/sparcv9 --build=sparcv9-sun-solaris2.12 --host=sparcv9-sun-solaris2.12
BOOT_CFLAGS=-g -O2
More information about the Gcc-testresults
mailing list