Results for 7.0.0 20160812 (experimental) [trunk revision 239407] (GCC) testsuite on x86_64-pc-solaris2.12
Rainer Orth
ro@CeBiTec.Uni-Bielefeld.DE
Sat Aug 13 20:46:00 GMT 2016
LAST_UPDATED: Fri Aug 12 09:19:04 2016 (revision 239407)
Native configuration is x86_64-pc-solaris2.12
=== boehm-gc tests ===
Running target unix/-m32
=== boehm-gc Summary for unix/-m32 ===
# of expected passes 12
# of unsupported tests 1
Running target unix
=== boehm-gc Summary for unix ===
# of expected passes 12
# of unsupported tests 1
=== boehm-gc Summary ===
# of expected passes 24
# of unsupported tests 2
=== libatomic tests ===
Running target unix/-m32
=== libatomic Summary for unix/-m32 ===
# of expected passes 44
# of unsupported tests 5
Running target unix
=== libatomic Summary for unix ===
# of expected passes 54
=== libatomic Summary ===
# of expected passes 98
# of unsupported tests 5
=== libffi tests ===
Running target unix/-m32
=== libffi Summary for unix/-m32 ===
# of expected passes 2799
Running target unix
=== libffi Summary for unix ===
# of expected passes 2214
=== libffi Summary ===
# of expected passes 5013
=== libgo tests ===
Running target unix
FAIL: net
FAIL: syscall
FAIL: go/build
=== libgo Summary for unix ===
# of expected passes 134
# of unexpected failures 3
Running target unix/-m32
FAIL: net
FAIL: syscall
FAIL: go/build
=== libgo Summary for unix/-m32 ===
# of expected passes 134
# of unexpected failures 3
=== libgo Summary ===
# of expected passes 268
# of unexpected failures 6
/var/gcc/regression/trunk/12-gcc-gas-64/build/./gcc/gccgo version 7.0.0 20160812 (experimental) [trunk revision 239407] (GCC)
=== libgomp tests ===
Running target unix/-m32
=== libgomp Summary for unix/-m32 ===
# of expected passes 5044
# of unsupported tests 334
Running target unix
WARNING: program timed out.
FAIL: libgomp.fortran/udr9.f90 -O3 -g (test for excess errors)
WARNING: libgomp.fortran/udr9.f90 -O3 -g compilation failed to produce executable
=== libgomp Summary for unix ===
# of expected passes 5042
# of unexpected failures 1
# of unsupported tests 334
=== libgomp Summary ===
# of expected passes 10086
# of unexpected failures 1
# of unsupported tests 668
=== libitm tests ===
Running target unix/-m32
=== libitm Summary for unix/-m32 ===
# of expected passes 42
# of expected failures 3
# of unsupported tests 1
Running target unix
=== libitm Summary for unix ===
# of expected passes 42
# of expected failures 3
# of unsupported tests 1
=== libitm Summary ===
# of expected passes 84
# of expected failures 6
# of unsupported tests 2
=== libjava tests ===
Running target unix/-m32
WARNING: program timed out.
FAIL: InvokeReturn execution - source compiled test
WARNING: program timed out.
FAIL: InvokeReturn -findirect-dispatch execution - source compiled test
WARNING: program timed out.
FAIL: InvokeReturn -O3 execution - source compiled test
WARNING: program timed out.
FAIL: InvokeReturn -O3 -findirect-dispatch execution - source compiled test
WARNING: program timed out.
FAIL: PR3096 execution - source compiled test
WARNING: program timed out.
FAIL: PR3096 -findirect-dispatch execution - source compiled test
WARNING: program timed out.
FAIL: PR3096 -O3 execution - source compiled test
WARNING: program timed out.
FAIL: PR3096 -O3 -findirect-dispatch execution - source compiled test
FAIL: Serialization execution - source compiled test
FAIL: Serialization -findirect-dispatch execution - source compiled test
FAIL: Serialization -O3 execution - source compiled test
FAIL: Serialization -O3 -findirect-dispatch execution - source compiled test
WARNING: program timed out.
FAIL: md5test execution - source compiled test
WARNING: program timed out.
FAIL: md5test -findirect-dispatch execution - source compiled test
WARNING: program timed out.
FAIL: md5test -O3 execution - source compiled test
WARNING: program timed out.
FAIL: md5test -O3 -findirect-dispatch execution - source compiled test
FAIL: negzero execution - source compiled test
FAIL: negzero -findirect-dispatch execution - source compiled test
FAIL: negzero -O3 execution - source compiled test
FAIL: negzero -O3 -findirect-dispatch execution - source compiled test
WARNING: program timed out.
FAIL: pr21785 execution - source compiled test
WARNING: program timed out.
FAIL: pr21785 -findirect-dispatch execution - source compiled test
WARNING: program timed out.
FAIL: pr21785 -O3 execution - source compiled test
WARNING: program timed out.
FAIL: pr21785 -O3 -findirect-dispatch execution - source compiled test
FAIL: pr25676 output - source compiled test
FAIL: pr25676 -findirect-dispatch output - source compiled test
FAIL: pr25676 -O3 output - source compiled test
FAIL: pr25676 -O3 -findirect-dispatch output - source compiled test
WARNING: program timed out.
FAIL: shatest execution - source compiled test
WARNING: program timed out.
FAIL: shatest -findirect-dispatch execution - source compiled test
WARNING: program timed out.
FAIL: shatest -O3 execution - source compiled test
WARNING: program timed out.
FAIL: shatest -O3 -findirect-dispatch execution - source compiled test
=== libjava Summary for unix/-m32 ===
# of expected passes 2554
# of unexpected failures 32
# of expected failures 4
# of untested testcases 28
Running target unix
=== libjava Summary for unix ===
# of expected passes 2614
# of expected failures 4
=== libjava Summary ===
# of expected passes 5168
# of unexpected failures 32
# of expected failures 8
# of untested testcases 28
=== libstdc++ tests ===
Running target unix
FAIL: experimental/filesystem/operations/copy.cc execution test
FAIL: experimental/filesystem/operations/copy_file.cc execution test
=== libstdc++ Summary for unix ===
# of expected passes 10251
# of unexpected failures 2
# of expected failures 67
# of unsupported tests 681
Running target unix/-m32
FAIL: experimental/filesystem/operations/copy.cc execution test
FAIL: experimental/filesystem/operations/copy_file.cc execution test
=== libstdc++ Summary for unix/-m32 ===
# of expected passes 10259
# of unexpected failures 2
# of expected failures 67
# of unsupported tests 677
=== libstdc++ Summary ===
# of expected passes 20510
# of unexpected failures 4
# of expected failures 134
# of unsupported tests 1358
=== acats tests ===
=== acats Summary ===
# of expected passes 2320
# of unexpected failures 0
=== g++ tests ===
Running target unix
FAIL: g++.dg/cilk-plus/AN/array_test_ND_tplt.cc -O3 -fcilkplus (test for excess errors)
WARNING: g++.dg/cilk-plus/AN/array_test_ND_tplt.cc -O3 -fcilkplus compilation failed to produce executable
FAIL: g++.dg/cilk-plus/AN/array_test_ND_tplt.cc -O3 -ftree-vectorize -fcilkplus -g (test for excess errors)
WARNING: g++.dg/cilk-plus/AN/array_test_ND_tplt.cc -O3 -ftree-vectorize -fcilkplus -g compilation failed to produce executable
FAIL: g++.dg/cilk-plus/AN/array_test_ND_tplt.cc -g -O3 -fcilkplus (test for excess errors)
WARNING: g++.dg/cilk-plus/AN/array_test_ND_tplt.cc -g -O3 -fcilkplus compilation failed to produce executable
FAIL: g++.dg/cilk-plus/CK/pr66326.cc -g -fcilkplus (test for excess errors)
WARNING: g++.dg/cilk-plus/CK/pr66326.cc -g -fcilkplus compilation failed to produce executable
FAIL: g++.dg/cilk-plus/CK/stl_rev_iter.cc -O3 -fcilkplus (test for excess errors)
WARNING: g++.dg/cilk-plus/CK/stl_rev_iter.cc -O3 -fcilkplus compilation failed to produce executable
WARNING: program timed out.
WARNING: program timed out.
WARNING: program timed out.
WARNING: program timed out.
WARNING: program timed out.
=== g++ Summary for unix ===
# of expected passes 100568
# of unexpected failures 5
# of expected failures 326
# of unsupported tests 3857
Running target unix/-m32
FAIL: g++.dg/opt/pr59470.C -std=gnu++11 (test for excess errors)
WARNING: g++.dg/opt/pr59470.C -std=gnu++11 compilation failed to produce executable
FAIL: g++.dg/opt/pr59470.C -std=gnu++14 (test for excess errors)
WARNING: g++.dg/opt/pr59470.C -std=gnu++14 compilation failed to produce executable
FAIL: g++.dg/opt/pr59470.C -std=gnu++98 (test for excess errors)
WARNING: g++.dg/opt/pr59470.C -std=gnu++98 compilation failed to produce executable
=== g++ Summary for unix/-m32 ===
# of expected passes 99211
# of unexpected failures 3
# of expected failures 326
# of unsupported tests 3613
=== g++ Summary ===
# of expected passes 199779
# of unexpected failures 8
# of expected failures 652
# of unsupported tests 7470
/var/gcc/regression/trunk/12-gcc-gas-64/build/gcc/testsuite/g++/../../xg++ version 7.0.0 20160812 (experimental) [trunk revision 239407] (GCC)
=== gcc tests ===
Running target unix
FAIL: gcc.dg/tree-ssa/pr69270-3.c scan-tree-dump-times uncprop1 ", 1" 4
FAIL: gcc.dg/tree-ssa/slsr-8.c scan-tree-dump-times optimized " w?\\\\* " 7
FAIL: gcc.target/i386/avx512f-vprord-1.c scan-assembler-times vprord[ \\\\t]+[^{\\n]*%zmm[0-9]+(?:\\n|[ \\\\t]+#) 1
FAIL: gcc.target/i386/avx512f-vprord-1.c scan-assembler-times vprord[ \\\\t]+[^{\\n]*%zmm[0-9]+{%k[1-7]}(?:\\n|[ \\\\t]+#) 1
FAIL: gcc.target/i386/avx512f-vprord-1.c scan-assembler-times vprord[ \\\\t]+[^{\\n]*%zmm[0-9]+{%k[1-7]}{z}(?:\\n|[ \\\\t]+#) 1
=== gcc Summary for unix ===
# of expected passes 111564
# of unexpected failures 5
# of expected failures 324
# of unsupported tests 1809
Running target unix/-m32
FAIL: gcc.dg/graphite/scop-dsyr2k.c scan-tree-dump-times graphite "number of SCoPs: 1" 1
FAIL: gcc.dg/graphite/scop-dsyrk.c scan-tree-dump-times graphite "number of SCoPs: 1" 1
FAIL: gcc.dg/tree-ssa/pr69270-3.c scan-tree-dump-times uncprop1 ", 1" 4
FAIL: gcc.dg/tree-ssa/scev-5.c scan-tree-dump-times optimized "&a" 1
FAIL: gcc.dg/tree-ssa/slsr-8.c scan-tree-dump-times optimized " w?\\\\* " 7
FAIL: gcc.target/i386/avx512f-vprord-1.c scan-assembler-times vprord[ \\\\t]+[^{\\n]*%zmm[0-9]+(?:\\n|[ \\\\t]+#) 1
FAIL: gcc.target/i386/avx512f-vprord-1.c scan-assembler-times vprord[ \\\\t]+[^{\\n]*%zmm[0-9]+{%k[1-7]}(?:\\n|[ \\\\t]+#) 1
FAIL: gcc.target/i386/avx512f-vprord-1.c scan-assembler-times vprord[ \\\\t]+[^{\\n]*%zmm[0-9]+{%k[1-7]}{z}(?:\\n|[ \\\\t]+#) 1
=== gcc Summary for unix/-m32 ===
# of expected passes 110150
# of unexpected failures 8
# of expected failures 328
# of unsupported tests 1776
=== gcc Summary ===
# of expected passes 221714
# of unexpected failures 13
# of expected failures 652
# of unsupported tests 3585
/var/gcc/regression/trunk/12-gcc-gas-64/build/gcc/xgcc version 7.0.0 20160812 (experimental) [trunk revision 239407] (GCC)
=== gfortran tests ===
Running target unix
FAIL: gfortran.dg/coarray/event_1.f90 -fcoarray=lib -O2 -lcaf_single -latomic execution test
FAIL: gfortran.dg/graphite/pr68279.f90 -O (internal compiler error)
FAIL: gfortran.dg/graphite/pr68279.f90 -O (test for excess errors)
=== gfortran Summary for unix ===
# of expected passes 42773
# of unexpected failures 3
# of expected failures 78
# of unsupported tests 72
Running target unix/-m32
FAIL: gfortran.dg/coarray/event_1.f90 -fcoarray=lib -O2 -lcaf_single -latomic execution test
FAIL: gfortran.dg/coarray/event_2.f90 -fcoarray=lib -O2 -lcaf_single -latomic execution test
FAIL: gfortran.dg/array_constructor_4.f90 -O3 -fomit-frame-pointer -funroll-loops -fpeel-loops -ftracer -finline-functions (test for excess errors)
WARNING: gfortran.dg/array_constructor_4.f90 -O3 -fomit-frame-pointer -funroll-loops -fpeel-loops -ftracer -finline-functions compilation failed to produce executable
FAIL: gfortran.dg/array_constructor_type_10.f03 -Os (test for excess errors)
WARNING: gfortran.dg/array_constructor_type_10.f03 -Os compilation failed to produce executable
FAIL: gfortran.dg/array_constructor_type_6.f03 -O3 -fomit-frame-pointer -funroll-loops -fpeel-loops -ftracer -finline-functions (test for excess errors)
WARNING: gfortran.dg/array_constructor_type_6.f03 -O3 -fomit-frame-pointer -funroll-loops -fpeel-loops -ftracer -finline-functions compilation failed to produce executable
WARNING: program timed out.
WARNING: program timed out.
WARNING: program timed out.
=== gfortran Summary for unix/-m32 ===
# of expected passes 42550
# of unexpected failures 5
# of expected failures 78
# of unsupported tests 175
=== gfortran Summary ===
# of expected passes 85323
# of unexpected failures 8
# of expected failures 156
# of unsupported tests 247
/var/gcc/regression/trunk/12-gcc-gas-64/build/gcc/testsuite/gfortran/../../gfortran version 7.0.0 20160812 (experimental) [trunk revision 239407] (GCC)
=== gnat tests ===
Running target unix/-m32
FAIL: gnat.dg/vect3.adb scan-tree-dump-times vect "vectorized 1 loops" 15
FAIL: gnat.dg/vect6.adb scan-tree-dump-times vect "vectorized 1 loops" 15
=== gnat Summary for unix/-m32 ===
# of expected passes 2511
# of unexpected failures 2
# of expected failures 22
# of unsupported tests 5
Running target unix
FAIL: gnat.dg/vect3.adb scan-tree-dump-times vect "vectorized 1 loops" 15
FAIL: gnat.dg/vect6.adb scan-tree-dump-times vect "vectorized 1 loops" 15
=== gnat Summary for unix ===
# of expected passes 2511
# of unexpected failures 2
# of expected failures 22
# of unsupported tests 5
=== gnat Summary ===
# of expected passes 5022
# of unexpected failures 4
# of expected failures 44
# of unsupported tests 10
/var/gcc/regression/trunk/12-gcc-gas-64/build/gcc/gnatmake version 7.0.0 20160812 (experimental) [trunk revision 239407]
=== go tests ===
Running target unix
=== go Summary for unix ===
# of expected passes 7247
# of expected failures 1
# of untested testcases 10
# of unsupported tests 1
Running target unix/-m32
=== go Summary for unix/-m32 ===
# of expected passes 7366
# of expected failures 1
# of untested testcases 10
# of unsupported tests 2
=== go Summary ===
# of expected passes 14613
# of expected failures 2
# of untested testcases 20
# of unsupported tests 3
=== obj-c++ tests ===
Running target unix/-m32
=== obj-c++ Summary for unix/-m32 ===
# of expected passes 1454
# of expected failures 2
# of unsupported tests 77
Running target unix
=== obj-c++ Summary for unix ===
# of expected passes 1446
# of expected failures 10
# of unsupported tests 77
=== obj-c++ Summary ===
# of expected passes 2900
# of expected failures 12
# of unsupported tests 154
/var/gcc/regression/trunk/12-gcc-gas-64/build/gcc/testsuite/obj-c++/../../xg++ version 7.0.0 20160812 (experimental) [trunk revision 239407] (GCC)
=== objc tests ===
Running target unix
=== objc Summary for unix ===
# of expected passes 2783
# of expected failures 6
# of unsupported tests 68
Running target unix/-m32
=== objc Summary for unix/-m32 ===
# of expected passes 2783
# of expected failures 6
# of unsupported tests 68
=== objc Summary ===
# of expected passes 5566
# of expected failures 12
# of unsupported tests 136
/var/gcc/regression/trunk/12-gcc-gas-64/build/gcc/xgcc version 7.0.0 20160812 (experimental) [trunk revision 239407] (GCC)
Compiler version: 7.0.0 20160812 (experimental) [trunk revision 239407] (GCC)
Platform: x86_64-pc-solaris2.12
configure flags: --prefix=/vol/gcc --target=amd64-pc-solaris2.12 --enable-objc-gc --with-as=/vol/gcc/bin/amd64/gas-2.27 --with-gnu-as --with-gmp-include=/vol/gcc/include --with-gmp-lib=/vol/gcc/lib/amd64 --with-mpfr-include=/vol/gcc/include --with-mpfr-lib=/vol/gcc/lib/amd64 --with-mpc-include=/vol/gcc/include --with-mpc-lib=/vol/gcc/lib/amd64 --enable-languages=all,ada,obj-c++,go --with-isl-include=/vol/gcc/include --with-isl-lib=/vol/gcc/lib/amd64 --build=amd64-pc-solaris2.12 --host=amd64-pc-solaris2.12
BOOT_CFLAGS=-g -O2
More information about the Gcc-testresults
mailing list