Results for 4.9.4 20160414 (prerelease) (GCC) testsuite on i386-unknown-freebsd10.3
Gerald Pfeifer
gerald@FreeBSD.org
Fri Apr 15 00:01:00 GMT 2016
Native configuration is i386-unknown-freebsd10.3
=== g++ tests ===
Running target unix
FAIL: c-c++-common/Wconversion-real.c -std=gnu++98 (test for warnings, line 27)
FAIL: c-c++-common/Wconversion-real.c -std=gnu++98 (test for warnings, line 28)
FAIL: c-c++-common/Wconversion-real.c -std=gnu++11 (test for warnings, line 27)
FAIL: c-c++-common/Wconversion-real.c -std=gnu++11 (test for warnings, line 28)
FAIL: c-c++-common/Wconversion-real.c -std=gnu++1y (test for warnings, line 27)
FAIL: c-c++-common/Wconversion-real.c -std=gnu++1y (test for warnings, line 28)
FAIL: c-c++-common/Wfloat-conversion.c -std=gnu++98 (test for warnings, line 36)
FAIL: c-c++-common/Wfloat-conversion.c -std=gnu++98 (test for warnings, line 37)
FAIL: c-c++-common/Wfloat-conversion.c -std=gnu++11 (test for warnings, line 36)
FAIL: c-c++-common/Wfloat-conversion.c -std=gnu++11 (test for warnings, line 37)
FAIL: c-c++-common/Wfloat-conversion.c -std=gnu++1y (test for warnings, line 36)
FAIL: c-c++-common/Wfloat-conversion.c -std=gnu++1y (test for warnings, line 37)
FAIL: g++.dg/pch/system-1.C -g -I. -Dwith_PCH (internal compiler error)
FAIL: g++.dg/pch/system-1.C -g -I. -Dwith_PCH (test for excess errors)
FAIL: g++.dg/pch/system-1.C -g assembly comparison
FAIL: g++.dg/pch/system-1.C -O2 -g -I. -Dwith_PCH (internal compiler error)
FAIL: g++.dg/pch/system-1.C -O2 -g -I. -Dwith_PCH (test for excess errors)
FAIL: g++.dg/pch/system-1.C -O2 -g assembly comparison
FAIL: g++.dg/pch/system-1.C -O2 -I. -Dwith_PCH (internal compiler error)
FAIL: g++.dg/pch/system-1.C -O2 -I. -Dwith_PCH (test for excess errors)
FAIL: g++.dg/pch/system-1.C -O2 assembly comparison
FAIL: g++.dg/pch/system-2.C -g -I. -Dwith_PCH (internal compiler error)
FAIL: g++.dg/pch/system-2.C -g -I. -Dwith_PCH (test for excess errors)
FAIL: g++.dg/pch/system-2.C -g assembly comparison
FAIL: g++.dg/pch/system-2.C -O2 -g -I. -Dwith_PCH (internal compiler error)
FAIL: g++.dg/pch/system-2.C -O2 -g -I. -Dwith_PCH (test for excess errors)
FAIL: g++.dg/pch/system-2.C -O2 -g assembly comparison
FAIL: g++.dg/pch/system-2.C -O2 -I. -Dwith_PCH (internal compiler error)
FAIL: g++.dg/pch/system-2.C -O2 -I. -Dwith_PCH (test for excess errors)
FAIL: g++.dg/pch/system-2.C -O2 assembly comparison
FAIL: g++.old-deja/g++.law/profile1.C -std=gnu++98 (test for excess errors)
UNRESOLVED: g++.old-deja/g++.law/profile1.C -std=gnu++98 compilation failed to produce executable
FAIL: g++.old-deja/g++.law/profile1.C -std=gnu++11 (test for excess errors)
UNRESOLVED: g++.old-deja/g++.law/profile1.C -std=gnu++11 compilation failed to produce executable
FAIL: g++.old-deja/g++.law/profile1.C -std=gnu++1y (test for excess errors)
UNRESOLVED: g++.old-deja/g++.law/profile1.C -std=gnu++1y compilation failed to produce executable
FAIL: g++.old-deja/g++.other/init18.C -std=c++98 execution test
FAIL: g++.old-deja/g++.other/init18.C -std=c++11 execution test
FAIL: g++.old-deja/g++.other/init18.C -std=c++1y execution test
FAIL: g++.old-deja/g++.other/init19.C -std=c++98 execution test
FAIL: g++.old-deja/g++.other/init19.C -std=c++11 execution test
FAIL: g++.old-deja/g++.other/init19.C -std=c++1y execution test
=== g++ Summary ===
# of expected passes 82674
# of unexpected failures 39
# of expected failures 448
# of unresolved testcases 3
# of unsupported tests 2842
/scratch/tmp/gerald/OBJ-0414-2220/gcc/testsuite/g++/../../xg++ version 4.9.4 20160414 (prerelease) (GCC)
=== gcc tests ===
Running target unix
FAIL: gcc.c-torture/execute/20080502-1.c execution, -O0
FAIL: gcc.c-torture/execute/conversion.c execution, -O0
FAIL: gcc.c-torture/execute/conversion.c execution, -Og -g
FAIL: gcc.c-torture/execute/ieee/copysign1.c execution, -O1
FAIL: gcc.c-torture/execute/ieee/copysign2.c execution, -O1
FAIL: gcc.c-torture/execute/ieee/copysign2.c execution, -O2
FAIL: gcc.c-torture/execute/ieee/copysign2.c execution, -O3 -fomit-frame-pointer
FAIL: gcc.c-torture/execute/ieee/copysign2.c execution, -O3 -fomit-frame-pointer -funroll-loops
FAIL: gcc.c-torture/execute/ieee/copysign2.c execution, -O3 -fomit-frame-pointer -funroll-all-loops -finline-functions
FAIL: gcc.c-torture/execute/ieee/copysign2.c execution, -O3 -g
FAIL: gcc.c-torture/execute/ieee/copysign2.c execution, -Os
FAIL: gcc.c-torture/execute/ieee/copysign2.c execution, -Og -g
FAIL: gcc.c-torture/execute/ieee/copysign2.c execution, -O2 -flto -fno-use-linker-plugin -flto-partition=none
FAIL: gcc.c-torture/execute/ieee/copysign2.c execution, -O2 -flto -fuse-linker-plugin -fno-fat-lto-objects
FAIL: gcc.dg/builtins-20.c (test for excess errors)
FAIL: gcc.dg/builtins-57.c (test for excess errors)
FAIL: gcc.dg/builtins-58.c scan-assembler-not pow
FAIL: gcc.dg/builtins-59.c scan-tree-dump gimple "__builtin_cexpi"
FAIL: gcc.dg/builtins-59.c scan-tree-dump-not gimple "sincos"
FAIL: gcc.dg/builtins-61.c scan-tree-dump optimized "cexpi"
FAIL: gcc.dg/builtins-61.c scan-tree-dump optimized "sin"
FAIL: gcc.dg/builtins-61.c scan-tree-dump optimized "cos"
FAIL: gcc.dg/builtins-61.c scan-tree-dump optimized "return 0.0"
FAIL: gcc.dg/builtins-62.c scan-tree-dump-times optimized "cexpi" 3
FAIL: gcc.dg/builtins-65.c (test for excess errors)
FAIL: gcc.dg/c99-stdint-7.c (test for excess errors)
FAIL: gcc.dg/c99-tgmath-2.c (test for excess errors)
FAIL: gcc.dg/c99-tgmath-3.c (test for excess errors)
FAIL: gcc.dg/c99-tgmath-4.c (test for excess errors)
UNRESOLVED: gcc.dg/c99-tgmath-4.c scan-assembler cpowf
FAIL: gcc.dg/nest.c (test for excess errors)
UNRESOLVED: gcc.dg/nest.c compilation failed to produce executable
FAIL: gcc.dg/nested-func-4.c (test for excess errors)
UNRESOLVED: gcc.dg/nested-func-4.c compilation failed to produce executable
FAIL: gcc.dg/pr32450.c (test for excess errors)
UNRESOLVED: gcc.dg/pr32450.c compilation failed to produce executable
FAIL: gcc.dg/pr43643.c (test for excess errors)
UNRESOLVED: gcc.dg/pr43643.c compilation failed to produce executable
FAIL: gcc.dg/utf-array-short-wchar.c (test for errors, line 39)
FAIL: gcc.dg/utf-array-short-wchar.c (test for errors, line 41)
FAIL: gcc.dg/utf-array-short-wchar.c (test for excess errors)
FAIL: c-c++-common/Wconversion-real.c -Wc++-compat (test for warnings, line 27)
FAIL: c-c++-common/Wconversion-real.c -Wc++-compat (test for warnings, line 28)
FAIL: c-c++-common/Wfloat-conversion.c -Wc++-compat (test for warnings, line 36)
FAIL: c-c++-common/Wfloat-conversion.c -Wc++-compat (test for warnings, line 37)
FAIL: gcc.dg/torture/builtin-convert-1.c -O1 (test for excess errors)
FAIL: gcc.dg/torture/builtin-convert-1.c -O2 (test for excess errors)
FAIL: gcc.dg/torture/builtin-convert-1.c -O3 -fomit-frame-pointer (test for excess errors)
FAIL: gcc.dg/torture/builtin-convert-1.c -O3 -g (test for excess errors)
FAIL: gcc.dg/torture/builtin-convert-1.c -Os (test for excess errors)
FAIL: gcc.dg/torture/builtin-convert-1.c -O2 -flto -fno-use-linker-plugin -flto-partition=none (test for excess errors)
FAIL: gcc.dg/torture/builtin-convert-2.c -O1 (test for excess errors)
FAIL: gcc.dg/torture/builtin-convert-2.c -O2 (test for excess errors)
FAIL: gcc.dg/torture/builtin-convert-2.c -O3 -fomit-frame-pointer (test for excess errors)
FAIL: gcc.dg/torture/builtin-convert-2.c -O3 -g (test for excess errors)
FAIL: gcc.dg/torture/builtin-convert-2.c -Os (test for excess errors)
FAIL: gcc.dg/torture/builtin-convert-2.c -O2 -flto -fno-use-linker-plugin -flto-partition=none (test for excess errors)
FAIL: gcc.dg/torture/builtin-convert-3.c -O1 (test for excess errors)
FAIL: gcc.dg/torture/builtin-convert-3.c -O2 (test for excess errors)
FAIL: gcc.dg/torture/builtin-convert-3.c -O3 -fomit-frame-pointer (test for excess errors)
FAIL: gcc.dg/torture/builtin-convert-3.c -O3 -g (test for excess errors)
FAIL: gcc.dg/torture/builtin-convert-3.c -Os (test for excess errors)
FAIL: gcc.dg/torture/builtin-convert-3.c -O2 -flto -fno-use-linker-plugin -flto-partition=none (test for excess errors)
FAIL: gcc.dg/torture/builtin-power-1.c -O1 (test for excess errors)
FAIL: gcc.dg/torture/builtin-power-1.c -O2 (test for excess errors)
FAIL: gcc.dg/torture/builtin-power-1.c -O3 -fomit-frame-pointer (test for excess errors)
FAIL: gcc.dg/torture/builtin-power-1.c -O3 -g (test for excess errors)
FAIL: gcc.dg/torture/builtin-power-1.c -Os (test for excess errors)
FAIL: gcc.dg/torture/builtin-power-1.c -O2 -flto -fno-use-linker-plugin -flto-partition=none (test for excess errors)
FAIL: gcc.dg/torture/fp-int-convert-float80.c -O0 execution test
FAIL: gcc.dg/torture/fp-int-convert-float80.c -O1 execution test
FAIL: gcc.dg/torture/fp-int-convert-float80.c -O2 execution test
FAIL: gcc.dg/torture/fp-int-convert-float80.c -O3 -fomit-frame-pointer execution test
FAIL: gcc.dg/torture/fp-int-convert-float80.c -O3 -g execution test
FAIL: gcc.dg/torture/fp-int-convert-float80.c -Os execution test
FAIL: gcc.dg/torture/fp-int-convert-float80.c -O2 -flto -fno-use-linker-plugin -flto-partition=none execution test
FAIL: gcc.dg/torture/fp-int-convert-float80.c -O2 -flto -fuse-linker-plugin -fno-fat-lto-objects execution test
FAIL: gcc.dg/torture/fp-int-convert-long-double.c -O0 execution test
FAIL: gcc.dg/torture/fp-int-convert-long-double.c -O1 execution test
FAIL: gcc.dg/torture/fp-int-convert-long-double.c -O2 execution test
FAIL: gcc.dg/torture/fp-int-convert-long-double.c -O3 -fomit-frame-pointer execution test
FAIL: gcc.dg/torture/fp-int-convert-long-double.c -O3 -g execution test
FAIL: gcc.dg/torture/fp-int-convert-long-double.c -Os execution test
FAIL: gcc.dg/torture/fp-int-convert-long-double.c -O2 -flto -fno-use-linker-plugin -flto-partition=none execution test
FAIL: gcc.dg/torture/fp-int-convert-long-double.c -O2 -flto -fuse-linker-plugin -fno-fat-lto-objects execution test
FAIL: gcc.target/i386/avx512f-ceil-sfix-vec-2.c scan-assembler vrndscalepd[^\\n]*zmm[0-9]
FAIL: gcc.target/i386/avx512f-ceil-sfix-vec-2.c scan-assembler vcvttpd2dq[^\\n]*zmm[0-9]
FAIL: gcc.target/i386/avx512f-floor-sfix-vec-2.c scan-assembler vrndscalepd[^\\n]*zmm[0-9]
FAIL: gcc.target/i386/avx512f-floor-sfix-vec-2.c scan-assembler vcvttpd2dq[^\\n]*zmm[0-9]
FAIL: gcc.target/i386/avx512f-gather-5.c scan-assembler gather[^\\n]*zmm
FAIL: gcc.target/i386/excess-precision-1.c execution test
FAIL: gcc.target/i386/excess-precision-3.c execution test
FAIL: gcc.target/i386/pr36578-1.c execution test
FAIL: gcc.target/i386/pr36578-2.c execution test
=== gcc Summary ===
# of expected passes 102523
# of unexpected failures 89
# of expected failures 251
# of unresolved testcases 5
# of unsupported tests 1318
/scratch/tmp/gerald/OBJ-0414-2220/gcc/xgcc version 4.9.4 20160414 (prerelease) (GCC)
=== gfortran tests ===
Running target unix
XPASS: gfortran.dg/large_real_kind_2.F90 -O0 (test for excess errors)
XPASS: gfortran.dg/large_real_kind_2.F90 -O1 (test for excess errors)
XPASS: gfortran.dg/large_real_kind_2.F90 -O2 (test for excess errors)
XPASS: gfortran.dg/large_real_kind_2.F90 -O3 -fomit-frame-pointer (test for excess errors)
XPASS: gfortran.dg/large_real_kind_2.F90 -O3 -fomit-frame-pointer -funroll-loops (test for excess errors)
XPASS: gfortran.dg/large_real_kind_2.F90 -O3 -fomit-frame-pointer -funroll-all-loops -finline-functions (test for excess errors)
XPASS: gfortran.dg/large_real_kind_2.F90 -O3 -g (test for excess errors)
XPASS: gfortran.dg/large_real_kind_2.F90 -Os (test for excess errors)
XPASS: gfortran.dg/large_real_kind_3.F90 -O0 (test for excess errors)
XPASS: gfortran.dg/large_real_kind_3.F90 -O1 (test for excess errors)
XPASS: gfortran.dg/large_real_kind_3.F90 -O2 (test for excess errors)
XPASS: gfortran.dg/large_real_kind_3.F90 -O3 -fomit-frame-pointer (test for excess errors)
XPASS: gfortran.dg/large_real_kind_3.F90 -O3 -fomit-frame-pointer -funroll-loops (test for excess errors)
XPASS: gfortran.dg/large_real_kind_3.F90 -O3 -fomit-frame-pointer -funroll-all-loops -finline-functions (test for excess errors)
XPASS: gfortran.dg/large_real_kind_3.F90 -O3 -g (test for excess errors)
XPASS: gfortran.dg/large_real_kind_3.F90 -Os (test for excess errors)
=== gfortran Summary ===
# of expected passes 45997
# of unexpected successes 16
# of expected failures 38
# of unsupported tests 231
/scratch/tmp/gerald/OBJ-0414-2220/gcc/testsuite/gfortran/../../gfortran version 4.9.4 20160414 (prerelease) (GCC)
=== objc tests ===
Running target unix
=== objc Summary ===
# of expected passes 2988
# of expected failures 6
# of unsupported tests 74
/scratch/tmp/gerald/OBJ-0414-2220/gcc/xgcc version 4.9.4 20160414 (prerelease) (GCC)
=== boehm-gc tests ===
Running target unix
=== boehm-gc Summary ===
# of expected passes 12
# of unsupported tests 1
=== libatomic tests ===
Running target unix
=== libatomic Summary ===
# of expected passes 44
# of unsupported tests 5
=== libffi tests ===
Running target unix
=== libffi Summary ===
# of expected passes 1819
# of unsupported tests 55
=== libgomp tests ===
Running target unix
=== libgomp Summary ===
# of expected passes 3268
# of unsupported tests 44
=== libitm tests ===
Running target unix
=== libitm Summary ===
# of expected passes 26
# of expected failures 3
# of unsupported tests 1
=== libjava tests ===
Running target unix
FAIL: PR16923.c compilation
FAIL: Throw_2 execution - source compiled test
FAIL: Throw_2 -findirect-dispatch execution - source compiled test
FAIL: Throw_2 -O3 execution - source compiled test
FAIL: Throw_2 -O3 -findirect-dispatch execution - source compiled test
=== libjava Summary ===
# of expected passes 2572
# of unexpected failures 5
# of expected failures 4
# of untested testcases 4
=== libstdc++ tests ===
Running target unix
FAIL: 17_intro/headers/c++1998/all.cc (test for excess errors)
FAIL: 17_intro/headers/c++1998/all_c++200x_compatibility.cc (test for excess errors)
FAIL: 17_intro/headers/c++1998/stdc++.cc (test for excess errors)
FAIL: 17_intro/headers/c++1998/stdc++_multiple_inclusion.cc (test for excess errors)
FAIL: 17_intro/headers/c++200x/stdc++.cc (test for excess errors)
FAIL: 17_intro/headers/c++200x/stdc++_multiple_inclusion.cc (test for excess errors)
FAIL: 22_locale/locale/cons/12438.cc execution test
FAIL: 26_numerics/complex/13450.cc (test for excess errors)
FAIL: 26_numerics/headers/cmath/c99_classification_macros_c.cc (test for excess errors)
FAIL: 27_io/basic_filebuf/close/char/4879.cc execution test
FAIL: 27_io/basic_filebuf/close/char/9964.cc execution test
FAIL: 27_io/basic_filebuf/seekoff/char/26777.cc execution test
FAIL: 27_io/basic_filebuf/underflow/char/10097.cc execution test
FAIL: 27_io/objects/char/7.cc execution test
FAIL: 27_io/objects/char/9661-1.cc execution test
FAIL: 27_io/objects/wchar_t/7.cc execution test
FAIL: 27_io/objects/wchar_t/9661-1.cc execution test
FAIL: tr1/5_numerical_facilities/special_functions/08_cyl_bessel_i/check_nan.cc (test for excess errors)
FAIL: tr1/5_numerical_facilities/special_functions/09_cyl_bessel_j/check_nan.cc (test for excess errors)
FAIL: tr1/5_numerical_facilities/special_functions/10_cyl_bessel_k/check_nan.cc (test for excess errors)
FAIL: tr1/5_numerical_facilities/special_functions/11_cyl_neumann/check_nan.cc (test for excess errors)
FAIL: tr1/5_numerical_facilities/special_functions/17_hyperg/check_nan.cc (test for excess errors)
FAIL: tr1/5_numerical_facilities/special_functions/20_riemann_zeta/check_nan.cc (test for excess errors)
FAIL: tr1/5_numerical_facilities/special_functions/21_sph_bessel/check_nan.cc (test for excess errors)
FAIL: tr1/5_numerical_facilities/special_functions/23_sph_neumann/check_nan.cc (test for excess errors)
=== libstdc++ Summary ===
# of expected passes 8950
# of unexpected failures 25
# of expected failures 40
# of unsupported tests 642
Compiler version: 4.9.4 20160414 (prerelease) (GCC)
Platform: i386-unknown-freebsd10.3
configure flags: --prefix=/home/gerald/gcc-ref10-i386 --with-gmp=/home/gerald/10-i386 --with-as=/home/gerald/10-i386/bin/as --with-ld=/home/gerald/10-i386/bin/ld
More information about the Gcc-testresults
mailing list