Results for 6.0.0 20160406 (experimental) [trunk revision 234794] (GCC) testsuite on x86_64-apple-darwin15.4.0
Dominique Dhumieres
dominiq@lps.ens.fr
Thu Apr 7 05:55:00 GMT 2016
LAST_UPDATED: Updated Apr 7 00:04:26 CEST 2016 to revision 234794.
=== acats tests ===
=== acats Summary ===
# of expected passes 2320
# of unexpected failures 0
Native configuration is x86_64-apple-darwin15.4.0
=== g++ tests ===
Running target unix/-m32
FAIL: g++.dg/debug/dwarf2/imported-decl-2.C -std=gnu++11 scan-assembler-times ascii "AAAA\\\\\\\\0".*ascii "BBBB\\\\\\\\0".*DIE .0x[0-9a-f]*. DW_TAG_imported_declaration 1
FAIL: g++.dg/debug/dwarf2/imported-decl-2.C -std=gnu++14 scan-assembler-times ascii "AAAA\\\\\\\\0".*ascii "BBBB\\\\\\\\0".*DIE .0x[0-9a-f]*. DW_TAG_imported_declaration 1
FAIL: g++.dg/debug/dwarf2/imported-decl-2.C -std=gnu++98 scan-assembler-times ascii "AAAA\\\\\\\\0".*ascii "BBBB\\\\\\\\0".*DIE .0x[0-9a-f]*. DW_TAG_imported_declaration 1
FAIL: g++.dg/ext/sync-4.C -std=gnu++11 execution test
FAIL: g++.dg/ext/sync-4.C -std=gnu++14 execution test
FAIL: g++.dg/ext/sync-4.C -std=gnu++98 execution test
FAIL: g++.dg/ipa/pr67056.C scan-ipa-dump cp "Speculative outer type:struct CompositeClass"
UNRESOLVED: g++.dg/lto/pr65276 cp_lto_pr65276_0.o-cp_lto_pr65276_1.o execute -flto -O0 -std=c++11
FAIL: g++.dg/lto/pr65276 cp_lto_pr65276_0.o-cp_lto_pr65276_1.o link, -flto -O0 -std=c++11
UNRESOLVED: g++.dg/lto/pr65549 cp_lto_pr65549_0.o-cp_lto_pr65549_0.o execute -std=gnu++14 -flto -g -O2 -fno-inline -flto-partition=max
FAIL: g++.dg/lto/pr65549 cp_lto_pr65549_0.o-cp_lto_pr65549_0.o link, -std=gnu++14 -flto -g -O2 -fno-inline -flto-partition=max
FAIL: g++.dg/tree-prof/pr57451.C compilation, -fprofile-generate -D_PROFILE_GENERATE
UNRESOLVED: g++.dg/tree-prof/pr57451.C compilation, -fprofile-use -D_PROFILE_USE
UNRESOLVED: g++.dg/tree-prof/pr57451.C execution, -fprofile-generate -D_PROFILE_GENERATE
UNRESOLVED: g++.dg/tree-prof/pr57451.C execution, -fprofile-use -D_PROFILE_USE
FAIL: g++.dg/tree-prof/pr63581.C compilation, -fprofile-generate -D_PROFILE_GENERATE
UNRESOLVED: g++.dg/tree-prof/pr63581.C compilation, -fprofile-use -D_PROFILE_USE
UNRESOLVED: g++.dg/tree-prof/pr63581.C execution, -fprofile-generate -D_PROFILE_GENERATE
UNRESOLVED: g++.dg/tree-prof/pr63581.C execution, -fprofile-use -D_PROFILE_USE
=== g++ Summary for unix/-m32 ===
# of expected passes 98481
# of unexpected failures 11
# of expected failures 314
# of unresolved testcases 8
# of unsupported tests 3832
Running target unix/-m64
FAIL: g++.dg/debug/dwarf2/imported-decl-2.C -std=gnu++11 scan-assembler-times ascii "AAAA\\\\\\\\0".*ascii "BBBB\\\\\\\\0".*DIE .0x[0-9a-f]*. DW_TAG_imported_declaration 1
FAIL: g++.dg/debug/dwarf2/imported-decl-2.C -std=gnu++14 scan-assembler-times ascii "AAAA\\\\\\\\0".*ascii "BBBB\\\\\\\\0".*DIE .0x[0-9a-f]*. DW_TAG_imported_declaration 1
FAIL: g++.dg/debug/dwarf2/imported-decl-2.C -std=gnu++98 scan-assembler-times ascii "AAAA\\\\\\\\0".*ascii "BBBB\\\\\\\\0".*DIE .0x[0-9a-f]*. DW_TAG_imported_declaration 1
FAIL: g++.dg/ext/sync-4.C -std=gnu++11 execution test
FAIL: g++.dg/ext/sync-4.C -std=gnu++14 execution test
FAIL: g++.dg/ext/sync-4.C -std=gnu++98 execution test
FAIL: g++.dg/ipa/pr67056.C scan-ipa-dump cp "Speculative outer type:struct CompositeClass"
UNRESOLVED: g++.dg/lto/pr65276 cp_lto_pr65276_0.o-cp_lto_pr65276_1.o execute -flto -O0 -std=c++11
FAIL: g++.dg/lto/pr65276 cp_lto_pr65276_0.o-cp_lto_pr65276_1.o link, -flto -O0 -std=c++11
UNRESOLVED: g++.dg/lto/pr65549 cp_lto_pr65549_0.o-cp_lto_pr65549_0.o execute -std=gnu++14 -flto -g -O2 -fno-inline -flto-partition=max
FAIL: g++.dg/lto/pr65549 cp_lto_pr65549_0.o-cp_lto_pr65549_0.o link, -std=gnu++14 -flto -g -O2 -fno-inline -flto-partition=max
FAIL: g++.dg/tree-prof/pr57451.C compilation, -fprofile-generate -D_PROFILE_GENERATE
UNRESOLVED: g++.dg/tree-prof/pr57451.C compilation, -fprofile-use -D_PROFILE_USE
UNRESOLVED: g++.dg/tree-prof/pr57451.C execution, -fprofile-generate -D_PROFILE_GENERATE
UNRESOLVED: g++.dg/tree-prof/pr57451.C execution, -fprofile-use -D_PROFILE_USE
FAIL: g++.dg/tree-prof/pr63581.C compilation, -fprofile-generate -D_PROFILE_GENERATE
UNRESOLVED: g++.dg/tree-prof/pr63581.C compilation, -fprofile-use -D_PROFILE_USE
UNRESOLVED: g++.dg/tree-prof/pr63581.C execution, -fprofile-generate -D_PROFILE_GENERATE
UNRESOLVED: g++.dg/tree-prof/pr63581.C execution, -fprofile-use -D_PROFILE_USE
=== g++ Summary for unix/-m64 ===
# of expected passes 99895
# of unexpected failures 11
# of expected failures 314
# of unresolved testcases 8
# of unsupported tests 4057
=== g++ Summary ===
# of expected passes 198376
# of unexpected failures 22
# of expected failures 628
# of unresolved testcases 16
# of unsupported tests 7889
/opt/gcc/build_c/gcc/testsuite/g++/../../xg++ version 6.0.0 20160406 (experimental) [trunk revision 234794] (GCC)
=== gcc tests ===
Running target unix/-m32
FAIL: c-c++-common/asan/halt_on_error-1.c -O0 execution test
FAIL: c-c++-common/asan/halt_on_error-1.c -O1 execution test
FAIL: c-c++-common/asan/halt_on_error-1.c -O2 execution test
FAIL: c-c++-common/asan/halt_on_error-1.c -O2 -flto execution test
FAIL: c-c++-common/asan/halt_on_error-1.c -O2 -flto -flto-partition=none execution test
FAIL: c-c++-common/asan/halt_on_error-1.c -O3 -g execution test
FAIL: c-c++-common/asan/halt_on_error-1.c -Os execution test
FAIL: c-c++-common/asan/strncpy-overflow-1.c -O0 output pattern test
FAIL: c-c++-common/cilk-plus/CK/cilk-for-2.c -O3 -flto -g (test for excess errors)
FAIL: gcc.dg/debug/dwarf2/prod-options.c scan-assembler DW_AT_producer: "GNU C
FAIL: gcc.dg/darwin-minversion-1.c (test for excess errors)
FAIL: gcc.dg/darwin-minversion-2.c (test for excess errors)
FAIL: gcc.dg/darwin-version-1.c (test for excess errors)
FAIL: gcc.dg/darwin-weakimport-3.c scan-assembler-not coalesced
FAIL: gcc.dg/framework-1.c (test for excess errors)
FAIL: gcc.dg/uninit-19.c (test for warnings, line 22)
FAIL: gcc.dg/uninit-19.c (test for excess errors)
FAIL: gcc.dg/graphite/scop-19.c scan-tree-dump-times graphite "number of SCoPs: 0" 1
UNRESOLVED: gcc.dg/lto/pr61526 c_lto_pr61526_0.o-c_lto_pr61526_1.o execute -fPIC -flto -flto-partition=1to1
FAIL: gcc.dg/lto/pr61526 c_lto_pr61526_0.o-c_lto_pr61526_1.o link, -fPIC -flto -flto-partition=1to1
FAIL: gcc.dg/lto/simd-function c_lto_simd-function_0.o assemble, -fopenmp-simd -O3 -ffast-math -mavx2 -flto -flto-partition=max
UNRESOLVED: gcc.dg/lto/simd-function c_lto_simd-function_0.o-c_lto_simd-function_0.o execute -fopenmp-simd -O3 -ffast-math -mavx2 -flto -flto-partition=max
UNRESOLVED: gcc.dg/lto/simd-function c_lto_simd-function_0.o-c_lto_simd-function_0.o link -fopenmp-simd -O3 -ffast-math -mavx2 -flto -flto-partition=max
FAIL: gcc.dg/pch/save-temps-1.c -O0 -I. -Dwith_PCH (internal compiler error)
FAIL: gcc.dg/pch/save-temps-1.c -O0 -I. -Dwith_PCH (test for excess errors)
FAIL: gcc.dg/pch/save-temps-1.c -O0 assembly comparison
FAIL: gcc.dg/torture/builtin-self.c -O0 scan-assembler-not \\tcall
FAIL: gcc.dg/torture/pr68264.c -O0 execution test
FAIL: gcc.dg/torture/pr68264.c -O1 execution test
FAIL: gcc.dg/torture/pr68264.c -O2 execution test
FAIL: gcc.dg/torture/pr68264.c -O2 -flto execution test
FAIL: gcc.dg/torture/pr68264.c -O2 -flto -flto-partition=none execution test
FAIL: gcc.dg/torture/pr68264.c -O3 -g execution test
FAIL: gcc.dg/torture/pr68264.c -Os execution test
FAIL: gcc.dg/tree-ssa/prefetch-5.c scan-tree-dump-times aprefetch "Issued prefetch" 2
FAIL: gcc.dg/tree-ssa/prefetch-5.c scan-tree-dump-times aprefetch "Not prefetching" 1
FAIL: gcc.misc-tests/linkage.c link
XPASS: gcc.target/i386/fuse-caller-save-xmm.c scan-assembler-times addpd\\t%xmm1, %xmm0 1
FAIL: gcc.target/i386/fuse-caller-save-xmm.c scan-assembler-times addpd\\t\\\\.?LC0.*, %xmm0 1
FAIL: gcc.target/i386/iinline-attr-2.c scan-assembler p2align
FAIL: gcc.target/i386/memcpy-strategy-3.c scan-assembler-times memcpy 2
FAIL: gcc.target/i386/memset-strategy-1.c scan-assembler-times memset 2
FAIL: gcc.target/i386/pr22076.c scan-assembler-times movq 3
FAIL: gcc.target/i386/pr32219-1.c scan-assembler movl[ \\t]xxx@GOTOFF\\\\(%[^,]*\\\\), %eax
FAIL: gcc.target/i386/pr32219-2.c scan-assembler movl[ \\t]xxx@GOT\\\\(%[^,]*\\\\), %eax
FAIL: gcc.target/i386/pr32219-3.c scan-assembler movl[ \\t]xxx@GOTOFF\\\\(%[^,]*\\\\), %eax
FAIL: gcc.target/i386/pr32219-4.c scan-assembler movl[ \\t]xxx@GOT\\\\(%[^,]*\\\\), %eax
FAIL: gcc.target/i386/pr32219-5.c scan-assembler movl[ \\t]xxx@GOTOFF\\\\(%[^,]*\\\\), %eax
FAIL: gcc.target/i386/pr32219-6.c scan-assembler movl[ \\t]xxx@GOT\\\\(%[^,]*\\\\), %eax
FAIL: gcc.target/i386/pr32219-7.c scan-assembler movl[ \\t]xxx@GOTOFF\\\\(%[^,]*\\\\), %eax
FAIL: gcc.target/i386/pr32219-8.c scan-assembler movl[ \\t]xxx@GOT\\\\(%[^,]*\\\\), %eax
FAIL: gcc.target/i386/pr39013-1.c scan-assembler bar@PLT
FAIL: gcc.target/i386/pr39013-1.c scan-assembler foo@PLT
FAIL: gcc.target/i386/pr39013-2.c scan-assembler bar@PLT
FAIL: gcc.target/i386/pr39013-2.c scan-assembler foo@PLT
FAIL: gcc.target/i386/pr64317.c scan-assembler addl[ \\\\t]+[\$]_GLOBAL_OFFSET_TABLE_, %ebx
FAIL: gcc.target/i386/pr64317.c scan-assembler movl[ \\\\t]+c@GOTOFF[(]%ebx[)]
FAIL: gcc.target/i386/pr66819-3.c scan-assembler-not call
FAIL: gcc.target/i386/pr66819-4.c scan-assembler-not call
FAIL: gcc.target/i386/pr67985-2.c scan-assembler call[ \\t]__mulsf3
=== gcc Summary for unix/-m32 ===
# of expected passes 106564
# of unexpected failures 56
# of unexpected successes 1
# of expected failures 322
# of unresolved testcases 3
# of unsupported tests 2918
Running target unix/-m64
FAIL: c-c++-common/asan/halt_on_error-1.c -O0 execution test
FAIL: c-c++-common/asan/halt_on_error-1.c -O1 execution test
FAIL: c-c++-common/asan/halt_on_error-1.c -O2 execution test
FAIL: c-c++-common/asan/halt_on_error-1.c -O2 -flto execution test
FAIL: c-c++-common/asan/halt_on_error-1.c -O2 -flto -flto-partition=none execution test
FAIL: c-c++-common/asan/halt_on_error-1.c -O3 -g execution test
FAIL: c-c++-common/asan/halt_on_error-1.c -Os execution test
FAIL: c-c++-common/asan/strncpy-overflow-1.c -O0 execution test
FAIL: c-c++-common/cilk-plus/CK/cilk-for-2.c -O3 -flto -g (test for excess errors)
FAIL: gcc.dg/debug/dwarf2/prod-options.c scan-assembler DW_AT_producer: "GNU C
FAIL: gcc.dg/darwin-minversion-1.c (test for excess errors)
FAIL: gcc.dg/darwin-minversion-2.c (test for excess errors)
FAIL: gcc.dg/darwin-version-1.c (test for excess errors)
FAIL: gcc.dg/framework-1.c (test for excess errors)
FAIL: gcc.dg/uninit-19.c (test for warnings, line 22)
FAIL: gcc.dg/uninit-19.c (test for excess errors)
FAIL: gcc.dg/graphite/scop-19.c scan-tree-dump-times graphite "number of SCoPs: 0" 1
UNRESOLVED: gcc.dg/lto/pr61526 c_lto_pr61526_0.o-c_lto_pr61526_1.o execute -fPIC -flto -flto-partition=1to1
FAIL: gcc.dg/lto/pr61526 c_lto_pr61526_0.o-c_lto_pr61526_1.o link, -fPIC -flto -flto-partition=1to1
FAIL: gcc.dg/lto/simd-function c_lto_simd-function_0.o assemble, -fopenmp-simd -O3 -ffast-math -mavx2 -flto -flto-partition=max
UNRESOLVED: gcc.dg/lto/simd-function c_lto_simd-function_0.o-c_lto_simd-function_0.o execute -fopenmp-simd -O3 -ffast-math -mavx2 -flto -flto-partition=max
UNRESOLVED: gcc.dg/lto/simd-function c_lto_simd-function_0.o-c_lto_simd-function_0.o link -fopenmp-simd -O3 -ffast-math -mavx2 -flto -flto-partition=max
FAIL: gcc.dg/pch/save-temps-1.c -O1 -I. -Dwith_PCH 1 blank line(s) in output
FAIL: gcc.dg/pch/save-temps-1.c -O1 -I. -Dwith_PCH (internal compiler error)
FAIL: gcc.dg/pch/save-temps-1.c -O1 -I. -Dwith_PCH (test for excess errors)
FAIL: gcc.dg/pch/save-temps-1.c -O1 assembly comparison
FAIL: gcc.dg/pch/save-temps-1.c -Os -I. -Dwith_PCH 1 blank line(s) in output
FAIL: gcc.dg/pch/save-temps-1.c -Os -I. -Dwith_PCH (internal compiler error)
FAIL: gcc.dg/pch/save-temps-1.c -Os -I. -Dwith_PCH (test for excess errors)
FAIL: gcc.dg/pch/save-temps-1.c -Os assembly comparison
FAIL: gcc.dg/torture/pr68264.c -O0 execution test
FAIL: gcc.dg/torture/pr68264.c -O1 execution test
FAIL: gcc.dg/torture/pr68264.c -O2 execution test
FAIL: gcc.dg/torture/pr68264.c -O2 -flto execution test
FAIL: gcc.dg/torture/pr68264.c -O2 -flto -flto-partition=none execution test
FAIL: gcc.dg/torture/pr68264.c -O3 -g execution test
FAIL: gcc.dg/torture/pr68264.c -Os execution test
FAIL: gcc.target/i386/iinline-attr-2.c scan-assembler p2align
FAIL: gcc.target/i386/memcpy-strategy-3.c scan-assembler-times memcpy 2
FAIL: gcc.target/i386/memset-strategy-1.c scan-assembler-times memset 2
FAIL: gcc.target/i386/pr32219-1.c scan-assembler movl[ \\t]xxx\\\\(%rip\\\\), %eax
FAIL: gcc.target/i386/pr32219-3.c scan-assembler movl[ \\t]xxx\\\\(%rip\\\\), %eax
FAIL: gcc.target/i386/pr32219-3.c scan-assembler-not xxx@GOTPCREL
FAIL: gcc.target/i386/pr32219-5.c scan-assembler movl[ \\t]xxx\\\\(%rip\\\\), %eax
FAIL: gcc.target/i386/pr32219-6.c scan-assembler xxx@GOTPCREL
FAIL: gcc.target/i386/pr32219-7.c scan-assembler movl[ \\t]xxx\\\\(%rip\\\\), %eax
FAIL: gcc.target/i386/pr32219-7.c scan-assembler-not xxx@GOTPCREL
FAIL: gcc.target/i386/pr39013-1.c scan-assembler bar@PLT
FAIL: gcc.target/i386/pr39013-1.c scan-assembler foo@PLT
FAIL: gcc.target/i386/pr39013-2.c scan-assembler bar@PLT
FAIL: gcc.target/i386/pr39013-2.c scan-assembler foo@PLT
FAIL: gcc.target/i386/pr49866.c (test for excess errors)
FAIL: gcc.target/i386/pr61599-1.c (test for excess errors)
UNRESOLVED: gcc.target/i386/pr61599-1.c compilation failed to produce executable
FAIL: gcc.target/i386/pr63538.c scan-assembler movabs
FAIL: gcc.target/x86_64/abi/avx/test_m256_returning.c compilation, -O0
FAIL: gcc.target/x86_64/abi/avx/test_m256_returning.c compilation, -O1
FAIL: gcc.target/x86_64/abi/avx/test_m256_returning.c compilation, -O2
FAIL: gcc.target/x86_64/abi/avx/test_m256_returning.c compilation, -O3 -g
FAIL: gcc.target/x86_64/abi/avx/test_m256_returning.c compilation, -Og -g
FAIL: gcc.target/x86_64/abi/avx/test_m256_returning.c compilation, -Os
UNRESOLVED: gcc.target/x86_64/abi/avx/test_m256_returning.c execution, -O0
UNRESOLVED: gcc.target/x86_64/abi/avx/test_m256_returning.c execution, -O1
UNRESOLVED: gcc.target/x86_64/abi/avx/test_m256_returning.c execution, -O2
UNRESOLVED: gcc.target/x86_64/abi/avx/test_m256_returning.c execution, -O3 -g
UNRESOLVED: gcc.target/x86_64/abi/avx/test_m256_returning.c execution, -Og -g
UNRESOLVED: gcc.target/x86_64/abi/avx/test_m256_returning.c execution, -Os
FAIL: gcc.target/x86_64/abi/avx/test_passing_m256.c compilation, -O0
FAIL: gcc.target/x86_64/abi/avx/test_passing_m256.c compilation, -O1
FAIL: gcc.target/x86_64/abi/avx/test_passing_m256.c compilation, -O2
FAIL: gcc.target/x86_64/abi/avx/test_passing_m256.c compilation, -O3 -fomit-frame-pointer -funroll-loops -fpeel-loops -ftracer -finline-functions
FAIL: gcc.target/x86_64/abi/avx/test_passing_m256.c compilation, -O3 -g
FAIL: gcc.target/x86_64/abi/avx/test_passing_m256.c compilation, -Og -g
FAIL: gcc.target/x86_64/abi/avx/test_passing_m256.c compilation, -Os
UNRESOLVED: gcc.target/x86_64/abi/avx/test_passing_m256.c execution, -O0
UNRESOLVED: gcc.target/x86_64/abi/avx/test_passing_m256.c execution, -O1
UNRESOLVED: gcc.target/x86_64/abi/avx/test_passing_m256.c execution, -O2
UNRESOLVED: gcc.target/x86_64/abi/avx/test_passing_m256.c execution, -O3 -fomit-frame-pointer -funroll-loops -fpeel-loops -ftracer -finline-functions
UNRESOLVED: gcc.target/x86_64/abi/avx/test_passing_m256.c execution, -O3 -g
UNRESOLVED: gcc.target/x86_64/abi/avx/test_passing_m256.c execution, -Og -g
UNRESOLVED: gcc.target/x86_64/abi/avx/test_passing_m256.c execution, -Os
FAIL: gcc.target/x86_64/abi/avx/test_passing_structs.c compilation, -O0
FAIL: gcc.target/x86_64/abi/avx/test_passing_structs.c compilation, -O1
FAIL: gcc.target/x86_64/abi/avx/test_passing_structs.c compilation, -O2
FAIL: gcc.target/x86_64/abi/avx/test_passing_structs.c compilation, -O3 -fomit-frame-pointer -funroll-loops -fpeel-loops -ftracer -finline-functions
FAIL: gcc.target/x86_64/abi/avx/test_passing_structs.c compilation, -O3 -g
FAIL: gcc.target/x86_64/abi/avx/test_passing_structs.c compilation, -Og -g
FAIL: gcc.target/x86_64/abi/avx/test_passing_structs.c compilation, -Os
UNRESOLVED: gcc.target/x86_64/abi/avx/test_passing_structs.c execution, -O0
UNRESOLVED: gcc.target/x86_64/abi/avx/test_passing_structs.c execution, -O1
UNRESOLVED: gcc.target/x86_64/abi/avx/test_passing_structs.c execution, -O2
UNRESOLVED: gcc.target/x86_64/abi/avx/test_passing_structs.c execution, -O3 -fomit-frame-pointer -funroll-loops -fpeel-loops -ftracer -finline-functions
UNRESOLVED: gcc.target/x86_64/abi/avx/test_passing_structs.c execution, -O3 -g
UNRESOLVED: gcc.target/x86_64/abi/avx/test_passing_structs.c execution, -Og -g
UNRESOLVED: gcc.target/x86_64/abi/avx/test_passing_structs.c execution, -Os
FAIL: gcc.target/x86_64/abi/avx/test_passing_unions.c compilation, -O0
FAIL: gcc.target/x86_64/abi/avx/test_passing_unions.c compilation, -O1
FAIL: gcc.target/x86_64/abi/avx/test_passing_unions.c compilation, -O2
FAIL: gcc.target/x86_64/abi/avx/test_passing_unions.c compilation, -O3 -fomit-frame-pointer -funroll-loops -fpeel-loops -ftracer -finline-functions
FAIL: gcc.target/x86_64/abi/avx/test_passing_unions.c compilation, -O3 -g
FAIL: gcc.target/x86_64/abi/avx/test_passing_unions.c compilation, -Og -g
FAIL: gcc.target/x86_64/abi/avx/test_passing_unions.c compilation, -Os
UNRESOLVED: gcc.target/x86_64/abi/avx/test_passing_unions.c execution, -O0
UNRESOLVED: gcc.target/x86_64/abi/avx/test_passing_unions.c execution, -O1
UNRESOLVED: gcc.target/x86_64/abi/avx/test_passing_unions.c execution, -O2
UNRESOLVED: gcc.target/x86_64/abi/avx/test_passing_unions.c execution, -O3 -fomit-frame-pointer -funroll-loops -fpeel-loops -ftracer -finline-functions
UNRESOLVED: gcc.target/x86_64/abi/avx/test_passing_unions.c execution, -O3 -g
UNRESOLVED: gcc.target/x86_64/abi/avx/test_passing_unions.c execution, -Og -g
UNRESOLVED: gcc.target/x86_64/abi/avx/test_passing_unions.c execution, -Os
=== gcc Summary for unix/-m64 ===
# of expected passes 107562
# of unexpected failures 78
# of expected failures 315
# of unresolved testcases 31
# of unsupported tests 3010
=== gcc Summary ===
# of expected passes 214126
# of unexpected failures 134
# of unexpected successes 1
# of expected failures 637
# of unresolved testcases 34
# of unsupported tests 5928
/opt/gcc/build_c/gcc/xgcc version 6.0.0 20160406 (experimental) [trunk revision 234794] (GCC)
=== gfortran tests ===
Running target unix/-m32
=== gfortran Summary for unix/-m32 ===
# of expected passes 41802
# of expected failures 71
# of unsupported tests 158
Running target unix/-m64
=== gfortran Summary for unix/-m64 ===
# of expected passes 42019
# of expected failures 71
# of unsupported tests 55
=== gfortran Summary ===
# of expected passes 83821
# of expected failures 142
# of unsupported tests 213
/opt/gcc/build_c/gcc/testsuite/gfortran/../../gfortran version 6.0.0 20160406 (experimental) [trunk revision 234794] (GCC)
=== gnat tests ===
Running target unix/-m32
=== gnat Summary for unix/-m32 ===
# of expected passes 2498
# of expected failures 22
# of unsupported tests 5
Running target unix/-m64
=== gnat Summary for unix/-m64 ===
# of expected passes 2498
# of expected failures 22
# of unsupported tests 5
=== gnat Summary ===
# of expected passes 4996
# of expected failures 44
# of unsupported tests 10
/opt/gcc/build_c/gcc/gnatmake version 6.0.0 20160406 (experimental) [trunk revision 234794]
=== obj-c++ tests ===
Running target unix/-m32
FAIL: obj-c++.dg/cxx-ivars-3.mm -fnext-runtime 1 blank line(s) in output
FAIL: obj-c++.dg/cxx-ivars-3.mm -fnext-runtime (test for excess errors)
FAIL: obj-c++.dg/cxx-ivars-3.mm -fnext-runtime execution test
FAIL: obj-c++.dg/gnu-api-2-objc.mm -fnext-runtime execution test
FAIL: obj-c++.dg/plugin/diagnostic-test-expressions-1.mm -fplugin=./diagnostic_plugin_test_tree_expression_range.so (test for warnings, line 60)
FAIL: obj-c++.dg/plugin/diagnostic-test-expressions-1.mm -fplugin=./diagnostic_plugin_test_tree_expression_range.so expected multiline pattern lines 62-63 not found: " __emit_expression_range \\( 0, @selector\\(func0\\) \\);.*\\n \\^~~~~~~~~~~~~~~~\\n"
FAIL: obj-c++.dg/plugin/diagnostic-test-expressions-1.mm -fplugin=./diagnostic_plugin_test_tree_expression_range.so (test for excess errors)
=== obj-c++ Summary for unix/-m32 ===
# of expected passes 3117
# of unexpected failures 7
# of expected failures 2
# of unsupported tests 62
Running target unix/-m64
FAIL: obj-c++.dg/cxx-ivars-3.mm -fnext-runtime (test for excess errors)
FAIL: obj-c++.dg/gnu-api-2-objc.mm -fnext-runtime execution test
FAIL: obj-c++.dg/isa-field-1.mm -fnext-runtime (test for excess errors)
FAIL: obj-c++.dg/try-catch-2.mm -fnext-runtime execution test
FAIL: obj-c++.dg/try-catch-9.mm -fnext-runtime execution test
FAIL: obj-c++.dg/plugin/diagnostic-test-expressions-1.mm -fplugin=./diagnostic_plugin_test_tree_expression_range.so (test for warnings, line 60)
FAIL: obj-c++.dg/plugin/diagnostic-test-expressions-1.mm -fplugin=./diagnostic_plugin_test_tree_expression_range.so (test for warnings, line 68)
FAIL: obj-c++.dg/plugin/diagnostic-test-expressions-1.mm -fplugin=./diagnostic_plugin_test_tree_expression_range.so expected multiline pattern lines 62-63 not found: " __emit_expression_range \\( 0, @selector\\(func0\\) \\);.*\\n \\^~~~~~~~~~~~~~~~\\n"
FAIL: obj-c++.dg/plugin/diagnostic-test-expressions-1.mm -fplugin=./diagnostic_plugin_test_tree_expression_range.so expected multiline pattern lines 70-71 not found: " __emit_expression_range \\( 0, @protocol\\(prot\\) \\);.*\\n \\^~~~~~~~~~~~~~~\\n"
FAIL: obj-c++.dg/plugin/diagnostic-test-expressions-1.mm -fplugin=./diagnostic_plugin_test_tree_expression_range.so (test for excess errors)
=== obj-c++ Summary for unix/-m64 ===
# of expected passes 3054
# of unexpected failures 10
# of expected failures 19
# of unsupported tests 68
=== obj-c++ Summary ===
# of expected passes 6171
# of unexpected failures 17
# of expected failures 21
# of unsupported tests 130
/opt/gcc/build_c/gcc/testsuite/obj-c++/../../xg++ version 6.0.0 20160406 (experimental) [trunk revision 234794] (GCC)
=== objc tests ===
Running target unix/-m32
FAIL: objc.dg/call-super-2.m -fnext-runtime (test for warnings, line 104)
FAIL: objc.dg/call-super-2.m -fnext-runtime (test for warnings, line 74)
FAIL: objc.dg/gnu-api-2-objc.m -fnext-runtime execution test
FAIL: objc.dg/ivar-scope-4.m -fnext-runtime execution test
FAIL: objc.dg/plugin/diagnostic-test-expressions-1.m -fplugin=./diagnostic_plugin_test_tree_expression_range.so (test for warnings, line 60)
FAIL: objc.dg/plugin/diagnostic-test-expressions-1.m -fplugin=./diagnostic_plugin_test_tree_expression_range.so expected multiline pattern lines 62-63 not found: " __emit_expression_range \\( 0, @selector\\(func0\\) \\);.*\\n \\^~~~~~~~~~~~~~~~\\n"
FAIL: objc.dg/plugin/diagnostic-test-expressions-1.m -fplugin=./diagnostic_plugin_test_tree_expression_range.so (test for excess errors)
=== objc Summary for unix/-m32 ===
# of expected passes 5647
# of unexpected failures 7
# of expected failures 6
# of unsupported tests 81
Running target unix/-m64
FAIL: objc.dg/call-super-2.m -fnext-runtime (test for warnings, line 104)
FAIL: objc.dg/call-super-2.m -fnext-runtime (test for warnings, line 74)
FAIL: objc.dg/category-1.m -fnext-runtime execution test
FAIL: objc.dg/exceptions-2.m -fnext-runtime execution test
FAIL: objc.dg/gnu-api-2-objc.m -fnext-runtime execution test
FAIL: objc.dg/isa-field-1.m -fnext-runtime (test for excess errors)
FAIL: objc.dg/super-class-3.m -fnext-runtime execution test
FAIL: objc.dg/plugin/diagnostic-test-expressions-1.m -fplugin=./diagnostic_plugin_test_tree_expression_range.so (test for warnings, line 60)
FAIL: objc.dg/plugin/diagnostic-test-expressions-1.m -fplugin=./diagnostic_plugin_test_tree_expression_range.so (test for warnings, line 68)
FAIL: objc.dg/plugin/diagnostic-test-expressions-1.m -fplugin=./diagnostic_plugin_test_tree_expression_range.so expected multiline pattern lines 62-63 not found: " __emit_expression_range \\( 0, @selector\\(func0\\) \\);.*\\n \\^~~~~~~~~~~~~~~~\\n"
FAIL: objc.dg/plugin/diagnostic-test-expressions-1.m -fplugin=./diagnostic_plugin_test_tree_expression_range.so expected multiline pattern lines 70-71 not found: " __emit_expression_range \\( 0, @protocol\\(prot\\) \\);.*\\n ~~~~~~~~~~~~~~~\\n"
FAIL: objc.dg/plugin/diagnostic-test-expressions-1.m -fplugin=./diagnostic_plugin_test_tree_expression_range.so (test for excess errors)
FAIL: objc.dg/torture/forward-1.m -O0 -fnext-runtime execution test
FAIL: objc.dg/torture/forward-1.m -O1 -fnext-runtime execution test
FAIL: objc.dg/torture/forward-1.m -O2 -fnext-runtime execution test
FAIL: objc.dg/torture/forward-1.m -O2 -flto -fnext-runtime execution test
FAIL: objc.dg/torture/forward-1.m -O2 -flto -flto-partition=none -fnext-runtime execution test
FAIL: objc.dg/torture/forward-1.m -O3 -fomit-frame-pointer -funroll-loops -fpeel-loops -ftracer -finline-functions -fnext-runtime execution test
FAIL: objc.dg/torture/forward-1.m -O3 -g -fnext-runtime execution test
FAIL: objc.dg/torture/forward-1.m -Os -fnext-runtime execution test
=== objc Summary for unix/-m64 ===
# of expected passes 5500
# of unexpected failures 20
# of expected failures 6
# of unsupported tests 87
=== objc Summary ===
# of expected passes 11147
# of unexpected failures 27
# of expected failures 12
# of unsupported tests 168
/opt/gcc/build_c/gcc/xgcc version 6.0.0 20160406 (experimental) [trunk revision 234794] (GCC)
=== boehm-gc tests ===
Running target unix/-m32
WARNING: program timed out.
FAIL: boehm-gc.c/gctest.c -O2 execution test
FAIL: boehm-gc.c/thread_leak_test.c -O2 execution test
FAIL: boehm-gc.lib/staticrootstest.c -O2 execution test
=== boehm-gc Summary for unix/-m32 ===
# of expected passes 9
# of unexpected failures 3
# of unsupported tests 1
Running target unix/-m64
WARNING: program timed out.
FAIL: boehm-gc.c/gctest.c -O2 execution test
FAIL: boehm-gc.c/thread_leak_test.c -O2 execution test
FAIL: boehm-gc.lib/staticrootstest.c -O2 execution test
=== boehm-gc Summary for unix/-m64 ===
# of expected passes 9
# of unexpected failures 3
# of unsupported tests 1
=== boehm-gc Summary ===
# of expected passes 18
# of unexpected failures 6
# of unsupported tests 2
=== libatomic tests ===
Running target unix/-m32
=== libatomic Summary for unix/-m32 ===
# of expected passes 44
# of unsupported tests 5
Running target unix/-m64
=== libatomic Summary for unix/-m64 ===
# of expected passes 54
=== libatomic Summary ===
# of expected passes 98
# of unsupported tests 5
=== libffi tests ===
Running target unix/-m32
=== libffi Summary for unix/-m32 ===
# of expected passes 1914
# of unsupported tests 30
Running target unix/-m64
=== libffi Summary for unix/-m64 ===
# of expected passes 1914
# of unsupported tests 30
=== libffi Summary ===
# of expected passes 3828
# of unsupported tests 60
=== libgomp tests ===
Running target unix/-m32
=== libgomp Summary for unix/-m32 ===
# of expected passes 4890
# of unsupported tests 322
Running target unix/-m64
=== libgomp Summary for unix/-m64 ===
# of expected passes 4890
# of unsupported tests 322
=== libgomp Summary ===
# of expected passes 9780
# of unsupported tests 644
=== libitm tests ===
Running target unix/-m32
=== libitm Summary for unix/-m32 ===
# of expected passes 40
# of expected failures 3
# of unsupported tests 2
Running target unix/-m64
=== libitm Summary for unix/-m64 ===
# of expected passes 40
# of expected failures 3
# of unsupported tests 2
=== libitm Summary ===
# of expected passes 80
# of expected failures 6
# of unsupported tests 4
=== libjava tests ===
Running target unix/-m32
WARNING: program timed out.
FAIL: TestClosureGC run
WARNING: program timed out.
FAIL: libjava.jar/TestClosureGC.jar execution - gij test
WARNING: program timed out.
FAIL: FileHandleGcTest execution - source compiled test
WARNING: program timed out.
FAIL: FileHandleGcTest -findirect-dispatch execution - source compiled test
WARNING: program timed out.
FAIL: FileHandleGcTest -O3 execution - source compiled test
WARNING: program timed out.
FAIL: FileHandleGcTest -O3 -findirect-dispatch execution - source compiled test
WARNING: program timed out.
FAIL: PR18699 execution - source compiled test
WARNING: program timed out.
FAIL: PR18699 -findirect-dispatch execution - source compiled test
WARNING: program timed out.
FAIL: PR18699 -O3 execution - source compiled test
WARNING: program timed out.
FAIL: PR18699 -O3 -findirect-dispatch execution - source compiled test
WARNING: program timed out.
FAIL: PR36252 execution - source compiled test
WARNING: program timed out.
FAIL: PR36252 -findirect-dispatch execution - source compiled test
WARNING: program timed out.
FAIL: PR36252 -O3 execution - source compiled test
WARNING: program timed out.
FAIL: PR36252 -O3 -findirect-dispatch execution - source compiled test
WARNING: program timed out.
FAIL: md5test execution - source compiled test
WARNING: program timed out.
FAIL: md5test -findirect-dispatch execution - source compiled test
WARNING: program timed out.
FAIL: md5test -O3 execution - source compiled test
WARNING: program timed out.
FAIL: md5test -O3 -findirect-dispatch execution - source compiled test
WARNING: program timed out.
FAIL: TestEarlyGC execution - source compiled test
WARNING: program timed out.
FAIL: TestLeak execution - source compiled test
=== libjava Summary for unix/-m32 ===
# of expected passes 2543
# of unexpected failures 20
# of expected failures 4
# of untested testcases 20
Running target unix/-m64
WARNING: program timed out.
FAIL: TestClosureGC run
WARNING: program timed out.
FAIL: libjava.jar/TestClosureGC.jar execution - gij test
WARNING: program timed out.
FAIL: FileHandleGcTest execution - source compiled test
WARNING: program timed out.
FAIL: FileHandleGcTest -findirect-dispatch execution - source compiled test
WARNING: program timed out.
FAIL: FileHandleGcTest -O3 execution - source compiled test
WARNING: program timed out.
FAIL: FileHandleGcTest -O3 -findirect-dispatch execution - source compiled test
WARNING: program timed out.
FAIL: PR18699 execution - source compiled test
WARNING: program timed out.
FAIL: PR18699 -findirect-dispatch execution - source compiled test
WARNING: program timed out.
FAIL: PR18699 -O3 execution - source compiled test
WARNING: program timed out.
FAIL: PR18699 -O3 -findirect-dispatch execution - source compiled test
WARNING: program timed out.
FAIL: PR36252 execution - source compiled test
WARNING: program timed out.
FAIL: PR36252 -findirect-dispatch execution - source compiled test
WARNING: program timed out.
FAIL: PR36252 -O3 execution - source compiled test
WARNING: program timed out.
FAIL: PR36252 -O3 -findirect-dispatch execution - source compiled test
FAIL: Throw_2 execution - source compiled test
FAIL: Throw_2 -findirect-dispatch execution - source compiled test
FAIL: Throw_2 -O3 execution - source compiled test
FAIL: Throw_2 -O3 -findirect-dispatch execution - source compiled test
WARNING: program timed out.
FAIL: TestEarlyGC execution - source compiled test
WARNING: program timed out.
FAIL: TestLeak execution - source compiled test
=== libjava Summary for unix/-m64 ===
# of expected passes 2543
# of unexpected failures 20
# of expected failures 4
# of untested testcases 20
=== libjava Summary ===
# of expected passes 5086
# of unexpected failures 40
# of expected failures 8
# of untested testcases 40
=== libstdc++ tests ===
Running target unix/-m32
=== libstdc++ Summary for unix/-m32 ===
# of expected passes 9992
# of expected failures 67
# of unsupported tests 650
Running target unix/-m64
=== libstdc++ Summary for unix/-m64 ===
# of expected passes 9990
# of expected failures 67
# of unsupported tests 651
=== libstdc++ Summary ===
# of expected passes 19982
# of expected failures 134
# of unsupported tests 1301
Compiler version: 6.0.0 20160406 (experimental) [trunk revision 234794] (GCC)
Platform: x86_64-apple-darwin15.4.0
configure flags: --prefix=/opt/gcc/gcc6c --enable-languages=c,c++,fortran,objc,obj-c++,ada,java,lto --with-gmp=/opt/mp-new --with-system-zlib --with-isl=/opt/mp-new --enable-lto --enable-plugin
More information about the Gcc-testresults
mailing list