Results for 6.0.0 20150925 (experimental) [trunk revision 228112] (GCC) testsuite on sparc-sun-solaris2.12
Rainer Orth
ro@CeBiTec.Uni-Bielefeld.DE
Sat Sep 26 13:49:00 GMT 2015
LAST_UPDATED: Fri Sep 25 11:00:48 UTC 2015 (revision 228112)
=== acats tests ===
=== acats Summary ===
# of expected passes 2320
# of unexpected failures 0
Native configuration is sparc-sun-solaris2.12
=== g++ tests ===
Running target unix
FAIL: g++.dg/tree-ssa/pr61034.C -std=gnu++11 scan-tree-dump-times fre2 "free" 10
FAIL: g++.dg/tree-ssa/pr61034.C -std=gnu++14 scan-tree-dump-times fre2 "free" 10
FAIL: g++.dg/tree-ssa/pr61034.C -std=gnu++98 scan-tree-dump-times fre2 "free" 10
=== g++ Summary for unix ===
# of expected passes 83530
# of unexpected failures 3
# of expected failures 282
# of unsupported tests 3618
Running target unix/-m64
FAIL: g++.dg/tree-ssa/pr61034.C -std=gnu++11 scan-tree-dump-times fre2 "free" 10
FAIL: g++.dg/tree-ssa/pr61034.C -std=gnu++14 scan-tree-dump-times fre2 "free" 10
FAIL: g++.dg/tree-ssa/pr61034.C -std=gnu++98 scan-tree-dump-times fre2 "free" 10
=== g++ Summary for unix/-m64 ===
# of expected passes 85402
# of unexpected failures 3
# of expected failures 282
# of unsupported tests 3595
=== g++ Summary ===
# of expected passes 168932
# of unexpected failures 6
# of expected failures 564
# of unsupported tests 7213
/var/gcc/regression/trunk/12-gcc-gas/build/gcc/testsuite/g++/../../xg++ version 6.0.0 20150925 (experimental) [trunk revision 228112] (GCC)
=== gcc tests ===
Running target unix
FAIL: gcc.c-torture/execute/20071216-1.c -O1 execution test
FAIL: gcc.c-torture/execute/20071216-1.c -Os execution test
FAIL: gcc.dg/atomic/c11-atomic-exec-3.c -O3 -g (test for excess errors)
WARNING: gcc.dg/atomic/c11-atomic-exec-3.c -O3 -g compilation failed to produce executable
WARNING: program timed out.
FAIL: gcc.dg/debug/dwarf2/stacked-qualified-types-3.c scan-assembler-times DIE \\\\([^\\n]*\\\\) DW_TAG_(?:const|volatile|atomic|restrict)_type 8
FAIL: gcc.dg/simulate-thread/atomic-other-int.c -O2 -g thread simulation test
FAIL: gcc.dg/simulate-thread/atomic-other-int.c -O3 -g thread simulation test
FAIL: gcc.dg/simulate-thread/speculative-store-4.c -O0 -g thread simulation test
FAIL: gcc.dg/simulate-thread/speculative-store-4.c -O2 -g thread simulation test
FAIL: gcc.dg/simulate-thread/speculative-store-4.c -O3 -g thread simulation test
FAIL: gcc.dg/simulate-thread/speculative-store.c -O0 -g thread simulation test
FAIL: gcc.dg/vect/pr20122.c -flto -ffat-lto-objects scan-tree-dump-times vect "Alignment of access forced using versioning" 2
FAIL: gcc.dg/vect/pr20122.c scan-tree-dump-times vect "Alignment of access forced using versioning" 2
=== gcc Summary for unix ===
# of expected passes 82605
# of unexpected failures 12
# of expected failures 339
# of unsupported tests 1980
Running target unix/-m64
FAIL: gcc.dg/atomic/c11-atomic-exec-5.c -O3 -g execution test
WARNING: program timed out.
FAIL: gcc.dg/debug/dwarf2/stacked-qualified-types-3.c scan-assembler-times DIE \\\\([^\\n]*\\\\) DW_TAG_(?:const|volatile|atomic|restrict)_type 8
FAIL: gcc.dg/vect/pr20122.c -flto -ffat-lto-objects scan-tree-dump-times vect "Alignment of access forced using versioning" 2
FAIL: gcc.dg/vect/pr20122.c scan-tree-dump-times vect "Alignment of access forced using versioning" 2
=== gcc Summary for unix/-m64 ===
# of expected passes 83409
# of unexpected failures 4
# of expected failures 326
# of unsupported tests 1907
=== gcc Summary ===
# of expected passes 166014
# of unexpected failures 16
# of expected failures 665
# of unsupported tests 3887
/var/gcc/regression/trunk/12-gcc-gas/build/gcc/xgcc version 6.0.0 20150925 (experimental) [trunk revision 228112] (GCC)
=== gfortran tests ===
Running target unix
FAIL: gfortran.dg/large_real_kind_2.F90 -O0 execution test
FAIL: gfortran.dg/norm2_3.f90 -O0 execution test
FAIL: gfortran.dg/norm2_3.f90 -O1 execution test
FAIL: gfortran.dg/norm2_3.f90 -O2 execution test
FAIL: gfortran.dg/norm2_3.f90 -O3 -fomit-frame-pointer -funroll-loops -fpeel-loops -ftracer -finline-functions execution test
FAIL: gfortran.dg/norm2_3.f90 -O3 -g execution test
FAIL: gfortran.dg/norm2_3.f90 -Os execution test
XPASS: gfortran.dg/graphite/pr14741.f90 -O scan-tree-dump-times graphite "number of SCoPs: 1" 1
=== gfortran Summary for unix ===
# of expected passes 40380
# of unexpected failures 7
# of unexpected successes 1
# of expected failures 76
# of unsupported tests 225
Running target unix/-m64
FAIL: gfortran.dg/large_real_kind_2.F90 -O0 execution test
FAIL: gfortran.dg/norm2_3.f90 -O0 execution test
FAIL: gfortran.dg/norm2_3.f90 -O1 execution test
FAIL: gfortran.dg/norm2_3.f90 -O2 execution test
FAIL: gfortran.dg/norm2_3.f90 -O3 -fomit-frame-pointer -funroll-loops -fpeel-loops -ftracer -finline-functions execution test
FAIL: gfortran.dg/norm2_3.f90 -O3 -g execution test
FAIL: gfortran.dg/norm2_3.f90 -Os execution test
XPASS: gfortran.dg/graphite/pr14741.f90 -O scan-tree-dump-times graphite "number of SCoPs: 1" 1
=== gfortran Summary for unix/-m64 ===
# of expected passes 40627
# of unexpected failures 7
# of unexpected successes 1
# of expected failures 76
# of unsupported tests 104
=== gfortran Summary ===
# of expected passes 81007
# of unexpected failures 14
# of unexpected successes 2
# of expected failures 152
# of unsupported tests 329
/var/gcc/regression/trunk/12-gcc-gas/build/gcc/testsuite/gfortran/../../gfortran version 6.0.0 20150925 (experimental) [trunk revision 228112] (GCC)
=== gnat tests ===
Running target unix
=== gnat Summary for unix ===
# of expected passes 1366
# of expected failures 21
# of unsupported tests 18
Running target unix/-m64
=== gnat Summary for unix/-m64 ===
# of expected passes 1366
# of expected failures 21
# of unsupported tests 18
=== gnat Summary ===
# of expected passes 2732
# of expected failures 42
# of unsupported tests 36
/var/gcc/regression/trunk/12-gcc-gas/build/gcc/gnatmake version 6.0.0 20150925 (experimental) [trunk revision 228112]
=== go tests ===
Running target unix
=== go Summary for unix ===
# of expected passes 7360
# of expected failures 1
# of untested testcases 11
# of unsupported tests 3
Running target unix/-m64
=== go Summary for unix/-m64 ===
# of expected passes 7240
# of expected failures 1
# of untested testcases 11
# of unsupported tests 3
=== go Summary ===
# of expected passes 14600
# of expected failures 2
# of untested testcases 22
# of unsupported tests 6
=== obj-c++ tests ===
Running target unix
=== obj-c++ Summary for unix ===
# of expected passes 1439
# of expected failures 2
# of unsupported tests 77
Running target unix/-m64
=== obj-c++ Summary for unix/-m64 ===
# of expected passes 1431
# of expected failures 10
# of unsupported tests 77
=== obj-c++ Summary ===
# of expected passes 2870
# of expected failures 12
# of unsupported tests 154
/var/gcc/regression/trunk/12-gcc-gas/build/gcc/testsuite/obj-c++/../../xg++ version 6.0.0 20150925 (experimental) [trunk revision 228112] (GCC)
=== objc tests ===
Running target unix
=== objc Summary for unix ===
# of expected passes 2772
# of unsupported tests 68
Running target unix/-m64
=== objc Summary for unix/-m64 ===
# of expected passes 2772
# of unsupported tests 68
=== objc Summary ===
# of expected passes 5544
# of unsupported tests 136
/var/gcc/regression/trunk/12-gcc-gas/build/gcc/xgcc version 6.0.0 20150925 (experimental) [trunk revision 228112] (GCC)
=== boehm-gc tests ===
Running target unix
=== boehm-gc Summary for unix ===
# of expected passes 12
# of unsupported tests 1
Running target unix/-m64
=== boehm-gc Summary for unix/-m64 ===
# of expected passes 12
# of unsupported tests 1
=== boehm-gc Summary ===
# of expected passes 24
# of unsupported tests 2
=== libatomic tests ===
Running target unix
=== libatomic Summary for unix ===
# of expected passes 44
# of unsupported tests 5
Running target unix/-m64
=== libatomic Summary for unix/-m64 ===
# of expected passes 54
=== libatomic Summary ===
# of expected passes 98
# of unsupported tests 5
=== libffi tests ===
Running target unix
=== libffi Summary for unix ===
# of expected passes 1914
# of unsupported tests 30
Running target unix/-m64
=== libffi Summary for unix/-m64 ===
# of expected passes 1914
# of unsupported tests 30
=== libffi Summary ===
# of expected passes 3828
# of unsupported tests 60
=== libgo tests ===
Running target unix
FAIL: reflect
=== libgo Summary for unix ===
# of expected passes 123
# of unexpected failures 1
Running target unix/-m64
FAIL: runtime
FAIL: time
=== libgo Summary for unix/-m64 ===
# of expected passes 122
# of unexpected failures 2
=== libgo Summary ===
# of expected passes 245
# of unexpected failures 3
/var/gcc/regression/trunk/12-gcc-gas/build/./gcc/gccgo version 6.0.0 20150925 (experimental) [trunk revision 228112] (GCC)
=== libgomp tests ===
Running target unix
=== libgomp Summary for unix ===
# of expected passes 4081
# of expected failures 4
# of unsupported tests 241
Running target unix/-m64
=== libgomp Summary for unix/-m64 ===
# of expected passes 4081
# of expected failures 4
# of unsupported tests 241
=== libgomp Summary ===
# of expected passes 8162
# of expected failures 8
# of unsupported tests 482
=== libitm tests ===
Running target unix
=== libitm Summary for unix ===
# of expected passes 26
# of expected failures 3
# of unsupported tests 1
Running target unix/-m64
=== libitm Summary for unix/-m64 ===
# of expected passes 26
# of expected failures 3
# of unsupported tests 1
=== libitm Summary ===
# of expected passes 52
# of expected failures 6
# of unsupported tests 2
=== libjava tests ===
Running target unix
WARNING: program timed out.
FAIL: nested_with_ctor -findirect-dispatch compilation from source
=== libjava Summary for unix ===
# of expected passes 2579
# of unexpected failures 1
# of expected failures 4
# of untested testcases 2
Running target unix/-m64
=== libjava Summary for unix/-m64 ===
# of expected passes 2582
# of expected failures 4
=== libjava Summary ===
# of expected passes 5161
# of unexpected failures 1
# of expected failures 8
# of untested testcases 2
=== libstdc++ tests ===
Running target unix
FAIL: libstdc++-abi/abi_check
FAIL: experimental/filesystem/iterators/recursive_directory_iterator.cc execution test
FAIL: ext/pb_ds/regression/tree_set_rand.cc (test for excess errors)
WARNING: ext/pb_ds/regression/tree_set_rand.cc compilation failed to produce executable
WARNING: program timed out.
=== libstdc++ Summary for unix ===
# of expected passes 9785
# of unexpected failures 3
# of expected failures 67
# of unsupported tests 614
Running target unix/-m64
FAIL: libstdc++-abi/abi_check
FAIL: 25_algorithms/unique/moveable.cc (test for excess errors)
WARNING: 25_algorithms/unique/moveable.cc compilation failed to produce executable
FAIL: ext/pb_ds/regression/tree_set_rand.cc (test for excess errors)
WARNING: ext/pb_ds/regression/tree_set_rand.cc compilation failed to produce executable
WARNING: program timed out.
WARNING: program timed out.
=== libstdc++ Summary for unix/-m64 ===
# of expected passes 9784
# of unexpected failures 3
# of expected failures 67
# of unsupported tests 614
=== libstdc++ Summary ===
# of expected passes 19569
# of unexpected failures 6
# of expected failures 134
# of unsupported tests 1228
Compiler version: 6.0.0 20150925 (experimental) [trunk revision 228112] (GCC)
Platform: sparc-sun-solaris2.12
configure flags: --prefix=/vol/gcc --target=sparc-sun-solaris2.12 --enable-objc-gc --with-as=/vol/gcc/bin/gas-2.25 --with-gnu-as --with-gmp-include=/vol/gcc/include --with-gmp-lib=/vol/gcc/lib --with-mpfr-include=/vol/gcc/include --with-mpfr-lib=/vol/gcc/lib --with-mpc-include=/vol/gcc/include --with-mpc-lib=/vol/gcc/lib --enable-languages=all,ada,obj-c++,go --with-isl-include=/vol/gcc/include --with-isl-lib=/vol/gcc/lib --with-cloog-include=/vol/gcc/include --with-cloog-lib=/vol/gcc/lib --enable-cloog-backend=isl
BOOT_CFLAGS=-g -O2
More information about the Gcc-testresults
mailing list