Results for 6.0.0 20150912 (experimental) [trunk revision 227705] (GCC) testsuite on x86_64-apple-darwin10.8.0
Dominique Dhumieres
dominiq@lps.ens.fr
Sun Sep 13 10:10:00 GMT 2015
LAST_UPDATED: Updated Sat Sep 12 15:54:29 CEST 2015 to revision 227705.
=== acats tests ===
=== acats Summary ===
# of expected passes 2320
# of unexpected failures 0
Native configuration is x86_64-apple-darwin10.8.0
=== g++ tests ===
Running target unix/-m32
FAIL: g++.dg/debug/dwarf2/imported-decl-2.C -std=gnu++11 scan-assembler-times ascii "AAAA\\\\\\\\0".*ascii "BBBB\\\\\\\\0".*DIE .0x[0-9a-f]*. DW_TAG_imported_declaration 1
FAIL: g++.dg/debug/dwarf2/imported-decl-2.C -std=gnu++14 scan-assembler-times ascii "AAAA\\\\\\\\0".*ascii "BBBB\\\\\\\\0".*DIE .0x[0-9a-f]*. DW_TAG_imported_declaration 1
FAIL: g++.dg/debug/dwarf2/imported-decl-2.C -std=gnu++98 scan-assembler-times ascii "AAAA\\\\\\\\0".*ascii "BBBB\\\\\\\\0".*DIE .0x[0-9a-f]*. DW_TAG_imported_declaration 1
FAIL: g++.dg/debug/dwarf2/pubnames-1.C -std=gnu++11 scan-assembler-times "y::y_x[^\\n]*external name 1
FAIL: g++.dg/debug/dwarf2/pubnames-1.C -std=gnu++14 scan-assembler-times "y::y_x[^\\n]*external name 1
FAIL: g++.dg/debug/dwarf2/pubnames-1.C -std=gnu++98 scan-assembler-times "y::y_x[^\\n]*external name 1
FAIL: g++.dg/ext/sync-4.C -std=gnu++11 execution test
FAIL: g++.dg/ext/sync-4.C -std=gnu++14 execution test
FAIL: g++.dg/ext/sync-4.C -std=gnu++98 execution test
UNRESOLVED: g++.dg/lto/pr65276 cp_lto_pr65276_0.o-cp_lto_pr65276_1.o execute -flto -O0 -std=c++11
FAIL: g++.dg/lto/pr65276 cp_lto_pr65276_0.o-cp_lto_pr65276_1.o link, -flto -O0 -std=c++11
FAIL: g++.dg/pch/system-2.C -O2 -g assembly comparison
=== g++ Summary for unix/-m32 ===
# of expected passes 90416
# of unexpected failures 11
# of expected failures 331
# of unresolved testcases 1
# of unsupported tests 3597
Running target unix/-m64
FAIL: g++.dg/debug/dwarf2/imported-decl-2.C -std=gnu++11 scan-assembler-times ascii "AAAA\\\\\\\\0".*ascii "BBBB\\\\\\\\0".*DIE .0x[0-9a-f]*. DW_TAG_imported_declaration 1
FAIL: g++.dg/debug/dwarf2/imported-decl-2.C -std=gnu++14 scan-assembler-times ascii "AAAA\\\\\\\\0".*ascii "BBBB\\\\\\\\0".*DIE .0x[0-9a-f]*. DW_TAG_imported_declaration 1
FAIL: g++.dg/debug/dwarf2/imported-decl-2.C -std=gnu++98 scan-assembler-times ascii "AAAA\\\\\\\\0".*ascii "BBBB\\\\\\\\0".*DIE .0x[0-9a-f]*. DW_TAG_imported_declaration 1
FAIL: g++.dg/debug/dwarf2/pubnames-1.C -std=gnu++11 scan-assembler-times "y::y_x[^\\n]*external name 1
FAIL: g++.dg/debug/dwarf2/pubnames-1.C -std=gnu++14 scan-assembler-times "y::y_x[^\\n]*external name 1
FAIL: g++.dg/debug/dwarf2/pubnames-1.C -std=gnu++98 scan-assembler-times "y::y_x[^\\n]*external name 1
FAIL: g++.dg/ext/sync-4.C -std=gnu++11 execution test
FAIL: g++.dg/ext/sync-4.C -std=gnu++14 execution test
FAIL: g++.dg/ext/sync-4.C -std=gnu++98 execution test
UNRESOLVED: g++.dg/lto/pr65276 cp_lto_pr65276_0.o-cp_lto_pr65276_1.o execute -flto -O0 -std=c++11
FAIL: g++.dg/lto/pr65276 cp_lto_pr65276_0.o-cp_lto_pr65276_1.o link, -flto -O0 -std=c++11
FAIL: g++.dg/pch/system-2.C -O2 -g assembly comparison
=== g++ Summary for unix/-m64 ===
# of expected passes 91842
# of unexpected failures 11
# of expected failures 331
# of unresolved testcases 1
# of unsupported tests 3819
=== g++ Summary ===
# of expected passes 182258
# of unexpected failures 22
# of expected failures 662
# of unresolved testcases 2
# of unsupported tests 7416
/opt/gcc/build_c/gcc/testsuite/g++/../../xg++ version 6.0.0 20150912 (experimental) [trunk revision 227705] (GCC)
=== gcc tests ===
Running target unix/-m32
FAIL: gcc.dg/debug/dwarf2/stacked-qualified-types-3.c scan-assembler-times DIE \\\\([^\\n]*\\\\) DW_TAG_(?:const|volatile|atomic|restrict)_type 8
FAIL: gcc.dg/20021014-1.c execution test
FAIL: gcc.dg/aru-2.c execution test
FAIL: gcc.dg/darwin-weakimport-3.c scan-assembler-not coalesced
FAIL: gcc.dg/ifcvt-3.c scan-rtl-dump ce1 "3 true changes made"
FAIL: gcc.dg/pr43643.c execution test
FAIL: gcc.dg/pr61053.c (test for excess errors)
FAIL: gcc.dg/uninit-19.c (test for warnings, line 22)
FAIL: gcc.dg/uninit-19.c (test for excess errors)
FAIL: gcc.dg/gomp/notify-new-function-3.c scan-tree-dump-times ompexpssa "Added new ssa gimple function foo\\\\._loopfn\\\\.0 to callgraph" 1
FAIL: gcc.dg/graphite/scop-19.c scan-tree-dump-times graphite "number of SCoPs: 0" 1
UNRESOLVED: gcc.dg/lto/pr61526 c_lto_pr61526_0.o-c_lto_pr61526_1.o execute -fPIC -flto -flto-partition=1to1
FAIL: gcc.dg/lto/pr61526 c_lto_pr61526_0.o-c_lto_pr61526_1.o link, -fPIC -flto -flto-partition=1to1
FAIL: gcc.dg/torture/builtin-self.c -O0 scan-assembler-not \\tcall
FAIL: gcc.target/i386/iinline-attr-2.c scan-assembler p2align
FAIL: gcc.target/i386/memcpy-strategy-3.c scan-assembler-times memcpy 2
FAIL: gcc.target/i386/memset-strategy-1.c scan-assembler-times memset 2
FAIL: gcc.target/i386/pr32219-1.c scan-assembler movl[ \\t]xxx@GOTOFF\\\\(%[^,]*\\\\), %eax
FAIL: gcc.target/i386/pr32219-2.c scan-assembler movl[ \\t]xxx@GOT\\\\(%[^,]*\\\\), %eax
FAIL: gcc.target/i386/pr32219-3.c scan-assembler movl[ \\t]xxx@GOTOFF\\\\(%[^,]*\\\\), %eax
FAIL: gcc.target/i386/pr32219-4.c scan-assembler movl[ \\t]xxx@GOT\\\\(%[^,]*\\\\), %eax
FAIL: gcc.target/i386/pr32219-5.c scan-assembler movl[ \\t]xxx@GOTOFF\\\\(%[^,]*\\\\), %eax
FAIL: gcc.target/i386/pr32219-6.c scan-assembler movl[ \\t]xxx@GOT\\\\(%[^,]*\\\\), %eax
FAIL: gcc.target/i386/pr32219-7.c scan-assembler movl[ \\t]xxx@GOTOFF\\\\(%[^,]*\\\\), %eax
FAIL: gcc.target/i386/pr32219-8.c scan-assembler movl[ \\t]xxx@GOT\\\\(%[^,]*\\\\), %eax
FAIL: gcc.target/i386/pr39013-1.c scan-assembler bar@PLT
FAIL: gcc.target/i386/pr39013-1.c scan-assembler foo@PLT
FAIL: gcc.target/i386/pr39013-2.c scan-assembler bar@PLT
FAIL: gcc.target/i386/pr39013-2.c scan-assembler foo@PLT
FAIL: gcc.target/i386/pr61403.c scan-assembler blend
FAIL: gcc.target/i386/pr64317.c scan-assembler addl[ \\\\t]+[\$]_GLOBAL_OFFSET_TABLE_, %ebx
FAIL: gcc.target/i386/pr64317.c scan-assembler movl[ \\\\t]+c@GOTOFF[(]%ebx[)]
FAIL: gcc.target/i386/pr66819-3.c scan-assembler-not call
FAIL: gcc.target/i386/pr66819-4.c scan-assembler-not call
=== gcc Summary for unix/-m32 ===
# of expected passes 100271
# of unexpected failures 33
# of expected failures 280
# of unresolved testcases 1
# of unsupported tests 3637
Running target unix/-m64
FAIL: gcc.dg/debug/dwarf2/stacked-qualified-types-3.c scan-assembler-times DIE \\\\([^\\n]*\\\\) DW_TAG_(?:const|volatile|atomic|restrict)_type 8
FAIL: gcc.dg/uninit-19.c (test for warnings, line 22)
FAIL: gcc.dg/uninit-19.c (test for excess errors)
FAIL: gcc.dg/gomp/notify-new-function-3.c scan-tree-dump-times ompexpssa "Added new ssa gimple function foo\\\\._loopfn\\\\.0 to callgraph" 1
FAIL: gcc.dg/graphite/scop-19.c scan-tree-dump-times graphite "number of SCoPs: 0" 1
UNRESOLVED: gcc.dg/lto/pr61526 c_lto_pr61526_0.o-c_lto_pr61526_1.o execute -fPIC -flto -flto-partition=1to1
FAIL: gcc.dg/lto/pr61526 c_lto_pr61526_0.o-c_lto_pr61526_1.o link, -fPIC -flto -flto-partition=1to1
FAIL: gcc.target/i386/iinline-attr-2.c scan-assembler p2align
FAIL: gcc.target/i386/memcpy-strategy-3.c scan-assembler-times memcpy 2
FAIL: gcc.target/i386/memset-strategy-1.c scan-assembler-times memset 2
FAIL: gcc.target/i386/pr32219-1.c scan-assembler movl[ \\t]xxx\\\\(%rip\\\\), %eax
FAIL: gcc.target/i386/pr32219-3.c scan-assembler movl[ \\t]xxx\\\\(%rip\\\\), %eax
FAIL: gcc.target/i386/pr32219-3.c scan-assembler-not xxx@GOTPCREL
FAIL: gcc.target/i386/pr32219-5.c scan-assembler movl[ \\t]xxx\\\\(%rip\\\\), %eax
FAIL: gcc.target/i386/pr32219-6.c scan-assembler xxx@GOTPCREL
FAIL: gcc.target/i386/pr32219-7.c scan-assembler movl[ \\t]xxx\\\\(%rip\\\\), %eax
FAIL: gcc.target/i386/pr32219-7.c scan-assembler-not xxx@GOTPCREL
FAIL: gcc.target/i386/pr39013-1.c scan-assembler bar@PLT
FAIL: gcc.target/i386/pr39013-1.c scan-assembler foo@PLT
FAIL: gcc.target/i386/pr39013-2.c scan-assembler bar@PLT
FAIL: gcc.target/i386/pr39013-2.c scan-assembler foo@PLT
FAIL: gcc.target/i386/pr49781-1.c scan-assembler-not lea[lq]?[ \\t]\\\\((%|)r[a-z0-9]*
FAIL: gcc.target/i386/pr49866.c (test for excess errors)
FAIL: gcc.target/i386/pr61403.c scan-assembler blend
FAIL: gcc.target/i386/pr61599-1.c (test for excess errors)
UNRESOLVED: gcc.target/i386/pr61599-1.c compilation failed to produce executable
FAIL: gcc.target/i386/pr63538.c scan-assembler movabs
=== gcc Summary for unix/-m64 ===
# of expected passes 101123
# of unexpected failures 25
# of expected failures 272
# of unresolved testcases 2
# of unsupported tests 3822
=== gcc Summary ===
# of expected passes 201394
# of unexpected failures 58
# of expected failures 552
# of unresolved testcases 3
# of unsupported tests 7459
/opt/gcc/build_c/gcc/xgcc version 6.0.0 20150912 (experimental) [trunk revision 227705] (GCC)
=== gfortran tests ===
Running target unix/-m32
XPASS: gfortran.dg/graphite/pr14741.f90 -O scan-tree-dump-times graphite "number of SCoPs: 1" 1
=== gfortran Summary for unix/-m32 ===
# of expected passes 40484
# of unexpected successes 1
# of expected failures 74
# of unsupported tests 172
Running target unix/-m64
XPASS: gfortran.dg/graphite/pr14741.f90 -O scan-tree-dump-times graphite "number of SCoPs: 1" 1
=== gfortran Summary for unix/-m64 ===
# of expected passes 40699
# of unexpected successes 1
# of expected failures 74
# of unsupported tests 70
=== gfortran Summary ===
# of expected passes 81183
# of unexpected successes 2
# of expected failures 148
# of unsupported tests 242
/opt/gcc/build_c/gcc/testsuite/gfortran/../../gfortran version 6.0.0 20150912 (experimental) [trunk revision 227705] (GCC)
=== gnat tests ===
Running target unix/-m32
FAIL: gnat.dg/specs/addr1.ads (test for warnings, line 30)
=== gnat Summary for unix/-m32 ===
# of expected passes 1390
# of unexpected failures 1
# of expected failures 21
# of unsupported tests 7
Running target unix/-m64
FAIL: gnat.dg/specs/addr1.ads (test for warnings, line 30)
=== gnat Summary for unix/-m64 ===
# of expected passes 1390
# of unexpected failures 1
# of expected failures 21
# of unsupported tests 7
=== gnat Summary ===
# of expected passes 2780
# of unexpected failures 2
# of expected failures 42
# of unsupported tests 14
/opt/gcc/build_c/gcc/gnatmake version 6.0.0 20150912 (experimental) [trunk revision 227705]
=== obj-c++ tests ===
Running target unix/-m32
=== obj-c++ Summary for unix/-m32 ===
# of expected passes 3109
# of expected failures 2
# of unsupported tests 62
Running target unix/-m64
=== obj-c++ Summary for unix/-m64 ===
# of expected passes 3050
# of expected failures 19
# of unsupported tests 68
=== obj-c++ Summary ===
# of expected passes 6159
# of expected failures 21
# of unsupported tests 130
/opt/gcc/build_c/gcc/testsuite/obj-c++/../../xg++ version 6.0.0 20150912 (experimental) [trunk revision 227705] (GCC)
=== objc tests ===
Running target unix/-m32
FAIL: objc.dg/ivar-scope-4.m -fnext-runtime execution test
=== objc Summary for unix/-m32 ===
# of expected passes 5639
# of unexpected failures 1
# of expected failures 6
# of unsupported tests 79
Running target unix/-m64
FAIL: objc.dg/ivar-scope-4.m -fnext-runtime execution test
=== objc Summary for unix/-m64 ===
# of expected passes 5593
# of unexpected failures 1
# of expected failures 12
# of unsupported tests 85
=== objc Summary ===
# of expected passes 11232
# of unexpected failures 2
# of expected failures 18
# of unsupported tests 164
/opt/gcc/build_c/gcc/xgcc version 6.0.0 20150912 (experimental) [trunk revision 227705] (GCC)
=== boehm-gc tests ===
Running target unix/-m32
=== boehm-gc Summary for unix/-m32 ===
# of expected passes 12
# of unsupported tests 1
Running target unix/-m64
=== boehm-gc Summary for unix/-m64 ===
# of expected passes 12
# of unsupported tests 1
=== boehm-gc Summary ===
# of expected passes 24
# of unsupported tests 2
=== libatomic tests ===
Running target unix/-m32
=== libatomic Summary for unix/-m32 ===
# of expected passes 44
# of unsupported tests 5
Running target unix/-m64
=== libatomic Summary for unix/-m64 ===
# of expected passes 54
=== libatomic Summary ===
# of expected passes 98
# of unsupported tests 5
=== libffi tests ===
Running target unix/-m32
=== libffi Summary for unix/-m32 ===
# of expected passes 1914
# of unsupported tests 30
Running target unix/-m64
=== libffi Summary for unix/-m64 ===
# of expected passes 1914
# of unsupported tests 30
=== libffi Summary ===
# of expected passes 3828
# of unsupported tests 60
=== libgomp tests ===
Running target unix/-m32
=== libgomp Summary for unix/-m32 ===
# of expected passes 4081
# of expected failures 4
# of unsupported tests 241
Running target unix/-m64
=== libgomp Summary for unix/-m64 ===
# of expected passes 4081
# of expected failures 4
# of unsupported tests 241
=== libgomp Summary ===
# of expected passes 8162
# of expected failures 8
# of unsupported tests 482
=== libitm tests ===
Running target unix/-m32
=== libitm Summary for unix/-m32 ===
# of expected passes 26
# of expected failures 3
# of unsupported tests 1
Running target unix/-m64
=== libitm Summary for unix/-m64 ===
# of expected passes 26
# of expected failures 3
# of unsupported tests 1
=== libitm Summary ===
# of expected passes 52
# of expected failures 6
# of unsupported tests 2
=== libjava tests ===
Running target unix/-m32
=== libjava Summary for unix/-m32 ===
# of expected passes 2582
# of expected failures 4
Running target unix/-m64
FAIL: Throw_2 execution - source compiled test
FAIL: Throw_2 -findirect-dispatch execution - source compiled test
FAIL: Throw_2 -O3 execution - source compiled test
FAIL: Throw_2 -O3 -findirect-dispatch execution - source compiled test
=== libjava Summary for unix/-m64 ===
# of expected passes 2574
# of unexpected failures 4
# of expected failures 4
# of untested testcases 4
=== libjava Summary ===
# of expected passes 5156
# of unexpected failures 4
# of expected failures 8
# of untested testcases 4
=== libstdc++ tests ===
Running target unix/-m32
FAIL: 17_intro/headers/c++1998/all_attributes.cc (test for excess errors)
FAIL: 17_intro/headers/c++2011/all_attributes.cc (test for excess errors)
FAIL: 17_intro/headers/c++2014/all_attributes.cc (test for excess errors)
FAIL: experimental/filesystem/operations/absolute.cc (test for excess errors)
FAIL: experimental/filesystem/operations/copy.cc (test for excess errors)
FAIL: experimental/filesystem/operations/current_path.cc (test for excess errors)
FAIL: experimental/filesystem/operations/exists.cc (test for excess errors)
FAIL: experimental/filesystem/operations/file_size.cc (test for excess errors)
FAIL: experimental/filesystem/operations/status.cc (test for excess errors)
FAIL: experimental/filesystem/operations/temp_directory_path.cc (test for excess errors)
FAIL: experimental/filesystem/path/append/path.cc (test for excess errors)
FAIL: experimental/filesystem/path/assign/assign.cc (test for excess errors)
FAIL: experimental/filesystem/path/assign/copy.cc (test for excess errors)
FAIL: experimental/filesystem/path/compare/compare.cc (test for excess errors)
FAIL: experimental/filesystem/path/compare/path.cc (test for excess errors)
FAIL: experimental/filesystem/path/compare/strings.cc (test for excess errors)
FAIL: experimental/filesystem/path/concat/path.cc (test for excess errors)
FAIL: experimental/filesystem/path/concat/strings.cc (test for excess errors)
FAIL: experimental/filesystem/path/construct/copy.cc (test for excess errors)
FAIL: experimental/filesystem/path/construct/default.cc (test for excess errors)
FAIL: experimental/filesystem/path/construct/locale.cc (test for excess errors)
FAIL: experimental/filesystem/path/construct/range.cc (test for excess errors)
FAIL: experimental/filesystem/path/decompose/extension.cc (test for excess errors)
FAIL: experimental/filesystem/path/decompose/filename.cc (test for excess errors)
FAIL: experimental/filesystem/path/decompose/parent_path.cc (test for excess errors)
FAIL: experimental/filesystem/path/decompose/relative_path.cc (test for excess errors)
FAIL: experimental/filesystem/path/decompose/root_directory.cc (test for excess errors)
FAIL: experimental/filesystem/path/decompose/root_name.cc (test for excess errors)
FAIL: experimental/filesystem/path/decompose/root_path.cc (test for excess errors)
FAIL: experimental/filesystem/path/decompose/stem.cc (test for excess errors)
FAIL: experimental/filesystem/path/generic/generic_string.cc (test for excess errors)
FAIL: experimental/filesystem/path/itr/traversal.cc (test for excess errors)
FAIL: experimental/filesystem/path/modifiers/clear.cc (test for excess errors)
FAIL: experimental/filesystem/path/modifiers/make_preferred.cc (test for excess errors)
FAIL: experimental/filesystem/path/modifiers/remove_filename.cc (test for excess errors)
FAIL: experimental/filesystem/path/modifiers/replace_extension.cc (test for excess errors)
FAIL: experimental/filesystem/path/modifiers/replace_filename.cc (test for excess errors)
FAIL: experimental/filesystem/path/modifiers/swap.cc (test for excess errors)
FAIL: experimental/filesystem/path/nonmember/hash_value.cc (test for excess errors)
FAIL: experimental/filesystem/path/query/empty.cc (test for excess errors)
FAIL: experimental/filesystem/path/query/has_extension.cc (test for excess errors)
FAIL: experimental/filesystem/path/query/has_filename.cc (test for excess errors)
FAIL: experimental/filesystem/path/query/has_parent_path.cc (test for excess errors)
FAIL: experimental/filesystem/path/query/has_relative_path.cc (test for excess errors)
FAIL: experimental/filesystem/path/query/has_root_directory.cc (test for excess errors)
FAIL: experimental/filesystem/path/query/has_root_name.cc (test for excess errors)
FAIL: experimental/filesystem/path/query/has_root_path.cc (test for excess errors)
FAIL: experimental/filesystem/path/query/has_stem.cc (test for excess errors)
FAIL: experimental/filesystem/path/query/is_relative.cc (test for excess errors)
=== libstdc++ Summary for unix/-m32 ===
# of expected passes 9571
# of unexpected failures 49
# of expected failures 66
# of unsupported tests 661
Running target unix/-m64
FAIL: 17_intro/headers/c++1998/all_attributes.cc (test for excess errors)
FAIL: 17_intro/headers/c++2011/all_attributes.cc (test for excess errors)
FAIL: 17_intro/headers/c++2014/all_attributes.cc (test for excess errors)
FAIL: experimental/filesystem/operations/absolute.cc (test for excess errors)
FAIL: experimental/filesystem/operations/copy.cc (test for excess errors)
FAIL: experimental/filesystem/operations/current_path.cc (test for excess errors)
FAIL: experimental/filesystem/operations/exists.cc (test for excess errors)
FAIL: experimental/filesystem/operations/file_size.cc (test for excess errors)
FAIL: experimental/filesystem/operations/status.cc (test for excess errors)
FAIL: experimental/filesystem/operations/temp_directory_path.cc (test for excess errors)
FAIL: experimental/filesystem/path/append/path.cc (test for excess errors)
FAIL: experimental/filesystem/path/assign/assign.cc (test for excess errors)
FAIL: experimental/filesystem/path/assign/copy.cc (test for excess errors)
FAIL: experimental/filesystem/path/compare/compare.cc (test for excess errors)
FAIL: experimental/filesystem/path/compare/path.cc (test for excess errors)
FAIL: experimental/filesystem/path/compare/strings.cc (test for excess errors)
FAIL: experimental/filesystem/path/concat/path.cc (test for excess errors)
FAIL: experimental/filesystem/path/concat/strings.cc (test for excess errors)
FAIL: experimental/filesystem/path/construct/copy.cc (test for excess errors)
FAIL: experimental/filesystem/path/construct/default.cc (test for excess errors)
FAIL: experimental/filesystem/path/construct/locale.cc (test for excess errors)
FAIL: experimental/filesystem/path/construct/range.cc (test for excess errors)
FAIL: experimental/filesystem/path/decompose/extension.cc (test for excess errors)
FAIL: experimental/filesystem/path/decompose/filename.cc (test for excess errors)
FAIL: experimental/filesystem/path/decompose/parent_path.cc (test for excess errors)
FAIL: experimental/filesystem/path/decompose/relative_path.cc (test for excess errors)
FAIL: experimental/filesystem/path/decompose/root_directory.cc (test for excess errors)
FAIL: experimental/filesystem/path/decompose/root_name.cc (test for excess errors)
FAIL: experimental/filesystem/path/decompose/root_path.cc (test for excess errors)
FAIL: experimental/filesystem/path/decompose/stem.cc (test for excess errors)
FAIL: experimental/filesystem/path/generic/generic_string.cc (test for excess errors)
FAIL: experimental/filesystem/path/itr/traversal.cc (test for excess errors)
FAIL: experimental/filesystem/path/modifiers/clear.cc (test for excess errors)
FAIL: experimental/filesystem/path/modifiers/make_preferred.cc (test for excess errors)
FAIL: experimental/filesystem/path/modifiers/remove_filename.cc (test for excess errors)
FAIL: experimental/filesystem/path/modifiers/replace_extension.cc (test for excess errors)
FAIL: experimental/filesystem/path/modifiers/replace_filename.cc (test for excess errors)
FAIL: experimental/filesystem/path/modifiers/swap.cc (test for excess errors)
FAIL: experimental/filesystem/path/nonmember/hash_value.cc (test for excess errors)
FAIL: experimental/filesystem/path/query/empty.cc (test for excess errors)
FAIL: experimental/filesystem/path/query/has_extension.cc (test for excess errors)
FAIL: experimental/filesystem/path/query/has_filename.cc (test for excess errors)
FAIL: experimental/filesystem/path/query/has_parent_path.cc (test for excess errors)
FAIL: experimental/filesystem/path/query/has_relative_path.cc (test for excess errors)
FAIL: experimental/filesystem/path/query/has_root_directory.cc (test for excess errors)
FAIL: experimental/filesystem/path/query/has_root_name.cc (test for excess errors)
FAIL: experimental/filesystem/path/query/has_root_path.cc (test for excess errors)
FAIL: experimental/filesystem/path/query/has_stem.cc (test for excess errors)
FAIL: experimental/filesystem/path/query/is_relative.cc (test for excess errors)
=== libstdc++ Summary for unix/-m64 ===
# of expected passes 9569
# of unexpected failures 49
# of expected failures 66
# of unsupported tests 662
=== libstdc++ Summary ===
# of expected passes 19140
# of unexpected failures 98
# of expected failures 132
# of unsupported tests 1323
Compiler version: 6.0.0 20150912 (experimental) [trunk revision 227705] (GCC)
Platform: x86_64-apple-darwin10.8.0
configure flags: --prefix=/opt/gcc/gcc6c --enable-languages=c,c++,fortran,objc,obj-c++,java,ada,lto --with-gmp=/opt/mp-new --with-system-zlib --with-isl=/opt/mp-new --enable-lto --enable-plugin
More information about the Gcc-testresults
mailing list