Results for 6.0.0 20150911 (experimental) (GCC) testsuite on x86_64-unknown-cygwin
Tim Prince
tprince818.tp@gmail.com
Sat Sep 12 20:34:00 GMT 2015
Native configuration is x86_64-unknown-cygwin
=== g++ tests ===
Running target unix
=== g++ Summary ===
# of expected passes 85746
# of unexpected failures 474
# of unexpected successes 3
# of expected failures 279
# of unresolved testcases 30
# of unsupported tests 3642
/cygdrive/c/users/tim/tim/tim/src/gnu/gcc2/cyg64/gcc/testsuite/g++/../../xg++
version 6.0.0 20150911 (experimental) (GCC)
=== gcc tests ===
Running target unix
=== gcc Summary ===
# of expected passes 101097
# of unexpected failures 916
# of unexpected successes 26
# of expected failures 272
# of unresolved testcases 332
# of unsupported tests 1651
/cygdrive/c/users/tim/tim/tim/src/gnu/gcc2/cyg64/gcc/xgcc version 6.0.0
20150911 (experimental) (GCC)
=== gfortran tests ===
Running target unix
FAIL: gfortran.dg/bind_c_array_params_2.f90 -O scan-assembler-times
[ \\t][\$,_0-9]*myBindC 1
XPASS: gfortran.dg/default_format_denormal_1.f90 -O0 execution test
XPASS: gfortran.dg/default_format_denormal_1.f90 -O1 execution test
XPASS: gfortran.dg/default_format_denormal_1.f90 -O2 execution test
XPASS: gfortran.dg/default_format_denormal_1.f90 -O3
-fomit-frame-pointer -funroll-loops -fpeel-loops -ftracer
-finline-functions execution test
XPASS: gfortran.dg/default_format_denormal_1.f90 -O3 -g execution test
XPASS: gfortran.dg/default_format_denormal_1.f90 -Os execution test
FAIL: gfortran.dg/elemental_dependency_4.f90 -O0 execution test
FAIL: gfortran.dg/internal_dummy_2.f08 -O0 execution test
FAIL: gfortran.dg/internal_dummy_2.f08 -O1 execution test
FAIL: gfortran.dg/internal_dummy_2.f08 -O2 execution test
FAIL: gfortran.dg/internal_dummy_2.f08 -O3 -fomit-frame-pointer
-funroll-loops -fpeel-loops -ftracer -finline-functions execution test
FAIL: gfortran.dg/internal_dummy_2.f08 -O3 -g execution test
FAIL: gfortran.dg/internal_dummy_2.f08 -Os execution test
FAIL: gfortran.dg/internal_dummy_3.f08 -O0 execution test
FAIL: gfortran.dg/internal_dummy_3.f08 -O1 execution test
FAIL: gfortran.dg/internal_dummy_3.f08 -O2 execution test
FAIL: gfortran.dg/internal_dummy_3.f08 -O3 -fomit-frame-pointer
-funroll-loops -fpeel-loops -ftracer -finline-functions execution test
FAIL: gfortran.dg/internal_dummy_3.f08 -O3 -g execution test
FAIL: gfortran.dg/internal_dummy_3.f08 -Os execution test
FAIL: gfortran.dg/internal_dummy_4.f08 -O0 execution test
FAIL: gfortran.dg/pointer_check_1.f90 -O0 output pattern test, is
FAIL: gfortran.dg/pointer_check_2.f90 -O0 output pattern test, is
FAIL: gfortran.dg/pointer_check_3.f90 -O0 output pattern test, is
FAIL: gfortran.dg/pointer_check_4.f90 -O0 output pattern test, is
FAIL: gfortran.dg/proc_ptr_18.f90 -O0 execution test
FAIL: gfortran.dg/proc_ptr_19.f90 -O0 execution test
FAIL: gfortran.dg/proc_ptr_20.f90 -O0 execution test
FAIL: gfortran.dg/proc_ptr_21.f90 -O0 execution test
FAIL: gfortran.dg/proc_ptr_23.f90 -O0 execution test
FAIL: gfortran.dg/proc_ptr_25.f90 -O0 execution test
FAIL: gfortran.dg/proc_ptr_5.f90 -O0 execution test
FAIL: gfortran.dg/proc_ptr_7.f90 -O0 execution test
FAIL: gfortran.dg/proc_ptr_comp_1.f90 -O0 execution test
FAIL: gfortran.dg/proc_ptr_comp_11.f90 -O0 execution test
FAIL: gfortran.dg/proc_ptr_comp_13.f90 -O0 execution test
FAIL: gfortran.dg/proc_ptr_comp_14.f90 -O0 execution test
FAIL: gfortran.dg/proc_ptr_comp_18.f90 -O0 execution test
FAIL: gfortran.dg/proc_ptr_comp_19.f90 -O0 execution test
FAIL: gfortran.dg/proc_ptr_comp_2.f90 -O0 execution test
FAIL: gfortran.dg/proc_ptr_comp_29.f90 -O0 execution test
FAIL: gfortran.dg/proc_ptr_comp_34.f90 -O0 execution test
FAIL: gfortran.dg/proc_ptr_comp_5.f90 -O0 execution test
FAIL: gfortran.dg/proc_ptr_comp_8.f90 -O0 execution test
FAIL: gfortran.dg/proc_ptr_comp_9.f90 -O0 execution test
FAIL: gfortran.dg/proc_ptr_comp_pass_3.f90 -O0 execution test
FAIL: gfortran.dg/proc_ptr_result_7.f90 -O0 execution test
FAIL: gfortran.dg/round_4.f90 -O0 (test for excess errors)
UNRESOLVED: gfortran.dg/round_4.f90 -O0 compilation failed to produce
executable
FAIL: gfortran.dg/round_4.f90 -O1 (test for excess errors)
UNRESOLVED: gfortran.dg/round_4.f90 -O1 compilation failed to produce
executable
FAIL: gfortran.dg/round_4.f90 -O2 (test for excess errors)
UNRESOLVED: gfortran.dg/round_4.f90 -O2 compilation failed to produce
executable
FAIL: gfortran.dg/round_4.f90 -O3 -fomit-frame-pointer -funroll-loops
-fpeel-loops -ftracer -finline-functions (test for excess errors)
UNRESOLVED: gfortran.dg/round_4.f90 -O3 -fomit-frame-pointer
-funroll-loops -fpeel-loops -ftracer -finline-functions compilation
failed to produce executable
FAIL: gfortran.dg/round_4.f90 -O3 -g (test for excess errors)
UNRESOLVED: gfortran.dg/round_4.f90 -O3 -g compilation failed to
produce executable
FAIL: gfortran.dg/round_4.f90 -Os (test for excess errors)
UNRESOLVED: gfortran.dg/round_4.f90 -Os compilation failed to produce
executable
FAIL: gfortran.dg/structure_constructor_11.f90 -O0 execution test
FAIL: gfortran.dg/structure_constructor_11.f90 -O1 execution test
FAIL: gfortran.dg/structure_constructor_11.f90 -O2 execution test
FAIL: gfortran.dg/structure_constructor_11.f90 -O3
-fomit-frame-pointer -funroll-loops -fpeel-loops -ftracer
-finline-functions execution test
FAIL: gfortran.dg/structure_constructor_11.f90 -O3 -g execution test
FAIL: gfortran.dg/structure_constructor_11.f90 -Os execution test
FAIL: gfortran.dg/unlimited_polymorphic_19.f90 -O0 execution test
FAIL: gfortran.dg/ieee/large_1.f90 -O0 (test for excess errors)
UNRESOLVED: gfortran.dg/ieee/large_1.f90 -O0 compilation failed to
produce executable
FAIL: gfortran.dg/ieee/large_1.f90 -O1 (test for excess errors)
UNRESOLVED: gfortran.dg/ieee/large_1.f90 -O1 compilation failed to
produce executable
FAIL: gfortran.dg/ieee/large_1.f90 -O2 (test for excess errors)
UNRESOLVED: gfortran.dg/ieee/large_1.f90 -O2 compilation failed to
produce executable
FAIL: gfortran.dg/ieee/large_1.f90 -O3 -fomit-frame-pointer
-funroll-loops -fpeel-loops -ftracer -finline-functions (test for
excess errors)
UNRESOLVED: gfortran.dg/ieee/large_1.f90 -O3 -fomit-frame-pointer
-funroll-loops -fpeel-loops -ftracer -finline-functions compilation
failed to produce executable
FAIL: gfortran.dg/ieee/large_1.f90 -O3 -g (test for excess errors)
UNRESOLVED: gfortran.dg/ieee/large_1.f90 -O3 -g compilation failed to
produce executable
FAIL: gfortran.dg/ieee/large_1.f90 -Os (test for excess errors)
UNRESOLVED: gfortran.dg/ieee/large_1.f90 -Os compilation failed to
produce executable
FAIL: gfortran.dg/ieee/large_2.f90 -O0 (test for excess errors)
UNRESOLVED: gfortran.dg/ieee/large_2.f90 -O0 compilation failed to
produce executable
FAIL: gfortran.dg/ieee/large_2.f90 -O1 (test for excess errors)
UNRESOLVED: gfortran.dg/ieee/large_2.f90 -O1 compilation failed to
produce executable
FAIL: gfortran.dg/ieee/large_2.f90 -O2 (test for excess errors)
UNRESOLVED: gfortran.dg/ieee/large_2.f90 -O2 compilation failed to
produce executable
FAIL: gfortran.dg/ieee/large_2.f90 -O3 -fomit-frame-pointer
-funroll-loops -fpeel-loops -ftracer -finline-functions (test for
excess errors)
UNRESOLVED: gfortran.dg/ieee/large_2.f90 -O3 -fomit-frame-pointer
-funroll-loops -fpeel-loops -ftracer -finline-functions compilation
failed to produce executable
FAIL: gfortran.dg/ieee/large_2.f90 -O3 -g (test for excess errors)
UNRESOLVED: gfortran.dg/ieee/large_2.f90 -O3 -g compilation failed to
produce executable
FAIL: gfortran.dg/ieee/large_2.f90 -Os (test for excess errors)
UNRESOLVED: gfortran.dg/ieee/large_2.f90 -Os compilation failed to
produce executable
=== gfortran Summary ===
# of expected passes 40287
# of unexpected failures 66
# of unexpected successes 6
# of expected failures 61
# of unresolved testcases 18
# of unsupported tests 216
/cygdrive/c/users/tim/tim/tim/src/gnu/gcc2/cyg64/gcc/testsuite/gfortran/../../gfortran
version 6.0.0 20150911 (experimental) (GCC)
=== libstdc++ tests ===
Running target unix
FAIL: 21_strings/basic_string/capacity/wchar_t/18654.cc execution test
FAIL: 22_locale/ctype/scan/wchar_t/1.cc execution test
FAIL: 22_locale/num_get/get/char/10.cc execution test
FAIL: 22_locale/num_get/get/wchar_t/10.cc execution test
XPASS: 23_containers/array/element_access/at_neg.cc execution test
FAIL: 28_regex/algorithms/regex_match/ecma/wchar_t/63199.cc execution test
FAIL: ext/codecvt/wchar_t.cc execution test
UNRESOLVED:
tr1/5_numerical_facilities/random/mersenne_twister/operators/equal.cc
compilation failed to produce executable
FAIL: tr1/8_c_compatibility/complex/50880.cc (test for excess errors)
UNRESOLVED: tr1/8_c_compatibility/complex/50880.cc compilation failed to
produce executable
FAIL: tr1/8_c_compatibility/complex/functions.cc (test for excess errors)
=== libstdc++ Summary ===
# of expected passes 9896
# of unexpected failures 8
# of unexpected successes 1
# of expected failures 65
# of unresolved testcases 2
# of unsupported tests 730
Compiler version: 6.0.0 20150911 (experimental) (GCC)
Platform: x86_64-unknown-cygwin
configure flags: --prefix=/usr/local/gcc6.0 --enable-languages='c c++
fortran' --enable-libgomp --enable-threads=posix --with-dwarf2
--without-libiconv-prefix --without-libintl-prefix --with-system-zlib
--disable-werror --without-cloog --without-isl
More information about the Gcc-testresults
mailing list