Results for 6.0.0 20150909 (experimental) (GCC) testsuite on x86_64-test-dragonfly4.3
marino@muscles.dragonflybsd.org
marino@muscles.dragonflybsd.org
Wed Sep 9 20:14:00 GMT 2015
out-of-base-patches (http://muscles.dragonflybsd.org/misc/gcc6/):
patch-aaa-locale-standardization.txt
disabled tests:
gcc and g++ guality tests (all)
weaktoshared thread tests (4)
locale/cons 12658-thread tests (2)
modified tests
timeout changed from 300 seconds to 20 seconds
fix locale VERIFY to match POSIX definitions:
patch-libstdc++-v3_testsuite_22__locale_money__put_put_wchar__t_1.cc
patch-libstdc++-v3_testsuite_22__locale_money__put_put_wchar__t_3.cc
patch-libstdc++-v3_testsuite_22__locale_time__put_put_char_2.cc
patch-libstdc++-v3_testsuite_22__locale_time__put_put_wchar__t_2.cc
DragonFly recently updated locales to POSIX files generated by
CLDR release 27.0.1
files/patch-aaa-locale-standardization.txt
=== acats tests ===
FAIL: c954026
=== acats Summary ===
# of expected passes 2319
# of unexpected failures 1
Native configuration is x86_64-test-dragonfly4.3
=== g++ tests ===
Running target unix
FAIL: g++.dg/cilk-plus/CK/fib-opr-overload.cc -g -O2 -fcilkplus execution test
FAIL: g++.dg/cilk-plus/CK/fib-opr-overload.cc -O1 -fcilkplus execution test
FAIL: g++.dg/cilk-plus/CK/fib-opr-overload.cc -g -fcilkplus execution test
WARNING: program timed out.
WARNING: program timed out.
WARNING: program timed out.
FAIL: g++.dg/cpp0x/nsdmi-template14.C -std=c++11 (test for errors, line 4)
FAIL: g++.dg/cpp0x/nsdmi-template14.C -std=c++11 (test for errors, line 6)
FAIL: g++.dg/cpp0x/nsdmi-template14.C -std=c++14 (test for errors, line 4)
FAIL: g++.dg/cpp0x/nsdmi-template14.C -std=c++14 (test for errors, line 6)
FAIL: g++.dg/init/new39.C -std=c++98 execution test
FAIL: g++.dg/init/new39.C -std=c++11 execution test
FAIL: g++.dg/init/new39.C -std=c++14 execution test
FAIL: g++.dg/tls/thread_local-order1.C -std=c++11 execution test
FAIL: g++.dg/tls/thread_local-order1.C -std=c++14 execution test
FAIL: g++.dg/tls/thread_local6.C -std=c++11 execution test
FAIL: g++.dg/tls/thread_local6.C -std=c++14 execution test
FAIL: g++.dg/tls/thread_local6g.C -std=c++11 execution test
FAIL: g++.dg/tls/thread_local6g.C -std=c++14 execution test
FAIL: g++.old-deja/g++.other/init18.C -std=c++98 execution test
FAIL: g++.old-deja/g++.other/init18.C -std=c++11 execution test
FAIL: g++.old-deja/g++.other/init18.C -std=c++14 execution test
FAIL: g++.old-deja/g++.other/init19.C -std=c++98 execution test
FAIL: g++.old-deja/g++.other/init19.C -std=c++11 execution test
FAIL: g++.old-deja/g++.other/init19.C -std=c++14 execution test
=== g++ Summary ===
# of expected passes 87972
# of unexpected failures 22
# of expected failures 285
# of unsupported tests 3403
/build/home/marino-huge/gcc-test-area/build/gcc/testsuite/g++/../../xg++ version 6.0.0 20150909 (experimental) (GCC)
=== gcc tests ===
Running target unix
FAIL: gcc.c-torture/compile/limits-externalid.c -O2 -flto -fno-use-linker-plugin -flto-partition=none (test for excess errors)
FAIL: gcc.c-torture/compile/limits-externdecl.c -O2 -flto -fno-use-linker-plugin -flto-partition=none (test for excess errors)
FAIL: gcc.c-torture/compile/limits-externdecl.c -O2 -flto -fuse-linker-plugin -fno-fat-lto-objects (test for excess errors)
FAIL: gcc.c-torture/compile/pr37669-2.c -O1 (test for excess errors)
FAIL: gcc.c-torture/compile/pr37669-2.c -O2 (test for excess errors)
FAIL: gcc.c-torture/compile/pr37669-2.c -O3 -g (test for excess errors)
FAIL: gcc.c-torture/compile/pr37669-2.c -Os (test for excess errors)
FAIL: gcc.c-torture/compile/pr37669-2.c -O2 -flto -fno-use-linker-plugin -flto-partition=none (test for excess errors)
WARNING: program timed out.
WARNING: program timed out.
WARNING: program timed out.
WARNING: program timed out.
WARNING: program timed out.
WARNING: program timed out.
WARNING: program timed out.
WARNING: program timed out.
FAIL: gcc.c-torture/execute/20030125-1.c -O1 execution test
FAIL: gcc.c-torture/execute/20030125-1.c -O2 execution test
FAIL: gcc.c-torture/execute/20030125-1.c -O3 -g execution test
FAIL: gcc.c-torture/execute/20030125-1.c -Os execution test
FAIL: gcc.c-torture/execute/20030125-1.c -O2 -flto -fno-use-linker-plugin -flto-partition=none execution test
FAIL: gcc.c-torture/execute/20030125-1.c -O2 -flto -fuse-linker-plugin -fno-fat-lto-objects execution test
FAIL: gcc.dg/debug/dwarf2/stacked-qualified-types-3.c scan-assembler-times DIE \\\\([^\\n]*\\\\) DW_TAG_(?:const|volatile|atomic|restrict)_type 8
FAIL: gcc.dg/builtins-57.c (test for excess errors)
FAIL: gcc.dg/builtins-58.c scan-assembler-not pow\\\\M
FAIL: gcc.dg/builtins-59.c scan-tree-dump gimple "__builtin_cexpi"
FAIL: gcc.dg/builtins-59.c scan-tree-dump-not gimple "sincos"
FAIL: gcc.dg/builtins-61.c scan-tree-dump optimized "cexpi"
FAIL: gcc.dg/builtins-61.c scan-tree-dump optimized "sin"
FAIL: gcc.dg/builtins-61.c scan-tree-dump optimized "cos"
FAIL: gcc.dg/builtins-61.c scan-tree-dump optimized "return 0.0"
FAIL: gcc.dg/builtins-62.c scan-tree-dump-times optimized "cexpi" 3
FAIL: gcc.dg/builtins-65.c (test for excess errors)
FAIL: gcc.dg/utf-array-short-wchar.c (test for errors, line 39)
FAIL: gcc.dg/utf-array-short-wchar.c (test for errors, line 41)
FAIL: gcc.dg/utf-array-short-wchar.c (test for excess errors)
FAIL: gcc.dg/gomp/notify-new-function-3.c scan-tree-dump-times ompexpssa "Added new ssa gimple function foo\\\\._loopfn\\\\.0 to callgraph" 1
FAIL: gcc.dg/pch/largefile.c -O0 -g assembly comparison
FAIL: gcc.dg/pch/largefile.c -O0 assembly comparison
FAIL: gcc.dg/pch/largefile.c -O1 assembly comparison
FAIL: gcc.dg/pch/largefile.c -O2 assembly comparison
FAIL: gcc.dg/pch/largefile.c -O3 -g assembly comparison
FAIL: gcc.dg/pch/largefile.c -Os assembly comparison
FAIL: largefile.c -O0 -g -I. -Dwith_PCH (test for excess errors)
FAIL: largefile.c -O0 -I. -Dwith_PCH (test for excess errors)
FAIL: largefile.c -O1 -I. -Dwith_PCH (test for excess errors)
FAIL: largefile.c -O2 -I. -Dwith_PCH (test for excess errors)
FAIL: largefile.c -O3 -g -I. -Dwith_PCH (test for excess errors)
FAIL: largefile.c -Os -I. -Dwith_PCH (test for excess errors)
WARNING: program timed out.
WARNING: program timed out.
WARNING: program timed out.
WARNING: program timed out.
WARNING: program timed out.
WARNING: program timed out.
FAIL: gcc.dg/torture/builtin-convert-1.c -O1 (test for excess errors)
FAIL: gcc.dg/torture/builtin-convert-1.c -O2 (test for excess errors)
FAIL: gcc.dg/torture/builtin-convert-1.c -O3 -g (test for excess errors)
FAIL: gcc.dg/torture/builtin-convert-1.c -Os (test for excess errors)
FAIL: gcc.dg/torture/builtin-convert-1.c -O2 -flto -fno-use-linker-plugin -flto-partition=none (test for excess errors)
FAIL: gcc.dg/torture/builtin-convert-2.c -O1 (test for excess errors)
FAIL: gcc.dg/torture/builtin-convert-2.c -O2 (test for excess errors)
FAIL: gcc.dg/torture/builtin-convert-2.c -O3 -g (test for excess errors)
FAIL: gcc.dg/torture/builtin-convert-2.c -Os (test for excess errors)
FAIL: gcc.dg/torture/builtin-convert-2.c -O2 -flto -fno-use-linker-plugin -flto-partition=none (test for excess errors)
FAIL: gcc.dg/torture/builtin-convert-3.c -O1 (test for excess errors)
FAIL: gcc.dg/torture/builtin-convert-3.c -O2 (test for excess errors)
FAIL: gcc.dg/torture/builtin-convert-3.c -O3 -g (test for excess errors)
FAIL: gcc.dg/torture/builtin-convert-3.c -Os (test for excess errors)
FAIL: gcc.dg/torture/builtin-convert-3.c -O2 -flto -fno-use-linker-plugin -flto-partition=none (test for excess errors)
FAIL: gcc.dg/torture/builtin-power-1.c -O2 -flto -fno-use-linker-plugin -flto-partition=none (test for excess errors)
FAIL: gcc.dg/torture/pr60092.c -O0 execution test
FAIL: gcc.dg/torture/pr60092.c -O1 execution test
FAIL: gcc.dg/torture/pr60092.c -O2 execution test
FAIL: gcc.dg/torture/pr60092.c -O3 -g execution test
FAIL: gcc.dg/torture/pr60092.c -Os execution test
FAIL: gcc.dg/torture/pr60092.c -O2 -flto -fno-use-linker-plugin -flto-partition=none execution test
FAIL: gcc.dg/torture/pr60092.c -O2 -flto -fuse-linker-plugin -fno-fat-lto-objects execution test
FAIL: gcc.target/i386/avx-1.c (test for excess errors)
FAIL: gcc.target/i386/avx512f-ceil-sfix-vec-2.c scan-assembler-times vrndscalepd[^\\n]*zmm[0-9](?:\\n|[ \\\\t]+#) 2
FAIL: gcc.target/i386/avx512f-ceil-sfix-vec-2.c scan-assembler-times vcvttpd2dq[^\\n]*zmm[0-9].{7}(?:\\n|[ \\\\t]+#) 2
FAIL: gcc.target/i386/avx512f-floor-sfix-vec-2.c scan-assembler-times vrndscalepd[^\\n]*zmm[0-9](?:\\n|[ \\\\t]+#) 2
FAIL: gcc.target/i386/avx512f-floor-sfix-vec-2.c scan-assembler-times vcvttpd2dq[^\\n]*zmm[0-9].{7}(?:\\n|[ \\\\t]+#) 2
FAIL: gcc.target/i386/pr49781-1.c scan-assembler-not lea[lq]?[ \\t]\\\\((%|)r[a-z0-9]*
FAIL: gcc.target/i386/pr61403.c scan-assembler blend
FAIL: gcc.target/i386/sse-13.c (test for excess errors)
FAIL: gcc.target/i386/sse-22.c (test for excess errors)
FAIL: gcc.target/i386/sse-23.c (test for excess errors)
FAIL: gcc.target/i386/sse-24.c (test for excess errors)
FAIL: gcc.target/i386/sse-25.c (test for excess errors)
FAIL: gcc.target/i386/vperm-v4sf-2.c (test for excess errors)
UNRESOLVED: gcc.target/i386/vperm-v4sf-2.c compilation failed to produce executable
FAIL: gcc.target/i386/vperm-v4si-2-sse4.c (test for excess errors)
UNRESOLVED: gcc.target/i386/vperm-v4si-2-sse4.c compilation failed to produce executable
FAIL: gcc.target/i386/vperm-v4si-2.c (test for excess errors)
UNRESOLVED: gcc.target/i386/vperm-v4si-2.c compilation failed to produce executable
FAIL: gcc.target/i386/vperm-v4si-2x.c (test for excess errors)
UNRESOLVED: gcc.target/i386/vperm-v4si-2x.c compilation failed to produce executable
WARNING: program timed out.
WARNING: program timed out.
WARNING: program timed out.
WARNING: program timed out.
WARNING: program timed out.
WARNING: program timed out.
WARNING: program timed out.
WARNING: program timed out.
WARNING: program timed out.
WARNING: program timed out.
=== gcc Summary ===
# of expected passes 101383
# of unexpected failures 80
# of expected failures 269
# of unresolved testcases 4
# of unsupported tests 1642
/build/home/marino-huge/gcc-test-area/build/gcc/xgcc version 6.0.0 20150909 (experimental) (GCC)
=== gfortran tests ===
Running target unix
FAIL: gfortran.dg/minlocval_3.f90 -O3 -fomit-frame-pointer -funroll-loops -fpeel-loops -ftracer -finline-functions (test for excess errors)
UNRESOLVED: gfortran.dg/minlocval_3.f90 -O3 -fomit-frame-pointer -funroll-loops -fpeel-loops -ftracer -finline-functions compilation failed to produce executable
FAIL: gfortran.dg/minlocval_3.f90 -O3 -g (test for excess errors)
UNRESOLVED: gfortran.dg/minlocval_3.f90 -O3 -g compilation failed to produce executable
FAIL: gfortran.dg/read_dir.f90 -O0 execution test
FAIL: gfortran.dg/read_dir.f90 -O1 execution test
FAIL: gfortran.dg/read_dir.f90 -O2 execution test
FAIL: gfortran.dg/read_dir.f90 -O3 -fomit-frame-pointer -funroll-loops -fpeel-loops -ftracer -finline-functions execution test
FAIL: gfortran.dg/read_dir.f90 -O3 -g execution test
FAIL: gfortran.dg/read_dir.f90 -Os execution test
WARNING: program timed out.
WARNING: program timed out.
=== gfortran Summary ===
# of expected passes 40618
# of unexpected failures 8
# of expected failures 61
# of unresolved testcases 2
# of unsupported tests 67
/build/home/marino-huge/gcc-test-area/build/gcc/testsuite/gfortran/../../gfortran version 6.0.0 20150909 (experimental) (GCC)
=== gnat tests ===
Running target unix
FAIL: gnat.dg/specs/addr1.ads (test for warnings, line 30)
=== gnat Summary ===
# of expected passes 1392
# of unexpected failures 1
# of expected failures 21
# of unsupported tests 6
/build/home/marino-huge/gcc-test-area/build/gcc/gnatmake version 6.0.0 20150909 (experimental)
=== objc tests ===
Running target unix
=== objc Summary ===
# of expected passes 2766
# of expected failures 6
# of unsupported tests 68
/build/home/marino-huge/gcc-test-area/build/gcc/xgcc version 6.0.0 20150909 (experimental) (GCC)
=== libatomic tests ===
Running target unix
=== libatomic Summary ===
# of expected passes 54
=== libgomp tests ===
Running target unix
FAIL: libgomp.c/examples-4/target-3.c execution test
FAIL: libgomp.fortran/examples-4/target-4.f90 -O3 -fomit-frame-pointer -funroll-loops -fpeel-loops -ftracer -finline-functions execution test
FAIL: libgomp.fortran/examples-4/target_update-2.f90 -O3 -fomit-frame-pointer -funroll-loops -fpeel-loops -ftracer -finline-functions execution test
FAIL: libgomp.fortran/pr66199-2.f90 -O1 execution test
FAIL: libgomp.fortran/target4.f90 -O3 -fomit-frame-pointer -funroll-loops -fpeel-loops -ftracer -finline-functions execution test
FAIL: libgomp.fortran/target6.f90 -O3 -g execution test
=== libgomp Summary ===
# of expected passes 4113
# of unexpected failures 6
# of expected failures 4
# of unsupported tests 199
=== libitm tests ===
Running target unix
=== libitm Summary ===
# of expected passes 26
# of expected failures 3
# of unsupported tests 1
=== libstdc++ tests ===
Running target unix
FAIL: 17_intro/headers/c++1998/stdc++.cc (test for excess errors)
FAIL: 17_intro/headers/c++1998/stdc++_multiple_inclusion.cc (test for excess errors)
ERROR: 20_util/shared_ptr/thread/default_weaktoshared.cc: syntax error in target selector "target *-*-freebsd* *-*-netbsd* *-*-linux* *-*-gnu* *-*-solaris* *-*-cygwin *-*-rtems* *-*-darwin*" for " dg-do 20 run { target *-*-freebsd* *-*-netbsd* *-*-linux* *-*-gnu* *-*-solaris* *-*-cygwin *-*-rtems* *-*-darwin* } "
UNRESOLVED: 20_util/shared_ptr/thread/default_weaktoshared.cc: syntax error in target selector "target *-*-freebsd* *-*-netbsd* *-*-linux* *-*-gnu* *-*-solaris* *-*-cygwin *-*-rtems* *-*-darwin*" for " dg-do 20 run { target *-*-freebsd* *-*-netbsd* *-*-linux* *-*-gnu* *-*-solaris* *-*-cygwin *-*-rtems* *-*-darwin* } "
ERROR: 20_util/shared_ptr/thread/mutex_weaktoshared.cc: syntax error in target selector "target *-*-freebsd* *-*-netbsd* *-*-linux* *-*-gnu* *-*-solaris* *-*-cygwin *-*-rtems* *-*-darwin*" for " dg-do 20 run { target *-*-freebsd* *-*-netbsd* *-*-linux* *-*-gnu* *-*-solaris* *-*-cygwin *-*-rtems* *-*-darwin* } "
UNRESOLVED: 20_util/shared_ptr/thread/mutex_weaktoshared.cc: syntax error in target selector "target *-*-freebsd* *-*-netbsd* *-*-linux* *-*-gnu* *-*-solaris* *-*-cygwin *-*-rtems* *-*-darwin*" for " dg-do 20 run { target *-*-freebsd* *-*-netbsd* *-*-linux* *-*-gnu* *-*-solaris* *-*-cygwin *-*-rtems* *-*-darwin* } "
FAIL: 22_locale/codecvt/in/wchar_t/4.cc execution test
FAIL: 22_locale/codecvt/in/wchar_t/8.cc execution test
FAIL: 22_locale/codecvt/in/wchar_t/9.cc execution test
FAIL: 22_locale/codecvt/length/wchar_t/4.cc execution test
FAIL: 22_locale/codecvt/max_length/wchar_t/4.cc execution test
FAIL: 22_locale/codecvt/out/wchar_t/4.cc execution test
FAIL: 22_locale/codecvt/out/wchar_t/7.cc execution test
FAIL: 22_locale/locale/cons/12438.cc execution test
FAIL: 22_locale/locale/cons/29217.cc execution test
FAIL: 22_locale/locale/cons/38368.cc execution test
FAIL: 22_locale/locale/cons/40184.cc execution test
FAIL: 22_locale/money_get/get/char/16.cc execution test
FAIL: 22_locale/money_get/get/char/18.cc execution test
FAIL: 22_locale/money_get/get/char/2.cc execution test
FAIL: 22_locale/money_get/get/char/4.cc execution test
FAIL: 22_locale/money_get/get/char/wrapped_locale.cc execution test
FAIL: 22_locale/money_get/get/wchar_t/16.cc execution test
FAIL: 22_locale/money_get/get/wchar_t/18.cc execution test
FAIL: 22_locale/money_get/get/wchar_t/2.cc execution test
FAIL: 22_locale/money_get/get/wchar_t/4.cc execution test
FAIL: 22_locale/money_get/get/wchar_t/wrapped_locale.cc execution test
FAIL: 22_locale/money_put/put/char/2.cc execution test
FAIL: 22_locale/money_put/put/char/wrapped_locale.cc execution test
FAIL: 22_locale/money_put/put/wchar_t/2.cc execution test
FAIL: 22_locale/money_put/put/wchar_t/wrapped_locale.cc execution test
FAIL: 22_locale/time_get/get_time/char/2.cc execution test
FAIL: 22_locale/time_get/get_time/wchar_t/2.cc execution test
FAIL: 22_locale/time_get/get_weekday/char/38081-1.cc execution test
FAIL: 22_locale/time_get/get_weekday/char/38081-2.cc execution test
FAIL: 22_locale/time_put/put/char/3.cc execution test
FAIL: 22_locale/time_put/put/wchar_t/3.cc execution test
FAIL: 26_numerics/headers/cmath/c99_classification_macros_c.cc (test for excess errors)
FAIL: 27_io/basic_filebuf/overflow/wchar_t/11305-1.cc execution test
FAIL: 27_io/basic_filebuf/overflow/wchar_t/11305-2.cc execution test
FAIL: 27_io/basic_filebuf/overflow/wchar_t/11305-3.cc execution test
FAIL: 27_io/basic_filebuf/overflow/wchar_t/11305-4.cc execution test
FAIL: 27_io/basic_filebuf/seekoff/wchar_t/1.cc execution test
FAIL: 27_io/basic_filebuf/seekpos/wchar_t/9874.cc execution test
FAIL: 27_io/basic_filebuf/underflow/wchar_t/1.cc execution test
FAIL: 27_io/basic_filebuf/underflow/wchar_t/2.cc execution test
FAIL: 27_io/basic_filebuf/underflow/wchar_t/3.cc execution test
FAIL: 27_io/headers/cstdio/types_std.cc (test for excess errors)
FAIL: 27_io/objects/wchar_t/10.cc execution test
FAIL: 27_io/objects/wchar_t/11.cc execution test
FAIL: 27_io/objects/wchar_t/12.cc execution test
FAIL: 27_io/objects/wchar_t/13.cc execution test
FAIL: 28_regex/algorithms/regex_match/extended/wstring_locale.cc execution test
FAIL: 28_regex/iterators/regex_token_iterator/wchar_t/wstring_02.cc execution test
FAIL: ext/mt_allocator/deallocate_global_thread-1.cc execution test
FAIL: ext/mt_allocator/deallocate_global_thread-3.cc execution test
ERROR: tr1/2_general_utilities/shared_ptr/thread/default_weaktoshared.cc: syntax error in target selector "target *-*-freebsd* *-*-netbsd* *-*-linux* *-*-gnu* *-*-solaris* *-*-cygwin *-*-rtems* *-*-darwin*" for " dg-do 20 run { target *-*-freebsd* *-*-netbsd* *-*-linux* *-*-gnu* *-*-solaris* *-*-cygwin *-*-rtems* *-*-darwin* } "
UNRESOLVED: tr1/2_general_utilities/shared_ptr/thread/default_weaktoshared.cc: syntax error in target selector "target *-*-freebsd* *-*-netbsd* *-*-linux* *-*-gnu* *-*-solaris* *-*-cygwin *-*-rtems* *-*-darwin*" for " dg-do 20 run { target *-*-freebsd* *-*-netbsd* *-*-linux* *-*-gnu* *-*-solaris* *-*-cygwin *-*-rtems* *-*-darwin* } "
ERROR: tr1/2_general_utilities/shared_ptr/thread/mutex_weaktoshared.cc: syntax error in target selector "target *-*-freebsd* *-*-netbsd* *-*-linux* *-*-gnu* *-*-solaris* *-*-cygwin *-*-rtems* *-*-darwin*" for " dg-do 20 run { target *-*-freebsd* *-*-netbsd* *-*-linux* *-*-gnu* *-*-solaris* *-*-cygwin *-*-rtems* *-*-darwin* } "
UNRESOLVED: tr1/2_general_utilities/shared_ptr/thread/mutex_weaktoshared.cc: syntax error in target selector "target *-*-freebsd* *-*-netbsd* *-*-linux* *-*-gnu* *-*-solaris* *-*-cygwin *-*-rtems* *-*-darwin*" for " dg-do 20 run { target *-*-freebsd* *-*-netbsd* *-*-linux* *-*-gnu* *-*-solaris* *-*-cygwin *-*-rtems* *-*-darwin* } "
=== libstdc++ Summary ===
# of expected passes 10026
# of unexpected failures 52
# of expected failures 66
# of unresolved testcases 4
# of unsupported tests 445
Compiler version: 6.0.0 20150909 (experimental) (GCC)
Platform: x86_64-test-dragonfly4.3
configure flags: --enable-languages=c,c++,ada,fortran,objc --build=x86_64-test-dragonfly4.3 --prefix=/usr/local/gcc5-test --with-system-zlib --with-gmp=/usr/local --with-mpfr=/usr/local --with-mpc=/usr/local --enable-shared --enable-threads=posix --enable-checking=release --enable-libquadmath --disable-werror --disable-nls --with-ld=/usr/bin/ld --with-as=/usr/bin/as
More information about the Gcc-testresults
mailing list