Results for 6.0.0 20150909 (experimental) [trunk revision 227586] (GCC) testsuite on powerpc-ibm-aix7.1.2.0
David Edelsohn
dje@power-aix.osuosl.org
Wed Sep 9 19:53:00 GMT 2015
LAST_UPDATED: Wed Sep 9 13:49:00 UTC 2015 (revision 227586)
Native configuration is powerpc-ibm-aix7.1.2.0
=== g++ tests ===
Running target unix
FAIL: g++.dg/compat/eh/new1 cp_compat_x_tst.o-cp_compat_y_tst.o execute
XPASS: g++.dg/debug/pr56294.C -gxcoff (test for excess errors)
XPASS: g++.dg/debug/pr56294.C -gxcoff+ (test for excess errors)
XPASS: g++.dg/debug/pr56294.C -gxcoff+1 (test for excess errors)
XPASS: g++.dg/debug/pr56294.C -gxcoff+3 (test for excess errors)
XPASS: g++.dg/debug/pr56294.C -gxcoff1 (test for excess errors)
XPASS: g++.dg/debug/pr56294.C -gxcoff3 (test for excess errors)
XPASS: g++.dg/debug/pr56819.C -gxcoff (test for excess errors)
XPASS: g++.dg/debug/pr56819.C -gxcoff+ (test for excess errors)
XPASS: g++.dg/debug/pr56819.C -gxcoff+1 (test for excess errors)
XPASS: g++.dg/debug/pr56819.C -gxcoff+3 (test for excess errors)
XPASS: g++.dg/debug/pr56819.C -gxcoff1 (test for excess errors)
XPASS: g++.dg/debug/pr56819.C -gxcoff3 (test for excess errors)
FAIL: g++.dg/abi/anon1.C -std=c++11 scan-assembler-not globl
FAIL: g++.dg/abi/anon1.C -std=c++14 scan-assembler-not globl
FAIL: g++.dg/abi/anon1.C -std=c++98 scan-assembler-not globl
FAIL: g++.dg/cpp/ucn-1.C -std=gnu++11 (test for excess errors)
FAIL: g++.dg/cpp/ucn-1.C -std=gnu++14 (test for excess errors)
FAIL: g++.dg/cpp1y/pr58708.C -std=c++14 (test for excess errors)
WARNING: g++.dg/cpp1y/pr58708.C -std=c++14 compilation failed to produce executable
FAIL: g++.dg/eh/new1.C -std=c++14 execution test
FAIL: g++.dg/init/new40.C execution test
FAIL: g++.dg/init/ref15.C -std=c++11 execution test
FAIL: g++.dg/init/ref15.C -std=c++14 execution test
FAIL: g++.dg/init/ref15.C -std=c++98 execution test
XPASS: g++.dg/template/linkage1.C -std=c++98 scan-assembler-not (weak|glob)[^\\n]*_Z3fooIXadL_ZL11static_funcvEEEvv
FAIL: g++.dg/tree-ssa/pr61034.C -std=gnu++11 scan-tree-dump-times fre2 "free" 10
FAIL: g++.dg/tree-ssa/pr61034.C -std=gnu++14 scan-tree-dump-times fre2 "free" 10
FAIL: g++.dg/tree-ssa/pr61034.C -std=gnu++98 scan-tree-dump-times fre2 "free" 10
XPASS: g++.dg/tls/thread_local-order2.C -std=c++11 execution test
XPASS: g++.dg/tls/thread_local-order2.C -std=c++14 execution test
FAIL: g++.dg/tree-prof/pr57451.C compilation, -fprofile-use -D_PROFILE_USE
UNRESOLVED: g++.dg/tree-prof/pr57451.C execution, -fprofile-use -D_PROFILE_USE
FAIL: g++.dg/vect/pr36648.cc -std=c++11 scan-tree-dump-times vect "vectorized 1 loops" 1
FAIL: g++.dg/vect/pr36648.cc -std=c++11 scan-tree-dump-times vect "vectorizing stmts using SLP" 1
FAIL: g++.dg/vect/pr36648.cc -std=c++14 scan-tree-dump-times vect "vectorized 1 loops" 1
FAIL: g++.dg/vect/pr36648.cc -std=c++14 scan-tree-dump-times vect "vectorizing stmts using SLP" 1
FAIL: g++.dg/vect/pr36648.cc -std=c++98 scan-tree-dump-times vect "vectorized 1 loops" 1
FAIL: g++.dg/vect/pr36648.cc -std=c++98 scan-tree-dump-times vect "vectorizing stmts using SLP" 1
FAIL: g++.old-deja/g++.eh/new2.C -std=gnu++14 execution test
XPASS: g++.old-deja/g++.mike/p755a.C -std=c++11 execution test
XPASS: g++.old-deja/g++.mike/p755a.C -std=c++98 execution test
FAIL: g++.old-deja/g++.other/init18.C -std=c++11 execution test
FAIL: g++.old-deja/g++.other/init18.C -std=c++14 execution test
FAIL: g++.old-deja/g++.other/init18.C -std=c++98 execution test
FAIL: g++.old-deja/g++.other/init19.C -std=c++11 execution test
FAIL: g++.old-deja/g++.other/init19.C -std=c++14 execution test
FAIL: g++.old-deja/g++.other/init19.C -std=c++98 execution test
FAIL: g++.old-deja/g++.pt/static11.C -std=c++11 execution test
FAIL: g++.old-deja/g++.pt/static11.C -std=c++14 execution test
FAIL: g++.old-deja/g++.pt/static11.C -std=c++98 execution test
=== g++ Summary ===
# of expected passes 77634
# of unexpected failures 32
# of unexpected successes 17
# of expected failures 340
# of unresolved testcases 1
# of unsupported tests 3695
/home/dje/build/20150909/gcc/testsuite/g++/../../xg++ version 6.0.0 20150909 (experimental) [trunk revision 227586] (GCC)
=== gcc tests ===
Running target unix
FAIL: gcc.dg/cpp/assert4.c (test for excess errors)
ERROR: (DejaGnu) proc "cleanup-rtl-dump loop*" does not exist.
FAIL: gcc.dg/addr_equal-1.c (test for excess errors)
WARNING: gcc.dg/addr_equal-1.c compilation failed to produce executable
FAIL: gcc.dg/asm-names.c scan-assembler-not ____frob14
FAIL: gcc.dg/pr64081.c scan-rtl-dump loop2_unroll "loop unrolled 7 times"
FAIL: gcc.dg/pr64935-2.c (test for excess errors)
FAIL: gcc.dg/pr65521.c (test for excess errors)
FAIL: gcc.dg/sms-8.c execution test
FAIL: gcc.dg/sms-8.c scan-rtl-dump-times sms "SMS succeeded" 0
FAIL: gcc.dg/ipa/iinline-attr.c scan-ipa-dump inline "hooray[^\\\\n]*inline copy in test"
XPASS: gcc.dg/torture/pr59166.c -O0 (test for excess errors)
FAIL: gcc.dg/tree-prof/time-profiler-2.c scan-ipa-dump-times profile "Read tp_first_run: 0" 2
FAIL: gcc.dg/tree-prof/time-profiler-2.c scan-ipa-dump-times profile "Read tp_first_run: 2" 1
FAIL: gcc.dg/tree-prof/time-profiler-2.c scan-ipa-dump-times profile "Read tp_first_run: 3" 1
FAIL: gcc.dg/tree-ssa/ivopts-lt-2.c scan-tree-dump-times ivopts "PHI <p_" 1
FAIL: gcc.dg/tree-ssa/ivopts-lt-2.c scan-tree-dump-times ivopts "PHI" 1
FAIL: gcc.dg/tree-ssa/ivopts-lt-2.c scan-tree-dump-times ivopts "p_[0-9]* <" 1
FAIL: gcc.dg/tree-ssa/sra-12.c scan-tree-dump-times release_ssa "l;" 0
FAIL: gcc.dg/vect/costmodel/ppc/costmodel-bb-slp-9a-pr63175.c scan-assembler-not \\tlwz?u?x?
FAIL: gcc.dg/vect/costmodel/ppc/costmodel-vect-31a.c scan-tree-dump-times vect "vectorization not profitable" 1
FAIL: gcc.dg/vect/costmodel/ppc/costmodel-vect-33.c scan-tree-dump-times vect "vectorization not profitable" 1
FAIL: gcc.dg/vect/bb-slp-pr65935.c scan-tree-dump-times slp1 "basic block vectorized" 1
FAIL: gcc.dg/vect/no-vfa-vect-depend-2.c scan-tree-dump-times vect "vectorized 1 loops" 1
FAIL: gcc.dg/vect/no-vfa-vect-depend-3.c scan-tree-dump-times vect "vectorized 1 loops" 4
FAIL: gcc.dg/vect/slp-multitypes-4.c scan-tree-dump-times vect "vectorized 1 loops" 1
FAIL: gcc.dg/vect/slp-multitypes-4.c scan-tree-dump-times vect "vectorizing stmts using SLP" 1
FAIL: gcc.dg/vect/slp-multitypes-5.c scan-tree-dump-times vect "vectorized 1 loops" 1
FAIL: gcc.dg/vect/slp-multitypes-5.c scan-tree-dump-times vect "vectorizing stmts using SLP" 1
FAIL: gcc.dg/vect/slp-perm-8.c scan-tree-dump-times vect "vectorized 1 loops" 1
FAIL: gcc.dg/vect/vect-125.c scan-tree-dump vect "vectorized 1 loops"
FAIL: gcc.dg/vect/vect-31.c scan-tree-dump-times vect "vectorized 4 loops" 1
UNRESOLVED: gcc.target/powerpc/dfmode_off.c object-size text == 320
UNRESOLVED: gcc.target/powerpc/dimode_off.c object-size text <= 640
FAIL: gcc.target/powerpc/pr16458-1.c scan-assembler-not cmpw
FAIL: gcc.target/powerpc/pr16458-2.c scan-assembler-not cmpw
=== gcc Summary ===
# of expected passes 67487
# of unexpected failures 31
# of unexpected successes 1
# of expected failures 220
# of unresolved testcases 2
# of unsupported tests 1530
/home/dje/build/20150909/gcc/xgcc version 6.0.0 20150909 (experimental) [trunk revision 227586] (GCC)
=== libatomic tests ===
Running target unix
=== libatomic Summary ===
# of expected passes 44
# of unsupported tests 5
=== libgomp tests ===
Running target unix
XPASS: libgomp.oacc-c/../libgomp.oacc-c-c++-common/lib-42.c -DACC_DEVICE_TYPE_host=1 -DACC_MEM_SHARED=1 output pattern test, \\[[0-9a-fA-FxX]+,256\\] is not mapped
XPASS: libgomp.oacc-c++/../libgomp.oacc-c-c++-common/lib-42.c -DACC_DEVICE_TYPE_host=1 -DACC_MEM_SHARED=1 output pattern test, \\[[0-9a-fA-FxX]+,256\\] is not mapped
=== libgomp Summary ===
# of expected passes 1202
# of unexpected successes 2
# of expected failures 2
# of unsupported tests 141
=== libstdc++ tests ===
Running target unix
FAIL: 18_support/50594.cc execution test
FAIL: 21_strings/basic_string/capacity/wchar_t/18654.cc execution test
FAIL: 21_strings/basic_string/inserters_extractors/wchar_t/28277.cc execution test
FAIL: 23_containers/vector/profile/vector.cc execution test
FAIL: 25_algorithms/remove/requirements/explicit_instantiation/2.cc (test for excess errors)
FAIL: 27_io/basic_ostream/inserters_character/wchar_t/28277-3.cc execution test
FAIL: 27_io/basic_ostream/inserters_character/wchar_t/28277-4.cc execution test
FAIL: 27_io/ios_base/storage/11584.cc execution test
FAIL: 27_io/objects/char/7.cc execution test
FAIL: 27_io/objects/wchar_t/7.cc execution test
FAIL: experimental/tuple/tuple_size.cc (test for excess errors)
FAIL: ext/mt_allocator/check_new.cc execution test
FAIL: ext/pool_allocator/check_new.cc execution test
FAIL: ext/vstring/inserters_extractors/wchar_t/28277.cc execution test
=== libstdc++ Summary ===
# of expected passes 9029
# of unexpected failures 14
# of expected failures 66
# of unsupported tests 694
Compiler version: 6.0.0 20150909 (experimental) [trunk revision 227586] (GCC)
Platform: powerpc-ibm-aix7.1.2.0
configure flags: --prefix=/home/dje/install/powerpc-ibm-aix7.1.2.0-20150909 --disable-werror --enable-languages=c,c++ --with-gmp=/opt/cfarm --with-cloog=no --with-ppl=no --with-libiconv-prefix=/opt/cfarm --disable-libstdcxx-pch --enable-__cxa_atexit --with-included-gettext
More information about the Gcc-testresults
mailing list