Results for 5.2.1 20151020 (GCC) testsuite on i386-pc-solaris2.11
宋冬生
songdongsheng@live.cn
Wed Oct 28 07:43:00 GMT 2015
LAST_UPDATED: Obtained from SVN: branches/gcc-5-branch revision 229101
Native configuration is i386-pc-solaris2.11
=== g++ tests ===
Running target unix/-m64
FAIL: g++.dg/ext/visibility/fvisibility-inlines-hidden-2.C -std=gnu++98 scan-not-hidden
FAIL: g++.dg/ext/visibility/fvisibility-inlines-hidden-2.C -std=gnu++11 scan-not-hidden
FAIL: g++.dg/ext/visibility/fvisibility-inlines-hidden-2.C -std=gnu++14 scan-not-hidden
FAIL: g++.dg/ext/visibility/fvisibility-inlines-hidden-3.C -std=gnu++98 scan-not-hidden
FAIL: g++.dg/ext/visibility/fvisibility-inlines-hidden-3.C -std=gnu++98 scan-not-hidden
FAIL: g++.dg/ext/visibility/fvisibility-inlines-hidden-3.C -std=gnu++11 scan-not-hidden
FAIL: g++.dg/ext/visibility/fvisibility-inlines-hidden-3.C -std=gnu++11 scan-not-hidden
FAIL: g++.dg/ext/visibility/fvisibility-inlines-hidden-3.C -std=gnu++14 scan-not-hidden
FAIL: g++.dg/ext/visibility/fvisibility-inlines-hidden-3.C -std=gnu++14 scan-not-hidden
FAIL: g++.dg/ext/visibility/fvisibility-inlines-hidden-4.C -std=gnu++98 scan-not-hidden
FAIL: g++.dg/ext/visibility/fvisibility-inlines-hidden-4.C -std=gnu++98 scan-not-hidden
FAIL: g++.dg/ext/visibility/fvisibility-inlines-hidden-4.C -std=gnu++11 scan-not-hidden
FAIL: g++.dg/ext/visibility/fvisibility-inlines-hidden-4.C -std=gnu++11 scan-not-hidden
FAIL: g++.dg/ext/visibility/fvisibility-inlines-hidden-4.C -std=gnu++14 scan-not-hidden
FAIL: g++.dg/ext/visibility/fvisibility-inlines-hidden-4.C -std=gnu++14 scan-not-hidden
FAIL: g++.dg/ext/visibility/fvisibility-override1.C -std=gnu++98 scan-not-hidden
FAIL: g++.dg/ext/visibility/fvisibility-override1.C -std=gnu++11 scan-not-hidden
FAIL: g++.dg/ext/visibility/fvisibility-override1.C -std=gnu++14 scan-not-hidden
FAIL: g++.dg/ext/visibility/fvisibility-override2.C -std=gnu++98 scan-not-hidden
FAIL: g++.dg/ext/visibility/fvisibility-override2.C -std=gnu++11 scan-not-hidden
FAIL: g++.dg/ext/visibility/fvisibility-override2.C -std=gnu++14 scan-not-hidden
FAIL: g++.dg/ext/visibility/guard1.C -std=gnu++98 scan-not-hidden
FAIL: g++.dg/ext/visibility/guard1.C -std=gnu++11 scan-not-hidden
FAIL: g++.dg/ext/visibility/guard1.C -std=gnu++14 scan-not-hidden
FAIL: g++.dg/ext/visibility/ms-compat-1.C -std=gnu++98 scan-not-hidden
FAIL: g++.dg/ext/visibility/ms-compat-1.C -std=gnu++98 scan-not-hidden
FAIL: g++.dg/ext/visibility/ms-compat-1.C -std=gnu++98 scan-not-hidden
FAIL: g++.dg/ext/visibility/ms-compat-1.C -std=gnu++11 scan-not-hidden
FAIL: g++.dg/ext/visibility/ms-compat-1.C -std=gnu++11 scan-not-hidden
FAIL: g++.dg/ext/visibility/ms-compat-1.C -std=gnu++11 scan-not-hidden
FAIL: g++.dg/ext/visibility/ms-compat-1.C -std=gnu++14 scan-not-hidden
FAIL: g++.dg/ext/visibility/ms-compat-1.C -std=gnu++14 scan-not-hidden
FAIL: g++.dg/ext/visibility/ms-compat-1.C -std=gnu++14 scan-not-hidden
FAIL: g++.dg/ext/visibility/namespace1.C -std=c++98 scan-not-hidden
FAIL: g++.dg/ext/visibility/namespace1.C -std=c++11 scan-not-hidden
FAIL: g++.dg/ext/visibility/namespace1.C -std=c++14 scan-not-hidden
FAIL: g++.dg/ext/visibility/new1.C -std=gnu++98 scan-not-hidden
FAIL: g++.dg/ext/visibility/new1.C -std=gnu++11 scan-not-hidden
FAIL: g++.dg/ext/visibility/new1.C -std=gnu++14 scan-not-hidden
FAIL: g++.dg/ext/visibility/template1.C -std=gnu++98 scan-not-hidden
FAIL: g++.dg/ext/visibility/template1.C -std=gnu++98 scan-not-hidden
FAIL: g++.dg/ext/visibility/template1.C -std=gnu++11 scan-not-hidden
FAIL: g++.dg/ext/visibility/template1.C -std=gnu++11 scan-not-hidden
FAIL: g++.dg/ext/visibility/template1.C -std=gnu++14 scan-not-hidden
FAIL: g++.dg/ext/visibility/template1.C -std=gnu++14 scan-not-hidden
FAIL: g++.dg/ext/visibility/template10.C -std=gnu++98 scan-not-hidden
FAIL: g++.dg/ext/visibility/template10.C -std=gnu++11 scan-not-hidden
FAIL: g++.dg/ext/visibility/template10.C -std=gnu++14 scan-not-hidden
FAIL: g++.dg/ext/visibility/template11.C -std=gnu++98 scan-not-hidden
FAIL: g++.dg/ext/visibility/template11.C -std=gnu++11 scan-not-hidden
FAIL: g++.dg/ext/visibility/template11.C -std=gnu++14 scan-not-hidden
FAIL: g++.dg/ext/visibility/template12.C -std=gnu++98 scan-not-hidden
FAIL: g++.dg/ext/visibility/template12.C -std=gnu++11 scan-not-hidden
FAIL: g++.dg/ext/visibility/template12.C -std=gnu++14 scan-not-hidden
FAIL: g++.dg/ext/visibility/template2.C -std=c++98 scan-not-hidden
FAIL: g++.dg/ext/visibility/template2.C -std=c++98 scan-not-hidden
FAIL: g++.dg/ext/visibility/template2.C -std=c++11 scan-not-hidden
FAIL: g++.dg/ext/visibility/template2.C -std=c++11 scan-not-hidden
FAIL: g++.dg/ext/visibility/template2.C -std=c++14 scan-not-hidden
FAIL: g++.dg/ext/visibility/template2.C -std=c++14 scan-not-hidden
FAIL: g++.dg/ext/visibility/template3.C -std=c++98 scan-not-hidden
FAIL: g++.dg/ext/visibility/template3.C -std=c++98 scan-not-hidden
FAIL: g++.dg/ext/visibility/template3.C -std=c++11 scan-not-hidden
FAIL: g++.dg/ext/visibility/template3.C -std=c++11 scan-not-hidden
FAIL: g++.dg/ext/visibility/template3.C -std=c++14 scan-not-hidden
FAIL: g++.dg/ext/visibility/template3.C -std=c++14 scan-not-hidden
FAIL: g++.dg/ext/visibility/template4.C -std=c++98 scan-not-hidden
FAIL: g++.dg/ext/visibility/template4.C -std=c++98 scan-not-hidden
FAIL: g++.dg/ext/visibility/template4.C -std=c++98 scan-not-hidden
FAIL: g++.dg/ext/visibility/template4.C -std=c++98 scan-not-hidden
FAIL: g++.dg/ext/visibility/template4.C -std=c++11 scan-not-hidden
FAIL: g++.dg/ext/visibility/template4.C -std=c++11 scan-not-hidden
FAIL: g++.dg/ext/visibility/template4.C -std=c++11 scan-not-hidden
FAIL: g++.dg/ext/visibility/template4.C -std=c++11 scan-not-hidden
FAIL: g++.dg/ext/visibility/template4.C -std=c++14 scan-not-hidden
FAIL: g++.dg/ext/visibility/template4.C -std=c++14 scan-not-hidden
FAIL: g++.dg/ext/visibility/template4.C -std=c++14 scan-not-hidden
FAIL: g++.dg/ext/visibility/template4.C -std=c++14 scan-not-hidden
FAIL: g++.dg/ext/visibility/template6.C -std=c++98 scan-not-hidden
FAIL: g++.dg/ext/visibility/template6.C -std=c++11 scan-not-hidden
FAIL: g++.dg/ext/visibility/template6.C -std=c++14 scan-not-hidden
FAIL: g++.dg/ext/visibility/template9.C -std=gnu++98 scan-not-hidden
FAIL: g++.dg/ext/visibility/template9.C -std=gnu++11 scan-not-hidden
FAIL: g++.dg/ext/visibility/template9.C -std=gnu++14 scan-not-hidden
FAIL: g++.dg/ext/visibility/typeinfo1.C -std=gnu++98 scan-not-hidden
FAIL: g++.dg/ext/visibility/typeinfo1.C -std=gnu++98 scan-not-hidden
FAIL: g++.dg/ext/visibility/typeinfo1.C -std=gnu++11 scan-not-hidden
FAIL: g++.dg/ext/visibility/typeinfo1.C -std=gnu++11 scan-not-hidden
FAIL: g++.dg/ext/visibility/typeinfo1.C -std=gnu++14 scan-not-hidden
FAIL: g++.dg/ext/visibility/typeinfo1.C -std=gnu++14 scan-not-hidden
FAIL: g++.dg/ext/visibility/typeinfo2.C -std=c++98 scan-not-hidden
FAIL: g++.dg/ext/visibility/typeinfo2.C -std=c++11 scan-not-hidden
FAIL: g++.dg/ext/visibility/typeinfo2.C -std=c++14 scan-not-hidden
FAIL: g++.dg/ext/visibility/typeinfo3.C -std=c++98 scan-not-hidden
FAIL: g++.dg/ext/visibility/typeinfo3.C -std=c++98 scan-not-hidden
FAIL: g++.dg/ext/visibility/typeinfo3.C -std=c++11 scan-not-hidden
FAIL: g++.dg/ext/visibility/typeinfo3.C -std=c++11 scan-not-hidden
FAIL: g++.dg/ext/visibility/typeinfo3.C -std=c++14 scan-not-hidden
FAIL: g++.dg/ext/visibility/typeinfo3.C -std=c++14 scan-not-hidden
FAIL: g++.dg/ext/visibility/warn3.C -std=c++98 scan-not-hidden
FAIL: g++.dg/ext/visibility/warn3.C -std=c++11 scan-not-hidden
FAIL: g++.dg/ext/visibility/warn3.C -std=c++14 scan-not-hidden
FAIL: g++.dg/lto/pr65475b cp_lto_pr65475b_0.o-cp_lto_pr65475b_1.o link, -Wno-odr
UNRESOLVED: g++.dg/lto/pr65475b cp_lto_pr65475b_0.o-cp_lto_pr65475b_1.o execute -Wno-odr
FAIL: g++.old-deja/g++.mike/visibility-1.C -std=gnu++98 scan-not-hidden
FAIL: g++.old-deja/g++.mike/visibility-1.C -std=gnu++11 scan-not-hidden
FAIL: g++.old-deja/g++.mike/visibility-1.C -std=gnu++14 scan-not-hidden
=== g++ Summary for unix/-m64 ===
# of expected passes 86138
# of unexpected failures 106
# of expected failures 291
# of unresolved testcases 1
# of unsupported tests 3646
Running target unix/-m32
FAIL: g++.dg/cilk-plus/CK/catch_exc.cc -O1 -fcilkplus execution test
FAIL: g++.dg/cilk-plus/CK/catch_exc.cc -O3 -fcilkplus execution test
FAIL: g++.dg/cilk-plus/CK/catch_exc.cc -g -fcilkplus execution test
FAIL: g++.dg/cilk-plus/CK/catch_exc.cc -g -O2 -fcilkplus execution test
FAIL: g++.dg/ext/visibility/fvisibility-inlines-hidden-2.C -std=gnu++98 scan-not-hidden
FAIL: g++.dg/ext/visibility/fvisibility-inlines-hidden-2.C -std=gnu++11 scan-not-hidden
FAIL: g++.dg/ext/visibility/fvisibility-inlines-hidden-2.C -std=gnu++14 scan-not-hidden
FAIL: g++.dg/ext/visibility/fvisibility-inlines-hidden-3.C -std=gnu++98 scan-not-hidden
FAIL: g++.dg/ext/visibility/fvisibility-inlines-hidden-3.C -std=gnu++98 scan-not-hidden
FAIL: g++.dg/ext/visibility/fvisibility-inlines-hidden-3.C -std=gnu++11 scan-not-hidden
FAIL: g++.dg/ext/visibility/fvisibility-inlines-hidden-3.C -std=gnu++11 scan-not-hidden
FAIL: g++.dg/ext/visibility/fvisibility-inlines-hidden-3.C -std=gnu++14 scan-not-hidden
FAIL: g++.dg/ext/visibility/fvisibility-inlines-hidden-3.C -std=gnu++14 scan-not-hidden
FAIL: g++.dg/ext/visibility/fvisibility-inlines-hidden-4.C -std=gnu++98 scan-not-hidden
FAIL: g++.dg/ext/visibility/fvisibility-inlines-hidden-4.C -std=gnu++98 scan-not-hidden
FAIL: g++.dg/ext/visibility/fvisibility-inlines-hidden-4.C -std=gnu++11 scan-not-hidden
FAIL: g++.dg/ext/visibility/fvisibility-inlines-hidden-4.C -std=gnu++11 scan-not-hidden
FAIL: g++.dg/ext/visibility/fvisibility-inlines-hidden-4.C -std=gnu++14 scan-not-hidden
FAIL: g++.dg/ext/visibility/fvisibility-inlines-hidden-4.C -std=gnu++14 scan-not-hidden
FAIL: g++.dg/ext/visibility/fvisibility-override1.C -std=gnu++98 scan-not-hidden
FAIL: g++.dg/ext/visibility/fvisibility-override1.C -std=gnu++11 scan-not-hidden
FAIL: g++.dg/ext/visibility/fvisibility-override1.C -std=gnu++14 scan-not-hidden
FAIL: g++.dg/ext/visibility/fvisibility-override2.C -std=gnu++98 scan-not-hidden
FAIL: g++.dg/ext/visibility/fvisibility-override2.C -std=gnu++11 scan-not-hidden
FAIL: g++.dg/ext/visibility/fvisibility-override2.C -std=gnu++14 scan-not-hidden
FAIL: g++.dg/ext/visibility/guard1.C -std=gnu++98 scan-not-hidden
FAIL: g++.dg/ext/visibility/guard1.C -std=gnu++11 scan-not-hidden
FAIL: g++.dg/ext/visibility/guard1.C -std=gnu++14 scan-not-hidden
FAIL: g++.dg/ext/visibility/ms-compat-1.C -std=gnu++98 scan-not-hidden
FAIL: g++.dg/ext/visibility/ms-compat-1.C -std=gnu++98 scan-not-hidden
FAIL: g++.dg/ext/visibility/ms-compat-1.C -std=gnu++98 scan-not-hidden
FAIL: g++.dg/ext/visibility/ms-compat-1.C -std=gnu++11 scan-not-hidden
FAIL: g++.dg/ext/visibility/ms-compat-1.C -std=gnu++11 scan-not-hidden
FAIL: g++.dg/ext/visibility/ms-compat-1.C -std=gnu++11 scan-not-hidden
FAIL: g++.dg/ext/visibility/ms-compat-1.C -std=gnu++14 scan-not-hidden
FAIL: g++.dg/ext/visibility/ms-compat-1.C -std=gnu++14 scan-not-hidden
FAIL: g++.dg/ext/visibility/ms-compat-1.C -std=gnu++14 scan-not-hidden
FAIL: g++.dg/ext/visibility/namespace1.C -std=c++98 scan-not-hidden
FAIL: g++.dg/ext/visibility/namespace1.C -std=c++11 scan-not-hidden
FAIL: g++.dg/ext/visibility/namespace1.C -std=c++14 scan-not-hidden
FAIL: g++.dg/ext/visibility/new1.C -std=gnu++98 scan-not-hidden
FAIL: g++.dg/ext/visibility/new1.C -std=gnu++11 scan-not-hidden
FAIL: g++.dg/ext/visibility/new1.C -std=gnu++14 scan-not-hidden
FAIL: g++.dg/ext/visibility/template1.C -std=gnu++98 scan-not-hidden
FAIL: g++.dg/ext/visibility/template1.C -std=gnu++98 scan-not-hidden
FAIL: g++.dg/ext/visibility/template1.C -std=gnu++11 scan-not-hidden
FAIL: g++.dg/ext/visibility/template1.C -std=gnu++11 scan-not-hidden
FAIL: g++.dg/ext/visibility/template1.C -std=gnu++14 scan-not-hidden
FAIL: g++.dg/ext/visibility/template1.C -std=gnu++14 scan-not-hidden
FAIL: g++.dg/ext/visibility/template10.C -std=gnu++98 scan-not-hidden
FAIL: g++.dg/ext/visibility/template10.C -std=gnu++11 scan-not-hidden
FAIL: g++.dg/ext/visibility/template10.C -std=gnu++14 scan-not-hidden
FAIL: g++.dg/ext/visibility/template11.C -std=gnu++98 scan-not-hidden
FAIL: g++.dg/ext/visibility/template11.C -std=gnu++11 scan-not-hidden
FAIL: g++.dg/ext/visibility/template11.C -std=gnu++14 scan-not-hidden
FAIL: g++.dg/ext/visibility/template12.C -std=gnu++98 scan-not-hidden
FAIL: g++.dg/ext/visibility/template12.C -std=gnu++11 scan-not-hidden
FAIL: g++.dg/ext/visibility/template12.C -std=gnu++14 scan-not-hidden
FAIL: g++.dg/ext/visibility/template2.C -std=c++98 scan-not-hidden
FAIL: g++.dg/ext/visibility/template2.C -std=c++98 scan-not-hidden
FAIL: g++.dg/ext/visibility/template2.C -std=c++11 scan-not-hidden
FAIL: g++.dg/ext/visibility/template2.C -std=c++11 scan-not-hidden
FAIL: g++.dg/ext/visibility/template2.C -std=c++14 scan-not-hidden
FAIL: g++.dg/ext/visibility/template2.C -std=c++14 scan-not-hidden
FAIL: g++.dg/ext/visibility/template3.C -std=c++98 scan-not-hidden
FAIL: g++.dg/ext/visibility/template3.C -std=c++98 scan-not-hidden
FAIL: g++.dg/ext/visibility/template3.C -std=c++11 scan-not-hidden
FAIL: g++.dg/ext/visibility/template3.C -std=c++11 scan-not-hidden
FAIL: g++.dg/ext/visibility/template3.C -std=c++14 scan-not-hidden
FAIL: g++.dg/ext/visibility/template3.C -std=c++14 scan-not-hidden
FAIL: g++.dg/ext/visibility/template4.C -std=c++98 scan-not-hidden
FAIL: g++.dg/ext/visibility/template4.C -std=c++98 scan-not-hidden
FAIL: g++.dg/ext/visibility/template4.C -std=c++98 scan-not-hidden
FAIL: g++.dg/ext/visibility/template4.C -std=c++98 scan-not-hidden
FAIL: g++.dg/ext/visibility/template4.C -std=c++11 scan-not-hidden
FAIL: g++.dg/ext/visibility/template4.C -std=c++11 scan-not-hidden
FAIL: g++.dg/ext/visibility/template4.C -std=c++11 scan-not-hidden
FAIL: g++.dg/ext/visibility/template4.C -std=c++11 scan-not-hidden
FAIL: g++.dg/ext/visibility/template4.C -std=c++14 scan-not-hidden
FAIL: g++.dg/ext/visibility/template4.C -std=c++14 scan-not-hidden
FAIL: g++.dg/ext/visibility/template4.C -std=c++14 scan-not-hidden
FAIL: g++.dg/ext/visibility/template4.C -std=c++14 scan-not-hidden
FAIL: g++.dg/ext/visibility/template6.C -std=c++98 scan-not-hidden
FAIL: g++.dg/ext/visibility/template6.C -std=c++11 scan-not-hidden
FAIL: g++.dg/ext/visibility/template6.C -std=c++14 scan-not-hidden
FAIL: g++.dg/ext/visibility/template9.C -std=gnu++98 scan-not-hidden
FAIL: g++.dg/ext/visibility/template9.C -std=gnu++11 scan-not-hidden
FAIL: g++.dg/ext/visibility/template9.C -std=gnu++14 scan-not-hidden
FAIL: g++.dg/ext/visibility/typeinfo1.C -std=gnu++98 scan-not-hidden
FAIL: g++.dg/ext/visibility/typeinfo1.C -std=gnu++98 scan-not-hidden
FAIL: g++.dg/ext/visibility/typeinfo1.C -std=gnu++11 scan-not-hidden
FAIL: g++.dg/ext/visibility/typeinfo1.C -std=gnu++11 scan-not-hidden
FAIL: g++.dg/ext/visibility/typeinfo1.C -std=gnu++14 scan-not-hidden
FAIL: g++.dg/ext/visibility/typeinfo1.C -std=gnu++14 scan-not-hidden
FAIL: g++.dg/ext/visibility/typeinfo2.C -std=c++98 scan-not-hidden
FAIL: g++.dg/ext/visibility/typeinfo2.C -std=c++11 scan-not-hidden
FAIL: g++.dg/ext/visibility/typeinfo2.C -std=c++14 scan-not-hidden
FAIL: g++.dg/ext/visibility/typeinfo3.C -std=c++98 scan-not-hidden
FAIL: g++.dg/ext/visibility/typeinfo3.C -std=c++98 scan-not-hidden
FAIL: g++.dg/ext/visibility/typeinfo3.C -std=c++11 scan-not-hidden
FAIL: g++.dg/ext/visibility/typeinfo3.C -std=c++11 scan-not-hidden
FAIL: g++.dg/ext/visibility/typeinfo3.C -std=c++14 scan-not-hidden
FAIL: g++.dg/ext/visibility/typeinfo3.C -std=c++14 scan-not-hidden
FAIL: g++.dg/ext/visibility/warn3.C -std=c++98 scan-not-hidden
FAIL: g++.dg/ext/visibility/warn3.C -std=c++11 scan-not-hidden
FAIL: g++.dg/ext/visibility/warn3.C -std=c++14 scan-not-hidden
FAIL: g++.old-deja/g++.mike/visibility-1.C -std=gnu++98 scan-not-hidden
FAIL: g++.old-deja/g++.mike/visibility-1.C -std=gnu++11 scan-not-hidden
FAIL: g++.old-deja/g++.mike/visibility-1.C -std=gnu++14 scan-not-hidden
=== g++ Summary for unix/-m32 ===
# of expected passes 84814
# of unexpected failures 109
# of expected failures 291
# of unsupported tests 3375
=== g++ Summary ===
# of expected passes 170952
# of unexpected failures 215
# of expected failures 582
# of unresolved testcases 1
# of unsupported tests 7021
/root/obj/gcc/testsuite/g++/../../xg++ version 5.2.1 20151020 (GCC)
=== gcc tests ===
Running target unix/-m64
FAIL: gcc.dg/visibility-22.c execution test
FAIL: gcc.dg/visibility-d.c scan-not-hidden
FAIL: gcc.dg/visibility-d.c scan-not-hidden
FAIL: gcc.dg/visibility-d.c scan-not-hidden
FAIL: gcc.dg/visibility-d.c scan-not-hidden
FAIL: gcc.dg/visibility-d.c scan-not-hidden
FAIL: gcc.dg/visibility-d.c scan-not-hidden
FAIL: gcc.dg/visibility-d.c scan-not-hidden
FAIL: gcc.dg/visibility-d.c scan-not-hidden
FAIL: gcc.dg/visibility-d.c scan-not-hidden
FAIL: gcc.dg/visibility-d.c scan-not-hidden
FAIL: gcc.dg/visibility-d.c scan-not-hidden
FAIL: gcc.dg/visibility-d.c scan-not-hidden
FAIL: gcc.dg/visibility-d.c scan-not-hidden
FAIL: gcc.dg/visibility-d.c scan-not-hidden
FAIL: gcc.dg/visibility-d.c scan-not-hidden
FAIL: gcc.dg/visibility-d.c scan-not-hidden
FAIL: gcc.dg/visibility-d.c scan-not-hidden
FAIL: gcc.dg/visibility-d.c scan-not-hidden
FAIL: gcc.dg/visibility-d.c scan-not-hidden
FAIL: gcc.dg/visibility-d.c scan-not-hidden
FAIL: gcc.dg/visibility-d.c scan-not-hidden
FAIL: gcc.dg/visibility-d.c scan-not-hidden
FAIL: gcc.dg/visibility-d.c scan-not-hidden
FAIL: gcc.dg/visibility-d.c scan-not-hidden
FAIL: gcc.dg/visibility-d.c scan-not-hidden
FAIL: gcc.dg/visibility-d.c scan-not-hidden
FAIL: gcc.dg/visibility-d.c scan-not-hidden
FAIL: gcc.dg/visibility-d.c scan-not-hidden
FAIL: gcc.dg/visibility-d.c scan-not-hidden
FAIL: gcc.dg/visibility-d.c scan-not-hidden
=== gcc Summary for unix/-m64 ===
# of expected passes 107368
# of unexpected failures 31
# of expected failures 274
# of unsupported tests 2604
Running target unix/-m32
FAIL: gcc.dg/visibility-22.c execution test
FAIL: gcc.dg/visibility-d.c scan-not-hidden
FAIL: gcc.dg/visibility-d.c scan-not-hidden
FAIL: gcc.dg/visibility-d.c scan-not-hidden
FAIL: gcc.dg/visibility-d.c scan-not-hidden
FAIL: gcc.dg/visibility-d.c scan-not-hidden
FAIL: gcc.dg/visibility-d.c scan-not-hidden
FAIL: gcc.dg/visibility-d.c scan-not-hidden
FAIL: gcc.dg/visibility-d.c scan-not-hidden
FAIL: gcc.dg/visibility-d.c scan-not-hidden
FAIL: gcc.dg/visibility-d.c scan-not-hidden
FAIL: gcc.dg/visibility-d.c scan-not-hidden
FAIL: gcc.dg/visibility-d.c scan-not-hidden
FAIL: gcc.dg/visibility-d.c scan-not-hidden
FAIL: gcc.dg/visibility-d.c scan-not-hidden
FAIL: gcc.dg/visibility-d.c scan-not-hidden
FAIL: gcc.dg/visibility-d.c scan-not-hidden
FAIL: gcc.dg/visibility-d.c scan-not-hidden
FAIL: gcc.dg/visibility-d.c scan-not-hidden
FAIL: gcc.dg/visibility-d.c scan-not-hidden
FAIL: gcc.dg/visibility-d.c scan-not-hidden
FAIL: gcc.dg/visibility-d.c scan-not-hidden
FAIL: gcc.dg/visibility-d.c scan-not-hidden
FAIL: gcc.dg/visibility-d.c scan-not-hidden
FAIL: gcc.dg/visibility-d.c scan-not-hidden
FAIL: gcc.dg/visibility-d.c scan-not-hidden
FAIL: gcc.dg/visibility-d.c scan-not-hidden
FAIL: gcc.dg/visibility-d.c scan-not-hidden
FAIL: gcc.dg/visibility-d.c scan-not-hidden
FAIL: gcc.dg/visibility-d.c scan-not-hidden
FAIL: gcc.dg/visibility-d.c scan-not-hidden
=== gcc Summary for unix/-m32 ===
# of expected passes 106511
# of unexpected failures 31
# of expected failures 275
# of unsupported tests 2378
=== gcc Summary ===
# of expected passes 213879
# of unexpected failures 62
# of expected failures 549
# of unsupported tests 4982
/root/obj/gcc/xgcc version 5.2.1 20151020 (GCC)
=== gfortran tests ===
Running target unix/-m64
=== gfortran Summary for unix/-m64 ===
# of expected passes 48782
# of expected failures 79
# of unsupported tests 95
Running target unix/-m32
=== gfortran Summary for unix/-m32 ===
# of expected passes 48495
# of expected failures 79
# of unsupported tests 233
=== gfortran Summary ===
# of expected passes 97277
# of expected failures 158
# of unsupported tests 328
/root/obj/gcc/testsuite/gfortran/../../gfortran version 5.2.1 20151020 (GCC)
=== libatomic tests ===
Running target unix/-m64
=== libatomic Summary for unix/-m64 ===
# of expected passes 54
Running target unix/-m32
=== libatomic Summary for unix/-m32 ===
# of expected passes 44
# of unsupported tests 5
=== libatomic Summary ===
# of expected passes 98
# of unsupported tests 5
=== libgomp tests ===
Running target unix/-m64
=== libgomp Summary for unix/-m64 ===
# of expected passes 5869
# of unsupported tests 257
Running target unix/-m32
=== libgomp Summary for unix/-m32 ===
# of expected passes 5869
# of unsupported tests 257
=== libgomp Summary ===
# of expected passes 11738
# of unsupported tests 514
=== libitm tests ===
Running target unix/-m64
=== libitm Summary for unix/-m64 ===
# of expected passes 26
# of expected failures 3
# of unsupported tests 1
Running target unix/-m32
=== libitm Summary for unix/-m32 ===
# of expected passes 26
# of expected failures 3
# of unsupported tests 1
=== libitm Summary ===
# of expected passes 52
# of expected failures 6
# of unsupported tests 2
=== libstdc++ tests ===
Running target unix/-m64
FAIL: experimental/filesystem/iterators/directory_iterator.cc execution test
FAIL: experimental/filesystem/iterators/recursive_directory_iterator.cc execution test
=== libstdc++ Summary for unix/-m64 ===
# of expected passes 9514
# of unexpected failures 2
# of expected failures 66
# of unsupported tests 609
Running target unix/-m32
FAIL: experimental/filesystem/iterators/directory_iterator.cc execution test
FAIL: experimental/filesystem/iterators/recursive_directory_iterator.cc execution test
=== libstdc++ Summary for unix/-m32 ===
# of expected passes 9514
# of unexpected failures 2
# of expected failures 66
# of unsupported tests 609
=== libstdc++ Summary ===
# of expected passes 19028
# of unexpected failures 4
# of expected failures 132
# of unsupported tests 1218
Compiler version: 5.2.1 20151020 (GCC)
Platform: i386-pc-solaris2.11
configure flags: --prefix=/usr/gcc/5 --enable-multilib --enable-checking=release --enable-languages=c,c++,fortran --enable-fully-dynamic-string --enable-libstdcxx-time=yes --without-gnu-ld --with-ld=/usr/bin/ld --with-gnu-as --with-as=/usr/gnu/bin/as --with-arch=core2 --with-tune=generic
More information about the Gcc-testresults
mailing list