Results for 6.0.0 20151019 (experimental) [trunk revision 228999] (GCC) testsuite on hppa2.0w-hp-hpux11.11
John David Anglin
dave@hiauly3.hia.nrc.ca
Wed Oct 21 15:11:00 GMT 2015
Native configuration is hppa2.0w-hp-hpux11.11
=== g++ tests ===
Running target unix
FAIL: g++.dg/compat/eh/ctor1 cp_compat_x_tst.o-cp_compat_y_tst.o execute
FAIL: g++.dg/compat/eh/ctor2 cp_compat_x_tst.o-cp_compat_y_tst.o execute
FAIL: g++.dg/compat/eh/dtor1 cp_compat_x_tst.o-cp_compat_y_tst.o execute
FAIL: g++.dg/compat/eh/filter1 cp_compat_x_tst.o-cp_compat_y_tst.o execute
FAIL: g++.dg/compat/eh/filter2 cp_compat_x_tst.o-cp_compat_y_tst.o execute
FAIL: g++.dg/compat/eh/new1 cp_compat_x_tst.o-cp_compat_y_tst.o execute
FAIL: g++.dg/compat/eh/nrv1 cp_compat_x_tst.o-cp_compat_y_tst.o execute
FAIL: g++.dg/compat/eh/spec3 cp_compat_x_tst.o-cp_compat_y_tst.o execute
FAIL: g++.dg/compat/eh/template1 cp_compat_x_tst.o-cp_compat_y_tst.o execute
FAIL: g++.dg/compat/eh/unexpected1 cp_compat_x_tst.o-cp_compat_y_tst.o execute
FAIL: g++.dg/compat/init/array5 cp_compat_x_tst.o-cp_compat_y_tst.o execute
FAIL: g++.dg/Wno-frame-address.C -std=gnu++98 (test for excess errors)
FAIL: g++.dg/Wno-frame-address.C -std=gnu++11 (test for excess errors)
FAIL: g++.dg/Wno-frame-address.C -std=gnu++14 (test for excess errors)
FAIL: g++.dg/cpp0x/bad_array_new1.C -std=c++11 execution test
FAIL: g++.dg/cpp0x/bad_array_new1.C -std=c++14 execution test
FAIL: g++.dg/cpp0x/bad_array_new2.C -std=c++11 execution test
FAIL: g++.dg/cpp0x/bad_array_new2.C -std=c++14 execution test
FAIL: g++.dg/cpp0x/inh-ctor12.C -std=c++11 execution test
FAIL: g++.dg/cpp0x/inh-ctor12.C -std=c++14 execution test
FAIL: g++.dg/cpp0x/initlist90.C -std=c++11 execution test
FAIL: g++.dg/cpp0x/initlist90.C -std=c++14 execution test
FAIL: g++.dg/cpp0x/lambda/lambda-eh2.C -std=gnu++11 execution test
FAIL: g++.dg/cpp0x/lambda/lambda-eh2.C -std=gnu++14 execution test
FAIL: g++.dg/cpp0x/noexcept03.C -std=gnu++11 execution test
FAIL: g++.dg/cpp0x/noexcept03.C -std=gnu++14 execution test
FAIL: g++.dg/cpp0x/noexcept04.C -std=c++11 execution test
FAIL: g++.dg/cpp0x/noexcept04.C -std=c++14 execution test
FAIL: g++.dg/cpp0x/noexcept06.C -std=gnu++11 execution test
FAIL: g++.dg/cpp0x/noexcept06.C -std=gnu++14 execution test
FAIL: g++.dg/cpp0x/noexcept07.C -std=c++11 execution test
FAIL: g++.dg/cpp0x/noexcept07.C -std=c++14 execution test
FAIL: g++.dg/cpp0x/nsdmi-eh1.C -std=c++11 execution test
FAIL: g++.dg/cpp0x/nsdmi-eh1.C -std=c++14 execution test
FAIL: g++.dg/cpp0x/nullptr21.C -std=c++11 execution test
FAIL: g++.dg/cpp0x/nullptr21.C -std=c++14 execution test
FAIL: g++.dg/cpp0x/range-for7.C -std=c++11 execution test
FAIL: g++.dg/cpp0x/range-for7.C -std=c++14 execution test
FAIL: g++.dg/cpp0x/variadic73.C -std=c++11 execution test
FAIL: g++.dg/cpp0x/variadic73.C -std=c++14 execution test
FAIL: g++.dg/cpp1y/sized-dealloc1.C -std=c++98 execution test
FAIL: g++.dg/cpp1y/sized-dealloc1.C -std=c++11 execution test
FAIL: g++.dg/cpp1y/sized-dealloc1.C -std=c++14 execution test
FAIL: g++.dg/eh/alias1.C -std=gnu++98 execution test
FAIL: g++.dg/eh/alias1.C -std=gnu++11 execution test
FAIL: g++.dg/eh/alias1.C -std=gnu++14 execution test
FAIL: g++.dg/eh/anon1.C -std=c++98 execution test
FAIL: g++.dg/eh/anon1.C -std=c++11 execution test
FAIL: g++.dg/eh/anon1.C -std=c++14 execution test
FAIL: g++.dg/eh/cond1.C -std=c++98 execution test
FAIL: g++.dg/eh/cond1.C -std=c++11 execution test
FAIL: g++.dg/eh/cond1.C -std=c++14 execution test
FAIL: g++.dg/eh/cond4.C -std=c++98 execution test
FAIL: g++.dg/eh/cond4.C -std=c++11 execution test
FAIL: g++.dg/eh/cond4.C -std=c++14 execution test
FAIL: g++.dg/eh/cond5.C -std=c++98 execution test
FAIL: g++.dg/eh/cond5.C -std=c++11 execution test
FAIL: g++.dg/eh/cond5.C -std=c++14 execution test
FAIL: g++.dg/eh/cond6.C -std=c++98 execution test
FAIL: g++.dg/eh/cond6.C -std=c++11 execution test
FAIL: g++.dg/eh/cond6.C -std=c++14 execution test
FAIL: g++.dg/eh/crossjump1.C -std=gnu++98 execution test
FAIL: g++.dg/eh/crossjump1.C -std=gnu++11 execution test
FAIL: g++.dg/eh/crossjump1.C -std=gnu++14 execution test
FAIL: g++.dg/eh/ctor1.C -std=c++98 execution test
FAIL: g++.dg/eh/ctor1.C -std=c++11 execution test
FAIL: g++.dg/eh/ctor1.C -std=c++14 execution test
FAIL: g++.dg/eh/ctor2.C -std=c++98 execution test
FAIL: g++.dg/eh/ctor2.C -std=c++11 execution test
FAIL: g++.dg/eh/ctor2.C -std=c++14 execution test
FAIL: g++.dg/eh/defarg1.C -std=c++98 execution test
FAIL: g++.dg/eh/defarg1.C -std=c++11 execution test
FAIL: g++.dg/eh/defarg1.C -std=c++14 execution test
FAIL: g++.dg/eh/delayslot1.C -std=gnu++98 execution test
FAIL: g++.dg/eh/delayslot1.C -std=gnu++11 execution test
FAIL: g++.dg/eh/delayslot1.C -std=gnu++14 execution test
FAIL: g++.dg/eh/dtor1.C -std=c++98 execution test
FAIL: g++.dg/eh/dtor1.C -std=c++11 execution test
FAIL: g++.dg/eh/dtor1.C -std=c++14 execution test
FAIL: g++.dg/eh/dtor3.C -std=c++98 execution test
FAIL: g++.dg/eh/elide1.C -std=c++98 execution test
FAIL: g++.dg/eh/elide1.C -std=c++11 execution test
FAIL: g++.dg/eh/elide1.C -std=c++14 execution test
FAIL: g++.dg/eh/elide2.C -std=c++98 execution test
FAIL: g++.dg/eh/elide2.C -std=c++11 execution test
FAIL: g++.dg/eh/elide2.C -std=c++14 execution test
FAIL: g++.dg/eh/filter1.C -std=c++98 execution test
FAIL: g++.dg/eh/filter1.C -std=c++11 execution test
FAIL: g++.dg/eh/filter1.C -std=c++14 execution test
FAIL: g++.dg/eh/filter2.C -std=gnu++98 execution test
FAIL: g++.dg/eh/filter2.C -std=gnu++11 execution test
FAIL: g++.dg/eh/filter2.C -std=gnu++14 execution test
FAIL: g++.dg/eh/forced1.C -std=c++98 execution test
FAIL: g++.dg/eh/forced1.C -std=c++11 execution test
FAIL: g++.dg/eh/forced1.C -std=c++14 execution test
FAIL: g++.dg/eh/forced2.C -std=c++98 execution test
FAIL: g++.dg/eh/forced2.C -std=c++11 execution test
FAIL: g++.dg/eh/forced2.C -std=c++14 execution test
FAIL: g++.dg/eh/forced3.C -std=c++98 execution test
FAIL: g++.dg/eh/forced3.C -std=c++11 execution test
FAIL: g++.dg/eh/forced3.C -std=c++14 execution test
FAIL: g++.dg/eh/forced4.C -std=c++98 execution test
FAIL: g++.dg/eh/forced4.C -std=c++11 execution test
FAIL: g++.dg/eh/forced4.C -std=c++14 execution test
FAIL: g++.dg/eh/fp-regs.C -std=gnu++98 execution test
FAIL: g++.dg/eh/fp-regs.C -std=gnu++11 execution test
FAIL: g++.dg/eh/fp-regs.C -std=gnu++14 execution test
FAIL: g++.dg/eh/ia64-2.C -std=gnu++98 execution test
FAIL: g++.dg/eh/ia64-2.C -std=gnu++11 execution test
FAIL: g++.dg/eh/ia64-2.C -std=gnu++14 execution test
FAIL: g++.dg/eh/init-temp1.C -std=c++98 execution test
FAIL: g++.dg/eh/init-temp1.C -std=c++11 execution test
FAIL: g++.dg/eh/init-temp1.C -std=c++14 execution test
FAIL: g++.dg/eh/loop1.C -std=gnu++98 execution test
FAIL: g++.dg/eh/loop1.C -std=gnu++11 execution test
FAIL: g++.dg/eh/loop1.C -std=gnu++14 execution test
FAIL: g++.dg/eh/loop2.C -std=c++98 execution test
FAIL: g++.dg/eh/loop2.C -std=c++11 execution test
FAIL: g++.dg/eh/loop2.C -std=c++14 execution test
FAIL: g++.dg/eh/new1.C -std=c++98 execution test
FAIL: g++.dg/eh/new1.C -std=c++11 execution test
FAIL: g++.dg/eh/new1.C -std=c++14 execution test
FAIL: g++.dg/eh/omit-frame-pointer.C -std=gnu++98 execution test
FAIL: g++.dg/eh/omit-frame-pointer.C -std=gnu++11 execution test
FAIL: g++.dg/eh/omit-frame-pointer.C -std=gnu++14 execution test
FAIL: g++.dg/eh/omit-frame-pointer2.C -std=gnu++98 execution test
FAIL: g++.dg/eh/omit-frame-pointer2.C -std=gnu++11 execution test
FAIL: g++.dg/eh/omit-frame-pointer2.C -std=gnu++14 execution test
FAIL: g++.dg/eh/partial1.C -std=c++98 execution test
FAIL: g++.dg/eh/partial1.C -std=c++11 execution test
FAIL: g++.dg/eh/partial1.C -std=c++14 execution test
FAIL: g++.dg/eh/pr29166.C -std=c++98 execution test
FAIL: g++.dg/eh/pr29166.C -std=c++11 execution test
FAIL: g++.dg/eh/pr29166.C -std=c++14 execution test
FAIL: g++.dg/eh/registers1.C -std=gnu++98 execution test
FAIL: g++.dg/eh/registers1.C -std=gnu++11 execution test
FAIL: g++.dg/eh/registers1.C -std=gnu++14 execution test
FAIL: g++.dg/eh/simd-1.C -std=gnu++98 execution test
FAIL: g++.dg/eh/simd-1.C -std=gnu++11 execution test
FAIL: g++.dg/eh/simd-1.C -std=gnu++14 execution test
FAIL: g++.dg/eh/simd-2.C -std=gnu++98 execution test
FAIL: g++.dg/eh/simd-2.C -std=gnu++11 execution test
FAIL: g++.dg/eh/simd-2.C -std=gnu++14 execution test
FAIL: g++.dg/eh/simd-3.C -std=gnu++98 execution test
FAIL: g++.dg/eh/simd-3.C -std=gnu++11 execution test
FAIL: g++.dg/eh/simd-3.C -std=gnu++14 execution test
FAIL: g++.dg/eh/spec10.C -std=gnu++98 execution test
FAIL: g++.dg/eh/spec10.C -std=gnu++11 execution test
FAIL: g++.dg/eh/spec10.C -std=gnu++14 execution test
FAIL: g++.dg/eh/spec3.C -std=c++98 execution test
FAIL: g++.dg/eh/spec3.C -std=c++11 execution test
FAIL: g++.dg/eh/spec3.C -std=c++14 execution test
FAIL: g++.dg/eh/spec7.C -std=gnu++98 execution test
FAIL: g++.dg/eh/spec7.C -std=gnu++11 execution test
FAIL: g++.dg/eh/spec7.C -std=gnu++14 execution test
FAIL: g++.dg/eh/spec9.C -std=c++98 execution test
FAIL: g++.dg/eh/spec9.C -std=c++11 execution test
FAIL: g++.dg/eh/spec9.C -std=c++14 execution test
FAIL: g++.dg/eh/synth2.C -std=c++98 execution test
FAIL: g++.dg/eh/synth2.C -std=c++11 execution test
FAIL: g++.dg/eh/synth2.C -std=c++14 execution test
FAIL: g++.dg/eh/template1.C -std=c++98 execution test
FAIL: g++.dg/eh/template1.C -std=c++11 execution test
FAIL: g++.dg/eh/template1.C -std=c++14 execution test
FAIL: g++.dg/eh/uncaught1.C -std=gnu++98 execution test
FAIL: g++.dg/eh/uncaught1.C -std=gnu++11 execution test
FAIL: g++.dg/eh/uncaught1.C -std=gnu++14 execution test
FAIL: g++.dg/eh/uncaught4.C -std=c++98 execution test
FAIL: g++.dg/eh/uncaught4.C -std=c++11 execution test
FAIL: g++.dg/eh/uncaught4.C -std=c++14 execution test
FAIL: g++.dg/eh/unexpected1.C -std=c++98 execution test
FAIL: g++.dg/eh/unexpected1.C -std=c++11 execution test
FAIL: g++.dg/eh/unexpected1.C -std=c++14 execution test
FAIL: g++.dg/ext/cleanup-10.C -std=gnu++98 execution test
FAIL: g++.dg/ext/cleanup-10.C -std=gnu++11 execution test
FAIL: g++.dg/ext/cleanup-10.C -std=gnu++14 execution test
FAIL: g++.dg/ext/cleanup-11.C -std=gnu++98 execution test
FAIL: g++.dg/ext/cleanup-11.C -std=gnu++11 execution test
FAIL: g++.dg/ext/cleanup-11.C -std=gnu++14 execution test
FAIL: g++.dg/ext/cleanup-5.C -std=gnu++98 execution test
FAIL: g++.dg/ext/cleanup-5.C -std=gnu++11 execution test
FAIL: g++.dg/ext/cleanup-5.C -std=gnu++14 execution test
FAIL: g++.dg/ext/cleanup-8.C -std=gnu++98 execution test
FAIL: g++.dg/ext/cleanup-8.C -std=gnu++11 execution test
FAIL: g++.dg/ext/cleanup-8.C -std=gnu++14 execution test
FAIL: g++.dg/ext/cleanup-9.C -std=gnu++98 execution test
FAIL: g++.dg/ext/cleanup-9.C -std=gnu++11 execution test
FAIL: g++.dg/ext/cleanup-9.C -std=gnu++14 execution test
FAIL: g++.dg/init/array16.C -std=gnu++98 execution test
FAIL: g++.dg/init/array16.C -std=gnu++11 execution test
FAIL: g++.dg/init/array16.C -std=gnu++14 execution test
FAIL: g++.dg/init/array5.C -std=c++98 execution test
FAIL: g++.dg/init/array5.C -std=c++11 execution test
FAIL: g++.dg/init/array5.C -std=c++14 execution test
FAIL: g++.dg/init/ctor1.C -std=c++98 execution test
FAIL: g++.dg/init/ctor1.C -std=c++11 execution test
FAIL: g++.dg/init/ctor1.C -std=c++14 execution test
FAIL: g++.dg/init/new36.C -std=c++98 execution test
FAIL: g++.dg/init/new36.C -std=c++11 execution test
FAIL: g++.dg/init/new36.C -std=c++14 execution test
FAIL: g++.dg/init/new39.C -std=c++98 execution test
FAIL: g++.dg/init/new39.C -std=c++11 execution test
FAIL: g++.dg/init/new39.C -std=c++14 execution test
FAIL: g++.dg/init/new40.C execution test
FAIL: g++.dg/init/placement2.C -std=c++98 execution test
FAIL: g++.dg/init/placement2.C -std=c++11 execution test
FAIL: g++.dg/init/placement2.C -std=c++14 execution test
FAIL: g++.dg/init/ref9.C -std=c++98 execution test
FAIL: g++.dg/init/ref9.C -std=c++11 execution test
FAIL: g++.dg/init/ref9.C -std=c++14 execution test
FAIL: g++.dg/ipa/pr63838.C -std=gnu++98 execution test
FAIL: g++.dg/ipa/pr63838.C -std=gnu++11 execution test
FAIL: g++.dg/ipa/pr63838.C -std=gnu++14 execution test
FAIL: g++.dg/opt/eh2.C -std=gnu++98 execution test
FAIL: g++.dg/opt/eh2.C -std=gnu++11 execution test
FAIL: g++.dg/opt/eh2.C -std=gnu++14 execution test
FAIL: g++.dg/opt/eh3.C -std=gnu++98 execution test
FAIL: g++.dg/opt/eh3.C -std=gnu++11 execution test
FAIL: g++.dg/opt/eh3.C -std=gnu++14 execution test
FAIL: g++.dg/opt/eh4.C -std=gnu++98 execution test
FAIL: g++.dg/opt/eh4.C -std=gnu++11 execution test
FAIL: g++.dg/opt/eh4.C -std=gnu++14 execution test
FAIL: g++.dg/opt/flifetime-dse2.C -std=gnu++98 execution test
FAIL: g++.dg/opt/flifetime-dse2.C -std=gnu++11 execution test
FAIL: g++.dg/opt/flifetime-dse2.C -std=gnu++14 execution test
FAIL: g++.dg/opt/pr23478.C -std=gnu++98 execution test
FAIL: g++.dg/opt/pr23478.C -std=gnu++11 execution test
FAIL: g++.dg/opt/pr23478.C -std=gnu++14 execution test
FAIL: g++.dg/rtti/typeid10.C -std=c++98 execution test
FAIL: g++.dg/rtti/typeid10.C -std=c++11 execution test
FAIL: g++.dg/rtti/typeid10.C -std=c++14 execution test
FAIL: g++.dg/tree-ssa/pr61034.C -std=gnu++98 scan-tree-dump-times fre2 "free" 10
FAIL: g++.dg/tree-ssa/pr61034.C -std=gnu++11 scan-tree-dump-times fre2 "free" 10
FAIL: g++.dg/tree-ssa/pr61034.C -std=gnu++14 scan-tree-dump-times fre2 "free" 10
FAIL: g++.dg/gcov/gcov-11.C -std=gnu++98 execution test
FAIL: g++.dg/gcov/gcov-11.C -std=gnu++98 gcov failed: gcov-11.C.gov does not exist
FAIL: g++.dg/gcov/gcov-11.C -std=gnu++11 execution test
FAIL: g++.dg/gcov/gcov-11.C -std=gnu++11 gcov failed: gcov-11.C.gov does not exist
FAIL: g++.dg/gcov/gcov-11.C -std=gnu++14 execution test
FAIL: g++.dg/gcov/gcov-11.C -std=gnu++14 gcov failed: gcov-11.C.gov does not exist
FAIL: g++.dg/gcov/gcov-13.C -std=gnu++98 execution test
FAIL: g++.dg/gcov/gcov-13.C -std=gnu++98 gcov failed: gcov-13.C.gov does not exist
FAIL: g++.dg/gcov/gcov-13.C -std=gnu++11 execution test
FAIL: g++.dg/gcov/gcov-13.C -std=gnu++11 gcov failed: gcov-13.C.gov does not exist
FAIL: g++.dg/gcov/gcov-13.C -std=gnu++14 execution test
FAIL: g++.dg/gcov/gcov-13.C -std=gnu++14 gcov failed: gcov-13.C.gov does not exist
FAIL: g++.dg/gcov/gcov-15.C -std=gnu++98 execution test
FAIL: g++.dg/gcov/gcov-15.C -std=gnu++98 gcov failed: gcov-15.C.gov does not exist
FAIL: g++.dg/gcov/gcov-15.C -std=gnu++11 execution test
FAIL: g++.dg/gcov/gcov-15.C -std=gnu++11 gcov failed: gcov-15.C.gov does not exist
FAIL: g++.dg/gcov/gcov-15.C -std=gnu++14 execution test
FAIL: g++.dg/gcov/gcov-15.C -std=gnu++14 gcov failed: gcov-15.C.gov does not exist
FAIL: g++.dg/gcov/gcov-7.C -std=gnu++98 execution test
FAIL: g++.dg/gcov/gcov-7.C -std=gnu++98 gcov failed: gcov-7.C.gov does not exist
FAIL: g++.dg/gcov/gcov-7.C -std=gnu++11 execution test
FAIL: g++.dg/gcov/gcov-7.C -std=gnu++11 gcov failed: gcov-7.C.gov does not exist
FAIL: g++.dg/gcov/gcov-7.C -std=gnu++14 execution test
FAIL: g++.dg/gcov/gcov-7.C -std=gnu++14 gcov failed: gcov-7.C.gov does not exist
FAIL: c-c++-common/gomp/clauses-2.c -std=c++98 (internal compiler error)
FAIL: c-c++-common/gomp/clauses-2.c -std=c++98 (test for errors, line 25)
FAIL: c-c++-common/gomp/clauses-2.c -std=c++98 (test for errors, line 39)
FAIL: c-c++-common/gomp/clauses-2.c -std=c++98 (test for errors, line 41)
FAIL: c-c++-common/gomp/clauses-2.c -std=c++98 (test for errors, line 43)
FAIL: c-c++-common/gomp/clauses-2.c -std=c++98 (test for excess errors)
FAIL: c-c++-common/gomp/clauses-2.c -std=c++11 (internal compiler error)
FAIL: c-c++-common/gomp/clauses-2.c -std=c++11 (test for errors, line 25)
FAIL: c-c++-common/gomp/clauses-2.c -std=c++11 (test for errors, line 39)
FAIL: c-c++-common/gomp/clauses-2.c -std=c++11 (test for errors, line 41)
FAIL: c-c++-common/gomp/clauses-2.c -std=c++11 (test for errors, line 43)
FAIL: c-c++-common/gomp/clauses-2.c -std=c++11 (test for excess errors)
FAIL: c-c++-common/gomp/clauses-2.c -std=c++14 (internal compiler error)
FAIL: c-c++-common/gomp/clauses-2.c -std=c++14 (test for errors, line 25)
FAIL: c-c++-common/gomp/clauses-2.c -std=c++14 (test for errors, line 39)
FAIL: c-c++-common/gomp/clauses-2.c -std=c++14 (test for errors, line 41)
FAIL: c-c++-common/gomp/clauses-2.c -std=c++14 (test for errors, line 43)
FAIL: c-c++-common/gomp/clauses-2.c -std=c++14 (test for excess errors)
WARNING: program timed out.
FAIL: g++.dg/torture/pr49115.C -O0 execution test
FAIL: g++.dg/torture/pr49115.C -O1 execution test
FAIL: g++.dg/torture/pr49115.C -O2 execution test
FAIL: g++.dg/torture/pr49115.C -O3 -g execution test
FAIL: g++.dg/torture/pr49115.C -Os execution test
FAIL: g++.dg/torture/pr60750.C -O0 execution test
FAIL: g++.dg/torture/pr60750.C -O1 execution test
FAIL: g++.dg/torture/pr60750.C -O2 execution test
FAIL: g++.dg/torture/pr60750.C -O3 -g execution test
FAIL: g++.dg/torture/pr60750.C -Os execution test
FAIL: g++.dg/torture/stackalign/throw-3.C -O0 execution test
FAIL: g++.dg/torture/stackalign/throw-3.C -O0 -fpic execution test
FAIL: g++.dg/torture/stackalign/throw-3.C -O1 execution test
FAIL: g++.dg/torture/stackalign/throw-3.C -O1 -fpic execution test
FAIL: g++.dg/torture/stackalign/throw-3.C -O2 execution test
FAIL: g++.dg/torture/stackalign/throw-3.C -O2 -fpic execution test
FAIL: g++.dg/torture/stackalign/throw-3.C -O3 -fomit-frame-pointer -funroll-loops -fpeel-loops -ftracer -finline-functions execution test
FAIL: g++.dg/torture/stackalign/throw-3.C -O3 -fomit-frame-pointer -funroll-loops -fpeel-loops -ftracer -finline-functions -fpic execution test
FAIL: g++.dg/torture/stackalign/throw-3.C -O3 -g execution test
FAIL: g++.dg/torture/stackalign/throw-3.C -O3 -g -fpic execution test
FAIL: g++.dg/torture/stackalign/throw-3.C -Os execution test
FAIL: g++.dg/torture/stackalign/throw-3.C -Os -fpic execution test
FAIL: g++.old-deja/g++.abi/cxa_vec.C -std=gnu++98 execution test
FAIL: g++.old-deja/g++.abi/cxa_vec.C -std=gnu++11 execution test
FAIL: g++.old-deja/g++.abi/cxa_vec.C -std=gnu++14 execution test
FAIL: g++.old-deja/g++.brendan/eh1.C -std=gnu++98 execution test
FAIL: g++.old-deja/g++.brendan/eh1.C -std=gnu++11 execution test
FAIL: g++.old-deja/g++.brendan/eh1.C -std=gnu++14 execution test
FAIL: g++.old-deja/g++.eh/badalloc1.C -std=c++98 execution test
FAIL: g++.old-deja/g++.eh/badalloc1.C -std=c++11 execution test
FAIL: g++.old-deja/g++.eh/badalloc1.C -std=c++14 execution test
FAIL: g++.old-deja/g++.eh/catch11.C -std=c++98 execution test
FAIL: g++.old-deja/g++.eh/catch11.C -std=c++11 execution test
FAIL: g++.old-deja/g++.eh/catch11.C -std=c++14 execution test
FAIL: g++.old-deja/g++.eh/catch12.C -std=c++98 execution test
FAIL: g++.old-deja/g++.eh/catch12.C -std=c++11 execution test
FAIL: g++.old-deja/g++.eh/catch12.C -std=c++14 execution test
FAIL: g++.old-deja/g++.eh/catch3.C -std=gnu++98 execution test
FAIL: g++.old-deja/g++.eh/catch3.C -std=gnu++11 execution test
FAIL: g++.old-deja/g++.eh/catch3.C -std=gnu++14 execution test
FAIL: g++.old-deja/g++.eh/catch3p.C -std=gnu++98 execution test
FAIL: g++.old-deja/g++.eh/catch3p.C -std=gnu++11 execution test
FAIL: g++.old-deja/g++.eh/catch3p.C -std=gnu++14 execution test
FAIL: g++.old-deja/g++.eh/catch4.C -std=gnu++98 execution test
FAIL: g++.old-deja/g++.eh/catch4.C -std=gnu++11 execution test
FAIL: g++.old-deja/g++.eh/catch4.C -std=gnu++14 execution test
FAIL: g++.old-deja/g++.eh/catch4p.C -std=gnu++98 execution test
FAIL: g++.old-deja/g++.eh/catch4p.C -std=gnu++11 execution test
FAIL: g++.old-deja/g++.eh/catch4p.C -std=gnu++14 execution test
FAIL: g++.old-deja/g++.eh/catch5.C -std=gnu++98 execution test
FAIL: g++.old-deja/g++.eh/catch5.C -std=gnu++11 execution test
FAIL: g++.old-deja/g++.eh/catch5.C -std=gnu++14 execution test
FAIL: g++.old-deja/g++.eh/catch5p.C -std=gnu++98 execution test
FAIL: g++.old-deja/g++.eh/catch5p.C -std=gnu++11 execution test
FAIL: g++.old-deja/g++.eh/catch5p.C -std=gnu++14 execution test
FAIL: g++.old-deja/g++.eh/catch6.C -std=gnu++98 execution test
FAIL: g++.old-deja/g++.eh/catch6.C -std=gnu++11 execution test
FAIL: g++.old-deja/g++.eh/catch6.C -std=gnu++14 execution test
FAIL: g++.old-deja/g++.eh/catch6p.C -std=gnu++98 execution test
FAIL: g++.old-deja/g++.eh/catch6p.C -std=gnu++11 execution test
FAIL: g++.old-deja/g++.eh/catch6p.C -std=gnu++14 execution test
FAIL: g++.old-deja/g++.eh/catch7.C -std=gnu++98 execution test
FAIL: g++.old-deja/g++.eh/catch7.C -std=gnu++11 execution test
FAIL: g++.old-deja/g++.eh/catch7.C -std=gnu++14 execution test
FAIL: g++.old-deja/g++.eh/catch7p.C -std=gnu++98 execution test
FAIL: g++.old-deja/g++.eh/catch7p.C -std=gnu++11 execution test
FAIL: g++.old-deja/g++.eh/catch7p.C -std=gnu++14 execution test
FAIL: g++.old-deja/g++.eh/catch8.C -std=gnu++98 execution test
FAIL: g++.old-deja/g++.eh/catch8.C -std=gnu++11 execution test
FAIL: g++.old-deja/g++.eh/catch8.C -std=gnu++14 execution test
FAIL: g++.old-deja/g++.eh/catch8p.C -std=gnu++98 execution test
FAIL: g++.old-deja/g++.eh/catch8p.C -std=gnu++11 execution test
FAIL: g++.old-deja/g++.eh/catch8p.C -std=gnu++14 execution test
FAIL: g++.old-deja/g++.eh/catch9.C -std=gnu++98 execution test
FAIL: g++.old-deja/g++.eh/catch9.C -std=gnu++11 execution test
FAIL: g++.old-deja/g++.eh/catch9.C -std=gnu++14 execution test
FAIL: g++.old-deja/g++.eh/catch9p.C -std=gnu++98 execution test
FAIL: g++.old-deja/g++.eh/catch9p.C -std=gnu++11 execution test
FAIL: g++.old-deja/g++.eh/catch9p.C -std=gnu++14 execution test
FAIL: g++.old-deja/g++.eh/catchptr1.C -std=c++98 execution test
FAIL: g++.old-deja/g++.eh/catchptr1.C -std=c++11 execution test
FAIL: g++.old-deja/g++.eh/catchptr1.C -std=c++14 execution test
FAIL: g++.old-deja/g++.eh/cleanup1.C -std=c++98 execution test
FAIL: g++.old-deja/g++.eh/cleanup1.C -std=c++11 execution test
FAIL: g++.old-deja/g++.eh/cleanup1.C -std=c++14 execution test
FAIL: g++.old-deja/g++.eh/cleanup2.C -std=c++98 execution test
FAIL: g++.old-deja/g++.eh/cleanup2.C -std=c++11 execution test
FAIL: g++.old-deja/g++.eh/cleanup2.C -std=c++14 execution test
FAIL: g++.old-deja/g++.eh/flow1.C -std=c++98 execution test
FAIL: g++.old-deja/g++.eh/flow1.C -std=c++11 execution test
FAIL: g++.old-deja/g++.eh/flow1.C -std=c++14 execution test
FAIL: g++.old-deja/g++.eh/fntry1.C -std=c++98 execution test
FAIL: g++.old-deja/g++.eh/fntry1.C -std=c++11 execution test
FAIL: g++.old-deja/g++.eh/fntry1.C -std=c++14 execution test
FAIL: g++.old-deja/g++.eh/ia64-1.C -std=gnu++98 execution test
FAIL: g++.old-deja/g++.eh/ia64-1.C -std=gnu++11 execution test
FAIL: g++.old-deja/g++.eh/ia64-1.C -std=gnu++14 execution test
FAIL: g++.old-deja/g++.eh/inline2.C -std=gnu++98 execution test
FAIL: g++.old-deja/g++.eh/inline2.C -std=gnu++11 execution test
FAIL: g++.old-deja/g++.eh/inline2.C -std=gnu++14 execution test
FAIL: g++.old-deja/g++.eh/new1.C -std=gnu++98 execution test
FAIL: g++.old-deja/g++.eh/new1.C -std=gnu++11 execution test
FAIL: g++.old-deja/g++.eh/new1.C -std=gnu++14 execution test
FAIL: g++.old-deja/g++.eh/new2.C -std=gnu++98 execution test
FAIL: g++.old-deja/g++.eh/new2.C -std=gnu++11 execution test
FAIL: g++.old-deja/g++.eh/new2.C -std=gnu++14 execution test
FAIL: g++.old-deja/g++.eh/pdel1.C -std=c++98 execution test
FAIL: g++.old-deja/g++.eh/pdel1.C -std=c++11 execution test
FAIL: g++.old-deja/g++.eh/pdel1.C -std=c++14 execution test
FAIL: g++.old-deja/g++.eh/pdel2.C -std=c++98 execution test
FAIL: g++.old-deja/g++.eh/pdel2.C -std=c++11 execution test
FAIL: g++.old-deja/g++.eh/pdel2.C -std=c++14 execution test
FAIL: g++.old-deja/g++.eh/ptr1.C -std=c++98 execution test
FAIL: g++.old-deja/g++.eh/ptr1.C -std=c++11 execution test
FAIL: g++.old-deja/g++.eh/ptr1.C -std=c++14 execution test
FAIL: g++.old-deja/g++.eh/ptrmem1.C -std=c++98 execution test
FAIL: g++.old-deja/g++.eh/ptrmem1.C -std=c++11 execution test
FAIL: g++.old-deja/g++.eh/ptrmem1.C -std=c++14 execution test
FAIL: g++.old-deja/g++.eh/rethrow1.C -std=c++98 execution test
FAIL: g++.old-deja/g++.eh/rethrow1.C -std=c++11 execution test
FAIL: g++.old-deja/g++.eh/rethrow1.C -std=c++14 execution test
FAIL: g++.old-deja/g++.eh/rethrow2.C -std=c++98 execution test
FAIL: g++.old-deja/g++.eh/rethrow2.C -std=c++11 execution test
FAIL: g++.old-deja/g++.eh/rethrow2.C -std=c++14 execution test
FAIL: g++.old-deja/g++.eh/rethrow3.C -std=c++98 execution test
FAIL: g++.old-deja/g++.eh/rethrow3.C -std=c++11 execution test
FAIL: g++.old-deja/g++.eh/rethrow3.C -std=c++14 execution test
FAIL: g++.old-deja/g++.eh/rethrow4.C -std=c++98 execution test
FAIL: g++.old-deja/g++.eh/rethrow4.C -std=c++11 execution test
FAIL: g++.old-deja/g++.eh/rethrow4.C -std=c++14 execution test
FAIL: g++.old-deja/g++.eh/rethrow5.C -std=c++98 execution test
FAIL: g++.old-deja/g++.eh/rethrow5.C -std=c++11 execution test
FAIL: g++.old-deja/g++.eh/rethrow5.C -std=c++14 execution test
FAIL: g++.old-deja/g++.eh/rethrow6.C -std=c++98 execution test
FAIL: g++.old-deja/g++.eh/rethrow6.C -std=c++11 execution test
FAIL: g++.old-deja/g++.eh/rethrow6.C -std=c++14 execution test
FAIL: g++.old-deja/g++.eh/spec1.C -std=c++98 execution test
FAIL: g++.old-deja/g++.eh/spec1.C -std=c++11 execution test
FAIL: g++.old-deja/g++.eh/spec1.C -std=c++14 execution test
FAIL: g++.old-deja/g++.eh/spec2.C -std=c++98 execution test
FAIL: g++.old-deja/g++.eh/spec2.C -std=c++11 execution test
FAIL: g++.old-deja/g++.eh/spec2.C -std=c++14 execution test
FAIL: g++.old-deja/g++.eh/spec3.C -std=c++98 execution test
FAIL: g++.old-deja/g++.eh/spec3.C -std=c++11 execution test
FAIL: g++.old-deja/g++.eh/spec3.C -std=c++14 execution test
FAIL: g++.old-deja/g++.eh/spec4.C -std=c++98 execution test
FAIL: g++.old-deja/g++.eh/spec4.C -std=c++11 execution test
FAIL: g++.old-deja/g++.eh/spec4.C -std=c++14 execution test
FAIL: g++.old-deja/g++.eh/terminate1.C -std=c++98 execution test
FAIL: g++.old-deja/g++.eh/terminate1.C -std=c++11 execution test
FAIL: g++.old-deja/g++.eh/terminate1.C -std=c++14 execution test
FAIL: g++.old-deja/g++.eh/terminate2.C -std=c++98 execution test
FAIL: g++.old-deja/g++.eh/terminate2.C -std=c++11 execution test
FAIL: g++.old-deja/g++.eh/terminate2.C -std=c++14 execution test
FAIL: g++.old-deja/g++.eh/tmpl1.C -std=c++98 execution test
FAIL: g++.old-deja/g++.eh/tmpl1.C -std=c++11 execution test
FAIL: g++.old-deja/g++.eh/tmpl1.C -std=c++14 execution test
FAIL: g++.old-deja/g++.eh/unwind1.C -std=c++98 execution test
FAIL: g++.old-deja/g++.eh/unwind1.C -std=c++11 execution test
FAIL: g++.old-deja/g++.eh/unwind1.C -std=c++14 execution test
FAIL: g++.old-deja/g++.eh/vbase1.C -std=c++98 execution test
FAIL: g++.old-deja/g++.eh/vbase1.C -std=c++11 execution test
FAIL: g++.old-deja/g++.eh/vbase1.C -std=c++14 execution test
FAIL: g++.old-deja/g++.eh/vbase2.C -std=c++98 execution test
FAIL: g++.old-deja/g++.eh/vbase2.C -std=c++11 execution test
FAIL: g++.old-deja/g++.eh/vbase2.C -std=c++14 execution test
FAIL: g++.old-deja/g++.eh/vbase4.C -std=c++98 execution test
FAIL: g++.old-deja/g++.eh/vbase4.C -std=c++11 execution test
FAIL: g++.old-deja/g++.eh/vbase4.C -std=c++14 execution test
FAIL: g++.old-deja/g++.martin/new1.C -std=c++98 execution test
FAIL: g++.old-deja/g++.martin/new1.C -std=c++11 execution test
FAIL: g++.old-deja/g++.martin/new1.C -std=c++14 execution test
FAIL: g++.old-deja/g++.mike/dyncast1.C -std=gnu++98 execution test
FAIL: g++.old-deja/g++.mike/dyncast1.C -std=gnu++11 execution test
FAIL: g++.old-deja/g++.mike/dyncast1.C -std=gnu++14 execution test
FAIL: g++.old-deja/g++.mike/dyncast2.C -std=gnu++98 execution test
FAIL: g++.old-deja/g++.mike/dyncast2.C -std=gnu++11 execution test
FAIL: g++.old-deja/g++.mike/dyncast2.C -std=gnu++14 execution test
FAIL: g++.old-deja/g++.mike/eh10.C -std=gnu++98 execution test
FAIL: g++.old-deja/g++.mike/eh10.C -std=gnu++11 execution test
FAIL: g++.old-deja/g++.mike/eh10.C -std=gnu++14 execution test
FAIL: g++.old-deja/g++.mike/eh12.C -std=gnu++98 execution test
FAIL: g++.old-deja/g++.mike/eh12.C -std=gnu++11 execution test
FAIL: g++.old-deja/g++.mike/eh12.C -std=gnu++14 execution test
FAIL: g++.old-deja/g++.mike/eh14.C -std=gnu++98 execution test
FAIL: g++.old-deja/g++.mike/eh14.C -std=gnu++11 execution test
FAIL: g++.old-deja/g++.mike/eh14.C -std=gnu++14 execution test
FAIL: g++.old-deja/g++.mike/eh16.C -std=gnu++98 execution test
FAIL: g++.old-deja/g++.mike/eh16.C -std=gnu++11 execution test
FAIL: g++.old-deja/g++.mike/eh16.C -std=gnu++14 execution test
FAIL: g++.old-deja/g++.mike/eh17.C -std=gnu++98 execution test
FAIL: g++.old-deja/g++.mike/eh17.C -std=gnu++11 execution test
FAIL: g++.old-deja/g++.mike/eh17.C -std=gnu++14 execution test
FAIL: g++.old-deja/g++.mike/eh18.C -std=gnu++98 execution test
FAIL: g++.old-deja/g++.mike/eh18.C -std=gnu++11 execution test
FAIL: g++.old-deja/g++.mike/eh18.C -std=gnu++14 execution test
FAIL: g++.old-deja/g++.mike/eh2.C -std=gnu++98 execution test
FAIL: g++.old-deja/g++.mike/eh2.C -std=gnu++11 execution test
FAIL: g++.old-deja/g++.mike/eh2.C -std=gnu++14 execution test
FAIL: g++.old-deja/g++.mike/eh21.C -std=gnu++98 execution test
FAIL: g++.old-deja/g++.mike/eh21.C -std=gnu++11 execution test
FAIL: g++.old-deja/g++.mike/eh21.C -std=gnu++14 execution test
FAIL: g++.old-deja/g++.mike/eh23.C -std=gnu++98 execution test
FAIL: g++.old-deja/g++.mike/eh23.C -std=gnu++11 execution test
FAIL: g++.old-deja/g++.mike/eh23.C -std=gnu++14 execution test
FAIL: g++.old-deja/g++.mike/eh24.C -std=gnu++98 execution test
FAIL: g++.old-deja/g++.mike/eh24.C -std=gnu++11 execution test
FAIL: g++.old-deja/g++.mike/eh24.C -std=gnu++14 execution test
FAIL: g++.old-deja/g++.mike/eh25.C -std=gnu++98 execution test
FAIL: g++.old-deja/g++.mike/eh25.C -std=gnu++11 execution test
FAIL: g++.old-deja/g++.mike/eh25.C -std=gnu++14 execution test
FAIL: g++.old-deja/g++.mike/eh26.C -std=gnu++98 execution test
FAIL: g++.old-deja/g++.mike/eh26.C -std=gnu++11 execution test
FAIL: g++.old-deja/g++.mike/eh26.C -std=gnu++14 execution test
FAIL: g++.old-deja/g++.mike/eh27.C -std=gnu++98 execution test
FAIL: g++.old-deja/g++.mike/eh27.C -std=gnu++11 execution test
FAIL: g++.old-deja/g++.mike/eh27.C -std=gnu++14 execution test
FAIL: g++.old-deja/g++.mike/eh28.C -std=gnu++98 execution test
FAIL: g++.old-deja/g++.mike/eh28.C -std=gnu++11 execution test
FAIL: g++.old-deja/g++.mike/eh28.C -std=gnu++14 execution test
FAIL: g++.old-deja/g++.mike/eh29.C -std=gnu++98 execution test
FAIL: g++.old-deja/g++.mike/eh29.C -std=gnu++11 execution test
FAIL: g++.old-deja/g++.mike/eh29.C -std=gnu++14 execution test
FAIL: g++.old-deja/g++.mike/eh3.C -std=gnu++98 execution test
FAIL: g++.old-deja/g++.mike/eh3.C -std=gnu++11 execution test
FAIL: g++.old-deja/g++.mike/eh3.C -std=gnu++14 execution test
FAIL: g++.old-deja/g++.mike/eh31.C -std=gnu++98 execution test
FAIL: g++.old-deja/g++.mike/eh31.C -std=gnu++11 execution test
FAIL: g++.old-deja/g++.mike/eh31.C -std=gnu++14 execution test
FAIL: g++.old-deja/g++.mike/eh33.C -std=gnu++98 execution test
FAIL: g++.old-deja/g++.mike/eh33.C -std=gnu++11 execution test
FAIL: g++.old-deja/g++.mike/eh33.C -std=gnu++14 execution test
FAIL: g++.old-deja/g++.mike/eh34.C -std=c++98 execution test
FAIL: g++.old-deja/g++.mike/eh34.C -std=c++11 execution test
FAIL: g++.old-deja/g++.mike/eh34.C -std=c++14 execution test
FAIL: g++.old-deja/g++.mike/eh35.C -std=gnu++98 execution test
FAIL: g++.old-deja/g++.mike/eh35.C -std=gnu++11 execution test
FAIL: g++.old-deja/g++.mike/eh35.C -std=gnu++14 execution test
FAIL: g++.old-deja/g++.mike/eh36.C -std=gnu++98 execution test
FAIL: g++.old-deja/g++.mike/eh36.C -std=gnu++11 execution test
FAIL: g++.old-deja/g++.mike/eh36.C -std=gnu++14 execution test
FAIL: g++.old-deja/g++.mike/eh37.C -std=gnu++98 execution test
FAIL: g++.old-deja/g++.mike/eh37.C -std=gnu++11 execution test
FAIL: g++.old-deja/g++.mike/eh37.C -std=gnu++14 execution test
FAIL: g++.old-deja/g++.mike/eh38.C -std=gnu++98 execution test
FAIL: g++.old-deja/g++.mike/eh38.C -std=gnu++11 execution test
FAIL: g++.old-deja/g++.mike/eh38.C -std=gnu++14 execution test
FAIL: g++.old-deja/g++.mike/eh39.C -std=gnu++98 execution test
FAIL: g++.old-deja/g++.mike/eh39.C -std=gnu++11 execution test
FAIL: g++.old-deja/g++.mike/eh39.C -std=gnu++14 execution test
FAIL: g++.old-deja/g++.mike/eh40.C -std=gnu++98 execution test
FAIL: g++.old-deja/g++.mike/eh40.C -std=gnu++11 execution test
FAIL: g++.old-deja/g++.mike/eh40.C -std=gnu++14 execution test
FAIL: g++.old-deja/g++.mike/eh41.C -std=gnu++98 execution test
FAIL: g++.old-deja/g++.mike/eh41.C -std=gnu++11 execution test
FAIL: g++.old-deja/g++.mike/eh41.C -std=gnu++14 execution test
FAIL: g++.old-deja/g++.mike/eh42.C -std=gnu++98 execution test
FAIL: g++.old-deja/g++.mike/eh42.C -std=gnu++11 execution test
FAIL: g++.old-deja/g++.mike/eh42.C -std=gnu++14 execution test
FAIL: g++.old-deja/g++.mike/eh44.C -std=gnu++98 execution test
FAIL: g++.old-deja/g++.mike/eh44.C -std=gnu++11 execution test
FAIL: g++.old-deja/g++.mike/eh44.C -std=gnu++14 execution test
FAIL: g++.old-deja/g++.mike/eh47.C -std=gnu++98 execution test
FAIL: g++.old-deja/g++.mike/eh47.C -std=gnu++11 execution test
FAIL: g++.old-deja/g++.mike/eh47.C -std=gnu++14 execution test
FAIL: g++.old-deja/g++.mike/eh48.C -std=gnu++98 execution test
FAIL: g++.old-deja/g++.mike/eh48.C -std=gnu++11 execution test
FAIL: g++.old-deja/g++.mike/eh48.C -std=gnu++14 execution test
FAIL: g++.old-deja/g++.mike/eh49.C -std=gnu++98 execution test
FAIL: g++.old-deja/g++.mike/eh49.C -std=gnu++11 execution test
FAIL: g++.old-deja/g++.mike/eh49.C -std=gnu++14 execution test
FAIL: g++.old-deja/g++.mike/eh5.C -std=gnu++98 execution test
FAIL: g++.old-deja/g++.mike/eh5.C -std=gnu++11 execution test
FAIL: g++.old-deja/g++.mike/eh5.C -std=gnu++14 execution test
FAIL: g++.old-deja/g++.mike/eh50.C -std=gnu++98 execution test
FAIL: g++.old-deja/g++.mike/eh50.C -std=gnu++11 execution test
FAIL: g++.old-deja/g++.mike/eh50.C -std=gnu++14 execution test
FAIL: g++.old-deja/g++.mike/eh51.C -std=gnu++98 execution test
FAIL: g++.old-deja/g++.mike/eh51.C -std=gnu++11 execution test
FAIL: g++.old-deja/g++.mike/eh51.C -std=gnu++14 execution test
FAIL: g++.old-deja/g++.mike/eh55.C -std=gnu++98 execution test
FAIL: g++.old-deja/g++.mike/eh55.C -std=gnu++11 execution test
FAIL: g++.old-deja/g++.mike/eh55.C -std=gnu++14 execution test
FAIL: g++.old-deja/g++.mike/eh6.C -std=gnu++98 execution test
FAIL: g++.old-deja/g++.mike/eh6.C -std=gnu++11 execution test
FAIL: g++.old-deja/g++.mike/eh6.C -std=gnu++14 execution test
FAIL: g++.old-deja/g++.mike/eh8.C -std=gnu++98 execution test
FAIL: g++.old-deja/g++.mike/eh8.C -std=gnu++11 execution test
FAIL: g++.old-deja/g++.mike/eh8.C -std=gnu++14 execution test
FAIL: g++.old-deja/g++.mike/p7912.C -std=gnu++98 execution test
FAIL: g++.old-deja/g++.mike/p7912.C -std=gnu++11 execution test
FAIL: g++.old-deja/g++.mike/p7912.C -std=gnu++14 execution test
FAIL: g++.old-deja/g++.mike/p9706.C -std=gnu++98 execution test
FAIL: g++.old-deja/g++.mike/p9706.C -std=gnu++11 execution test
FAIL: g++.old-deja/g++.mike/p9706.C -std=gnu++14 execution test
FAIL: g++.old-deja/g++.oliva/delete3.C -std=c++98 execution test
FAIL: g++.old-deja/g++.oliva/delete3.C -std=c++11 execution test
FAIL: g++.old-deja/g++.oliva/delete3.C -std=c++14 execution test
FAIL: g++.old-deja/g++.oliva/new1.C -std=c++98 execution test
FAIL: g++.old-deja/g++.oliva/new1.C -std=c++11 execution test
FAIL: g++.old-deja/g++.oliva/new1.C -std=c++14 execution test
FAIL: g++.old-deja/g++.other/array1.C -std=c++98 execution test
FAIL: g++.old-deja/g++.other/array1.C -std=c++11 execution test
FAIL: g++.old-deja/g++.other/array1.C -std=c++14 execution test
FAIL: g++.old-deja/g++.other/eh3.C -std=gnu++98 execution test
FAIL: g++.old-deja/g++.other/eh3.C -std=gnu++11 execution test
FAIL: g++.old-deja/g++.other/eh3.C -std=gnu++14 execution test
FAIL: g++.old-deja/g++.other/init7.C -std=c++98 execution test
FAIL: g++.old-deja/g++.other/init7.C -std=c++11 execution test
FAIL: g++.old-deja/g++.other/init7.C -std=c++14 execution test
FAIL: g++.old-deja/g++.other/new7.C -std=c++98 execution test
FAIL: g++.old-deja/g++.other/new7.C -std=c++11 execution test
FAIL: g++.old-deja/g++.other/new7.C -std=c++14 execution test
FAIL: g++.old-deja/g++.other/singleton.C -std=c++98 execution test
FAIL: g++.old-deja/g++.other/singleton.C -std=c++11 execution test
FAIL: g++.old-deja/g++.other/singleton.C -std=c++14 execution test
FAIL: g++.old-deja/g++.other/vbase2.C -std=c++98 execution test
FAIL: g++.old-deja/g++.other/vbase2.C -std=c++11 execution test
FAIL: g++.old-deja/g++.other/vbase2.C -std=c++14 execution test
FAIL: g++.old-deja/g++.pt/fntry1.C -std=c++98 execution test
FAIL: g++.old-deja/g++.pt/fntry1.C -std=c++11 execution test
FAIL: g++.old-deja/g++.pt/fntry1.C -std=c++14 execution test
FAIL: g++.old-deja/g++.robertl/eb31.C -std=c++98 execution test
FAIL: g++.old-deja/g++.robertl/eb31.C -std=c++11 execution test
FAIL: g++.old-deja/g++.robertl/eb31.C -std=c++14 execution test
FAIL: g++.old-deja/g++.robertl/eb50.C -std=c++98 execution test
FAIL: g++.old-deja/g++.robertl/eb50.C -std=c++11 execution test
FAIL: g++.old-deja/g++.robertl/eb50.C -std=c++14 execution test
FAIL: g++.old-deja/g++.robertl/eb66.C -std=c++98 execution test
FAIL: g++.old-deja/g++.robertl/eb66.C -std=c++11 execution test
FAIL: g++.old-deja/g++.robertl/eb66.C -std=c++14 execution test
FAIL: g++.old-deja/g++.robertl/eb88.C -std=gnu++98 execution test
FAIL: g++.old-deja/g++.robertl/eb88.C -std=gnu++11 execution test
FAIL: g++.old-deja/g++.robertl/eb88.C -std=gnu++14 execution test
FAIL: g++.old-deja/g++.robertl/eh990323-1.C -std=c++98 execution test
FAIL: g++.old-deja/g++.robertl/eh990323-1.C -std=c++11 execution test
FAIL: g++.old-deja/g++.robertl/eh990323-1.C -std=c++14 execution test
FAIL: g++.old-deja/g++.robertl/eh990323-2.C -std=c++98 execution test
FAIL: g++.old-deja/g++.robertl/eh990323-2.C -std=c++11 execution test
FAIL: g++.old-deja/g++.robertl/eh990323-2.C -std=c++14 execution test
FAIL: g++.old-deja/g++.robertl/eh990323-3.C -std=c++98 execution test
FAIL: g++.old-deja/g++.robertl/eh990323-3.C -std=c++11 execution test
FAIL: g++.old-deja/g++.robertl/eh990323-3.C -std=c++14 execution test
FAIL: g++.old-deja/g++.robertl/eh990323-4.C -std=c++98 execution test
FAIL: g++.old-deja/g++.robertl/eh990323-4.C -std=c++11 execution test
FAIL: g++.old-deja/g++.robertl/eh990323-4.C -std=c++14 execution test
FAIL: g++.old-deja/g++.robertl/eh990323-5.C -std=c++98 execution test
FAIL: g++.old-deja/g++.robertl/eh990323-5.C -std=c++11 execution test
FAIL: g++.old-deja/g++.robertl/eh990323-5.C -std=c++14 execution test
FAIL: g++.old-deja/g++.robertl/ice990323-2.C -std=c++98 execution test
FAIL: g++.old-deja/g++.robertl/ice990323-2.C -std=c++11 execution test
FAIL: g++.old-deja/g++.robertl/ice990323-2.C -std=c++14 execution test
=== g++ Summary ===
# of expected passes 77680
# of unexpected failures 628
# of expected failures 271
# of unsupported tests 4028
/test/gnu/gcc/objdir/gcc/testsuite/g++/../../xg++ version 6.0.0 20151019 (experimental) [trunk revision 228999] (GCC)
=== gcc tests ===
Running target unix
FAIL: gcc.c-torture/execute/complex-7.c -O1 execution test
FAIL: gcc.c-torture/execute/complex-7.c -O2 execution test
FAIL: gcc.c-torture/execute/complex-7.c -O3 -g execution test
FAIL: gcc.c-torture/execute/complex-7.c -Os execution test
FAIL: gcc.c-torture/execute/pr38969.c -O1 execution test
FAIL: gcc.c-torture/execute/pr38969.c -O2 execution test
FAIL: gcc.c-torture/execute/pr38969.c -O3 -g execution test
FAIL: gcc.c-torture/execute/pr38969.c -Os execution test
FAIL: gcc.dg/atomic/c11-atomic-exec-5.c -O0 execution test
FAIL: gcc.dg/atomic/c11-atomic-exec-5.c -O1 execution test
FAIL: gcc.dg/atomic/c11-atomic-exec-5.c -O2 execution test
FAIL: gcc.dg/atomic/c11-atomic-exec-5.c -O3 -fomit-frame-pointer -funroll-loops -fpeel-loops -ftracer -finline-functions execution test
FAIL: gcc.dg/atomic/c11-atomic-exec-5.c -O3 -g execution test
FAIL: gcc.dg/atomic/c11-atomic-exec-5.c -Os execution test
FAIL: gcc.dg/Wno-frame-address.c (test for excess errors)
FAIL: gcc.dg/cleanup-10.c execution test
FAIL: gcc.dg/cleanup-11.c execution test
FAIL: gcc.dg/cleanup-12.c execution test
FAIL: gcc.dg/cleanup-13.c execution test
FAIL: gcc.dg/cleanup-5.c execution test
FAIL: gcc.dg/cleanup-8.c execution test
FAIL: gcc.dg/cleanup-9.c execution test
FAIL: gcc.dg/loop-8.c scan-rtl-dump-times loop2_invariant "Decided" 1
FAIL: gcc.dg/loop-8.c scan-rtl-dump-not loop2_invariant "without introducing a new temporary register"
FAIL: gcc.dg/pr49551.c (test for excess errors)
FAIL: gcc.dg/pr64434.c scan-rtl-dump-times expand "Swap operands" 1
FAIL: c-c++-common/gomp/clauses-2.c (internal compiler error)
FAIL: c-c++-common/gomp/clauses-2.c (test for errors, line 25)
FAIL: c-c++-common/gomp/clauses-2.c (test for errors, line 39)
FAIL: c-c++-common/gomp/clauses-2.c (test for errors, line 41)
FAIL: c-c++-common/gomp/clauses-2.c (test for errors, line 43)
FAIL: c-c++-common/gomp/clauses-2.c (test for excess errors)
WARNING: program timed out.
FAIL: gcc.dg/torture/builtin-complex-1.c -O1 execution test
FAIL: gcc.dg/torture/builtin-complex-1.c -Os execution test
FAIL: gcc.dg/torture/builtin-cproj-1.c -O1 (test for excess errors)
FAIL: gcc.dg/torture/builtin-cproj-1.c -O2 (test for excess errors)
FAIL: gcc.dg/torture/builtin-cproj-1.c -O3 -fomit-frame-pointer -funroll-loops -fpeel-loops -ftracer -finline-functions (test for excess errors)
FAIL: gcc.dg/torture/builtin-cproj-1.c -O3 -g (test for excess errors)
FAIL: gcc.dg/torture/builtin-cproj-1.c -Os (test for excess errors)
FAIL: gcc.dg/torture/pr24626-3.c -Os (internal compiler error)
FAIL: gcc.dg/torture/pr24626-3.c -Os (test for excess errors)
FAIL: gcc.dg/tree-ssa/ivopts-lt-2.c scan-tree-dump-times ivopts "PHI <p_" 1
FAIL: gcc.dg/tree-ssa/ivopts-lt-2.c scan-tree-dump-times ivopts "p_[0-9]* <" 1
FAIL: gcc.dg/tree-ssa/pr65447.c scan-tree-dump-not ivopts "\\\\nuse 5\\\\n"
=== gcc Summary ===
# of expected passes 63140
# of unexpected failures 44
# of expected failures 135
# of unsupported tests 1716
/test/gnu/gcc/objdir/gcc/xgcc version 6.0.0 20151019 (experimental) [trunk revision 228999] (GCC)
=== libatomic tests ===
Running target unix
=== libatomic Summary ===
# of expected passes 44
# of unsupported tests 5
=== libgomp tests ===
Running target unix
FAIL: libgomp.c++/member-5.C execution test
=== libgomp Summary ===
# of expected passes 1339
# of unexpected failures 1
# of expected failures 4
# of unsupported tests 152
=== libstdc++ tests ===
Running target unix
FAIL: 18_support/bad_alloc/cons_virtual_derivation.cc execution test
FAIL: 18_support/bad_cast/cons_virtual_derivation.cc execution test
FAIL: 18_support/bad_exception/59392.cc execution test
FAIL: 18_support/bad_exception/cons_virtual_derivation.cc execution test
FAIL: 18_support/bad_typeid/cons_virtual_derivation.cc execution test
FAIL: 18_support/cxa_vec.cc execution test
FAIL: 18_support/exception/38732.cc execution test
FAIL: 18_support/uncaught_exception/14026.cc execution test
FAIL: 18_support/uncaught_exceptions/uncaught_exceptions.cc execution test
FAIL: 19_diagnostics/logic_error/cons_virtual_derivation.cc execution test
FAIL: 19_diagnostics/logic_error/what-2.cc execution test
FAIL: 19_diagnostics/runtime_error/cons_virtual_derivation.cc execution test
FAIL: 19_diagnostics/runtime_error/what-2.cc execution test
FAIL: 19_diagnostics/stdexcept.cc execution test
FAIL: 19_diagnostics/system_error/cons_virtual_derivation.cc execution test
FAIL: 19_diagnostics/system_error/what-2.cc execution test
FAIL: 20_util/allocator/8230.cc execution test
FAIL: 20_util/bad_function_call/cons_virtual_derivation.cc execution test
FAIL: 20_util/bad_function_call/what.cc execution test
FAIL: 20_util/function/1.cc execution test
FAIL: 20_util/function/63840.cc execution test
FAIL: 20_util/function/cons/55320.cc execution test
FAIL: 20_util/shared_ptr/cons/weak_ptr_expired.cc execution test
FAIL: 21_strings/basic_string/cons/char/1.cc execution test
FAIL: 21_strings/basic_string/cons/char/3.cc execution test
FAIL: 21_strings/basic_string/cons/wchar_t/1.cc execution test
FAIL: 21_strings/basic_string/cons/wchar_t/3.cc execution test
FAIL: 21_strings/basic_string/element_access/char/1.cc execution test
FAIL: 21_strings/basic_string/element_access/wchar_t/1.cc execution test
FAIL: 21_strings/basic_string/inserters_extractors/pod/10081-in.cc execution test
FAIL: 21_strings/basic_string/modifiers/append/char/1.cc execution test
FAIL: 21_strings/basic_string/modifiers/append/wchar_t/1.cc execution test
FAIL: 21_strings/basic_string/modifiers/insert/char/1.cc execution test
FAIL: 21_strings/basic_string/modifiers/insert/wchar_t/1.cc execution test
FAIL: 21_strings/basic_string/operations/substr/char/1.cc execution test
FAIL: 21_strings/basic_string/operations/substr/wchar_t/1.cc execution test
FAIL: 22_locale/facet/25421.cc execution test
FAIL: 22_locale/global_templates/1.cc execution test
FAIL: 22_locale/locale/cons/12438.cc execution test
FAIL: 22_locale/numpunct/members/pod/2.cc execution test
FAIL: 23_containers/array/element_access/at_out_of_range.cc execution test
FAIL: 23_containers/bitset/cons/1.cc execution test
FAIL: 23_containers/bitset/cons/6282.cc execution test
FAIL: 23_containers/bitset/test/1.cc execution test
FAIL: 23_containers/bitset/to_ulong/1.cc execution test
FAIL: 23_containers/deque/capacity/29134-2.cc execution test
FAIL: 23_containers/deque/cons/2.cc execution test
FAIL: 23_containers/deque/requirements/exception/basic.cc execution test
FAIL: 23_containers/deque/requirements/exception/propagation_consistent.cc execution test
FAIL: 23_containers/forward_list/requirements/exception/basic.cc execution test
FAIL: 23_containers/forward_list/requirements/exception/propagation_consistent.cc execution test
FAIL: 23_containers/list/modifiers/3.cc execution test
FAIL: 23_containers/list/requirements/exception/basic.cc execution test
FAIL: 23_containers/list/requirements/exception/propagation_consistent.cc execution test
FAIL: 23_containers/map/element_access/1.cc execution test
FAIL: 23_containers/map/requirements/exception/basic.cc execution test
FAIL: 23_containers/map/requirements/exception/propagation_consistent.cc execution test
FAIL: 23_containers/multimap/requirements/exception/basic.cc execution test
FAIL: 23_containers/multimap/requirements/exception/propagation_consistent.cc execution test
FAIL: 23_containers/multiset/requirements/exception/basic.cc execution test
FAIL: 23_containers/multiset/requirements/exception/propagation_consistent.cc execution test
FAIL: 23_containers/set/requirements/exception/basic.cc execution test
FAIL: 23_containers/set/requirements/exception/propagation_consistent.cc execution test
FAIL: 23_containers/unordered_map/dr761.cc execution test
FAIL: 23_containers/unordered_map/requirements/exception/basic.cc execution test
FAIL: 23_containers/unordered_map/requirements/exception/propagation_consistent.cc execution test
FAIL: 23_containers/unordered_multimap/requirements/exception/basic.cc execution test
FAIL: 23_containers/unordered_multimap/requirements/exception/propagation_consistent.cc execution test
FAIL: 23_containers/unordered_multiset/insert/hash_policy.cc execution test
FAIL: 23_containers/unordered_multiset/requirements/exception/basic.cc execution test
FAIL: 23_containers/unordered_multiset/requirements/exception/propagation_consistent.cc execution test
FAIL: 23_containers/unordered_set/insert/hash_policy.cc execution test
FAIL: 23_containers/unordered_set/max_load_factor/robustness.cc execution test
FAIL: 23_containers/unordered_set/requirements/exception/basic.cc execution test
FAIL: 23_containers/unordered_set/requirements/exception/propagation_consistent.cc execution test
FAIL: 23_containers/vector/bool/modifiers/insert/31370.cc execution test
FAIL: 23_containers/vector/capacity/2.cc execution test
FAIL: 23_containers/vector/capacity/29134-2.cc execution test
FAIL: 23_containers/vector/capacity/8230.cc execution test
FAIL: 23_containers/vector/capacity/resize/1.cc execution test
FAIL: 23_containers/vector/cons/4.cc execution test
FAIL: 23_containers/vector/element_access/1.cc execution test
FAIL: 23_containers/vector/ext_pointer/modifiers/element.cc execution test
FAIL: 23_containers/vector/ext_pointer/modifiers/insert.cc execution test
FAIL: 23_containers/vector/modifiers/insert/1.cc execution test
FAIL: 23_containers/vector/modifiers/push_back/strong_guarantee.cc execution test
FAIL: 23_containers/vector/requirements/exception/basic.cc execution test
FAIL: 23_containers/vector/requirements/exception/propagation_consistent.cc execution test
FAIL: 25_algorithms/stable_partition/mem_check.cc execution test
FAIL: 25_algorithms/stable_sort/mem_check.cc execution test
FAIL: 27_io/basic_filebuf/cons/wchar_t/10132-1.cc execution test
FAIL: 27_io/basic_filebuf/overflow/char/13858.cc execution test
FAIL: 27_io/basic_filebuf/overflow/char/9182-2.cc execution test
FAIL: 27_io/basic_filebuf/overflow/wchar_t/13858.cc execution test
FAIL: 27_io/basic_filebuf/seekoff/wchar_t/3.cc execution test
FAIL: 27_io/basic_filebuf/seekpos/wchar_t/1.cc execution test
FAIL: 27_io/basic_filebuf/sync/char/9182-1.cc execution test
FAIL: 27_io/basic_filebuf/underflow/wchar_t/11544-1.cc execution test
FAIL: 27_io/basic_filebuf/underflow/wchar_t/11544-2.cc execution test
FAIL: 27_io/basic_filebuf/underflow/wchar_t/11603.cc execution test
FAIL: 27_io/basic_ios/copyfmt/char/1.cc execution test
FAIL: 27_io/basic_ios/exceptions/char/1.cc execution test
FAIL: 27_io/basic_ios/exceptions/char/2.cc execution test
FAIL: 27_io/basic_ios/imbue/14072.cc execution test
FAIL: 27_io/basic_istream/exceptions/char/9561.cc execution test
FAIL: 27_io/basic_istream/exceptions/wchar_t/9561.cc execution test
FAIL: 27_io/basic_istream/extractors_arithmetic/char/exceptions_badbit_throw.cc execution test
FAIL: 27_io/basic_istream/extractors_arithmetic/char/exceptions_failbit.cc execution test
FAIL: 27_io/basic_istream/extractors_arithmetic/char/exceptions_failbit_throw.cc execution test
FAIL: 27_io/basic_istream/extractors_arithmetic/pod/3983-1.cc execution test
FAIL: 27_io/basic_istream/extractors_arithmetic/wchar_t/exceptions_badbit_throw.cc execution test
FAIL: 27_io/basic_istream/extractors_arithmetic/wchar_t/exceptions_failbit.cc execution test
FAIL: 27_io/basic_istream/extractors_arithmetic/wchar_t/exceptions_failbit_throw.cc execution test
FAIL: 27_io/basic_istream/extractors_character/pod/3983-2.cc execution test
FAIL: 27_io/basic_istream/extractors_other/char/error_failbit.cc execution test
FAIL: 27_io/basic_istream/extractors_other/char/exceptions_badbit_throw.cc execution test
FAIL: 27_io/basic_istream/extractors_other/char/exceptions_failbit_throw.cc execution test
FAIL: 27_io/basic_istream/extractors_other/char/exceptions_null.cc execution test
FAIL: 27_io/basic_istream/extractors_other/pod/3983-3.cc execution test
FAIL: 27_io/basic_istream/extractors_other/wchar_t/error_failbit.cc execution test
FAIL: 27_io/basic_istream/extractors_other/wchar_t/exceptions_badbit_throw.cc execution test
FAIL: 27_io/basic_istream/extractors_other/wchar_t/exceptions_failbit_throw.cc execution test
FAIL: 27_io/basic_istream/extractors_other/wchar_t/exceptions_null.cc execution test
FAIL: 27_io/basic_istream/seekg/char/exceptions_badbit_throw.cc execution test
FAIL: 27_io/basic_istream/seekg/wchar_t/exceptions_badbit_throw.cc execution test
FAIL: 27_io/basic_istream/sentry/char/12297.cc execution test
FAIL: 27_io/basic_istream/sentry/pod/1.cc execution test
FAIL: 27_io/basic_istream/sentry/wchar_t/12297.cc execution test
FAIL: 27_io/basic_istream/tellg/char/exceptions_badbit_throw.cc execution test
FAIL: 27_io/basic_istream/tellg/wchar_t/exceptions_badbit_throw.cc execution test
FAIL: 27_io/basic_ostream/exceptions/char/9561.cc execution test
FAIL: 27_io/basic_ostream/exceptions/wchar_t/9561.cc execution test
FAIL: 27_io/basic_ostream/flush/char/exceptions_badbit_throw.cc execution test
FAIL: 27_io/basic_ostream/flush/wchar_t/exceptions_badbit_throw.cc execution test
FAIL: 27_io/basic_ostream/inserters_arithmetic/char/9555-oa.cc execution test
FAIL: 27_io/basic_ostream/inserters_arithmetic/char/exceptions_badbit_throw.cc execution test
FAIL: 27_io/basic_ostream/inserters_arithmetic/char/exceptions_failbit_throw.cc execution test
FAIL: 27_io/basic_ostream/inserters_arithmetic/pod/23875.cc execution test
FAIL: 27_io/basic_ostream/inserters_arithmetic/wchar_t/9555-oa.cc execution test
FAIL: 27_io/basic_ostream/inserters_arithmetic/wchar_t/exceptions_badbit_throw.cc execution test
FAIL: 27_io/basic_ostream/inserters_arithmetic/wchar_t/exceptions_failbit_throw.cc execution test
FAIL: 27_io/basic_ostream/inserters_character/char/9555-oc.cc execution test
FAIL: 27_io/basic_ostream/inserters_character/wchar_t/9555-oc.cc execution test
FAIL: 27_io/basic_ostream/inserters_other/char/5.cc execution test
FAIL: 27_io/basic_ostream/inserters_other/char/error_failbit.cc execution test
FAIL: 27_io/basic_ostream/inserters_other/char/exceptions_badbit_throw.cc execution test
FAIL: 27_io/basic_ostream/inserters_other/char/exceptions_failbit_throw.cc execution test
FAIL: 27_io/basic_ostream/inserters_other/char/exceptions_null.cc execution test
FAIL: 27_io/basic_ostream/inserters_other/wchar_t/5.cc execution test
FAIL: 27_io/basic_ostream/inserters_other/wchar_t/error_failbit.cc execution test
FAIL: 27_io/basic_ostream/inserters_other/wchar_t/exceptions_badbit_throw.cc execution test
FAIL: 27_io/basic_ostream/inserters_other/wchar_t/exceptions_failbit_throw.cc execution test
FAIL: 27_io/basic_ostream/inserters_other/wchar_t/exceptions_null.cc execution test
FAIL: 27_io/basic_ostream/put/char/1.cc execution test
FAIL: 27_io/basic_ostream/put/wchar_t/1.cc execution test
FAIL: 27_io/basic_ostream/seekp/char/exceptions_badbit_throw.cc execution test
FAIL: 27_io/basic_ostream/seekp/wchar_t/exceptions_badbit_throw.cc execution test
FAIL: 27_io/basic_ostream/tellp/char/exceptions_badbit_throw.cc execution test
FAIL: 27_io/basic_ostream/tellp/wchar_t/exceptions_badbit_throw.cc execution test
FAIL: 27_io/basic_ostream/write/char/1.cc execution test
FAIL: 27_io/basic_ostream/write/wchar_t/1.cc execution test
FAIL: 27_io/ios_base/failure/cons_virtual_derivation.cc execution test
FAIL: 27_io/ios_base/failure/what-2.cc execution test
FAIL: 27_io/ios_base/storage/11584.cc execution test
FAIL: 27_io/ios_base/storage/2.cc execution test
FAIL: 27_io/objects/char/6.cc execution test
FAIL: 27_io/objects/wchar_t/6.cc execution test
FAIL: 28_regex/algorithms/regex_match/basic/empty_range.cc execution test
FAIL: 28_regex/algorithms/regex_match/cstring_bracket_01.cc execution test
FAIL: 28_regex/algorithms/regex_match/ecma/char/61601.cc execution test
FAIL: 28_regex/algorithms/regex_match/ecma/char/backref.cc execution test
FAIL: 28_regex/algorithms/regex_match/ecma/char/hex.cc execution test
FAIL: 28_regex/basic_regex/assign/char/string.cc execution test
FAIL: 28_regex/basic_regex/ctors/basic/string_range_01_02_03.cc execution test
FAIL: 28_regex/basic_regex/ctors/extended/string_range_01_02_03.cc execution test
FAIL: 28_regex/regex_error/regex_error.cc execution test
FAIL: experimental/any/misc/any_cast.cc execution test
FAIL: experimental/any/misc/any_cast_no_rtti.cc execution test
FAIL: experimental/optional/assignment/1.cc execution test
FAIL: experimental/optional/assignment/2.cc execution test
FAIL: experimental/optional/assignment/3.cc execution test
FAIL: experimental/optional/assignment/4.cc execution test
FAIL: experimental/optional/cons/copy.cc execution test
FAIL: experimental/optional/cons/move.cc execution test
FAIL: experimental/optional/cons/value.cc execution test
FAIL: experimental/optional/observers/3.cc execution test
FAIL: experimental/string_view/element_access/char/1.cc execution test
FAIL: experimental/string_view/element_access/wchar_t/1.cc execution test
FAIL: experimental/string_view/operations/substr/char/1.cc execution test
FAIL: experimental/string_view/operations/substr/wchar_t/1.cc execution test
FAIL: ext/array_allocator/check_allocate_max_size.cc execution test
FAIL: ext/bitmap_allocator/check_allocate_max_size.cc execution test
FAIL: ext/concurrence_lock_error/cons_virtual_derivation.cc execution test
FAIL: ext/concurrence_unlock_error/cons_virtual_derivation.cc execution test
FAIL: ext/debug_allocator/check_deallocate_null.cc execution test
FAIL: ext/malloc_allocator/check_allocate_max_size.cc execution test
FAIL: ext/mt_allocator/check_allocate_max_size.cc execution test
FAIL: ext/new_allocator/check_allocate_max_size.cc execution test
FAIL: ext/pb_ds/example/hash_illegal_resize.cc execution test
FAIL: ext/pb_ds/example/tree_join.cc execution test
FAIL: ext/pool_allocator/allocate_chunk.cc execution test
FAIL: ext/pool_allocator/check_allocate_max_size.cc execution test
FAIL: ext/vstring/requirements/exception/propagation_consistent.cc execution test
FAIL: tr1/2_general_utilities/enable_shared_from_this/not_shared.cc execution test
FAIL: tr1/2_general_utilities/enable_shared_from_this/not_shared2.cc execution test
FAIL: tr1/2_general_utilities/enable_shared_from_this/not_shared3.cc execution test
FAIL: tr1/2_general_utilities/shared_ptr/cons/weak_ptr_expired.cc execution test
FAIL: tr1/3_function_objects/function/1.cc execution test
FAIL: tr1/3_function_objects/function/63840.cc execution test
FAIL: tr1/6_containers/array/element_access/at_out_of_range.cc execution test
FAIL: tr1/8_c_compatibility/complex/50880.cc (test for excess errors)
UNRESOLVED: tr1/8_c_compatibility/complex/50880.cc compilation failed to produce executable
FAIL: tr1/8_c_compatibility/complex/functions.cc (test for excess errors)
=== libstdc++ Summary ===
# of expected passes 8716
# of unexpected failures 212
# of expected failures 66
# of unresolved testcases 1
# of unsupported tests 1043
Compiler version: 6.0.0 20151019 (experimental) [trunk revision 228999] (GCC)
Platform: hppa2.0w-hp-hpux11.11
configure flags:Test Run By dave on Tue Oct 20 15:56:22 2015
More information about the Gcc-testresults
mailing list