Results for 5.2.0 (GCC) testsuite on mipsel-unknown-linux-gnu
Aaro Koskinen
aaro.koskinen@iki.fi
Sun Oct 11 09:13:00 GMT 2015
-- Build environment ----------------------------------------------------------
Distro: los.git rootfs=4c6cd native=4c6cd
Kernel: Linux fuloong-minipc 4.3.0-rc4-lemote-los_c372b #1 Wed Oct 7 20:54:09 EEST 2015 mips64 GNU/Linux
CPU: system type : lemote-fuloong-2f-box
machine : Unknown
processor : 0
cpu model : ICT Loongson-2 V0.3 FPU V0.1
BogoMIPS : 198.14
wait instruction : yes
microsecond timers : yes
tlb_entries : 64
extra interrupt vector : no
hardware watchpoint : yes, count: 0, address/irw mask: []
isa : mips2 mips3
ASEs implemented :
shadow register sets : 1
kscratch registers : 0
package : 0
core : 0
VCED exceptions : not available
VCEI exceptions : not available
-- Time consumed --------------------------------------------------------------
Build: real 38h 53m 27s
user 37h 1m 17s
sys 1h 37m 41s
Test: real 27h 28m 00s
user 24h 14m 44s
sys 3h 4m 51s
-------------------------------------------------------------------------------
LAST_UPDATED: Obtained from SVN: tags/gcc_5_2_0_release revision 225865
Native configuration is mipsel-unknown-linux-gnu
=== g++ tests ===
Running target unix
FAIL: g++.dg/init/vector1.C -std=gnu++11 (internal compiler error)
FAIL: g++.dg/init/vector1.C -std=gnu++11 (test for excess errors)
UNRESOLVED: g++.dg/init/vector1.C -std=gnu++11 compilation failed to produce executable
FAIL: g++.dg/init/vector1.C -std=gnu++14 (internal compiler error)
FAIL: g++.dg/init/vector1.C -std=gnu++14 (test for excess errors)
UNRESOLVED: g++.dg/init/vector1.C -std=gnu++14 compilation failed to produce executable
FAIL: g++.dg/init/vector1.C -std=gnu++98 (internal compiler error)
FAIL: g++.dg/init/vector1.C -std=gnu++98 (test for excess errors)
UNRESOLVED: g++.dg/init/vector1.C -std=gnu++98 compilation failed to produce executable
FAIL: g++.dg/guality/pr55665.C -O2 line 23 p == 40
FAIL: g++.dg/guality/pr55665.C -O3 -fomit-frame-pointer line 23 p == 40
FAIL: g++.dg/guality/pr55665.C -O3 -g line 23 p == 40
XPASS: g++.dg/tls/thread_local-order2.C -std=c++11 execution test
XPASS: g++.dg/tls/thread_local-order2.C -std=c++14 execution test
FAIL: g++.dg/vect/pr33426-ivdep-2.cc -std=c++11 (test for warnings, line )
FAIL: g++.dg/vect/pr33426-ivdep-2.cc -std=c++14 (test for warnings, line )
FAIL: g++.dg/vect/pr33426-ivdep-2.cc -std=c++98 (test for warnings, line )
FAIL: g++.dg/vect/pr33426-ivdep.cc -std=c++11 (test for warnings, line )
FAIL: g++.dg/vect/pr33426-ivdep.cc -std=c++14 (test for warnings, line )
FAIL: g++.dg/vect/pr33426-ivdep.cc -std=c++98 (test for warnings, line )
FAIL: g++.dg/vect/pr58513.cc -std=c++11 scan-tree-dump vect "vectorized 1 loops"
FAIL: g++.dg/vect/pr58513.cc -std=c++14 scan-tree-dump vect "vectorized 1 loops"
FAIL: g++.dg/vect/pr58513.cc -std=c++98 scan-tree-dump vect "vectorized 1 loops"
=== g++ Summary ===
# of expected passes 81893
# of unexpected failures 18
# of unexpected successes 2
# of expected failures 279
# of unresolved testcases 3
# of unsupported tests 3742
/home/aaro/gcctest/build/gcc/testsuite/g++/../../xg++ version 5.2.0 (GCC)
=== gcc tests ===
Running target unix
FAIL: gcc.c-torture/execute/builtin-bitops-1.c -O3 -fomit-frame-pointer -funroll-all-loops -finline-functions execution test
FAIL: gcc.c-torture/execute/builtin-bitops-1.c -O3 -fomit-frame-pointer -funroll-loops execution test
FAIL: gcc.c-torture/execute/pr65956.c -O2 execution test
FAIL: gcc.c-torture/execute/pr65956.c -O2 -flto -fno-use-linker-plugin -flto-partition=none execution test
FAIL: gcc.c-torture/execute/pr65956.c -O2 -flto -fuse-linker-plugin -fno-fat-lto-objects execution test
FAIL: gcc.c-torture/execute/pr65956.c -Os execution test
FAIL: gcc.c-torture/execute/scal-to-vec1.c -O1 (internal compiler error)
FAIL: gcc.c-torture/execute/scal-to-vec1.c -O1 (test for excess errors)
UNRESOLVED: gcc.c-torture/execute/scal-to-vec1.c -O1 compilation failed to produce executable
FAIL: gcc.c-torture/execute/scal-to-vec1.c -O2 (internal compiler error)
FAIL: gcc.c-torture/execute/scal-to-vec1.c -O2 (test for excess errors)
UNRESOLVED: gcc.c-torture/execute/scal-to-vec1.c -O2 compilation failed to produce executable
FAIL: gcc.c-torture/execute/scal-to-vec1.c -O2 -flto -fno-use-linker-plugin -flto-partition=none (internal compiler error)
FAIL: gcc.c-torture/execute/scal-to-vec1.c -O2 -flto -fno-use-linker-plugin -flto-partition=none (test for excess errors)
UNRESOLVED: gcc.c-torture/execute/scal-to-vec1.c -O2 -flto -fno-use-linker-plugin -flto-partition=none compilation failed to produce executable
FAIL: gcc.c-torture/execute/scal-to-vec1.c -O2 -flto -fuse-linker-plugin -fno-fat-lto-objects (internal compiler error)
FAIL: gcc.c-torture/execute/scal-to-vec1.c -O2 -flto -fuse-linker-plugin -fno-fat-lto-objects (test for excess errors)
UNRESOLVED: gcc.c-torture/execute/scal-to-vec1.c -O2 -flto -fuse-linker-plugin -fno-fat-lto-objects compilation failed to produce executable
FAIL: gcc.c-torture/execute/scal-to-vec1.c -O3 -fomit-frame-pointer (internal compiler error)
FAIL: gcc.c-torture/execute/scal-to-vec1.c -O3 -fomit-frame-pointer (test for excess errors)
UNRESOLVED: gcc.c-torture/execute/scal-to-vec1.c -O3 -fomit-frame-pointer compilation failed to produce executable
FAIL: gcc.c-torture/execute/scal-to-vec1.c -O3 -fomit-frame-pointer -funroll-all-loops -finline-functions (internal compiler error)
FAIL: gcc.c-torture/execute/scal-to-vec1.c -O3 -fomit-frame-pointer -funroll-all-loops -finline-functions (test for excess errors)
UNRESOLVED: gcc.c-torture/execute/scal-to-vec1.c -O3 -fomit-frame-pointer -funroll-all-loops -finline-functions compilation failed to produce executable
FAIL: gcc.c-torture/execute/scal-to-vec1.c -O3 -fomit-frame-pointer -funroll-loops (internal compiler error)
FAIL: gcc.c-torture/execute/scal-to-vec1.c -O3 -fomit-frame-pointer -funroll-loops (test for excess errors)
UNRESOLVED: gcc.c-torture/execute/scal-to-vec1.c -O3 -fomit-frame-pointer -funroll-loops compilation failed to produce executable
FAIL: gcc.c-torture/execute/scal-to-vec1.c -O3 -g (internal compiler error)
FAIL: gcc.c-torture/execute/scal-to-vec1.c -O3 -g (test for excess errors)
UNRESOLVED: gcc.c-torture/execute/scal-to-vec1.c -O3 -g compilation failed to produce executable
FAIL: gcc.c-torture/execute/scal-to-vec1.c -Os (internal compiler error)
FAIL: gcc.c-torture/execute/scal-to-vec1.c -Os (test for excess errors)
UNRESOLVED: gcc.c-torture/execute/scal-to-vec1.c -Os compilation failed to produce executable
FAIL: gcc.c-torture/execute/scal-to-vec2.c -O1 (internal compiler error)
FAIL: gcc.c-torture/execute/scal-to-vec2.c -O1 (test for excess errors)
UNRESOLVED: gcc.c-torture/execute/scal-to-vec2.c -O1 compilation failed to produce executable
FAIL: gcc.c-torture/execute/scal-to-vec2.c -O2 (internal compiler error)
FAIL: gcc.c-torture/execute/scal-to-vec2.c -O2 (test for excess errors)
UNRESOLVED: gcc.c-torture/execute/scal-to-vec2.c -O2 compilation failed to produce executable
FAIL: gcc.c-torture/execute/scal-to-vec2.c -O2 -flto -fno-use-linker-plugin -flto-partition=none (internal compiler error)
FAIL: gcc.c-torture/execute/scal-to-vec2.c -O2 -flto -fno-use-linker-plugin -flto-partition=none (test for excess errors)
UNRESOLVED: gcc.c-torture/execute/scal-to-vec2.c -O2 -flto -fno-use-linker-plugin -flto-partition=none compilation failed to produce executable
FAIL: gcc.c-torture/execute/scal-to-vec2.c -O2 -flto -fuse-linker-plugin -fno-fat-lto-objects (internal compiler error)
FAIL: gcc.c-torture/execute/scal-to-vec2.c -O2 -flto -fuse-linker-plugin -fno-fat-lto-objects (test for excess errors)
UNRESOLVED: gcc.c-torture/execute/scal-to-vec2.c -O2 -flto -fuse-linker-plugin -fno-fat-lto-objects compilation failed to produce executable
FAIL: gcc.c-torture/execute/scal-to-vec2.c -O3 -fomit-frame-pointer (internal compiler error)
FAIL: gcc.c-torture/execute/scal-to-vec2.c -O3 -fomit-frame-pointer (test for excess errors)
UNRESOLVED: gcc.c-torture/execute/scal-to-vec2.c -O3 -fomit-frame-pointer compilation failed to produce executable
FAIL: gcc.c-torture/execute/scal-to-vec2.c -O3 -fomit-frame-pointer -funroll-all-loops -finline-functions (internal compiler error)
FAIL: gcc.c-torture/execute/scal-to-vec2.c -O3 -fomit-frame-pointer -funroll-all-loops -finline-functions (test for excess errors)
UNRESOLVED: gcc.c-torture/execute/scal-to-vec2.c -O3 -fomit-frame-pointer -funroll-all-loops -finline-functions compilation failed to produce executable
FAIL: gcc.c-torture/execute/scal-to-vec2.c -O3 -fomit-frame-pointer -funroll-loops (internal compiler error)
FAIL: gcc.c-torture/execute/scal-to-vec2.c -O3 -fomit-frame-pointer -funroll-loops (test for excess errors)
UNRESOLVED: gcc.c-torture/execute/scal-to-vec2.c -O3 -fomit-frame-pointer -funroll-loops compilation failed to produce executable
FAIL: gcc.c-torture/execute/scal-to-vec2.c -O3 -g (internal compiler error)
FAIL: gcc.c-torture/execute/scal-to-vec2.c -O3 -g (test for excess errors)
UNRESOLVED: gcc.c-torture/execute/scal-to-vec2.c -O3 -g compilation failed to produce executable
FAIL: gcc.c-torture/execute/scal-to-vec2.c -Os (internal compiler error)
FAIL: gcc.c-torture/execute/scal-to-vec2.c -Os (test for excess errors)
UNRESOLVED: gcc.c-torture/execute/scal-to-vec2.c -Os compilation failed to produce executable
FAIL: gcc.dg/compat/scalar-by-value-4 c_compat_x_tst.o-c_compat_y_tst.o execute
FAIL: gcc.dg/compat/scalar-return-4 c_compat_x_tst.o-c_compat_y_tst.o execute
FAIL: gcc.dg/compat/struct-by-value-11 c_compat_x_tst.o-c_compat_y_tst.o execute
FAIL: gcc.dg/compat/struct-by-value-12 c_compat_x_tst.o-c_compat_y_tst.o execute
FAIL: gcc.dg/54455.c (internal compiler error)
FAIL: gcc.dg/54455.c (test for excess errors)
FAIL: gcc.dg/c11-complex-1.c execution test
FAIL: gcc.dg/pr63594-1.c (internal compiler error)
FAIL: gcc.dg/pr63594-1.c (test for excess errors)
FAIL: gcc.dg/pr63594-2.c (internal compiler error)
FAIL: gcc.dg/pr63594-2.c (test for excess errors)
UNRESOLVED: gcc.dg/pr63594-2.c compilation failed to produce executable
FAIL: gcc.dg/uninit-19.c (test for warnings, line 22)
FAIL: gcc.dg/uninit-19.c (test for excess errors)
XPASS: c-c++-common/goacc/acc_on_device-2.c scan-rtl-dump-times expand "\\\\(call [^\\\\n]* acc_on_device" 0
XPASS: gcc.dg/guality/example.c -O0 execution test
XPASS: gcc.dg/guality/guality.c -O0 execution test
XPASS: gcc.dg/guality/guality.c -O1 execution test
XPASS: gcc.dg/guality/guality.c -O2 execution test
XPASS: gcc.dg/guality/guality.c -O2 -flto -fno-use-linker-plugin -flto-partition=none execution test
XPASS: gcc.dg/guality/guality.c -O2 -flto -fuse-linker-plugin -fno-fat-lto-objects execution test
XPASS: gcc.dg/guality/guality.c -O3 -fomit-frame-pointer execution test
XPASS: gcc.dg/guality/guality.c -O3 -g execution test
XPASS: gcc.dg/guality/guality.c -Os execution test
XPASS: gcc.dg/guality/inline-params.c -O2 execution test
XPASS: gcc.dg/guality/inline-params.c -O2 -flto -fno-use-linker-plugin -flto-partition=none execution test
XPASS: gcc.dg/guality/inline-params.c -O3 -fomit-frame-pointer execution test
XPASS: gcc.dg/guality/inline-params.c -O3 -g execution test
XPASS: gcc.dg/guality/inline-params.c -Os execution test
FAIL: gcc.dg/guality/nrv-1.c -O2 -flto -fuse-linker-plugin -fno-fat-lto-objects line 20 a2.i[0] == 42
FAIL: gcc.dg/guality/pr36728-1.c -O2 line 16 arg2 == 2
FAIL: gcc.dg/guality/pr36728-1.c -O2 line 16 y == 2
FAIL: gcc.dg/guality/pr36728-1.c -O2 line 18 arg1 == 1
FAIL: gcc.dg/guality/pr36728-1.c -O2 line 18 arg2 == 2
FAIL: gcc.dg/guality/pr36728-1.c -O2 -flto -fno-use-linker-plugin -flto-partition=none line 16 arg2 == 2
FAIL: gcc.dg/guality/pr36728-1.c -O2 -flto -fno-use-linker-plugin -flto-partition=none line 16 y == 2
FAIL: gcc.dg/guality/pr36728-1.c -O2 -flto -fno-use-linker-plugin -flto-partition=none line 18 arg1 == 1
FAIL: gcc.dg/guality/pr36728-1.c -O2 -flto -fno-use-linker-plugin -flto-partition=none line 18 arg2 == 2
FAIL: gcc.dg/guality/pr36728-1.c -O2 -flto -fuse-linker-plugin -fno-fat-lto-objects line 16 arg1 == 1
FAIL: gcc.dg/guality/pr36728-1.c -O2 -flto -fuse-linker-plugin -fno-fat-lto-objects line 16 arg2 == 2
FAIL: gcc.dg/guality/pr36728-1.c -O2 -flto -fuse-linker-plugin -fno-fat-lto-objects line 18 arg1 == 1
FAIL: gcc.dg/guality/pr36728-1.c -O2 -flto -fuse-linker-plugin -fno-fat-lto-objects line 18 arg2 == 2
FAIL: gcc.dg/guality/pr36728-1.c -O3 -fomit-frame-pointer line 16 arg2 == 2
FAIL: gcc.dg/guality/pr36728-1.c -O3 -fomit-frame-pointer line 16 y == 2
FAIL: gcc.dg/guality/pr36728-1.c -O3 -fomit-frame-pointer line 18 arg1 == 1
FAIL: gcc.dg/guality/pr36728-1.c -O3 -fomit-frame-pointer line 18 arg2 == 2
FAIL: gcc.dg/guality/pr36728-1.c -O3 -g line 16 arg2 == 2
FAIL: gcc.dg/guality/pr36728-1.c -O3 -g line 16 y == 2
FAIL: gcc.dg/guality/pr36728-1.c -O3 -g line 18 arg1 == 1
FAIL: gcc.dg/guality/pr36728-1.c -O3 -g line 18 arg2 == 2
FAIL: gcc.dg/guality/pr36728-1.c -Os line 16 arg1 == 1
FAIL: gcc.dg/guality/pr36728-1.c -Os line 16 arg2 == 2
FAIL: gcc.dg/guality/pr36728-1.c -Os line 18 arg1 == 1
FAIL: gcc.dg/guality/pr36728-1.c -Os line 18 arg2 == 2
FAIL: gcc.dg/guality/pr36728-2.c -O2 line 16 arg1 == 1
FAIL: gcc.dg/guality/pr36728-2.c -O2 line 16 y == 2
FAIL: gcc.dg/guality/pr36728-2.c -O2 line 18 arg1 == 1
FAIL: gcc.dg/guality/pr36728-2.c -O2 -flto -fno-use-linker-plugin -flto-partition=none line 16 arg1 == 1
FAIL: gcc.dg/guality/pr36728-2.c -O2 -flto -fno-use-linker-plugin -flto-partition=none line 16 y == 2
FAIL: gcc.dg/guality/pr36728-2.c -O2 -flto -fno-use-linker-plugin -flto-partition=none line 18 arg1 == 1
FAIL: gcc.dg/guality/pr36728-2.c -O2 -flto -fuse-linker-plugin -fno-fat-lto-objects line 16 arg1 == 1
FAIL: gcc.dg/guality/pr36728-2.c -O2 -flto -fuse-linker-plugin -fno-fat-lto-objects line 18 arg1 == 1
FAIL: gcc.dg/guality/pr36728-2.c -O3 -fomit-frame-pointer line 16 arg1 == 1
FAIL: gcc.dg/guality/pr36728-2.c -O3 -fomit-frame-pointer line 16 y == 2
FAIL: gcc.dg/guality/pr36728-2.c -O3 -fomit-frame-pointer line 18 arg1 == 1
FAIL: gcc.dg/guality/pr36728-2.c -O3 -g line 16 arg1 == 1
FAIL: gcc.dg/guality/pr36728-2.c -O3 -g line 16 y == 2
FAIL: gcc.dg/guality/pr36728-2.c -O3 -g line 18 arg1 == 1
FAIL: gcc.dg/guality/pr36728-2.c -Os line 16 arg1 == 1
FAIL: gcc.dg/guality/pr36728-2.c -Os line 18 arg1 == 1
FAIL: gcc.dg/guality/pr36728-2.c -Os line 18 y == 2
FAIL: gcc.dg/guality/pr36728-3.c -O1 line 14 y == 2
FAIL: gcc.dg/guality/pr36728-3.c -O2 line 14 arg1 == 1
FAIL: gcc.dg/guality/pr36728-3.c -O2 line 16 arg1 == 1
FAIL: gcc.dg/guality/pr36728-3.c -O2 -flto -fno-use-linker-plugin -flto-partition=none line 14 arg1 == 1
FAIL: gcc.dg/guality/pr36728-3.c -O2 -flto -fno-use-linker-plugin -flto-partition=none line 16 arg1 == 1
FAIL: gcc.dg/guality/pr36728-3.c -O2 -flto -fuse-linker-plugin -fno-fat-lto-objects line 14 arg1 == 1
FAIL: gcc.dg/guality/pr36728-3.c -O2 -flto -fuse-linker-plugin -fno-fat-lto-objects line 16 arg1 == 1
FAIL: gcc.dg/guality/pr36728-3.c -O3 -fomit-frame-pointer line 14 arg1 == 1
FAIL: gcc.dg/guality/pr36728-3.c -O3 -fomit-frame-pointer line 16 arg1 == 1
FAIL: gcc.dg/guality/pr36728-3.c -O3 -g line 14 arg1 == 1
FAIL: gcc.dg/guality/pr36728-3.c -O3 -g line 16 arg1 == 1
FAIL: gcc.dg/guality/pr36728-3.c -Os line 14 arg1 == 1
FAIL: gcc.dg/guality/pr36728-3.c -Os line 16 arg1 == 1
XPASS: gcc.dg/guality/pr41353-1.c -O0 line 28 j == 28 + 37
FAIL: gcc.dg/guality/pr41616-1.c -O2 -flto -fuse-linker-plugin -fno-fat-lto-objects execution test
FAIL: gcc.dg/guality/pr43051-1.c -O1 line 34 c == &a[0]
FAIL: gcc.dg/guality/pr43051-1.c -O2 line 34 c == &a[0]
FAIL: gcc.dg/guality/pr43051-1.c -O2 line 36 e == &a[1]
FAIL: gcc.dg/guality/pr43051-1.c -O2 line 39 c == &a[0]
FAIL: gcc.dg/guality/pr43051-1.c -O2 -flto -fno-use-linker-plugin -flto-partition=none line 34 c == &a[0]
FAIL: gcc.dg/guality/pr43051-1.c -O2 -flto -fno-use-linker-plugin -flto-partition=none line 36 e == &a[1]
FAIL: gcc.dg/guality/pr43051-1.c -O2 -flto -fno-use-linker-plugin -flto-partition=none line 39 c == &a[0]
FAIL: gcc.dg/guality/pr43051-1.c -O2 -flto -fuse-linker-plugin -fno-fat-lto-objects line 34 c == &a[0]
FAIL: gcc.dg/guality/pr43051-1.c -O2 -flto -fuse-linker-plugin -fno-fat-lto-objects line 36 e == &a[1]
FAIL: gcc.dg/guality/pr43051-1.c -O2 -flto -fuse-linker-plugin -fno-fat-lto-objects line 39 c == &a[0]
FAIL: gcc.dg/guality/pr43051-1.c -O3 -fomit-frame-pointer line 35 v == 1
FAIL: gcc.dg/guality/pr43051-1.c -O3 -fomit-frame-pointer line 36 e == &a[1]
FAIL: gcc.dg/guality/pr43051-1.c -O3 -fomit-frame-pointer line 39 c == &a[0]
FAIL: gcc.dg/guality/pr43051-1.c -O3 -fomit-frame-pointer line 40 v == 1
FAIL: gcc.dg/guality/pr43051-1.c -O3 -fomit-frame-pointer line 41 e == &a[1]
FAIL: gcc.dg/guality/pr43051-1.c -O3 -fomit-frame-pointer -funroll-all-loops -finline-functions line 34 c == &a[0]
FAIL: gcc.dg/guality/pr43051-1.c -O3 -fomit-frame-pointer -funroll-all-loops -finline-functions line 35 v == 1
FAIL: gcc.dg/guality/pr43051-1.c -O3 -fomit-frame-pointer -funroll-all-loops -finline-functions line 36 e == &a[1]
FAIL: gcc.dg/guality/pr43051-1.c -O3 -fomit-frame-pointer -funroll-all-loops -finline-functions line 39 c == &a[0]
FAIL: gcc.dg/guality/pr43051-1.c -O3 -fomit-frame-pointer -funroll-all-loops -finline-functions line 40 v == 1
FAIL: gcc.dg/guality/pr43051-1.c -O3 -fomit-frame-pointer -funroll-all-loops -finline-functions line 41 e == &a[1]
FAIL: gcc.dg/guality/pr43051-1.c -O3 -fomit-frame-pointer -funroll-loops line 34 c == &a[0]
FAIL: gcc.dg/guality/pr43051-1.c -O3 -fomit-frame-pointer -funroll-loops line 35 v == 1
FAIL: gcc.dg/guality/pr43051-1.c -O3 -fomit-frame-pointer -funroll-loops line 36 e == &a[1]
FAIL: gcc.dg/guality/pr43051-1.c -O3 -fomit-frame-pointer -funroll-loops line 39 c == &a[0]
FAIL: gcc.dg/guality/pr43051-1.c -O3 -fomit-frame-pointer -funroll-loops line 40 v == 1
FAIL: gcc.dg/guality/pr43051-1.c -O3 -fomit-frame-pointer -funroll-loops line 41 e == &a[1]
FAIL: gcc.dg/guality/pr43051-1.c -O3 -g line 35 v == 1
FAIL: gcc.dg/guality/pr43051-1.c -O3 -g line 36 e == &a[1]
FAIL: gcc.dg/guality/pr43051-1.c -O3 -g line 39 c == &a[0]
FAIL: gcc.dg/guality/pr43051-1.c -O3 -g line 40 v == 1
FAIL: gcc.dg/guality/pr43051-1.c -O3 -g line 41 e == &a[1]
FAIL: gcc.dg/guality/pr43051-1.c -Os line 39 c == &a[0]
FAIL: gcc.dg/guality/pr43051-1.c -Os line 40 v == 1
FAIL: gcc.dg/guality/pr43051-1.c -Os line 41 e == &a[1]
FAIL: gcc.dg/guality/pr43177.c -O2 line 15 l == 10
FAIL: gcc.dg/guality/pr43177.c -O2 line 15 x == 7
FAIL: gcc.dg/guality/pr43177.c -O2 line 24 l == 10
FAIL: gcc.dg/guality/pr43177.c -O2 line 24 x == 7
FAIL: gcc.dg/guality/pr43177.c -O2 -flto -fno-use-linker-plugin -flto-partition=none line 15 l == 10
FAIL: gcc.dg/guality/pr43177.c -O2 -flto -fno-use-linker-plugin -flto-partition=none line 15 x == 7
FAIL: gcc.dg/guality/pr43177.c -O2 -flto -fno-use-linker-plugin -flto-partition=none line 24 l == 10
FAIL: gcc.dg/guality/pr43177.c -O2 -flto -fno-use-linker-plugin -flto-partition=none line 24 x == 7
FAIL: gcc.dg/guality/pr43177.c -O2 -flto -fuse-linker-plugin -fno-fat-lto-objects line 15 l == 10
FAIL: gcc.dg/guality/pr43177.c -O2 -flto -fuse-linker-plugin -fno-fat-lto-objects line 15 x == 7
FAIL: gcc.dg/guality/pr43177.c -O3 -fomit-frame-pointer line 15 l == 10
FAIL: gcc.dg/guality/pr43177.c -O3 -fomit-frame-pointer line 15 x == 7
FAIL: gcc.dg/guality/pr43177.c -O3 -fomit-frame-pointer line 24 l == 10
FAIL: gcc.dg/guality/pr43177.c -O3 -fomit-frame-pointer line 24 x == 7
FAIL: gcc.dg/guality/pr43177.c -O3 -g line 15 l == 10
FAIL: gcc.dg/guality/pr43177.c -O3 -g line 15 x == 7
FAIL: gcc.dg/guality/pr43177.c -O3 -g line 24 l == 10
FAIL: gcc.dg/guality/pr43177.c -O3 -g line 24 x == 7
FAIL: gcc.dg/guality/pr43177.c -Os line 15 l == 10
FAIL: gcc.dg/guality/pr43177.c -Os line 15 x == 7
FAIL: gcc.dg/guality/pr43177.c -Os line 24 l == 10
FAIL: gcc.dg/guality/pr43177.c -Os line 24 x == 7
FAIL: gcc.dg/guality/pr45882.c -O2 -flto -fuse-linker-plugin -fno-fat-lto-objects line 16 d == 112
FAIL: gcc.dg/guality/pr45882.c -O2 -flto -fuse-linker-plugin -fno-fat-lto-objects line 16 e == 142
FAIL: gcc.dg/guality/pr54200.c -Os line 20 z == 3
FAIL: gcc.dg/guality/pr54519-1.c -O2 -flto -fno-use-linker-plugin -flto-partition=none line 20 y == 25
FAIL: gcc.dg/guality/pr54519-1.c -O2 -flto -fno-use-linker-plugin -flto-partition=none line 20 z == 6
FAIL: gcc.dg/guality/pr54519-1.c -O2 -flto -fno-use-linker-plugin -flto-partition=none line 23 y == 117
FAIL: gcc.dg/guality/pr54519-1.c -O2 -flto -fno-use-linker-plugin -flto-partition=none line 23 z == 8
FAIL: gcc.dg/guality/pr54519-2.c -O2 line 17 x == 6
FAIL: gcc.dg/guality/pr54519-2.c -O2 -flto -fno-use-linker-plugin -flto-partition=none line 17 x == 6
FAIL: gcc.dg/guality/pr54519-2.c -O2 -flto -fno-use-linker-plugin -flto-partition=none line 17 y == 25
FAIL: gcc.dg/guality/pr54519-2.c -O2 -flto -fuse-linker-plugin -fno-fat-lto-objects line 17 y == 25
FAIL: gcc.dg/guality/pr54519-3.c -O2 -flto -fno-use-linker-plugin -flto-partition=none line 20 y == 25
FAIL: gcc.dg/guality/pr54519-3.c -O2 -flto -fno-use-linker-plugin -flto-partition=none line 20 z == 6
FAIL: gcc.dg/guality/pr54519-3.c -O2 -flto -fno-use-linker-plugin -flto-partition=none line 23 y == 117
FAIL: gcc.dg/guality/pr54519-3.c -O2 -flto -fno-use-linker-plugin -flto-partition=none line 23 z == 8
FAIL: gcc.dg/guality/pr54519-3.c -O2 -flto -fuse-linker-plugin -fno-fat-lto-objects line 20 x == 36
FAIL: gcc.dg/guality/pr54519-3.c -O2 -flto -fuse-linker-plugin -fno-fat-lto-objects line 20 y == 25
FAIL: gcc.dg/guality/pr54519-3.c -O2 -flto -fuse-linker-plugin -fno-fat-lto-objects line 20 z == 6
FAIL: gcc.dg/guality/pr54519-3.c -O2 -flto -fuse-linker-plugin -fno-fat-lto-objects line 23 x == 98
FAIL: gcc.dg/guality/pr54519-3.c -O2 -flto -fuse-linker-plugin -fno-fat-lto-objects line 23 y == 117
FAIL: gcc.dg/guality/pr54519-3.c -O2 -flto -fuse-linker-plugin -fno-fat-lto-objects line 23 z == 8
FAIL: gcc.dg/guality/pr54519-4.c -O2 -flto -fno-use-linker-plugin -flto-partition=none line 17 y == 25
FAIL: gcc.dg/guality/pr54519-4.c -O2 -flto -fuse-linker-plugin -fno-fat-lto-objects line 17 x == 6
FAIL: gcc.dg/guality/pr54519-4.c -O2 -flto -fuse-linker-plugin -fno-fat-lto-objects line 17 y == 25
FAIL: gcc.dg/guality/pr54519-5.c -O2 line 17 x == 6
FAIL: gcc.dg/guality/pr54519-5.c -O2 -flto -fno-use-linker-plugin -flto-partition=none line 17 x == 6
FAIL: gcc.dg/guality/pr54519-5.c -O2 -flto -fno-use-linker-plugin -flto-partition=none line 17 y == 25
FAIL: gcc.dg/guality/pr54519-5.c -O2 -flto -fuse-linker-plugin -fno-fat-lto-objects line 17 y == 25
FAIL: gcc.dg/guality/sra-1.c -O1 line 43 a.i == 4
FAIL: gcc.dg/guality/sra-1.c -O2 line 21 a.i == 4
FAIL: gcc.dg/guality/sra-1.c -O2 line 21 a.j == 14
FAIL: gcc.dg/guality/sra-1.c -O2 line 32 a[0] == 4
FAIL: gcc.dg/guality/sra-1.c -O2 line 32 a[1] == 14
FAIL: gcc.dg/guality/sra-1.c -O2 -flto -fno-use-linker-plugin -flto-partition=none line 21 a.i == 4
FAIL: gcc.dg/guality/sra-1.c -O2 -flto -fno-use-linker-plugin -flto-partition=none line 21 a.j == 14
FAIL: gcc.dg/guality/sra-1.c -O2 -flto -fno-use-linker-plugin -flto-partition=none line 32 a[0] == 4
FAIL: gcc.dg/guality/sra-1.c -O2 -flto -fno-use-linker-plugin -flto-partition=none line 32 a[1] == 14
FAIL: gcc.dg/guality/sra-1.c -O2 -flto -fuse-linker-plugin -fno-fat-lto-objects line 21 a.i == 4
FAIL: gcc.dg/guality/sra-1.c -O2 -flto -fuse-linker-plugin -fno-fat-lto-objects line 21 a.j == 14
FAIL: gcc.dg/guality/sra-1.c -O3 -fomit-frame-pointer line 21 a.i == 4
FAIL: gcc.dg/guality/sra-1.c -O3 -fomit-frame-pointer line 21 a.j == 14
FAIL: gcc.dg/guality/sra-1.c -O3 -fomit-frame-pointer line 32 a[0] == 4
FAIL: gcc.dg/guality/sra-1.c -O3 -fomit-frame-pointer line 32 a[1] == 14
FAIL: gcc.dg/guality/sra-1.c -O3 -g line 21 a.i == 4
FAIL: gcc.dg/guality/sra-1.c -O3 -g line 21 a.j == 14
FAIL: gcc.dg/guality/sra-1.c -O3 -g line 32 a[0] == 4
FAIL: gcc.dg/guality/sra-1.c -O3 -g line 32 a[1] == 14
FAIL: gcc.dg/guality/sra-1.c -Os line 21 a.i == 4
FAIL: gcc.dg/guality/sra-1.c -Os line 21 a.j == 14
FAIL: gcc.dg/guality/sra-1.c -Os line 32 a[0] == 4
FAIL: gcc.dg/guality/sra-1.c -Os line 32 a[1] == 14
FAIL: gcc.dg/guality/vla-1.c -O1 line 17 sizeof (a) == 6
FAIL: gcc.dg/guality/vla-1.c -O2 line 17 sizeof (a) == 6
FAIL: gcc.dg/guality/vla-1.c -O2 -flto -fno-use-linker-plugin -flto-partition=none line 17 sizeof (a) == 6
FAIL: gcc.dg/guality/vla-1.c -O2 -flto -fuse-linker-plugin -fno-fat-lto-objects line 17 sizeof (a) == 6
FAIL: gcc.dg/guality/vla-1.c -O3 -fomit-frame-pointer line 17 sizeof (a) == 6
FAIL: gcc.dg/guality/vla-1.c -O3 -g line 17 sizeof (a) == 6
FAIL: gcc.dg/guality/vla-1.c -Os line 17 sizeof (a) == 6
FAIL: gcc.dg/guality/vla-2.c -O2 line 25 sizeof (a) == 6 * sizeof (int)
FAIL: gcc.dg/guality/vla-2.c -O2 -flto -fno-use-linker-plugin -flto-partition=none line 25 sizeof (a) == 6 * sizeof (int)
FAIL: gcc.dg/guality/vla-2.c -O2 -flto -fuse-linker-plugin -fno-fat-lto-objects line 25 sizeof (a) == 6 * sizeof (int)
FAIL: gcc.dg/guality/vla-2.c -O3 -fomit-frame-pointer line 25 sizeof (a) == 6 * sizeof (int)
FAIL: gcc.dg/guality/vla-2.c -O3 -g line 25 sizeof (a) == 6 * sizeof (int)
FAIL: gcc.dg/guality/vla-2.c -Os line 25 sizeof (a) == 6 * sizeof (int)
FAIL: gcc.dg/torture/builtin-math-7.c -O0 execution test
FAIL: gcc.dg/torture/builtin-math-7.c -O1 execution test
FAIL: gcc.dg/torture/builtin-math-7.c -O2 execution test
FAIL: gcc.dg/torture/builtin-math-7.c -O2 -flto -fno-use-linker-plugin -flto-partition=none execution test
FAIL: gcc.dg/torture/builtin-math-7.c -O2 -flto -fuse-linker-plugin -fno-fat-lto-objects execution test
FAIL: gcc.dg/torture/builtin-math-7.c -O3 -fomit-frame-pointer execution test
FAIL: gcc.dg/torture/builtin-math-7.c -O3 -fomit-frame-pointer -funroll-all-loops -finline-functions execution test
FAIL: gcc.dg/torture/builtin-math-7.c -O3 -fomit-frame-pointer -funroll-loops execution test
FAIL: gcc.dg/torture/builtin-math-7.c -O3 -g execution test
FAIL: gcc.dg/torture/builtin-math-7.c -Os execution test
FAIL: gcc.dg/torture/c99-contract-1.c -O1 execution test
FAIL: gcc.dg/torture/c99-contract-1.c -O2 execution test
FAIL: gcc.dg/torture/c99-contract-1.c -O2 -flto -fno-use-linker-plugin -flto-partition=none execution test
FAIL: gcc.dg/torture/c99-contract-1.c -O2 -flto -fuse-linker-plugin -fno-fat-lto-objects execution test
FAIL: gcc.dg/torture/c99-contract-1.c -O3 -fomit-frame-pointer execution test
FAIL: gcc.dg/torture/c99-contract-1.c -O3 -g execution test
FAIL: gcc.dg/torture/c99-contract-1.c -Os execution test
FAIL: gcc.dg/tree-prof/stringop-2.c compilation, -fprofile-generate -D_PROFILE_GENERATE
UNRESOLVED: gcc.dg/tree-prof/stringop-2.c compilation, -fprofile-use -D_PROFILE_USE
UNRESOLVED: gcc.dg/tree-prof/stringop-2.c execution, -fprofile-generate -D_PROFILE_GENERATE
UNRESOLVED: gcc.dg/tree-prof/stringop-2.c execution, -fprofile-use -D_PROFILE_USE
FAIL: gcc.dg/vect/bb-slp-1.c -flto -ffat-lto-objects scan-tree-dump-times slp1 "basic block vectorized" 1
FAIL: gcc.dg/vect/bb-slp-1.c scan-tree-dump-times slp1 "basic block vectorized" 1
FAIL: gcc.dg/vect/bb-slp-10.c -flto -ffat-lto-objects scan-tree-dump slp2 "unsupported alignment in basic block."
FAIL: gcc.dg/vect/bb-slp-10.c scan-tree-dump slp2 "unsupported alignment in basic block."
FAIL: gcc.dg/vect/bb-slp-16.c -flto -ffat-lto-objects scan-tree-dump-times slp1 "basic block vectorized" 1
FAIL: gcc.dg/vect/bb-slp-16.c scan-tree-dump-times slp1 "basic block vectorized" 1
FAIL: gcc.dg/vect/bb-slp-2.c -flto -ffat-lto-objects scan-tree-dump-times slp1 "basic block vectorized" 1
FAIL: gcc.dg/vect/bb-slp-2.c scan-tree-dump-times slp1 "basic block vectorized" 1
FAIL: gcc.dg/vect/bb-slp-21.c -flto -ffat-lto-objects scan-tree-dump-times slp2 "basic block vectorized" 1
FAIL: gcc.dg/vect/bb-slp-21.c -flto -ffat-lto-objects scan-tree-dump-times slp2 "vectorizing stmts using SLP" 1
FAIL: gcc.dg/vect/bb-slp-21.c scan-tree-dump-times slp2 "basic block vectorized" 1
FAIL: gcc.dg/vect/bb-slp-21.c scan-tree-dump-times slp2 "vectorizing stmts using SLP" 1
FAIL: gcc.dg/vect/bb-slp-22.c -flto -ffat-lto-objects scan-tree-dump-times slp2 "basic block vectorized" 1
FAIL: gcc.dg/vect/bb-slp-22.c scan-tree-dump-times slp2 "basic block vectorized" 1
FAIL: gcc.dg/vect/bb-slp-3.c -flto -ffat-lto-objects scan-tree-dump-times slp2 "basic block vectorized" 1
FAIL: gcc.dg/vect/bb-slp-3.c scan-tree-dump-times slp2 "basic block vectorized" 1
FAIL: gcc.dg/vect/bb-slp-30.c -flto -ffat-lto-objects scan-tree-dump-times slp2 "basic block vectorized" 1
FAIL: gcc.dg/vect/bb-slp-30.c scan-tree-dump-times slp2 "basic block vectorized" 1
FAIL: gcc.dg/vect/bb-slp-4.c -flto -ffat-lto-objects scan-tree-dump-times slp2 "basic block vectorized" 0
FAIL: gcc.dg/vect/bb-slp-4.c scan-tree-dump-times slp2 "basic block vectorized" 0
FAIL: gcc.dg/vect/no-scevccp-noreassoc-outer-3.c scan-tree-dump-times vect "OUTER LOOP VECTORIZED." 1
FAIL: gcc.dg/vect/no-scevccp-noreassoc-outer-4.c scan-tree-dump-times vect "OUTER LOOP VECTORIZED." 1
FAIL: gcc.dg/vect/no-scevccp-noreassoc-outer-5.c scan-tree-dump-times vect "OUTER LOOP VECTORIZED." 1
FAIL: gcc.dg/vect/no-scevccp-outer-15.c scan-tree-dump-times vect "OUTER LOOP VECTORIZED." 1
FAIL: gcc.dg/vect/no-scevccp-outer-2.c scan-tree-dump-times vect "OUTER LOOP VECTORIZED" 1
FAIL: gcc.dg/vect/no-scevccp-outer-22.c scan-tree-dump-times vect "OUTER LOOP VECTORIZED." 1
FAIL: gcc.dg/vect/no-scevccp-outer-3.c scan-tree-dump-times vect "OUTER LOOP VECTORIZED." 1
FAIL: gcc.dg/vect/no-scevccp-outer-5.c scan-tree-dump-times vect "OUTER LOOP VECTORIZED." 1
FAIL: gcc.dg/vect/no-scevccp-outer-9a.c scan-tree-dump-times vect "OUTER LOOP VECTORIZED." 1
FAIL: gcc.dg/vect/no-scevccp-outer-9b.c scan-tree-dump-times vect "OUTER LOOP VECTORIZED." 1
FAIL: gcc.dg/vect/no-scevccp-vect-iv-1.c scan-tree-dump-times vect "vectorized 1 loops" 1
FAIL: gcc.dg/vect/no-section-anchors-vect-31.c scan-tree-dump-times vect "Alignment of access forced using peeling" 2
FAIL: gcc.dg/vect/no-section-anchors-vect-31.c scan-tree-dump-times vect "vectorized 4 loops" 1
FAIL: gcc.dg/vect/no-section-anchors-vect-64.c scan-tree-dump-times vect "Alignment of access forced using peeling" 2
FAIL: gcc.dg/vect/no-section-anchors-vect-64.c scan-tree-dump-times vect "vectorized 3 loops" 1
FAIL: gcc.dg/vect/no-section-anchors-vect-65.c scan-tree-dump-times vect "vectorized 2 loops" 1
FAIL: gcc.dg/vect/no-section-anchors-vect-66.c scan-tree-dump-times vect "vectorized 3 loops" 1
FAIL: gcc.dg/vect/no-section-anchors-vect-68.c scan-tree-dump-times vect "vectorized 4 loops" 1
FAIL: gcc.dg/vect/no-section-anchors-vect-69.c scan-tree-dump-times vect "Alignment of access forced using peeling" 2
FAIL: gcc.dg/vect/no-section-anchors-vect-69.c scan-tree-dump-times vect "vectorized 4 loops" 1
FAIL: gcc.dg/vect/no-section-anchors-vect-outer-4h.c scan-tree-dump-times vect "OUTER LOOP VECTORIZED" 1
FAIL: gcc.dg/vect/no-vfa-pr29145.c scan-tree-dump-times vect "vectorized 0 loops" 2
FAIL: gcc.dg/vect/no-vfa-pr29145.c scan-tree-dump-times vect "vectorized 1 loops" 1
FAIL: gcc.dg/vect/no-vfa-vect-101.c scan-tree-dump-times vect "can't determine dependence" 1
FAIL: gcc.dg/vect/no-vfa-vect-102.c scan-tree-dump-times vect "possible dependence between data-refs" 1
FAIL: gcc.dg/vect/no-vfa-vect-102a.c scan-tree-dump-times vect "possible dependence between data-refs" 1
FAIL: gcc.dg/vect/no-vfa-vect-depend-1.c scan-tree-dump-times vect "dependence distance negative" 1
FAIL: gcc.dg/vect/no-vfa-vect-depend-2.c scan-tree-dump-times vect "dependence distance negative" 1
FAIL: gcc.dg/vect/no-vfa-vect-depend-3.c scan-tree-dump-times vect "dependence distance negative" 4
FAIL: gcc.dg/vect/no-vfa-vect-dv-2.c scan-tree-dump-times vect "vectorized 3 loops" 1
FAIL: gcc.dg/vect/pr18400.c -flto -ffat-lto-objects scan-tree-dump-times vect "vectorized 1 loops" 1
FAIL: gcc.dg/vect/pr18400.c scan-tree-dump-times vect "vectorized 1 loops" 1
FAIL: gcc.dg/vect/pr21591.c -flto -ffat-lto-objects scan-tree-dump-times vect "vectorized 2 loops" 1
FAIL: gcc.dg/vect/pr21591.c scan-tree-dump-times vect "vectorized 2 loops" 1
FAIL: gcc.dg/vect/pr30795.c -flto -ffat-lto-objects scan-tree-dump-times vect "vectorized 1 loops" 1
FAIL: gcc.dg/vect/pr30795.c scan-tree-dump-times vect "vectorized 1 loops" 1
FAIL: gcc.dg/vect/pr32824.c -flto -ffat-lto-objects scan-tree-dump-times vect "vectorized 1 loops" 1
FAIL: gcc.dg/vect/pr32824.c scan-tree-dump-times vect "vectorized 1 loops" 1
FAIL: gcc.dg/vect/pr37027.c -flto -ffat-lto-objects scan-tree-dump-times vect "vectorized 1 loops" 1
FAIL: gcc.dg/vect/pr37027.c -flto -ffat-lto-objects scan-tree-dump-times vect "vectorizing stmts using SLP" 1
FAIL: gcc.dg/vect/pr37027.c scan-tree-dump-times vect "vectorized 1 loops" 1
FAIL: gcc.dg/vect/pr37027.c scan-tree-dump-times vect "vectorizing stmts using SLP" 1
FAIL: gcc.dg/vect/pr57705.c -flto -ffat-lto-objects scan-tree-dump-times vect "vectorized 1 loop" 2
FAIL: gcc.dg/vect/pr57705.c scan-tree-dump-times vect "vectorized 1 loop" 2
FAIL: gcc.dg/vect/pr60092-2.c -flto -ffat-lto-objects scan-tree-dump vect "LOOP VECTORIZED"
FAIL: gcc.dg/vect/pr60092-2.c scan-tree-dump vect "LOOP VECTORIZED"
FAIL: gcc.dg/vect/pr60092.c -flto -ffat-lto-objects scan-tree-dump vect "LOOP VECTORIZED"
FAIL: gcc.dg/vect/pr60092.c scan-tree-dump vect "LOOP VECTORIZED"
FAIL: gcc.dg/vect/pr65310.c -flto -ffat-lto-objects scan-tree-dump vect "can't force alignment"
FAIL: gcc.dg/vect/pr65310.c scan-tree-dump vect "can't force alignment"
FAIL: gcc.dg/vect/slp-13-big-array.c -flto -ffat-lto-objects scan-tree-dump-times vect "vectorizing stmts using SLP" 1
FAIL: gcc.dg/vect/slp-13-big-array.c scan-tree-dump-times vect "vectorizing stmts using SLP" 1
FAIL: gcc.dg/vect/slp-13.c -flto -ffat-lto-objects scan-tree-dump-times vect "vectorizing stmts using SLP" 1
FAIL: gcc.dg/vect/slp-13.c scan-tree-dump-times vect "vectorizing stmts using SLP" 1
FAIL: gcc.dg/vect/slp-17.c -flto -ffat-lto-objects scan-tree-dump-times vect "vectorized 1 loops" 1
FAIL: gcc.dg/vect/slp-17.c -flto -ffat-lto-objects scan-tree-dump-times vect "vectorizing stmts using SLP" 2
FAIL: gcc.dg/vect/slp-17.c scan-tree-dump-times vect "vectorized 1 loops" 1
FAIL: gcc.dg/vect/slp-17.c scan-tree-dump-times vect "vectorizing stmts using SLP" 2
FAIL: gcc.dg/vect/slp-19c.c -flto -ffat-lto-objects scan-tree-dump-times vect "vectorized 1 loops" 1
FAIL: gcc.dg/vect/slp-19c.c -flto -ffat-lto-objects scan-tree-dump-times vect "vectorizing stmts using SLP" 1
FAIL: gcc.dg/vect/slp-19c.c scan-tree-dump-times vect "vectorized 1 loops" 1
FAIL: gcc.dg/vect/slp-19c.c scan-tree-dump-times vect "vectorizing stmts using SLP" 1
FAIL: gcc.dg/vect/slp-21.c -flto -ffat-lto-objects scan-tree-dump-times vect "vectorized 1 loops" 1
FAIL: gcc.dg/vect/slp-21.c scan-tree-dump-times vect "vectorized 1 loops" 1
FAIL: gcc.dg/vect/slp-23.c -flto -ffat-lto-objects scan-tree-dump-times vect "vectorizing stmts using SLP" 1
FAIL: gcc.dg/vect/slp-23.c scan-tree-dump-times vect "vectorizing stmts using SLP" 1
XPASS: gcc.dg/vect/slp-24-big-array.c -flto -ffat-lto-objects scan-tree-dump-times vect "vectorized 1 loops" 1
XPASS: gcc.dg/vect/slp-24-big-array.c -flto -ffat-lto-objects scan-tree-dump-times vect "vectorizing stmts using SLP" 2
XPASS: gcc.dg/vect/slp-24-big-array.c scan-tree-dump-times vect "vectorized 1 loops" 1
XPASS: gcc.dg/vect/slp-24-big-array.c scan-tree-dump-times vect "vectorizing stmts using SLP" 2
XPASS: gcc.dg/vect/slp-24.c -flto -ffat-lto-objects scan-tree-dump-times vect "vectorized 1 loops" 1
XPASS: gcc.dg/vect/slp-24.c -flto -ffat-lto-objects scan-tree-dump-times vect "vectorizing stmts using SLP" 2
XPASS: gcc.dg/vect/slp-24.c scan-tree-dump-times vect "vectorized 1 loops" 1
XPASS: gcc.dg/vect/slp-24.c scan-tree-dump-times vect "vectorizing stmts using SLP" 2
FAIL: gcc.dg/vect/slp-25.c -flto -ffat-lto-objects scan-tree-dump-times vect "vectorized 2 loops" 1
FAIL: gcc.dg/vect/slp-25.c scan-tree-dump-times vect "vectorized 2 loops" 1
FAIL: gcc.dg/vect/slp-28.c -flto -ffat-lto-objects scan-tree-dump-times vect "vectorized 1 loops" 1
FAIL: gcc.dg/vect/slp-28.c -flto -ffat-lto-objects scan-tree-dump-times vect "vectorizing stmts using SLP" 1
FAIL: gcc.dg/vect/slp-28.c scan-tree-dump-times vect "vectorized 1 loops" 1
FAIL: gcc.dg/vect/slp-28.c scan-tree-dump-times vect "vectorizing stmts using SLP" 1
FAIL: gcc.dg/vect/slp-3.c -flto -ffat-lto-objects scan-tree-dump-times vect "vectorized 3 loops" 1
FAIL: gcc.dg/vect/slp-3.c -flto -ffat-lto-objects scan-tree-dump-times vect "vectorizing stmts using SLP" 3
FAIL: gcc.dg/vect/slp-3.c scan-tree-dump-times vect "vectorized 3 loops" 1
FAIL: gcc.dg/vect/slp-3.c scan-tree-dump-times vect "vectorizing stmts using SLP" 3
FAIL: gcc.dg/vect/slp-34-big-array.c -flto -ffat-lto-objects scan-tree-dump-times vect "vectorized 1 loops" 1
FAIL: gcc.dg/vect/slp-34-big-array.c -flto -ffat-lto-objects scan-tree-dump-times vect "vectorizing stmts using SLP" 2
FAIL: gcc.dg/vect/slp-34-big-array.c scan-tree-dump-times vect "vectorized 1 loops" 1
FAIL: gcc.dg/vect/slp-34-big-array.c scan-tree-dump-times vect "vectorizing stmts using SLP" 2
FAIL: gcc.dg/vect/slp-34.c -flto -ffat-lto-objects scan-tree-dump-times vect "vectorized 1 loops" 1
FAIL: gcc.dg/vect/slp-34.c -flto -ffat-lto-objects scan-tree-dump-times vect "vectorizing stmts using SLP" 2
FAIL: gcc.dg/vect/slp-34.c scan-tree-dump-times vect "vectorized 1 loops" 1
FAIL: gcc.dg/vect/slp-34.c scan-tree-dump-times vect "vectorizing stmts using SLP" 2
FAIL: gcc.dg/vect/slp-35.c -flto -ffat-lto-objects scan-tree-dump-times vect "vectorized 1 loops" 1
FAIL: gcc.dg/vect/slp-35.c -flto -ffat-lto-objects scan-tree-dump-times vect "vectorizing stmts using SLP" 1
FAIL: gcc.dg/vect/slp-35.c scan-tree-dump-times vect "vectorized 1 loops" 1
FAIL: gcc.dg/vect/slp-35.c scan-tree-dump-times vect "vectorizing stmts using SLP" 1
FAIL: gcc.dg/vect/slp-4-big-array.c -flto -ffat-lto-objects scan-tree-dump-times vect "vectorized 3 loops" 1
FAIL: gcc.dg/vect/slp-4-big-array.c -flto -ffat-lto-objects scan-tree-dump-times vect "vectorizing stmts using SLP" 3
FAIL: gcc.dg/vect/slp-4-big-array.c scan-tree-dump-times vect "vectorized 3 loops" 1
FAIL: gcc.dg/vect/slp-4-big-array.c scan-tree-dump-times vect "vectorizing stmts using SLP" 3
FAIL: gcc.dg/vect/slp-4.c -flto -ffat-lto-objects scan-tree-dump-times vect "vectorized 3 loops" 1
FAIL: gcc.dg/vect/slp-4.c -flto -ffat-lto-objects scan-tree-dump-times vect "vectorizing stmts using SLP" 3
FAIL: gcc.dg/vect/slp-4.c scan-tree-dump-times vect "vectorized 3 loops" 1
FAIL: gcc.dg/vect/slp-4.c scan-tree-dump-times vect "vectorizing stmts using SLP" 3
FAIL: gcc.dg/vect/slp-5.c -flto -ffat-lto-objects scan-tree-dump-times vect "vectorized 3 loops" 1
FAIL: gcc.dg/vect/slp-5.c -flto -ffat-lto-objects scan-tree-dump-times vect "vectorizing stmts using SLP" 3
FAIL: gcc.dg/vect/slp-5.c scan-tree-dump-times vect "vectorized 3 loops" 1
FAIL: gcc.dg/vect/slp-5.c scan-tree-dump-times vect "vectorizing stmts using SLP" 3
FAIL: gcc.dg/vect/slp-6.c -flto -ffat-lto-objects scan-tree-dump-times vect "vectorized 2 loops" 1
FAIL: gcc.dg/vect/slp-6.c -flto -ffat-lto-objects scan-tree-dump-times vect "vectorizing stmts using SLP" 2
FAIL: gcc.dg/vect/slp-6.c scan-tree-dump-times vect "vectorized 2 loops" 1
FAIL: gcc.dg/vect/slp-6.c scan-tree-dump-times vect "vectorizing stmts using SLP" 2
FAIL: gcc.dg/vect/slp-7.c -flto -ffat-lto-objects scan-tree-dump-times vect "vectorized 3 loops" 1
FAIL: gcc.dg/vect/slp-7.c -flto -ffat-lto-objects scan-tree-dump-times vect "vectorizing stmts using SLP" 3
FAIL: gcc.dg/vect/slp-7.c scan-tree-dump-times vect "vectorized 3 loops" 1
FAIL: gcc.dg/vect/slp-7.c scan-tree-dump-times vect "vectorizing stmts using SLP" 3
FAIL: gcc.dg/vect/slp-multitypes-1.c -flto -ffat-lto-objects scan-tree-dump-times vect "vectorized 1 loops" 1
FAIL: gcc.dg/vect/slp-multitypes-1.c -flto -ffat-lto-objects scan-tree-dump-times vect "vectorizing stmts using SLP" 2
FAIL: gcc.dg/vect/slp-multitypes-1.c scan-tree-dump-times vect "vectorized 1 loops" 1
FAIL: gcc.dg/vect/slp-multitypes-1.c scan-tree-dump-times vect "vectorizing stmts using SLP" 2
FAIL: gcc.dg/vect/slp-multitypes-12.c -flto -ffat-lto-objects scan-tree-dump-times vect "vectorized 1 loops" 1
FAIL: gcc.dg/vect/slp-multitypes-12.c -flto -ffat-lto-objects scan-tree-dump-times vect "vectorizing stmts using SLP" 3
FAIL: gcc.dg/vect/slp-multitypes-12.c scan-tree-dump-times vect "vectorized 1 loops" 1
FAIL: gcc.dg/vect/slp-multitypes-12.c scan-tree-dump-times vect "vectorizing stmts using SLP" 3
FAIL: gcc.dg/vect/slp-multitypes-3.c -flto -ffat-lto-objects scan-tree-dump-times vect "vectorized 1 loops" 1
FAIL: gcc.dg/vect/slp-multitypes-3.c -flto -ffat-lto-objects scan-tree-dump-times vect "vectorizing stmts using SLP" 2
FAIL: gcc.dg/vect/slp-multitypes-3.c scan-tree-dump-times vect "vectorized 1 loops" 1
FAIL: gcc.dg/vect/slp-multitypes-3.c scan-tree-dump-times vect "vectorizing stmts using SLP" 2
FAIL: gcc.dg/vect/slp-perm-9.c -flto -ffat-lto-objects scan-tree-dump-times vect "vectorized 1 loops" 1
FAIL: gcc.dg/vect/slp-perm-9.c scan-tree-dump-times vect "vectorized 1 loops" 1
FAIL: gcc.dg/vect/slp-reduc-1.c -flto -ffat-lto-objects scan-tree-dump-times vect "vectorized 1 loops" 1
FAIL: gcc.dg/vect/slp-reduc-1.c -flto -ffat-lto-objects scan-tree-dump-times vect "vectorizing stmts using SLP" 1
FAIL: gcc.dg/vect/slp-reduc-1.c scan-tree-dump-times vect "vectorized 1 loops" 1
FAIL: gcc.dg/vect/slp-reduc-1.c scan-tree-dump-times vect "vectorizing stmts using SLP" 1
FAIL: gcc.dg/vect/slp-reduc-2.c -flto -ffat-lto-objects scan-tree-dump-times vect "vectorized 1 loops" 1
FAIL: gcc.dg/vect/slp-reduc-2.c -flto -ffat-lto-objects scan-tree-dump-times vect "vectorizing stmts using SLP" 1
FAIL: gcc.dg/vect/slp-reduc-2.c scan-tree-dump-times vect "vectorized 1 loops" 1
FAIL: gcc.dg/vect/slp-reduc-2.c scan-tree-dump-times vect "vectorizing stmts using SLP" 1
FAIL: gcc.dg/vect/slp-reduc-6.c -flto -ffat-lto-objects scan-tree-dump-times vect "different interleaving chains in one node" 1
FAIL: gcc.dg/vect/slp-reduc-6.c scan-tree-dump-times vect "different interleaving chains in one node" 1
FAIL: gcc.dg/vect/vec-scal-opt.c (internal compiler error)
FAIL: gcc.dg/vect/vec-scal-opt.c (test for excess errors)
FAIL: gcc.dg/vect/vec-scal-opt.c scan-tree-dump-times veclower21 ">> k.[0-9_]*" 1
FAIL: gcc.dg/vect/vec-scal-opt1.c (internal compiler error)
FAIL: gcc.dg/vect/vec-scal-opt1.c (test for excess errors)
FAIL: gcc.dg/vect/vec-scal-opt1.c scan-tree-dump-times veclower21 ">> 2" 1
FAIL: gcc.dg/vect/vec-scal-opt2.c (internal compiler error)
FAIL: gcc.dg/vect/vec-scal-opt2.c (test for excess errors)
FAIL: gcc.dg/vect/vec-scal-opt2.c scan-tree-dump-times veclower21 ">> 2" 1
FAIL: gcc.dg/vect/vect-103.c -flto -ffat-lto-objects scan-tree-dump-times vect "dependence distance modulo vf == 0" 1
FAIL: gcc.dg/vect/vect-103.c -flto -ffat-lto-objects scan-tree-dump-times vect "vectorized 1 loops" 1
FAIL: gcc.dg/vect/vect-103.c scan-tree-dump-times vect "dependence distance modulo vf == 0" 1
FAIL: gcc.dg/vect/vect-103.c scan-tree-dump-times vect "vectorized 1 loops" 1
FAIL: gcc.dg/vect/vect-104.c -flto -ffat-lto-objects scan-tree-dump-times vect "possible dependence between data-refs" 1
FAIL: gcc.dg/vect/vect-104.c scan-tree-dump-times vect "possible dependence between data-refs" 1
FAIL: gcc.dg/vect/vect-105-big-array.c -flto -ffat-lto-objects scan-tree-dump-times vect "Alignment of access forced using versioning" 2
FAIL: gcc.dg/vect/vect-105-big-array.c -flto -ffat-lto-objects scan-tree-dump-times vect "vectorized 1 loops" 1
FAIL: gcc.dg/vect/vect-105-big-array.c scan-tree-dump-times vect "Alignment of access forced using versioning" 2
FAIL: gcc.dg/vect/vect-105-big-array.c scan-tree-dump-times vect "vectorized 1 loops" 1
FAIL: gcc.dg/vect/vect-105.c -flto -ffat-lto-objects scan-tree-dump-times vect "Alignment of access forced using versioning" 2
FAIL: gcc.dg/vect/vect-105.c -flto -ffat-lto-objects scan-tree-dump-times vect "vectorized 1 loops" 1
FAIL: gcc.dg/vect/vect-105.c scan-tree-dump-times vect "Alignment of access forced using versioning" 2
FAIL: gcc.dg/vect/vect-105.c scan-tree-dump-times vect "vectorized 1 loops" 1
FAIL: gcc.dg/vect/vect-106.c -flto -ffat-lto-objects scan-tree-dump-times vect "vectorized 2 loops" 1
FAIL: gcc.dg/vect/vect-106.c scan-tree-dump-times vect "vectorized 2 loops" 1
FAIL: gcc.dg/vect/vect-115.c -flto -ffat-lto-objects scan-tree-dump-times vect "vectorized 2 loops" 1
FAIL: gcc.dg/vect/vect-115.c scan-tree-dump-times vect "vectorized 2 loops" 1
FAIL: gcc.dg/vect/vect-117.c -flto -ffat-lto-objects scan-tree-dump-times vect "vectorized 1 loops" 1
FAIL: gcc.dg/vect/vect-117.c scan-tree-dump-times vect "vectorized 1 loops" 1
FAIL: gcc.dg/vect/vect-118.c -flto -ffat-lto-objects scan-tree-dump-times vect "vectorized 1 loops" 1
FAIL: gcc.dg/vect/vect-118.c scan-tree-dump-times vect "vectorized 1 loops" 1
FAIL: gcc.dg/vect/vect-119.c -flto -ffat-lto-objects scan-tree-dump-times vect "Detected interleaving of size 2" 1
FAIL: gcc.dg/vect/vect-119.c scan-tree-dump-times vect "Detected interleaving of size 2" 1
FAIL: gcc.dg/vect/vect-12.c -flto -ffat-lto-objects scan-tree-dump-times vect "vectorized 1 loops" 1
FAIL: gcc.dg/vect/vect-12.c scan-tree-dump-times vect "vectorized 1 loops" 1
FAIL: gcc.dg/vect/vect-123.c -flto -ffat-lto-objects scan-tree-dump vect "vectorized 1 loops"
FAIL: gcc.dg/vect/vect-123.c scan-tree-dump vect "vectorized 1 loops"
FAIL: gcc.dg/vect/vect-14.c -flto -ffat-lto-objects scan-tree-dump-times vect "vectorized 1 loops" 1
FAIL: gcc.dg/vect/vect-14.c scan-tree-dump-times vect "vectorized 1 loops" 1
FAIL: gcc.dg/vect/vect-17.c -flto -ffat-lto-objects scan-tree-dump-times vect "vectorized 3 loops" 1
FAIL: gcc.dg/vect/vect-17.c scan-tree-dump-times vect "vectorized 3 loops" 1
FAIL: gcc.dg/vect/vect-18.c -flto -ffat-lto-objects scan-tree-dump-times vect "vectorized 3 loops" 1
FAIL: gcc.dg/vect/vect-18.c scan-tree-dump-times vect "vectorized 3 loops" 1
FAIL: gcc.dg/vect/vect-19.c -flto -ffat-lto-objects scan-tree-dump-times vect "vectorized 3 loops" 1
FAIL: gcc.dg/vect/vect-19.c scan-tree-dump-times vect "vectorized 3 loops" 1
FAIL: gcc.dg/vect/vect-20.c -flto -ffat-lto-objects scan-tree-dump-times vect "vectorized 3 loops" 1
FAIL: gcc.dg/vect/vect-20.c scan-tree-dump-times vect "vectorized 3 loops" 1
FAIL: gcc.dg/vect/vect-25.c -flto -ffat-lto-objects scan-tree-dump-times vect "vectorized 2 loops" 1
FAIL: gcc.dg/vect/vect-25.c scan-tree-dump-times vect "vectorized 2 loops" 1
FAIL: gcc.dg/vect/vect-26.c -flto -ffat-lto-objects scan-tree-dump-times vect "Alignment of access forced using peeling" 1
FAIL: gcc.dg/vect/vect-26.c -flto -ffat-lto-objects scan-tree-dump-times vect "vectorized 1 loops" 1
FAIL: gcc.dg/vect/vect-26.c scan-tree-dump-times vect "Alignment of access forced using peeling" 1
FAIL: gcc.dg/vect/vect-26.c scan-tree-dump-times vect "vectorized 1 loops" 1
FAIL: gcc.dg/vect/vect-27.c -flto -ffat-lto-objects scan-tree-dump-times vect "vectorized 1 loops" 1
FAIL: gcc.dg/vect/vect-27.c scan-tree-dump-times vect "vectorized 1 loops" 1
FAIL: gcc.dg/vect/vect-28.c -flto -ffat-lto-objects scan-tree-dump-times vect "Alignment of access forced using peeling" 1
FAIL: gcc.dg/vect/vect-28.c -flto -ffat-lto-objects scan-tree-dump-times vect "vectorized 1 loops" 1
FAIL: gcc.dg/vect/vect-28.c scan-tree-dump-times vect "Alignment of access forced using peeling" 1
FAIL: gcc.dg/vect/vect-28.c scan-tree-dump-times vect "vectorized 1 loops" 1
FAIL: gcc.dg/vect/vect-29.c -flto -ffat-lto-objects scan-tree-dump-times vect "Alignment of access forced using versioning." 1
FAIL: gcc.dg/vect/vect-29.c -flto -ffat-lto-objects scan-tree-dump-times vect "vectorized 2 loops" 1
FAIL: gcc.dg/vect/vect-29.c scan-tree-dump-times vect "Alignment of access forced using versioning." 1
FAIL: gcc.dg/vect/vect-29.c scan-tree-dump-times vect "vectorized 2 loops" 1
FAIL: gcc.dg/vect/vect-31-big-array.c -flto -ffat-lto-objects scan-tree-dump-times vect "vectorized 4 loops" 1
FAIL: gcc.dg/vect/vect-31-big-array.c scan-tree-dump-times vect "vectorized 4 loops" 1
FAIL: gcc.dg/vect/vect-31.c -flto -ffat-lto-objects scan-tree-dump-times vect "vectorized 4 loops" 1
FAIL: gcc.dg/vect/vect-31.c scan-tree-dump-times vect "vectorized 4 loops" 1
FAIL: gcc.dg/vect/vect-33.c -flto -ffat-lto-objects scan-tree-dump-times vect "Alignment of access forced using versioning" 1
FAIL: gcc.dg/vect/vect-33.c scan-tree-dump-times vect "Alignment of access forced using versioning" 1
FAIL: gcc.dg/vect/vect-35-big-array.c -flto -ffat-lto-objects scan-tree-dump-times vect "vectorized 2 loops" 1
FAIL: gcc.dg/vect/vect-35-big-array.c scan-tree-dump-times vect "vectorized 2 loops" 1
FAIL: gcc.dg/vect/vect-35.c -flto -ffat-lto-objects scan-tree-dump-times vect "vectorized 2 loops" 1
FAIL: gcc.dg/vect/vect-35.c scan-tree-dump-times vect "vectorized 2 loops" 1
FAIL: gcc.dg/vect/vect-62.c -flto -ffat-lto-objects scan-tree-dump-times vect "vectorized 1 loops" 1
FAIL: gcc.dg/vect/vect-62.c scan-tree-dump-times vect "vectorized 1 loops" 1
FAIL: gcc.dg/vect/vect-64.c -flto -ffat-lto-objects scan-tree-dump-times vect "vectorized 3 loops" 1
FAIL: gcc.dg/vect/vect-64.c scan-tree-dump-times vect "vectorized 3 loops" 1
FAIL: gcc.dg/vect/vect-65.c -flto -ffat-lto-objects scan-tree-dump-times vect "vectorized 2 loops" 1
FAIL: gcc.dg/vect/vect-65.c scan-tree-dump-times vect "vectorized 2 loops" 1
FAIL: gcc.dg/vect/vect-66.c -flto -ffat-lto-objects scan-tree-dump-times vect "vectorized 1 loops" 3
FAIL: gcc.dg/vect/vect-66.c scan-tree-dump-times vect "vectorized 1 loops" 3
FAIL: gcc.dg/vect/vect-67.c -flto -ffat-lto-objects scan-tree-dump-times vect "vectorized 1 loops" 1
FAIL: gcc.dg/vect/vect-67.c scan-tree-dump-times vect "vectorized 1 loops" 1
FAIL: gcc.dg/vect/vect-68.c -flto -ffat-lto-objects scan-tree-dump-times vect "vectorized 4 loops" 1
FAIL: gcc.dg/vect/vect-68.c scan-tree-dump-times vect "vectorized 4 loops" 1
FAIL: gcc.dg/vect/vect-7.c -flto -ffat-lto-objects scan-tree-dump-times vect "vectorized 2 loops" 1
FAIL: gcc.dg/vect/vect-7.c scan-tree-dump-times vect "vectorized 2 loops" 1
FAIL: gcc.dg/vect/vect-70.c -flto -ffat-lto-objects scan-tree-dump-times vect "Alignment of access forced using peeling" 1
FAIL: gcc.dg/vect/vect-70.c -flto -ffat-lto-objects scan-tree-dump-times vect "vectorized 1 loops" 1
FAIL: gcc.dg/vect/vect-70.c scan-tree-dump-times vect "Alignment of access forced using peeling" 1
FAIL: gcc.dg/vect/vect-70.c scan-tree-dump-times vect "vectorized 1 loops" 1
FAIL: gcc.dg/vect/vect-73-big-array.c -flto -ffat-lto-objects scan-tree-dump-times vect "vectorized 1 loops" 1
FAIL: gcc.dg/vect/vect-73-big-array.c scan-tree-dump-times vect "vectorized 1 loops" 1
FAIL: gcc.dg/vect/vect-73.c -flto -ffat-lto-objects scan-tree-dump-times vect "vectorized 1 loops" 1
FAIL: gcc.dg/vect/vect-73.c scan-tree-dump-times vect "vectorized 1 loops" 1
FAIL: gcc.dg/vect/vect-75-big-array.c -flto -ffat-lto-objects scan-tree-dump-times vect "Alignment of access forced using versioning" 1
FAIL: gcc.dg/vect/vect-75-big-array.c -flto -ffat-lto-objects scan-tree-dump-times vect "vectorized 1 loops" 1
FAIL: gcc.dg/vect/vect-75-big-array.c scan-tree-dump-times vect "Alignment of access forced using versioning" 1
FAIL: gcc.dg/vect/vect-75-big-array.c scan-tree-dump-times vect "vectorized 1 loops" 1
FAIL: gcc.dg/vect/vect-75.c -flto -ffat-lto-objects scan-tree-dump-times vect "Alignment of access forced using versioning" 1
FAIL: gcc.dg/vect/vect-75.c -flto -ffat-lto-objects scan-tree-dump-times vect "vectorized 1 loops" 1
FAIL: gcc.dg/vect/vect-75.c scan-tree-dump-times vect "Alignment of access forced using versioning" 1
FAIL: gcc.dg/vect/vect-75.c scan-tree-dump-times vect "vectorized 1 loops" 1
FAIL: gcc.dg/vect/vect-76-big-array.c -flto -ffat-lto-objects scan-tree-dump-times vect "vectorized 3 loops" 1
FAIL: gcc.dg/vect/vect-76-big-array.c scan-tree-dump-times vect "vectorized 3 loops" 1
FAIL: gcc.dg/vect/vect-76.c -flto -ffat-lto-objects scan-tree-dump-times vect "vectorized 3 loops" 1
FAIL: gcc.dg/vect/vect-76.c scan-tree-dump-times vect "vectorized 3 loops" 1
FAIL: gcc.dg/vect/vect-77-alignchecks.c -flto -ffat-lto-objects scan-tree-dump-times vect "Alignment of access forced using versioning." 1
FAIL: gcc.dg/vect/vect-77-alignchecks.c -flto -ffat-lto-objects scan-tree-dump-times vect "vectorized 1 loops" 1
FAIL: gcc.dg/vect/vect-77-alignchecks.c scan-tree-dump-times vect "Alignment of access forced using versioning." 1
FAIL: gcc.dg/vect/vect-77-alignchecks.c scan-tree-dump-times vect "vectorized 1 loops" 1
FAIL: gcc.dg/vect/vect-77-global.c -flto -ffat-lto-objects scan-tree-dump-times vect "Alignment of access forced using versioning." 1
FAIL: gcc.dg/vect/vect-77-global.c -flto -ffat-lto-objects scan-tree-dump-times vect "vectorized 1 loops" 1
FAIL: gcc.dg/vect/vect-77-global.c scan-tree-dump-times vect "Alignment of access forced using versioning." 1
FAIL: gcc.dg/vect/vect-77-global.c scan-tree-dump-times vect "vectorized 1 loops" 1
FAIL: gcc.dg/vect/vect-77.c -flto -ffat-lto-objects scan-tree-dump-times vect "vectorized 1 loops" 1
FAIL: gcc.dg/vect/vect-77.c scan-tree-dump-times vect "vectorized 1 loops" 1
FAIL: gcc.dg/vect/vect-78-alignchecks.c -flto -ffat-lto-objects scan-tree-dump-times vect "Alignment of access forced using versioning." 1
FAIL: gcc.dg/vect/vect-78-alignchecks.c -flto -ffat-lto-objects scan-tree-dump-times vect "vectorized 1 loops" 1
FAIL: gcc.dg/vect/vect-78-alignchecks.c scan-tree-dump-times vect "Alignment of access forced using versioning." 1
FAIL: gcc.dg/vect/vect-78-alignchecks.c scan-tree-dump-times vect "vectorized 1 loops" 1
FAIL: gcc.dg/vect/vect-78-global.c -flto -ffat-lto-objects scan-tree-dump-times vect "Alignment of access forced using versioning." 1
FAIL: gcc.dg/vect/vect-78-global.c -flto -ffat-lto-objects scan-tree-dump-times vect "vectorized 1 loops" 1
FAIL: gcc.dg/vect/vect-78-global.c scan-tree-dump-times vect "Alignment of access forced using versioning." 1
FAIL: gcc.dg/vect/vect-78-global.c scan-tree-dump-times vect "vectorized 1 loops" 1
FAIL: gcc.dg/vect/vect-78.c -flto -ffat-lto-objects scan-tree-dump-times vect "vectorized 1 loops" 1
FAIL: gcc.dg/vect/vect-78.c scan-tree-dump-times vect "vectorized 1 loops" 1
FAIL: gcc.dg/vect/vect-85-big-array.c -flto -ffat-lto-objects scan-tree-dump-times vect "vectorized 1 loops" 1
FAIL: gcc.dg/vect/vect-85-big-array.c scan-tree-dump-times vect "vectorized 1 loops" 1
FAIL: gcc.dg/vect/vect-85.c -flto -ffat-lto-objects scan-tree-dump-times vect "vectorized 1 loops" 1
FAIL: gcc.dg/vect/vect-85.c scan-tree-dump-times vect "vectorized 1 loops" 1
FAIL: gcc.dg/vect/vect-86.c -flto -ffat-lto-objects scan-tree-dump-times vect "vectorized 1 loops" 1
FAIL: gcc.dg/vect/vect-86.c scan-tree-dump-times vect "vectorized 1 loops" 1
FAIL: gcc.dg/vect/vect-87.c -flto -ffat-lto-objects scan-tree-dump-times vect "Alignment of access forced using peeling" 1
FAIL: gcc.dg/vect/vect-87.c -flto -ffat-lto-objects scan-tree-dump-times vect "vectorized 1 loops" 1
FAIL: gcc.dg/vect/vect-87.c scan-tree-dump-times vect "Alignment of access forced using peeling" 1
FAIL: gcc.dg/vect/vect-87.c scan-tree-dump-times vect "vectorized 1 loops" 1
FAIL: gcc.dg/vect/vect-88.c -flto -ffat-lto-objects scan-tree-dump-times vect "Alignment of access forced using peeling" 1
FAIL: gcc.dg/vect/vect-88.c -flto -ffat-lto-objects scan-tree-dump-times vect "vectorized 1 loops" 1
FAIL: gcc.dg/vect/vect-88.c scan-tree-dump-times vect "Alignment of access forced using peeling" 1
FAIL: gcc.dg/vect/vect-88.c scan-tree-dump-times vect "vectorized 1 loops" 1
FAIL: gcc.dg/vect/vect-89-big-array.c -flto -ffat-lto-objects scan-tree-dump-times vect "Alignment of access forced using peeling" 1
FAIL: gcc.dg/vect/vect-89-big-array.c -flto -ffat-lto-objects scan-tree-dump-times vect "vectorized 1 loops" 1
FAIL: gcc.dg/vect/vect-89-big-array.c scan-tree-dump-times vect "Alignment of access forced using peeling" 1
FAIL: gcc.dg/vect/vect-89-big-array.c scan-tree-dump-times vect "vectorized 1 loops" 1
FAIL: gcc.dg/vect/vect-89.c -flto -ffat-lto-objects scan-tree-dump-times vect "Alignment of access forced using peeling" 1
FAIL: gcc.dg/vect/vect-89.c -flto -ffat-lto-objects scan-tree-dump-times vect "vectorized 1 loops" 1
FAIL: gcc.dg/vect/vect-89.c scan-tree-dump-times vect "Alignment of access forced using peeling" 1
FAIL: gcc.dg/vect/vect-89.c scan-tree-dump-times vect "vectorized 1 loops" 1
FAIL: gcc.dg/vect/vect-91.c -flto -ffat-lto-objects scan-tree-dump-times vect "Alignment of access forced using peeling" 3
FAIL: gcc.dg/vect/vect-91.c -flto -ffat-lto-objects scan-tree-dump-times vect "vectorized 1 loops" 3
FAIL: gcc.dg/vect/vect-91.c scan-tree-dump-times vect "Alignment of access forced using peeling" 3
FAIL: gcc.dg/vect/vect-91.c scan-tree-dump-times vect "vectorized 1 loops" 3
FAIL: gcc.dg/vect/vect-96.c -flto -ffat-lto-objects scan-tree-dump-times vect "Alignment of access forced using versioning." 1
FAIL: gcc.dg/vect/vect-96.c -flto -ffat-lto-objects scan-tree-dump-times vect "vectorized 1 loops" 1
FAIL: gcc.dg/vect/vect-96.c scan-tree-dump-times vect "Alignment of access forced using versioning." 1
FAIL: gcc.dg/vect/vect-96.c scan-tree-dump-times vect "vectorized 1 loops" 1
FAIL: gcc.dg/vect/vect-99.c -flto -ffat-lto-objects scan-tree-dump-times vect "vectorized 1 loops" 1
FAIL: gcc.dg/vect/vect-99.c scan-tree-dump-times vect "vectorized 1 loops" 1
FAIL: gcc.dg/vect/vect-alias-check.c -flto -ffat-lto-objects scan-tree-dump-times vect "vectorized 1 loops" 1
FAIL: gcc.dg/vect/vect-alias-check.c scan-tree-dump-times vect "vectorized 1 loops" 1
FAIL: gcc.dg/vect/vect-align-1.c -flto -ffat-lto-objects scan-tree-dump-times vect "Alignment of access forced using versioning" 1
FAIL: gcc.dg/vect/vect-align-1.c -flto -ffat-lto-objects scan-tree-dump-times vect "vectorized 1 loops" 1
FAIL: gcc.dg/vect/vect-align-1.c scan-tree-dump-times vect "Alignment of access forced using versioning" 1
FAIL: gcc.dg/vect/vect-align-1.c scan-tree-dump-times vect "vectorized 1 loops" 1
FAIL: gcc.dg/vect/vect-align-2.c -flto -ffat-lto-objects scan-tree-dump-times vect "Alignment of access forced using versioning" 1
FAIL: gcc.dg/vect/vect-align-2.c -flto -ffat-lto-objects scan-tree-dump-times vect "vectorized 1 loops" 1
FAIL: gcc.dg/vect/vect-align-2.c scan-tree-dump-times vect "Alignment of access forced using versioning" 1
FAIL: gcc.dg/vect/vect-align-2.c scan-tree-dump-times vect "vectorized 1 loops" 1
FAIL: gcc.dg/vect/vect-complex-4.c -flto -ffat-lto-objects scan-tree-dump-times vect "vectorized 1 loops" 1
FAIL: gcc.dg/vect/vect-complex-4.c -flto -ffat-lto-objects scan-tree-dump-times vect "vectorizing stmts using SLP" 1
FAIL: gcc.dg/vect/vect-complex-4.c scan-tree-dump-times vect "vectorized 1 loops" 1
FAIL: gcc.dg/vect/vect-complex-4.c scan-tree-dump-times vect "vectorizing stmts using SLP" 1
FAIL: gcc.dg/vect/vect-cond-reduc-2.c -flto -ffat-lto-objects scan-tree-dump-times vect "vectorized 1 loops" 1
FAIL: gcc.dg/vect/vect-cond-reduc-2.c scan-tree-dump-times vect "vectorized 1 loops" 1
FAIL: gcc.dg/vect/vect-double-reduc-7.c -flto -ffat-lto-objects scan-tree-dump-times vect "OUTER LOOP VECTORIZED" 3
FAIL: gcc.dg/vect/vect-double-reduc-7.c scan-tree-dump-times vect "OUTER LOOP VECTORIZED" 3
FAIL: gcc.dg/vect/vect-iv-1.c -flto -ffat-lto-objects scan-tree-dump-times vect "vectorized 1 loops" 1
FAIL: gcc.dg/vect/vect-iv-1.c scan-tree-dump-times vect "vectorized 1 loops" 1
FAIL: gcc.dg/vect/vect-iv-10.c -flto -ffat-lto-objects scan-tree-dump-times vect "vectorized 1 loops" 1
FAIL: gcc.dg/vect/vect-iv-10.c scan-tree-dump-times vect "vectorized 1 loops" 1
FAIL: gcc.dg/vect/vect-iv-11.c -flto -ffat-lto-objects scan-tree-dump-times vect "vectorized 1 loops" 1
FAIL: gcc.dg/vect/vect-iv-11.c scan-tree-dump-times vect "vectorized 1 loops" 1
FAIL: gcc.dg/vect/vect-iv-2.c -flto -ffat-lto-objects scan-tree-dump-times vect "vectorized 1 loops" 1
FAIL: gcc.dg/vect/vect-iv-2.c scan-tree-dump-times vect "vectorized 1 loops" 1
FAIL: gcc.dg/vect/vect-iv-3.c -flto -ffat-lto-objects scan-tree-dump-times vect "vectorized 1 loops" 1
FAIL: gcc.dg/vect/vect-iv-3.c scan-tree-dump-times vect "vectorized 1 loops" 1
FAIL: gcc.dg/vect/vect-iv-7.c -flto -ffat-lto-objects scan-tree-dump-times vect "vectorized 1 loops" 1
FAIL: gcc.dg/vect/vect-iv-7.c scan-tree-dump-times vect "vectorized 1 loops" 1
FAIL: gcc.dg/vect/vect-iv-9.c -flto -ffat-lto-objects scan-tree-dump-times vect "vectorized 1 loops" 1
FAIL: gcc.dg/vect/vect-iv-9.c scan-tree-dump-times vect "vectorized 1 loops" 1
FAIL: gcc.dg/vect/vect-ivdep-1.c (test for warnings, line )
FAIL: gcc.dg/vect/vect-ivdep-1.c -flto -ffat-lto-objects (test for warnings, line )
FAIL: gcc.dg/vect/vect-ivdep-2.c (test for warnings, line )
FAIL: gcc.dg/vect/vect-ivdep-2.c -flto -ffat-lto-objects (test for warnings, line )
FAIL: gcc.dg/vect/vect-multitypes-11.c -flto -ffat-lto-objects scan-tree-dump-times vect "vectorized 1 loops" 1
FAIL: gcc.dg/vect/vect-multitypes-11.c scan-tree-dump-times vect "vectorized 1 loops" 1
FAIL: gcc.dg/vect/vect-multitypes-2.c -flto -ffat-lto-objects scan-tree-dump-times vect "vectorized 1 loops" 1
FAIL: gcc.dg/vect/vect-multitypes-2.c scan-tree-dump-times vect "vectorized 1 loops" 1
FAIL: gcc.dg/vect/vect-multitypes-3.c -flto -ffat-lto-objects scan-tree-dump-times vect "Alignment of access forced using versioning" 3
FAIL: gcc.dg/vect/vect-multitypes-3.c -flto -ffat-lto-objects scan-tree-dump-times vect "vectorized 1 loops" 1
FAIL: gcc.dg/vect/vect-multitypes-3.c scan-tree-dump-times vect "Alignment of access forced using versioning" 3
FAIL: gcc.dg/vect/vect-multitypes-3.c scan-tree-dump-times vect "vectorized 1 loops" 1
FAIL: gcc.dg/vect/vect-multitypes-5.c -flto -ffat-lto-objects scan-tree-dump-times vect "vectorized 1 loops" 1
FAIL: gcc.dg/vect/vect-multitypes-5.c scan-tree-dump-times vect "vectorized 1 loops" 1
FAIL: gcc.dg/vect/vect-multitypes-6.c -flto -ffat-lto-objects scan-tree-dump-times vect "Alignment of access forced using versioning" 6
FAIL: gcc.dg/vect/vect-multitypes-6.c -flto -ffat-lto-objects scan-tree-dump-times vect "vectorized 1 loops" 1
FAIL: gcc.dg/vect/vect-multitypes-6.c scan-tree-dump-times vect "Alignment of access forced using versioning" 6
FAIL: gcc.dg/vect/vect-multitypes-6.c scan-tree-dump-times vect "vectorized 1 loops" 1
FAIL: gcc.dg/vect/vect-outer-4c-big-array.c -flto -ffat-lto-objects scan-tree-dump-times vect "zero step in outer loop." 1
FAIL: gcc.dg/vect/vect-outer-4c-big-array.c scan-tree-dump-times vect "zero step in outer loop." 1
FAIL: gcc.dg/vect/vect-outer-4c.c -flto -ffat-lto-objects scan-tree-dump vect "zero step in outer loop."
FAIL: gcc.dg/vect/vect-outer-4c.c scan-tree-dump vect "zero step in outer loop."
FAIL: gcc.dg/vect/vect-over-widen-1-big-array.c -flto -ffat-lto-objects scan-tree-dump-times vect "vectorized 1 loops" 1
FAIL: gcc.dg/vect/vect-over-widen-1-big-array.c scan-tree-dump-times vect "vectorized 1 loops" 1
FAIL: gcc.dg/vect/vect-over-widen-1.c -flto -ffat-lto-objects scan-tree-dump-times vect "vectorized 1 loops" 1
FAIL: gcc.dg/vect/vect-over-widen-1.c scan-tree-dump-times vect "vectorized 1 loops" 1
FAIL: gcc.dg/vect/vect-over-widen-2-big-array.c -flto -ffat-lto-objects scan-tree-dump-times vect "vectorized 1 loops" 1
FAIL: gcc.dg/vect/vect-over-widen-2-big-array.c scan-tree-dump-times vect "vectorized 1 loops" 1
FAIL: gcc.dg/vect/vect-over-widen-2.c -flto -ffat-lto-objects scan-tree-dump-times vect "vectorized 1 loops" 1
FAIL: gcc.dg/vect/vect-over-widen-2.c scan-tree-dump-times vect "vectorized 1 loops" 1
FAIL: gcc.dg/vect/vect-over-widen-3-big-array.c -flto -ffat-lto-objects scan-tree-dump-times vect "vectorized 1 loops" 1
FAIL: gcc.dg/vect/vect-over-widen-3-big-array.c scan-tree-dump-times vect "vectorized 1 loops" 1
FAIL: gcc.dg/vect/vect-over-widen-3.c -flto -ffat-lto-objects scan-tree-dump-times vect "vectorized 1 loops" 1
FAIL: gcc.dg/vect/vect-over-widen-3.c scan-tree-dump-times vect "vectorized 1 loops" 1
FAIL: gcc.dg/vect/vect-over-widen-4-big-array.c -flto -ffat-lto-objects scan-tree-dump-times vect "vectorized 1 loops" 1
FAIL: gcc.dg/vect/vect-over-widen-4-big-array.c scan-tree-dump-times vect "vectorized 1 loops" 1
FAIL: gcc.dg/vect/vect-over-widen-4.c -flto -ffat-lto-objects scan-tree-dump-times vect "vectorized 1 loops" 1
FAIL: gcc.dg/vect/vect-over-widen-4.c scan-tree-dump-times vect "vectorized 1 loops" 1
FAIL: gcc.dg/vect/vect-peel-1.c -flto -ffat-lto-objects scan-tree-dump-times vect "Alignment of access forced using peeling" 1
FAIL: gcc.dg/vect/vect-peel-1.c -flto -ffat-lto-objects scan-tree-dump-times vect "vectorized 1 loops" 1
FAIL: gcc.dg/vect/vect-peel-1.c scan-tree-dump-times vect "Alignment of access forced using peeling" 1
FAIL: gcc.dg/vect/vect-peel-1.c scan-tree-dump-times vect "vectorized 1 loops" 1
FAIL: gcc.dg/vect/vect-peel-2.c -flto -ffat-lto-objects scan-tree-dump-times vect "vectorized 1 loops" 1
FAIL: gcc.dg/vect/vect-peel-2.c scan-tree-dump-times vect "vectorized 1 loops" 1
FAIL: gcc.dg/vect/vect-reduc-3.c -flto -ffat-lto-objects scan-tree-dump-times vect "vectorized 1 loops" 1
FAIL: gcc.dg/vect/vect-reduc-3.c scan-tree-dump-times vect "vectorized 1 loops" 1
FAIL: gcc.dg/vect/vect-reduc-or_1.c -flto -ffat-lto-objects scan-tree-dump vect "Reduce using vector shifts"
FAIL: gcc.dg/vect/vect-reduc-or_1.c scan-tree-dump vect "Reduce using vector shifts"
FAIL: gcc.dg/vect/vect-reduc-or_2.c -flto -ffat-lto-objects scan-tree-dump vect "Reduce using vector shifts"
FAIL: gcc.dg/vect/vect-reduc-or_2.c scan-tree-dump vect "Reduce using vector shifts"
FAIL: gcc.dg/vect/vect-shift-1.c -flto -ffat-lto-objects scan-tree-dump-times vect "vectorized 1 loops" 1
FAIL: gcc.dg/vect/vect-shift-1.c scan-tree-dump-times vect "vectorized 1 loops" 1
FAIL: gcc.dg/vect/vect-shift-3.c -flto -ffat-lto-objects scan-tree-dump-times vect "vectorized 1 loops" 1
FAIL: gcc.dg/vect/vect-shift-3.c scan-tree-dump-times vect "vectorized 1 loops" 1
FAIL: gcc.dg/vect/vect-vfa-01.c -flto -ffat-lto-objects scan-tree-dump-times vect "vectorized 1 loops" 1
FAIL: gcc.dg/vect/vect-vfa-01.c scan-tree-dump-times vect "vectorized 1 loops" 1
FAIL: gcc.dg/vect/vect-vfa-02.c -flto -ffat-lto-objects scan-tree-dump-times vect "vectorized 1 loops" 1
FAIL: gcc.dg/vect/vect-vfa-02.c scan-tree-dump-times vect "vectorized 1 loops" 1
FAIL: gcc.dg/vect/vect-vfa-04.c -flto -ffat-lto-objects scan-tree-dump-times vect "vectorized 1 loops" 1
FAIL: gcc.dg/vect/vect-vfa-04.c scan-tree-dump-times vect "vectorized 1 loops" 1
FAIL: gcc.dg/vect/vect-vfa-slp.c -flto -ffat-lto-objects scan-tree-dump-times vect "vectorized 1 loops" 1
FAIL: gcc.dg/vect/vect-vfa-slp.c scan-tree-dump-times vect "vectorized 1 loops" 1
FAIL: gcc.dg/vect/vect-widen-shift-s16.c -flto -ffat-lto-objects scan-tree-dump-times vect "vectorized 2 loops" 1
FAIL: gcc.dg/vect/vect-widen-shift-s16.c scan-tree-dump-times vect "vectorized 2 loops" 1
FAIL: gcc.dg/vect/vect-widen-shift-s8.c -flto -ffat-lto-objects scan-tree-dump-times vect "vectorized 1 loops" 1
FAIL: gcc.dg/vect/vect-widen-shift-s8.c scan-tree-dump-times vect "vectorized 1 loops" 1
FAIL: gcc.dg/vect/vect-widen-shift-u16.c -flto -ffat-lto-objects scan-tree-dump-times vect "vectorized 1 loops" 1
FAIL: gcc.dg/vect/vect-widen-shift-u16.c scan-tree-dump-times vect "vectorized 1 loops" 1
FAIL: gcc.dg/vect/vect-widen-shift-u8.c -flto -ffat-lto-objects scan-tree-dump-times vect "vectorized 1 loops" 1
FAIL: gcc.dg/vect/vect-widen-shift-u8.c scan-tree-dump-times vect "vectorized 1 loops" 1
FAIL: gcc.dg/vect/wrapv-vect-7.c scan-tree-dump-times vect "vectorized 2 loops" 1
FAIL: gcc.target/mips/branch-1.c -O2 scan-assembler \\tandi\\t.*\\tandi\\t.*\\tandi\\t.*\\tandi\\t
FAIL: gcc.target/mips/branch-1.c -O2 -flto -fno-use-linker-plugin -flto-partition=none scan-assembler \\tandi\\t.*\\tandi\\t.*\\tandi\\t.*\\tandi\\t
FAIL: gcc.target/mips/branch-1.c -O2 -flto -fuse-linker-plugin -fno-fat-lto-objects scan-assembler \\tandi\\t.*\\tandi\\t.*\\tandi\\t.*\\tandi\\t
FAIL: gcc.target/mips/branch-1.c -Os scan-assembler \\tandi\\t.*\\tandi\\t.*\\tandi\\t.*\\tandi\\t
FAIL: gcc.target/mips/div-1.c -O0 scan-assembler \\tddiv\\t
FAIL: gcc.target/mips/div-1.c -O0 scan-assembler \\tmflo\\t
FAIL: gcc.target/mips/div-1.c -O1 scan-assembler \\tddiv\\t
FAIL: gcc.target/mips/div-1.c -O1 scan-assembler \\tmflo\\t
FAIL: gcc.target/mips/div-1.c -O2 scan-assembler \\tddiv\\t
FAIL: gcc.target/mips/div-1.c -O2 scan-assembler \\tmflo\\t
FAIL: gcc.target/mips/div-1.c -O2 -flto -fno-use-linker-plugin -flto-partition=none scan-assembler \\tddiv\\t
FAIL: gcc.target/mips/div-1.c -O2 -flto -fno-use-linker-plugin -flto-partition=none scan-assembler \\tmflo\\t
FAIL: gcc.target/mips/div-1.c -O2 -flto -fuse-linker-plugin -fno-fat-lto-objects scan-assembler \\tddiv\\t
FAIL: gcc.target/mips/div-1.c -O2 -flto -fuse-linker-plugin -fno-fat-lto-objects scan-assembler \\tmflo\\t
FAIL: gcc.target/mips/div-1.c -O3 -fomit-frame-pointer scan-assembler \\tddiv\\t
FAIL: gcc.target/mips/div-1.c -O3 -fomit-frame-pointer scan-assembler \\tmflo\\t
FAIL: gcc.target/mips/div-1.c -O3 -g scan-assembler \\tddiv\\t
FAIL: gcc.target/mips/div-1.c -O3 -g scan-assembler \\tmflo\\t
FAIL: gcc.target/mips/div-1.c -Os scan-assembler \\tddiv\\t
FAIL: gcc.target/mips/div-1.c -Os scan-assembler \\tmflo\\t
FAIL: gcc.target/mips/div-10.c -O0 scan-assembler \\tdivu\\t
FAIL: gcc.target/mips/div-10.c -O0 scan-assembler \\tmflo\\t
FAIL: gcc.target/mips/div-10.c -O1 scan-assembler \\tdivu\\t
FAIL: gcc.target/mips/div-10.c -O1 scan-assembler \\tmflo\\t
FAIL: gcc.target/mips/div-10.c -O2 scan-assembler \\tdivu\\t
FAIL: gcc.target/mips/div-10.c -O2 scan-assembler \\tmflo\\t
FAIL: gcc.target/mips/div-10.c -O2 -flto -fno-use-linker-plugin -flto-partition=none scan-assembler \\tdivu\\t
FAIL: gcc.target/mips/div-10.c -O2 -flto -fno-use-linker-plugin -flto-partition=none scan-assembler \\tmflo\\t
FAIL: gcc.target/mips/div-10.c -O2 -flto -fuse-linker-plugin -fno-fat-lto-objects scan-assembler \\tdivu\\t
FAIL: gcc.target/mips/div-10.c -O2 -flto -fuse-linker-plugin -fno-fat-lto-objects scan-assembler \\tmflo\\t
FAIL: gcc.target/mips/div-10.c -O3 -fomit-frame-pointer scan-assembler \\tdivu\\t
FAIL: gcc.target/mips/div-10.c -O3 -fomit-frame-pointer scan-assembler \\tmflo\\t
FAIL: gcc.target/mips/div-10.c -O3 -g scan-assembler \\tdivu\\t
FAIL: gcc.target/mips/div-10.c -O3 -g scan-assembler \\tmflo\\t
FAIL: gcc.target/mips/div-10.c -Os scan-assembler \\tdivu\\t
FAIL: gcc.target/mips/div-10.c -Os scan-assembler \\tmflo\\t
FAIL: gcc.target/mips/div-11.c -O0 scan-assembler \\tdiv\\t
FAIL: gcc.target/mips/div-11.c -O0 scan-assembler \\tmfhi\\t
FAIL: gcc.target/mips/div-11.c -O1 scan-assembler \\tdiv\\t
FAIL: gcc.target/mips/div-11.c -O1 scan-assembler \\tmfhi\\t
FAIL: gcc.target/mips/div-11.c -O2 scan-assembler \\tdiv\\t
FAIL: gcc.target/mips/div-11.c -O2 scan-assembler \\tmfhi\\t
FAIL: gcc.target/mips/div-11.c -O2 -flto -fno-use-linker-plugin -flto-partition=none scan-assembler \\tdiv\\t
FAIL: gcc.target/mips/div-11.c -O2 -flto -fno-use-linker-plugin -flto-partition=none scan-assembler \\tmfhi\\t
FAIL: gcc.target/mips/div-11.c -O2 -flto -fuse-linker-plugin -fno-fat-lto-objects scan-assembler \\tdiv\\t
FAIL: gcc.target/mips/div-11.c -O2 -flto -fuse-linker-plugin -fno-fat-lto-objects scan-assembler \\tmfhi\\t
FAIL: gcc.target/mips/div-11.c -O3 -fomit-frame-pointer scan-assembler \\tdiv\\t
FAIL: gcc.target/mips/div-11.c -O3 -fomit-frame-pointer scan-assembler \\tmfhi\\t
FAIL: gcc.target/mips/div-11.c -O3 -g scan-assembler \\tdiv\\t
FAIL: gcc.target/mips/div-11.c -O3 -g scan-assembler \\tmfhi\\t
FAIL: gcc.target/mips/div-11.c -Os scan-assembler \\tdiv\\t
FAIL: gcc.target/mips/div-11.c -Os scan-assembler \\tmfhi\\t
FAIL: gcc.target/mips/div-12.c -O0 scan-assembler \\tdivu\\t
FAIL: gcc.target/mips/div-12.c -O0 scan-assembler \\tmfhi\\t
FAIL: gcc.target/mips/div-12.c -O1 scan-assembler \\tdivu\\t
FAIL: gcc.target/mips/div-12.c -O1 scan-assembler \\tmfhi\\t
FAIL: gcc.target/mips/div-12.c -O2 scan-assembler \\tdivu\\t
FAIL: gcc.target/mips/div-12.c -O2 scan-assembler \\tmfhi\\t
FAIL: gcc.target/mips/div-12.c -O2 -flto -fno-use-linker-plugin -flto-partition=none scan-assembler \\tdivu\\t
FAIL: gcc.target/mips/div-12.c -O2 -flto -fno-use-linker-plugin -flto-partition=none scan-assembler \\tmfhi\\t
FAIL: gcc.target/mips/div-12.c -O2 -flto -fuse-linker-plugin -fno-fat-lto-objects scan-assembler \\tdivu\\t
FAIL: gcc.target/mips/div-12.c -O2 -flto -fuse-linker-plugin -fno-fat-lto-objects scan-assembler \\tmfhi\\t
FAIL: gcc.target/mips/div-12.c -O3 -fomit-frame-pointer scan-assembler \\tdivu\\t
FAIL: gcc.target/mips/div-12.c -O3 -fomit-frame-pointer scan-assembler \\tmfhi\\t
FAIL: gcc.target/mips/div-12.c -O3 -g scan-assembler \\tdivu\\t
FAIL: gcc.target/mips/div-12.c -O3 -g scan-assembler \\tmfhi\\t
FAIL: gcc.target/mips/div-12.c -Os scan-assembler \\tdivu\\t
FAIL: gcc.target/mips/div-12.c -Os scan-assembler \\tmfhi\\t
FAIL: gcc.target/mips/div-13.c -O1 scan-assembler-times \\tddiv\\t 1
FAIL: gcc.target/mips/div-13.c -O1 scan-assembler-times \\tddivu\\t 1
FAIL: gcc.target/mips/div-13.c -O1 scan-assembler-times \\tdiv\\t 1
FAIL: gcc.target/mips/div-13.c -O1 scan-assembler-times \\tdivu\\t 1
FAIL: gcc.target/mips/div-13.c -O2 scan-assembler-times \\tddiv\\t 1
FAIL: gcc.target/mips/div-13.c -O2 scan-assembler-times \\tddivu\\t 1
FAIL: gcc.target/mips/div-13.c -O2 scan-assembler-times \\tdiv\\t 1
FAIL: gcc.target/mips/div-13.c -O2 scan-assembler-times \\tdivu\\t 1
FAIL: gcc.target/mips/div-13.c -O2 -flto -fno-use-linker-plugin -flto-partition=none scan-assembler-times \\tddiv\\t 1
FAIL: gcc.target/mips/div-13.c -O2 -flto -fno-use-linker-plugin -flto-partition=none scan-assembler-times \\tddivu\\t 1
FAIL: gcc.target/mips/div-13.c -O2 -flto -fno-use-linker-plugin -flto-partition=none scan-assembler-times \\tdiv\\t 1
FAIL: gcc.target/mips/div-13.c -O2 -flto -fno-use-linker-plugin -flto-partition=none scan-assembler-times \\tdivu\\t 1
FAIL: gcc.target/mips/div-13.c -O2 -flto -fuse-linker-plugin -fno-fat-lto-objects scan-assembler-times \\tddiv\\t 1
FAIL: gcc.target/mips/div-13.c -O2 -flto -fuse-linker-plugin -fno-fat-lto-objects scan-assembler-times \\tddivu\\t 1
FAIL: gcc.target/mips/div-13.c -O2 -flto -fuse-linker-plugin -fno-fat-lto-objects scan-assembler-times \\tdiv\\t 1
FAIL: gcc.target/mips/div-13.c -O2 -flto -fuse-linker-plugin -fno-fat-lto-objects scan-assembler-times \\tdivu\\t 1
FAIL: gcc.target/mips/div-13.c -O3 -fomit-frame-pointer scan-assembler-times \\tddiv\\t 1
FAIL: gcc.target/mips/div-13.c -O3 -fomit-frame-pointer scan-assembler-times \\tddivu\\t 1
FAIL: gcc.target/mips/div-13.c -O3 -fomit-frame-pointer scan-assembler-times \\tdiv\\t 1
FAIL: gcc.target/mips/div-13.c -O3 -fomit-frame-pointer scan-assembler-times \\tdivu\\t 1
FAIL: gcc.target/mips/div-13.c -O3 -g scan-assembler-times \\tddiv\\t 1
FAIL: gcc.target/mips/div-13.c -O3 -g scan-assembler-times \\tddivu\\t 1
FAIL: gcc.target/mips/div-13.c -O3 -g scan-assembler-times \\tdiv\\t 1
FAIL: gcc.target/mips/div-13.c -O3 -g scan-assembler-times \\tdivu\\t 1
FAIL: gcc.target/mips/div-13.c -Os scan-assembler-times \\tddiv\\t 1
FAIL: gcc.target/mips/div-13.c -Os scan-assembler-times \\tddivu\\t 1
FAIL: gcc.target/mips/div-13.c -Os scan-assembler-times \\tdiv\\t 1
FAIL: gcc.target/mips/div-13.c -Os scan-assembler-times \\tdivu\\t 1
FAIL: gcc.target/mips/div-2.c -O0 scan-assembler \\tddivu\\t
FAIL: gcc.target/mips/div-2.c -O0 scan-assembler \\tmflo\\t
FAIL: gcc.target/mips/div-2.c -O1 scan-assembler \\tddivu\\t
FAIL: gcc.target/mips/div-2.c -O1 scan-assembler \\tmflo\\t
FAIL: gcc.target/mips/div-2.c -O2 scan-assembler \\tddivu\\t
FAIL: gcc.target/mips/div-2.c -O2 scan-assembler \\tmflo\\t
FAIL: gcc.target/mips/div-2.c -O2 -flto -fno-use-linker-plugin -flto-partition=none scan-assembler \\tddivu\\t
FAIL: gcc.target/mips/div-2.c -O2 -flto -fno-use-linker-plugin -flto-partition=none scan-assembler \\tmflo\\t
FAIL: gcc.target/mips/div-2.c -O2 -flto -fuse-linker-plugin -fno-fat-lto-objects scan-assembler \\tddivu\\t
FAIL: gcc.target/mips/div-2.c -O2 -flto -fuse-linker-plugin -fno-fat-lto-objects scan-assembler \\tmflo\\t
FAIL: gcc.target/mips/div-2.c -O3 -fomit-frame-pointer scan-assembler \\tddivu\\t
FAIL: gcc.target/mips/div-2.c -O3 -fomit-frame-pointer scan-assembler \\tmflo\\t
FAIL: gcc.target/mips/div-2.c -O3 -g scan-assembler \\tddivu\\t
FAIL: gcc.target/mips/div-2.c -O3 -g scan-assembler \\tmflo\\t
FAIL: gcc.target/mips/div-2.c -Os scan-assembler \\tddivu\\t
FAIL: gcc.target/mips/div-2.c -Os scan-assembler \\tmflo\\t
FAIL: gcc.target/mips/div-3.c -O0 scan-assembler \\tddiv\\t
FAIL: gcc.target/mips/div-3.c -O0 scan-assembler \\tmfhi\\t
FAIL: gcc.target/mips/div-3.c -O1 scan-assembler \\tddiv\\t
FAIL: gcc.target/mips/div-3.c -O1 scan-assembler \\tmfhi\\t
FAIL: gcc.target/mips/div-3.c -O2 scan-assembler \\tddiv\\t
FAIL: gcc.target/mips/div-3.c -O2 scan-assembler \\tmfhi\\t
FAIL: gcc.target/mips/div-3.c -O2 -flto -fno-use-linker-plugin -flto-partition=none scan-assembler \\tddiv\\t
FAIL: gcc.target/mips/div-3.c -O2 -flto -fno-use-linker-plugin -flto-partition=none scan-assembler \\tmfhi\\t
FAIL: gcc.target/mips/div-3.c -O2 -flto -fuse-linker-plugin -fno-fat-lto-objects scan-assembler \\tddiv\\t
FAIL: gcc.target/mips/div-3.c -O2 -flto -fuse-linker-plugin -fno-fat-lto-objects scan-assembler \\tmfhi\\t
FAIL: gcc.target/mips/div-3.c -O3 -fomit-frame-pointer scan-assembler \\tddiv\\t
FAIL: gcc.target/mips/div-3.c -O3 -fomit-frame-pointer scan-assembler \\tmfhi\\t
FAIL: gcc.target/mips/div-3.c -O3 -g scan-assembler \\tddiv\\t
FAIL: gcc.target/mips/div-3.c -O3 -g scan-assembler \\tmfhi\\t
FAIL: gcc.target/mips/div-3.c -Os scan-assembler \\tddiv\\t
FAIL: gcc.target/mips/div-3.c -Os scan-assembler \\tmfhi\\t
FAIL: gcc.target/mips/div-4.c -O0 scan-assembler \\tddivu\\t
FAIL: gcc.target/mips/div-4.c -O0 scan-assembler \\tmfhi\\t
FAIL: gcc.target/mips/div-4.c -O1 scan-assembler \\tddivu\\t
FAIL: gcc.target/mips/div-4.c -O1 scan-assembler \\tmfhi\\t
FAIL: gcc.target/mips/div-4.c -O2 scan-assembler \\tddivu\\t
FAIL: gcc.target/mips/div-4.c -O2 scan-assembler \\tmfhi\\t
FAIL: gcc.target/mips/div-4.c -O2 -flto -fno-use-linker-plugin -flto-partition=none scan-assembler \\tddivu\\t
FAIL: gcc.target/mips/div-4.c -O2 -flto -fno-use-linker-plugin -flto-partition=none scan-assembler \\tmfhi\\t
FAIL: gcc.target/mips/div-4.c -O2 -flto -fuse-linker-plugin -fno-fat-lto-objects scan-assembler \\tddivu\\t
FAIL: gcc.target/mips/div-4.c -O2 -flto -fuse-linker-plugin -fno-fat-lto-objects scan-assembler \\tmfhi\\t
FAIL: gcc.target/mips/div-4.c -O3 -fomit-frame-pointer scan-assembler \\tddivu\\t
FAIL: gcc.target/mips/div-4.c -O3 -fomit-frame-pointer scan-assembler \\tmfhi\\t
FAIL: gcc.target/mips/div-4.c -O3 -g scan-assembler \\tddivu\\t
FAIL: gcc.target/mips/div-4.c -O3 -g scan-assembler \\tmfhi\\t
FAIL: gcc.target/mips/div-4.c -Os scan-assembler \\tddivu\\t
FAIL: gcc.target/mips/div-4.c -Os scan-assembler \\tmfhi\\t
FAIL: gcc.target/mips/div-5.c -O0 scan-assembler \\tdiv\\t
FAIL: gcc.target/mips/div-5.c -O0 scan-assembler \\tmflo\\t
FAIL: gcc.target/mips/div-5.c -O1 scan-assembler \\tdiv\\t
FAIL: gcc.target/mips/div-5.c -O1 scan-assembler \\tmflo\\t
FAIL: gcc.target/mips/div-5.c -O2 scan-assembler \\tdiv\\t
FAIL: gcc.target/mips/div-5.c -O2 scan-assembler \\tmflo\\t
FAIL: gcc.target/mips/div-5.c -O2 -flto -fno-use-linker-plugin -flto-partition=none scan-assembler \\tdiv\\t
FAIL: gcc.target/mips/div-5.c -O2 -flto -fno-use-linker-plugin -flto-partition=none scan-assembler \\tmflo\\t
FAIL: gcc.target/mips/div-5.c -O2 -flto -fuse-linker-plugin -fno-fat-lto-objects scan-assembler \\tdiv\\t
FAIL: gcc.target/mips/div-5.c -O2 -flto -fuse-linker-plugin -fno-fat-lto-objects scan-assembler \\tmflo\\t
FAIL: gcc.target/mips/div-5.c -O3 -fomit-frame-pointer scan-assembler \\tdiv\\t
FAIL: gcc.target/mips/div-5.c -O3 -fomit-frame-pointer scan-assembler \\tmflo\\t
FAIL: gcc.target/mips/div-5.c -O3 -g scan-assembler \\tdiv\\t
FAIL: gcc.target/mips/div-5.c -O3 -g scan-assembler \\tmflo\\t
FAIL: gcc.target/mips/div-5.c -Os scan-assembler \\tdiv\\t
FAIL: gcc.target/mips/div-5.c -Os scan-assembler \\tmflo\\t
FAIL: gcc.target/mips/div-6.c -O0 scan-assembler \\tdivu\\t
FAIL: gcc.target/mips/div-6.c -O0 scan-assembler \\tmflo\\t
FAIL: gcc.target/mips/div-6.c -O1 scan-assembler \\tdivu\\t
FAIL: gcc.target/mips/div-6.c -O1 scan-assembler \\tmflo\\t
FAIL: gcc.target/mips/div-6.c -O2 scan-assembler \\tdivu\\t
FAIL: gcc.target/mips/div-6.c -O2 scan-assembler \\tmflo\\t
FAIL: gcc.target/mips/div-6.c -O2 -flto -fno-use-linker-plugin -flto-partition=none scan-assembler \\tdivu\\t
FAIL: gcc.target/mips/div-6.c -O2 -flto -fno-use-linker-plugin -flto-partition=none scan-assembler \\tmflo\\t
FAIL: gcc.target/mips/div-6.c -O2 -flto -fuse-linker-plugin -fno-fat-lto-objects scan-assembler \\tdivu\\t
FAIL: gcc.target/mips/div-6.c -O2 -flto -fuse-linker-plugin -fno-fat-lto-objects scan-assembler \\tmflo\\t
FAIL: gcc.target/mips/div-6.c -O3 -fomit-frame-pointer scan-assembler \\tdivu\\t
FAIL: gcc.target/mips/div-6.c -O3 -fomit-frame-pointer scan-assembler \\tmflo\\t
FAIL: gcc.target/mips/div-6.c -O3 -g scan-assembler \\tdivu\\t
FAIL: gcc.target/mips/div-6.c -O3 -g scan-assembler \\tmflo\\t
FAIL: gcc.target/mips/div-6.c -Os scan-assembler \\tdivu\\t
FAIL: gcc.target/mips/div-6.c -Os scan-assembler \\tmflo\\t
FAIL: gcc.target/mips/div-7.c -O0 scan-assembler \\tdiv\\t
FAIL: gcc.target/mips/div-7.c -O0 scan-assembler \\tmfhi\\t
FAIL: gcc.target/mips/div-7.c -O1 scan-assembler \\tdiv\\t
FAIL: gcc.target/mips/div-7.c -O1 scan-assembler \\tmfhi\\t
FAIL: gcc.target/mips/div-7.c -O2 scan-assembler \\tdiv\\t
FAIL: gcc.target/mips/div-7.c -O2 scan-assembler \\tmfhi\\t
FAIL: gcc.target/mips/div-7.c -O2 -flto -fno-use-linker-plugin -flto-partition=none scan-assembler \\tdiv\\t
FAIL: gcc.target/mips/div-7.c -O2 -flto -fno-use-linker-plugin -flto-partition=none scan-assembler \\tmfhi\\t
FAIL: gcc.target/mips/div-7.c -O2 -flto -fuse-linker-plugin -fno-fat-lto-objects scan-assembler \\tdiv\\t
FAIL: gcc.target/mips/div-7.c -O2 -flto -fuse-linker-plugin -fno-fat-lto-objects scan-assembler \\tmfhi\\t
FAIL: gcc.target/mips/div-7.c -O3 -fomit-frame-pointer scan-assembler \\tdiv\\t
FAIL: gcc.target/mips/div-7.c -O3 -fomit-frame-pointer scan-assembler \\tmfhi\\t
FAIL: gcc.target/mips/div-7.c -O3 -g scan-assembler \\tdiv\\t
FAIL: gcc.target/mips/div-7.c -O3 -g scan-assembler \\tmfhi\\t
FAIL: gcc.target/mips/div-7.c -Os scan-assembler \\tdiv\\t
FAIL: gcc.target/mips/div-7.c -Os scan-assembler \\tmfhi\\t
FAIL: gcc.target/mips/div-8.c -O0 scan-assembler \\tdivu\\t
FAIL: gcc.target/mips/div-8.c -O0 scan-assembler \\tmfhi\\t
FAIL: gcc.target/mips/div-8.c -O1 scan-assembler \\tdivu\\t
FAIL: gcc.target/mips/div-8.c -O1 scan-assembler \\tmfhi\\t
FAIL: gcc.target/mips/div-8.c -O2 scan-assembler \\tdivu\\t
FAIL: gcc.target/mips/div-8.c -O2 scan-assembler \\tmfhi\\t
FAIL: gcc.target/mips/div-8.c -O2 -flto -fno-use-linker-plugin -flto-partition=none scan-assembler \\tdivu\\t
FAIL: gcc.target/mips/div-8.c -O2 -flto -fno-use-linker-plugin -flto-partition=none scan-assembler \\tmfhi\\t
FAIL: gcc.target/mips/div-8.c -O2 -flto -fuse-linker-plugin -fno-fat-lto-objects scan-assembler \\tdivu\\t
FAIL: gcc.target/mips/div-8.c -O2 -flto -fuse-linker-plugin -fno-fat-lto-objects scan-assembler \\tmfhi\\t
FAIL: gcc.target/mips/div-8.c -O3 -fomit-frame-pointer scan-assembler \\tdivu\\t
FAIL: gcc.target/mips/div-8.c -O3 -fomit-frame-pointer scan-assembler \\tmfhi\\t
FAIL: gcc.target/mips/div-8.c -O3 -g scan-assembler \\tdivu\\t
FAIL: gcc.target/mips/div-8.c -O3 -g scan-assembler \\tmfhi\\t
FAIL: gcc.target/mips/div-8.c -Os scan-assembler \\tdivu\\t
FAIL: gcc.target/mips/div-8.c -Os scan-assembler \\tmfhi\\t
FAIL: gcc.target/mips/div-9.c -O0 scan-assembler \\tdiv\\t
FAIL: gcc.target/mips/div-9.c -O0 scan-assembler \\tmflo\\t
FAIL: gcc.target/mips/div-9.c -O1 scan-assembler \\tdiv\\t
FAIL: gcc.target/mips/div-9.c -O1 scan-assembler \\tmflo\\t
FAIL: gcc.target/mips/div-9.c -O2 scan-assembler \\tdiv\\t
FAIL: gcc.target/mips/div-9.c -O2 scan-assembler \\tmflo\\t
FAIL: gcc.target/mips/div-9.c -O2 -flto -fno-use-linker-plugin -flto-partition=none scan-assembler \\tdiv\\t
FAIL: gcc.target/mips/div-9.c -O2 -flto -fno-use-linker-plugin -flto-partition=none scan-assembler \\tmflo\\t
FAIL: gcc.target/mips/div-9.c -O2 -flto -fuse-linker-plugin -fno-fat-lto-objects scan-assembler \\tdiv\\t
FAIL: gcc.target/mips/div-9.c -O2 -flto -fuse-linker-plugin -fno-fat-lto-objects scan-assembler \\tmflo\\t
FAIL: gcc.target/mips/div-9.c -O3 -fomit-frame-pointer scan-assembler \\tdiv\\t
FAIL: gcc.target/mips/div-9.c -O3 -fomit-frame-pointer scan-assembler \\tmflo\\t
FAIL: gcc.target/mips/div-9.c -O3 -g scan-assembler \\tdiv\\t
FAIL: gcc.target/mips/div-9.c -O3 -g scan-assembler \\tmflo\\t
FAIL: gcc.target/mips/div-9.c -Os scan-assembler \\tdiv\\t
FAIL: gcc.target/mips/div-9.c -Os scan-assembler \\tmflo\\t
FAIL: gcc.target/mips/dmult-1.c -O0 scan-assembler \\tdmult\\t
FAIL: gcc.target/mips/dmult-1.c -O0 scan-assembler \\tmflo\\t
FAIL: gcc.target/mips/dmult-1.c -O1 scan-assembler \\tdmult\\t
FAIL: gcc.target/mips/dmult-1.c -O1 scan-assembler \\tmflo\\t
FAIL: gcc.target/mips/dmult-1.c -O2 scan-assembler \\tdmult\\t
FAIL: gcc.target/mips/dmult-1.c -O2 scan-assembler \\tmflo\\t
FAIL: gcc.target/mips/dmult-1.c -O2 -flto -fno-use-linker-plugin -flto-partition=none scan-assembler \\tdmult\\t
FAIL: gcc.target/mips/dmult-1.c -O2 -flto -fno-use-linker-plugin -flto-partition=none scan-assembler \\tmflo\\t
FAIL: gcc.target/mips/dmult-1.c -O2 -flto -fuse-linker-plugin -fno-fat-lto-objects scan-assembler \\tdmult\\t
FAIL: gcc.target/mips/dmult-1.c -O2 -flto -fuse-linker-plugin -fno-fat-lto-objects scan-assembler \\tmflo\\t
FAIL: gcc.target/mips/dmult-1.c -O3 -fomit-frame-pointer scan-assembler \\tdmult\\t
FAIL: gcc.target/mips/dmult-1.c -O3 -fomit-frame-pointer scan-assembler \\tmflo\\t
FAIL: gcc.target/mips/dmult-1.c -O3 -g scan-assembler \\tdmult\\t
FAIL: gcc.target/mips/dmult-1.c -O3 -g scan-assembler \\tmflo\\t
FAIL: gcc.target/mips/dmult-1.c -Os scan-assembler \\tdmult\\t
FAIL: gcc.target/mips/dmult-1.c -Os scan-assembler \\tmflo\\t
XPASS: gcc.target/mips/dspr2-MULT.c -O2 scan-assembler \\\\\$ac1
XPASS: gcc.target/mips/dspr2-MULT.c -O2 -flto -fno-use-linker-plugin -flto-partition=none scan-assembler \\\\\$ac1
XPASS: gcc.target/mips/dspr2-MULT.c -O2 -flto -fuse-linker-plugin -fno-fat-lto-objects scan-assembler \\\\\$ac1
XPASS: gcc.target/mips/dspr2-MULT.c -O3 -fomit-frame-pointer scan-assembler \\\\\$ac1
XPASS: gcc.target/mips/dspr2-MULT.c -O3 -g scan-assembler \\\\\$ac1
XPASS: gcc.target/mips/dspr2-MULTU.c -O2 scan-assembler \\\\\$ac1
XPASS: gcc.target/mips/dspr2-MULTU.c -O2 -flto -fno-use-linker-plugin -flto-partition=none scan-assembler \\\\\$ac1
XPASS: gcc.target/mips/dspr2-MULTU.c -O2 -flto -fuse-linker-plugin -fno-fat-lto-objects scan-assembler \\\\\$ac1
XPASS: gcc.target/mips/dspr2-MULTU.c -O3 -fomit-frame-pointer scan-assembler \\\\\$ac1
XPASS: gcc.target/mips/dspr2-MULTU.c -O3 -g scan-assembler \\\\\$ac1
FAIL: gcc.target/mips/fabs-2008.c -O0 (test for excess errors)
FAIL: gcc.target/mips/fabs-2008.c -O1 (test for excess errors)
FAIL: gcc.target/mips/fabs-2008.c -O2 (test for excess errors)
FAIL: gcc.target/mips/fabs-2008.c -O2 -flto -fno-use-linker-plugin -flto-partition=none (test for excess errors)
FAIL: gcc.target/mips/fabs-2008.c -O2 -flto -fuse-linker-plugin -fno-fat-lto-objects (test for excess errors)
FAIL: gcc.target/mips/fabs-2008.c -O3 -fomit-frame-pointer (test for excess errors)
FAIL: gcc.target/mips/fabs-2008.c -O3 -g (test for excess errors)
FAIL: gcc.target/mips/fabs-2008.c -Os (test for excess errors)
FAIL: gcc.target/mips/fabsf-2008.c -O0 (test for excess errors)
FAIL: gcc.target/mips/fabsf-2008.c -O1 (test for excess errors)
FAIL: gcc.target/mips/fabsf-2008.c -O2 (test for excess errors)
FAIL: gcc.target/mips/fabsf-2008.c -O2 -flto -fno-use-linker-plugin -flto-partition=none (test for excess errors)
FAIL: gcc.target/mips/fabsf-2008.c -O2 -flto -fuse-linker-plugin -fno-fat-lto-objects (test for excess errors)
FAIL: gcc.target/mips/fabsf-2008.c -O3 -fomit-frame-pointer (test for excess errors)
FAIL: gcc.target/mips/fabsf-2008.c -O3 -g (test for excess errors)
FAIL: gcc.target/mips/fabsf-2008.c -Os (test for excess errors)
FAIL: gcc.target/mips/fneg-2008.c -O0 (test for excess errors)
FAIL: gcc.target/mips/fneg-2008.c -O1 (test for excess errors)
FAIL: gcc.target/mips/fneg-2008.c -O2 (test for excess errors)
FAIL: gcc.target/mips/fneg-2008.c -O2 -flto -fno-use-linker-plugin -flto-partition=none (test for excess errors)
FAIL: gcc.target/mips/fneg-2008.c -O2 -flto -fuse-linker-plugin -fno-fat-lto-objects (test for excess errors)
FAIL: gcc.target/mips/fneg-2008.c -O3 -fomit-frame-pointer (test for excess errors)
FAIL: gcc.target/mips/fneg-2008.c -O3 -g (test for excess errors)
FAIL: gcc.target/mips/fneg-2008.c -Os (test for excess errors)
FAIL: gcc.target/mips/fnegf-2008.c -O0 (test for excess errors)
FAIL: gcc.target/mips/fnegf-2008.c -O1 (test for excess errors)
FAIL: gcc.target/mips/fnegf-2008.c -O2 (test for excess errors)
FAIL: gcc.target/mips/fnegf-2008.c -O2 -flto -fno-use-linker-plugin -flto-partition=none (test for excess errors)
FAIL: gcc.target/mips/fnegf-2008.c -O2 -flto -fuse-linker-plugin -fno-fat-lto-objects (test for excess errors)
FAIL: gcc.target/mips/fnegf-2008.c -O3 -fomit-frame-pointer (test for excess errors)
FAIL: gcc.target/mips/fnegf-2008.c -O3 -g (test for excess errors)
FAIL: gcc.target/mips/fnegf-2008.c -Os (test for excess errors)
FAIL: gcc.target/mips/movcc-3.c -O1 scan-assembler \\tmovf.d\\t
FAIL: gcc.target/mips/movcc-3.c -O1 scan-assembler \\tmovf\\t
FAIL: gcc.target/mips/movcc-3.c -O1 scan-assembler \\tmovn.d\\t
FAIL: gcc.target/mips/movcc-3.c -O1 scan-assembler \\tmovn.s\\t
FAIL: gcc.target/mips/movcc-3.c -O1 scan-assembler \\tmovt.s\\t
FAIL: gcc.target/mips/movcc-3.c -O1 scan-assembler \\tmovt\\t
FAIL: gcc.target/mips/movcc-3.c -O1 scan-assembler \\tmovz.d\\t
FAIL: gcc.target/mips/movcc-3.c -O1 scan-assembler \\tmovz.s\\t
FAIL: gcc.target/mips/movcc-3.c -O2 scan-assembler \\tmovf.d\\t
FAIL: gcc.target/mips/movcc-3.c -O2 scan-assembler \\tmovf\\t
FAIL: gcc.target/mips/movcc-3.c -O2 scan-assembler \\tmovn.d\\t
FAIL: gcc.target/mips/movcc-3.c -O2 scan-assembler \\tmovn.s\\t
FAIL: gcc.target/mips/movcc-3.c -O2 scan-assembler \\tmovt.s\\t
FAIL: gcc.target/mips/movcc-3.c -O2 scan-assembler \\tmovt\\t
FAIL: gcc.target/mips/movcc-3.c -O2 scan-assembler \\tmovz.d\\t
FAIL: gcc.target/mips/movcc-3.c -O2 scan-assembler \\tmovz.s\\t
FAIL: gcc.target/mips/movcc-3.c -O2 -flto -fno-use-linker-plugin -flto-partition=none scan-assembler \\tmovf.d\\t
FAIL: gcc.target/mips/movcc-3.c -O2 -flto -fno-use-linker-plugin -flto-partition=none scan-assembler \\tmovf\\t
FAIL: gcc.target/mips/movcc-3.c -O2 -flto -fno-use-linker-plugin -flto-partition=none scan-assembler \\tmovn.d\\t
FAIL: gcc.target/mips/movcc-3.c -O2 -flto -fno-use-linker-plugin -flto-partition=none scan-assembler \\tmovn.s\\t
FAIL: gcc.target/mips/movcc-3.c -O2 -flto -fno-use-linker-plugin -flto-partition=none scan-assembler \\tmovt.s\\t
FAIL: gcc.target/mips/movcc-3.c -O2 -flto -fno-use-linker-plugin -flto-partition=none scan-assembler \\tmovt\\t
FAIL: gcc.target/mips/movcc-3.c -O2 -flto -fno-use-linker-plugin -flto-partition=none scan-assembler \\tmovz.d\\t
FAIL: gcc.target/mips/movcc-3.c -O2 -flto -fno-use-linker-plugin -flto-partition=none scan-assembler \\tmovz.s\\t
FAIL: gcc.target/mips/movcc-3.c -O2 -flto -fuse-linker-plugin -fno-fat-lto-objects scan-assembler \\tmovf.d\\t
FAIL: gcc.target/mips/movcc-3.c -O2 -flto -fuse-linker-plugin -fno-fat-lto-objects scan-assembler \\tmovf\\t
FAIL: gcc.target/mips/movcc-3.c -O2 -flto -fuse-linker-plugin -fno-fat-lto-objects scan-assembler \\tmovn.d\\t
FAIL: gcc.target/mips/movcc-3.c -O2 -flto -fuse-linker-plugin -fno-fat-lto-objects scan-assembler \\tmovn.s\\t
FAIL: gcc.target/mips/movcc-3.c -O2 -flto -fuse-linker-plugin -fno-fat-lto-objects scan-assembler \\tmovt.s\\t
FAIL: gcc.target/mips/movcc-3.c -O2 -flto -fuse-linker-plugin -fno-fat-lto-objects scan-assembler \\tmovt\\t
FAIL: gcc.target/mips/movcc-3.c -O2 -flto -fuse-linker-plugin -fno-fat-lto-objects scan-assembler \\tmovz.d\\t
FAIL: gcc.target/mips/movcc-3.c -O2 -flto -fuse-linker-plugin -fno-fat-lto-objects scan-assembler \\tmovz.s\\t
FAIL: gcc.target/mips/movcc-3.c -O3 -fomit-frame-pointer scan-assembler \\tmovf.d\\t
FAIL: gcc.target/mips/movcc-3.c -O3 -fomit-frame-pointer scan-assembler \\tmovf\\t
FAIL: gcc.target/mips/movcc-3.c -O3 -fomit-frame-pointer scan-assembler \\tmovn.d\\t
FAIL: gcc.target/mips/movcc-3.c -O3 -fomit-frame-pointer scan-assembler \\tmovn.s\\t
FAIL: gcc.target/mips/movcc-3.c -O3 -fomit-frame-pointer scan-assembler \\tmovt.s\\t
FAIL: gcc.target/mips/movcc-3.c -O3 -fomit-frame-pointer scan-assembler \\tmovt\\t
FAIL: gcc.target/mips/movcc-3.c -O3 -fomit-frame-pointer scan-assembler \\tmovz.d\\t
FAIL: gcc.target/mips/movcc-3.c -O3 -fomit-frame-pointer scan-assembler \\tmovz.s\\t
FAIL: gcc.target/mips/movcc-3.c -O3 -g scan-assembler \\tmovf.d\\t
FAIL: gcc.target/mips/movcc-3.c -O3 -g scan-assembler \\tmovf\\t
FAIL: gcc.target/mips/movcc-3.c -O3 -g scan-assembler \\tmovn.d\\t
FAIL: gcc.target/mips/movcc-3.c -O3 -g scan-assembler \\tmovn.s\\t
FAIL: gcc.target/mips/movcc-3.c -O3 -g scan-assembler \\tmovt.s\\t
FAIL: gcc.target/mips/movcc-3.c -O3 -g scan-assembler \\tmovt\\t
FAIL: gcc.target/mips/movcc-3.c -O3 -g scan-assembler \\tmovz.d\\t
FAIL: gcc.target/mips/movcc-3.c -O3 -g scan-assembler \\tmovz.s\\t
FAIL: gcc.target/mips/movcc-3.c -Os scan-assembler \\tmovf.d\\t
FAIL: gcc.target/mips/movcc-3.c -Os scan-assembler \\tmovf\\t
FAIL: gcc.target/mips/movcc-3.c -Os scan-assembler \\tmovn.d\\t
FAIL: gcc.target/mips/movcc-3.c -Os scan-assembler \\tmovn.s\\t
FAIL: gcc.target/mips/movcc-3.c -Os scan-assembler \\tmovt.s\\t
FAIL: gcc.target/mips/movcc-3.c -Os scan-assembler \\tmovt\\t
FAIL: gcc.target/mips/movcc-3.c -Os scan-assembler \\tmovz.d\\t
FAIL: gcc.target/mips/movcc-3.c -Os scan-assembler \\tmovz.s\\t
FAIL: gcc.target/mips/mult-12.c -O1 scan-assembler \\tmflo\\t
FAIL: gcc.target/mips/mult-12.c -O1 scan-assembler \\tmultu?\\t
FAIL: gcc.target/mips/mult-12.c -O2 scan-assembler \\tmflo\\t
FAIL: gcc.target/mips/mult-12.c -O2 scan-assembler \\tmultu?\\t
FAIL: gcc.target/mips/mult-12.c -O2 -flto -fno-use-linker-plugin -flto-partition=none scan-assembler \\tmflo\\t
FAIL: gcc.target/mips/mult-12.c -O2 -flto -fno-use-linker-plugin -flto-partition=none scan-assembler \\tmultu?\\t
FAIL: gcc.target/mips/mult-12.c -O2 -flto -fuse-linker-plugin -fno-fat-lto-objects scan-assembler \\tmflo\\t
FAIL: gcc.target/mips/mult-12.c -O2 -flto -fuse-linker-plugin -fno-fat-lto-objects scan-assembler \\tmultu?\\t
FAIL: gcc.target/mips/mult-12.c -O3 -fomit-frame-pointer scan-assembler \\tmflo\\t
FAIL: gcc.target/mips/mult-12.c -O3 -fomit-frame-pointer scan-assembler \\tmultu?\\t
FAIL: gcc.target/mips/mult-12.c -O3 -g scan-assembler \\tmflo\\t
FAIL: gcc.target/mips/mult-12.c -O3 -g scan-assembler \\tmultu?\\t
FAIL: gcc.target/mips/mult-12.c -Os scan-assembler \\tmflo\\t
FAIL: gcc.target/mips/mult-12.c -Os scan-assembler \\tmultu?\\t
FAIL: gcc.target/mips/mult-13.c -O1 scan-assembler \\tmflo\\t
FAIL: gcc.target/mips/mult-13.c -O1 scan-assembler \\tmultu?\\t
FAIL: gcc.target/mips/mult-13.c -O2 scan-assembler \\tmflo\\t
FAIL: gcc.target/mips/mult-13.c -O2 scan-assembler \\tmultu?\\t
FAIL: gcc.target/mips/mult-13.c -O2 -flto -fno-use-linker-plugin -flto-partition=none scan-assembler \\tmflo\\t
FAIL: gcc.target/mips/mult-13.c -O2 -flto -fno-use-linker-plugin -flto-partition=none scan-assembler \\tmultu?\\t
FAIL: gcc.target/mips/mult-13.c -O2 -flto -fuse-linker-plugin -fno-fat-lto-objects scan-assembler \\tmflo\\t
FAIL: gcc.target/mips/mult-13.c -O2 -flto -fuse-linker-plugin -fno-fat-lto-objects scan-assembler \\tmultu?\\t
FAIL: gcc.target/mips/mult-13.c -O3 -fomit-frame-pointer scan-assembler \\tmflo\\t
FAIL: gcc.target/mips/mult-13.c -O3 -fomit-frame-pointer scan-assembler \\tmultu?\\t
FAIL: gcc.target/mips/mult-13.c -O3 -g scan-assembler \\tmflo\\t
FAIL: gcc.target/mips/mult-13.c -O3 -g scan-assembler \\tmultu?\\t
FAIL: gcc.target/mips/mult-13.c -Os scan-assembler \\tmflo\\t
FAIL: gcc.target/mips/mult-13.c -Os scan-assembler \\tmultu?\\t
FAIL: gcc.target/mips/mult-14.c -O1 scan-assembler \\tmult\\t
FAIL: gcc.target/mips/mult-18.c -O1 scan-assembler \\tmflo\\t
FAIL: gcc.target/mips/mult-18.c -O1 scan-assembler \\tmultu?\\t
FAIL: gcc.target/mips/mult-18.c -O2 scan-assembler \\tmflo\\t
FAIL: gcc.target/mips/mult-18.c -O2 scan-assembler \\tmultu?\\t
FAIL: gcc.target/mips/mult-18.c -O2 -flto -fno-use-linker-plugin -flto-partition=none scan-assembler \\tmflo\\t
FAIL: gcc.target/mips/mult-18.c -O2 -flto -fno-use-linker-plugin -flto-partition=none scan-assembler \\tmultu?\\t
FAIL: gcc.target/mips/mult-18.c -O2 -flto -fuse-linker-plugin -fno-fat-lto-objects scan-assembler \\tmflo\\t
FAIL: gcc.target/mips/mult-18.c -O2 -flto -fuse-linker-plugin -fno-fat-lto-objects scan-assembler \\tmultu?\\t
FAIL: gcc.target/mips/mult-18.c -O3 -fomit-frame-pointer scan-assembler \\tmflo\\t
FAIL: gcc.target/mips/mult-18.c -O3 -fomit-frame-pointer scan-assembler \\tmultu?\\t
FAIL: gcc.target/mips/mult-18.c -O3 -g scan-assembler \\tmflo\\t
FAIL: gcc.target/mips/mult-18.c -O3 -g scan-assembler \\tmultu?\\t
FAIL: gcc.target/mips/mult-18.c -Os scan-assembler \\tmflo\\t
FAIL: gcc.target/mips/mult-18.c -Os scan-assembler \\tmultu?\\t
FAIL: gcc.target/mips/mult-19.c -O1 scan-assembler \\tmflo\\t
FAIL: gcc.target/mips/mult-19.c -O1 scan-assembler \\tmultu?\\t
FAIL: gcc.target/mips/mult-19.c -O2 scan-assembler \\tmflo\\t
FAIL: gcc.target/mips/mult-19.c -O2 scan-assembler \\tmultu?\\t
FAIL: gcc.target/mips/mult-19.c -O2 -flto -fno-use-linker-plugin -flto-partition=none scan-assembler \\tmflo\\t
FAIL: gcc.target/mips/mult-19.c -O2 -flto -fno-use-linker-plugin -flto-partition=none scan-assembler \\tmultu?\\t
FAIL: gcc.target/mips/mult-19.c -O2 -flto -fuse-linker-plugin -fno-fat-lto-objects scan-assembler \\tmflo\\t
FAIL: gcc.target/mips/mult-19.c -O2 -flto -fuse-linker-plugin -fno-fat-lto-objects scan-assembler \\tmultu?\\t
FAIL: gcc.target/mips/mult-19.c -O3 -fomit-frame-pointer scan-assembler \\tmflo\\t
FAIL: gcc.target/mips/mult-19.c -O3 -fomit-frame-pointer scan-assembler \\tmultu?\\t
FAIL: gcc.target/mips/mult-19.c -O3 -g scan-assembler \\tmflo\\t
FAIL: gcc.target/mips/mult-19.c -O3 -g scan-assembler \\tmultu?\\t
FAIL: gcc.target/mips/mult-19.c -Os scan-assembler \\tmflo\\t
FAIL: gcc.target/mips/mult-19.c -Os scan-assembler \\tmultu?\\t
FAIL: gcc.target/mips/mult-2.c -O1 scan-assembler \\tdmult\\t
FAIL: gcc.target/mips/mult-6.c -O1 scan-assembler \\tdmultu?\\t
FAIL: gcc.target/mips/mult-6.c -O1 scan-assembler \\tmflo\\t
FAIL: gcc.target/mips/mult-6.c -O2 scan-assembler \\tdmultu?\\t
FAIL: gcc.target/mips/mult-6.c -O2 scan-assembler \\tmflo\\t
FAIL: gcc.target/mips/mult-6.c -O2 -flto -fno-use-linker-plugin -flto-partition=none scan-assembler \\tdmultu?\\t
FAIL: gcc.target/mips/mult-6.c -O2 -flto -fno-use-linker-plugin -flto-partition=none scan-assembler \\tmflo\\t
FAIL: gcc.target/mips/mult-6.c -O2 -flto -fuse-linker-plugin -fno-fat-lto-objects scan-assembler \\tdmultu?\\t
FAIL: gcc.target/mips/mult-6.c -O2 -flto -fuse-linker-plugin -fno-fat-lto-objects scan-assembler \\tmflo\\t
FAIL: gcc.target/mips/mult-6.c -O3 -fomit-frame-pointer scan-assembler \\tdmultu?\\t
FAIL: gcc.target/mips/mult-6.c -O3 -fomit-frame-pointer scan-assembler \\tmflo\\t
FAIL: gcc.target/mips/mult-6.c -O3 -g scan-assembler \\tdmultu?\\t
FAIL: gcc.target/mips/mult-6.c -O3 -g scan-assembler \\tmflo\\t
FAIL: gcc.target/mips/mult-6.c -Os scan-assembler \\tdmultu?\\t
FAIL: gcc.target/mips/mult-6.c -Os scan-assembler \\tmflo\\t
FAIL: gcc.target/mips/mult-7.c -O1 scan-assembler \\tdmultu?\\t
FAIL: gcc.target/mips/mult-7.c -O1 scan-assembler \\tmflo\\t
FAIL: gcc.target/mips/mult-7.c -O2 scan-assembler \\tdmultu?\\t
FAIL: gcc.target/mips/mult-7.c -O2 scan-assembler \\tmflo\\t
FAIL: gcc.target/mips/mult-7.c -O2 -flto -fno-use-linker-plugin -flto-partition=none scan-assembler \\tdmultu?\\t
FAIL: gcc.target/mips/mult-7.c -O2 -flto -fno-use-linker-plugin -flto-partition=none scan-assembler \\tmflo\\t
FAIL: gcc.target/mips/mult-7.c -O2 -flto -fuse-linker-plugin -fno-fat-lto-objects scan-assembler \\tdmultu?\\t
FAIL: gcc.target/mips/mult-7.c -O2 -flto -fuse-linker-plugin -fno-fat-lto-objects scan-assembler \\tmflo\\t
FAIL: gcc.target/mips/mult-7.c -O3 -fomit-frame-pointer scan-assembler \\tdmultu?\\t
FAIL: gcc.target/mips/mult-7.c -O3 -fomit-frame-pointer scan-assembler \\tmflo\\t
FAIL: gcc.target/mips/mult-7.c -O3 -g scan-assembler \\tdmultu?\\t
FAIL: gcc.target/mips/mult-7.c -O3 -g scan-assembler \\tmflo\\t
FAIL: gcc.target/mips/mult-7.c -Os scan-assembler \\tdmultu?\\t
FAIL: gcc.target/mips/mult-7.c -Os scan-assembler \\tmflo\\t
FAIL: gcc.target/mips/nan-2008.c -O0 (test for excess errors)
FAIL: gcc.target/mips/nan-2008.c -O1 (test for excess errors)
FAIL: gcc.target/mips/nan-2008.c -O2 (test for excess errors)
FAIL: gcc.target/mips/nan-2008.c -O2 -flto -fno-use-linker-plugin -flto-partition=none (test for excess errors)
FAIL: gcc.target/mips/nan-2008.c -O2 -flto -fuse-linker-plugin -fno-fat-lto-objects (test for excess errors)
FAIL: gcc.target/mips/nan-2008.c -O3 -fomit-frame-pointer (test for excess errors)
FAIL: gcc.target/mips/nan-2008.c -O3 -g (test for excess errors)
FAIL: gcc.target/mips/nan-2008.c -Os (test for excess errors)
FAIL: gcc.target/mips/nanf-2008.c -O0 (test for excess errors)
FAIL: gcc.target/mips/nanf-2008.c -O1 (test for excess errors)
FAIL: gcc.target/mips/nanf-2008.c -O2 (test for excess errors)
FAIL: gcc.target/mips/nanf-2008.c -O2 -flto -fno-use-linker-plugin -flto-partition=none (test for excess errors)
FAIL: gcc.target/mips/nanf-2008.c -O2 -flto -fuse-linker-plugin -fno-fat-lto-objects (test for excess errors)
FAIL: gcc.target/mips/nanf-2008.c -O3 -fomit-frame-pointer (test for excess errors)
FAIL: gcc.target/mips/nanf-2008.c -O3 -g (test for excess errors)
FAIL: gcc.target/mips/nanf-2008.c -Os (test for excess errors)
FAIL: gcc.target/mips/nans-2008.c -O0 (test for excess errors)
FAIL: gcc.target/mips/nans-2008.c -O1 (test for excess errors)
FAIL: gcc.target/mips/nans-2008.c -O2 (test for excess errors)
FAIL: gcc.target/mips/nans-2008.c -O2 -flto -fno-use-linker-plugin -flto-partition=none (test for excess errors)
FAIL: gcc.target/mips/nans-2008.c -O2 -flto -fuse-linker-plugin -fno-fat-lto-objects (test for excess errors)
FAIL: gcc.target/mips/nans-2008.c -O3 -fomit-frame-pointer (test for excess errors)
FAIL: gcc.target/mips/nans-2008.c -O3 -g (test for excess errors)
FAIL: gcc.target/mips/nans-2008.c -Os (test for excess errors)
FAIL: gcc.target/mips/nansf-2008.c -O0 (test for excess errors)
FAIL: gcc.target/mips/nansf-2008.c -O1 (test for excess errors)
FAIL: gcc.target/mips/nansf-2008.c -O2 (test for excess errors)
FAIL: gcc.target/mips/nansf-2008.c -O2 -flto -fno-use-linker-plugin -flto-partition=none (test for excess errors)
FAIL: gcc.target/mips/nansf-2008.c -O2 -flto -fuse-linker-plugin -fno-fat-lto-objects (test for excess errors)
FAIL: gcc.target/mips/nansf-2008.c -O3 -fomit-frame-pointer (test for excess errors)
FAIL: gcc.target/mips/nansf-2008.c -O3 -g (test for excess errors)
FAIL: gcc.target/mips/nansf-2008.c -Os (test for excess errors)
FAIL: gcc.target/mips/save-restore-3.c -O0 scan-assembler \\tsave\\t\\\\\$4-\\\\\$6,
=== gcc Summary ===
# of expected passes 105291
# of unexpected failures 1111
# of unexpected successes 34
# of expected failures 372
# of unresolved testcases 22
# of unsupported tests 2376
/home/aaro/gcctest/build/gcc/xgcc version 5.2.0 (GCC)
=== libatomic tests ===
Running target unix
=== libatomic Summary ===
# of expected passes 44
# of unsupported tests 5
=== libgomp tests ===
Running target unix
FAIL: libgomp.c/cancel-for-1.c execution test
FAIL: libgomp.c/cancel-for-2.c execution test
FAIL: libgomp.c/cancel-parallel-1.c execution test
FAIL: libgomp.c/cancel-parallel-2.c execution test
FAIL: libgomp.c/cancel-parallel-3.c execution test
FAIL: libgomp.c/cancel-sections-1.c execution test
FAIL: libgomp.c/omp-loop03.c execution test
FAIL: libgomp.c++/cancel-for-1.C execution test
FAIL: libgomp.c++/cancel-for-2.C execution test
FAIL: libgomp.c++/cancel-parallel-1.C execution test
FAIL: libgomp.c++/cancel-parallel-2.C execution test
FAIL: libgomp.c++/cancel-parallel-3.C execution test
FAIL: libgomp.c++/cancel-sections-1.C execution test
FAIL: libgomp.c++/loop-3.C execution test
=== libgomp Summary ===
# of expected passes 1599
# of unexpected failures 14
# of unsupported tests 172
=== libstdc++ tests ===
Running target unix
FAIL: libstdc++-abi/abi_check
FAIL: 23_containers/list/pthread1.cc execution test
FAIL: 23_containers/vector/requirements/exception/propagation_consistent.cc execution test
=== libstdc++ Summary ===
# of expected passes 9482
# of unexpected failures 3
# of expected failures 65
# of unsupported tests 569
Compiler version: 5.2.0 (GCC)
Platform: mipsel-unknown-linux-gnu
configure flags: --with-arch=loongson2f --with-abi=32 --with-fp-32=xx --enable-targets=all --disable-nls --enable-languages=c,c++ --host=mipsel-unknown-linux-gnu --build=mipsel-unknown-linux-gnu --target=mipsel-unknown-linux-gnu --with-system-zlib --with-sysroot=/
More information about the Gcc-testresults
mailing list