Results for 6.0.0 20151002 (experimental) [trunk revision 228383] (GCC) testsuite on x86_64-pc-solaris2.12
Rainer Orth
ro@CeBiTec.Uni-Bielefeld.DE
Sat Oct 3 06:53:00 GMT 2015
LAST_UPDATED: Fri Oct 2 11:35:33 UTC 2015 (revision 228383)
Native configuration is x86_64-pc-solaris2.12
=== boehm-gc tests ===
Running target unix/-m32
=== boehm-gc Summary for unix/-m32 ===
# of expected passes 12
# of unsupported tests 1
Running target unix
=== boehm-gc Summary for unix ===
# of expected passes 12
# of unsupported tests 1
=== boehm-gc Summary ===
# of expected passes 24
# of unsupported tests 2
=== libatomic tests ===
Running target unix/-m32
=== libatomic Summary for unix/-m32 ===
# of expected passes 44
# of unsupported tests 5
Running target unix
=== libatomic Summary for unix ===
# of expected passes 54
=== libatomic Summary ===
# of expected passes 98
# of unsupported tests 5
=== libffi tests ===
Running target unix/-m32
=== libffi Summary for unix/-m32 ===
# of expected passes 2439
# of unsupported tests 30
Running target unix
=== libffi Summary for unix ===
# of expected passes 1914
# of unsupported tests 30
=== libffi Summary ===
# of expected passes 4353
# of unsupported tests 60
=== libgo tests ===
Running target unix
FAIL: runtime
=== libgo Summary for unix ===
# of expected passes 123
# of unexpected failures 1
Running target unix/-m32
=== libgo Summary for unix/-m32 ===
# of expected passes 124
=== libgo Summary ===
# of expected passes 247
# of unexpected failures 1
=== libgomp tests ===
Running target unix/-m32
=== libgomp Summary for unix/-m32 ===
# of expected passes 4170
# of expected failures 4
# of unsupported tests 199
Running target unix
=== libgomp Summary for unix ===
# of expected passes 4170
# of expected failures 4
# of unsupported tests 199
=== libgomp Summary ===
# of expected passes 8340
# of expected failures 8
# of unsupported tests 398
=== libitm tests ===
Running target unix/-m32
=== libitm Summary for unix/-m32 ===
# of expected passes 26
# of expected failures 3
# of unsupported tests 1
Running target unix
=== libitm Summary for unix ===
# of expected passes 26
# of expected failures 3
# of unsupported tests 1
=== libitm Summary ===
# of expected passes 52
# of expected failures 6
# of unsupported tests 2
=== libjava tests ===
Running target unix/-m32
=== libjava Summary for unix/-m32 ===
# of expected passes 2582
# of expected failures 4
Running target unix
=== libjava Summary for unix ===
# of expected passes 2582
# of expected failures 4
=== libjava Summary ===
# of expected passes 5164
# of expected failures 8
=== libstdc++ tests ===
Running target unix
FAIL: libstdc++-abi/abi_check
=== libstdc++ Summary for unix ===
# of expected passes 9811
# of unexpected failures 1
# of expected failures 67
# of unsupported tests 605
Running target unix/-m32
FAIL: libstdc++-abi/abi_check
FAIL: experimental/filesystem/iterators/recursive_directory_iterator.cc execution test
=== libstdc++ Summary for unix/-m32 ===
# of expected passes 9810
# of unexpected failures 2
# of expected failures 67
# of unsupported tests 605
=== libstdc++ Summary ===
# of expected passes 19621
# of unexpected failures 3
# of expected failures 134
# of unsupported tests 1210
=== acats tests ===
=== acats Summary ===
# of expected passes 2320
# of unexpected failures 0
=== g++ tests ===
Running target unix
=== g++ Summary for unix ===
# of expected passes 88208
# of expected failures 285
# of unsupported tests 3418
Running target unix/-m32
FAIL: g++.dg/cilk-plus/CK/catch_exc.cc -O1 -fcilkplus execution test
FAIL: g++.dg/cilk-plus/CK/catch_exc.cc -O3 -fcilkplus execution test
FAIL: g++.dg/cilk-plus/CK/catch_exc.cc -g -O2 -fcilkplus execution test
FAIL: g++.dg/cilk-plus/CK/catch_exc.cc -g -fcilkplus execution test
FAIL: g++.dg/opt/pr59470.C -std=gnu++11 (test for excess errors)
WARNING: g++.dg/opt/pr59470.C -std=gnu++11 compilation failed to produce executable
FAIL: g++.dg/opt/pr59470.C -std=gnu++14 (test for excess errors)
WARNING: g++.dg/opt/pr59470.C -std=gnu++14 compilation failed to produce executable
FAIL: g++.dg/opt/pr59470.C -std=gnu++98 (test for excess errors)
WARNING: g++.dg/opt/pr59470.C -std=gnu++98 compilation failed to produce executable
=== g++ Summary for unix/-m32 ===
# of expected passes 86856
# of unexpected failures 7
# of expected failures 285
# of unsupported tests 3166
=== g++ Summary ===
# of expected passes 175064
# of unexpected failures 7
# of expected failures 570
# of unsupported tests 6584
/var/gcc/regression/trunk/12-gcc-64/build/gcc/testsuite/g++/../../xg++ version 6.0.0 20151002 (experimental) [trunk revision 228383] (GCC)
=== gcc tests ===
Running target unix
FAIL: gcc.dg/debug/dwarf2/stacked-qualified-types-3.c scan-assembler-times DIE \\\\([^\\n]*\\\\) DW_TAG_(?:const|volatile|atomic|restrict)_type 8
FAIL: gcc.dg/ifcvt-2.c scan-rtl-dump ce1 "3 true changes made"
FAIL: gcc.target/i386/pr58218.c (test for excess errors)
FAIL: gcc.target/i386/pr61403.c scan-assembler blend
FAIL: gcc.target/i386/pr61599-1.c (test for excess errors)
WARNING: gcc.target/i386/pr61599-1.c compilation failed to produce executable
=== gcc Summary for unix ===
# of expected passes 100279
# of unexpected failures 5
# of expected failures 274
# of unsupported tests 2542
Running target unix/-m32
FAIL: gcc.dg/debug/dwarf2/stacked-qualified-types-3.c scan-assembler-times DIE \\\\([^\\n]*\\\\) DW_TAG_(?:const|volatile|atomic|restrict)_type 8
FAIL: gcc.dg/ifcvt-2.c scan-rtl-dump ce1 "3 true changes made"
FAIL: gcc.dg/ifcvt-3.c scan-rtl-dump ce1 "3 true changes made"
FAIL: gcc.target/i386/pr61403.c scan-assembler blend
=== gcc Summary for unix/-m32 ===
# of expected passes 99459
# of unexpected failures 4
# of expected failures 277
# of unsupported tests 2333
=== gcc Summary ===
# of expected passes 199738
# of unexpected failures 9
# of expected failures 551
# of unsupported tests 4875
/var/gcc/regression/trunk/12-gcc-64/build/gcc/xgcc version 6.0.0 20151002 (experimental) [trunk revision 228383] (GCC)
=== gfortran tests ===
Running target unix
FAIL: gfortran.dg/graphite/block-1.f90 -O scan-tree-dump-times graphite "number of SCoPs: 1" 1
FAIL: gfortran.dg/graphite/block-2.f -O scan-tree-dump-times graphite "number of SCoPs: 2" 1
=== gfortran Summary for unix ===
# of expected passes 40796
# of unexpected failures 2
# of expected failures 69
# of unsupported tests 69
Running target unix/-m32
FAIL: gfortran.dg/graphite/block-1.f90 -O scan-tree-dump-times graphite "number of SCoPs: 1" 1
FAIL: gfortran.dg/graphite/block-2.f -O scan-tree-dump-times graphite "number of SCoPs: 2" 1
=== gfortran Summary for unix/-m32 ===
# of expected passes 40581
# of unexpected failures 2
# of expected failures 69
# of unsupported tests 171
=== gfortran Summary ===
# of expected passes 81377
# of unexpected failures 4
# of expected failures 138
# of unsupported tests 240
/var/gcc/regression/trunk/12-gcc-64/build/gcc/testsuite/gfortran/../../gfortran version 6.0.0 20151002 (experimental) [trunk revision 228383] (GCC)
=== gnat tests ===
Running target unix/-m32
=== gnat Summary for unix/-m32 ===
# of expected passes 1404
# of expected failures 21
# of unsupported tests 6
Running target unix
=== gnat Summary for unix ===
# of expected passes 1404
# of expected failures 21
# of unsupported tests 6
=== gnat Summary ===
# of expected passes 2808
# of expected failures 42
# of unsupported tests 12
/var/gcc/regression/trunk/12-gcc-64/build/gcc/gnatmake version 6.0.0 20151002 (experimental) [trunk revision 228383]
=== go tests ===
Running target unix
=== go Summary for unix ===
# of expected passes 7244
# of expected failures 1
# of untested testcases 10
# of unsupported tests 1
Running target unix/-m32
=== go Summary for unix/-m32 ===
# of expected passes 7363
# of expected failures 1
# of untested testcases 10
# of unsupported tests 2
=== go Summary ===
# of expected passes 14607
# of expected failures 2
# of untested testcases 20
# of unsupported tests 3
=== obj-c++ tests ===
Running target unix/-m32
=== obj-c++ Summary for unix/-m32 ===
# of expected passes 1439
# of expected failures 2
# of unsupported tests 77
Running target unix
=== obj-c++ Summary for unix ===
# of expected passes 1431
# of expected failures 10
# of unsupported tests 77
=== obj-c++ Summary ===
# of expected passes 2870
# of expected failures 12
# of unsupported tests 154
/var/gcc/regression/trunk/12-gcc-64/build/gcc/testsuite/obj-c++/../../xg++ version 6.0.0 20151002 (experimental) [trunk revision 228383] (GCC)
=== objc tests ===
Running target unix
=== objc Summary for unix ===
# of expected passes 2766
# of expected failures 6
# of unsupported tests 68
Running target unix/-m32
=== objc Summary for unix/-m32 ===
# of expected passes 2766
# of expected failures 6
# of unsupported tests 68
=== objc Summary ===
# of expected passes 5532
# of expected failures 12
# of unsupported tests 136
/var/gcc/regression/trunk/12-gcc-64/build/gcc/xgcc version 6.0.0 20151002 (experimental) [trunk revision 228383] (GCC)
Compiler version: 6.0.0 20151002 (experimental) [trunk revision 228383] (GCC)
Platform: x86_64-pc-solaris2.12
configure flags: --prefix=/vol/gcc --target=amd64-pc-solaris2.12 --enable-objc-gc --with-as=/usr/ccs/bin/as --without-gnu-as --with-gmp-include=/vol/gcc/include --with-gmp-lib=/vol/gcc/lib/amd64 --with-mpfr-include=/vol/gcc/include --with-mpfr-lib=/vol/gcc/lib/amd64 --with-mpc-include=/vol/gcc/include --with-mpc-lib=/vol/gcc/lib/amd64 --enable-languages=all,ada,obj-c++,go --with-isl-include=/vol/gcc/include --with-isl-lib=/vol/gcc/lib/amd64 --with-cloog-include=/vol/gcc/include --with-cloog-lib=/vol/gcc/lib/amd64 --enable-cloog-backend=isl --build=amd64-pc-solaris2.12 --host=amd64-pc-solaris2.12
BOOT_CFLAGS=-g -O2
More information about the Gcc-testresults
mailing list