Results for 6.0.0 20151128 (experimental) [trunk revision 231033] (GCC) testsuite on i686-pc-linux-gnu
H.J. Lu ia32
ia32@gnu-1.sc.intel.com
Sat Nov 28 20:47:00 GMT 2015
Native configuration is i686-pc-linux-gnu
=== gcc tests ===
Running target unix
FAIL: gcc.dg/debug/dwarf2/stacked-qualified-types-3.c scan-assembler-times DIE \\\\([^\\n]*\\\\) DW_TAG_(?:const|volatile|atomic|restrict)_type 8
FAIL: gcc.dg/graphite/fuse-1.c scan-tree-dump-times forwprop4 "gimple_simplified to[^\\\\n]*\\\\^ 12" 1
FAIL: gcc.dg/graphite/fuse-1.c scan-tree-dump-times graphite "ISL AST generated by ISL:.*for \\\\(int c0 = 0; c0 <= 99; c0 \\\\+= 1\\\\) {.*S_.*\\\\(c0\\\\);.*S_.*\\\\(c0\\\\);.*S_.*\\\\(c0\\\\);.*}" 1
FAIL: gcc.dg/graphite/fuse-2.c scan-tree-dump-times graphite "ISL AST generated by ISL:.*for \\\\(int c0 = 0; c0 <= 99; c0 \\\\+= 1\\\\) {.*S_.*\\\\(c0\\\\);.*S_.*\\\\(c0\\\\);.*S_.*\\\\(c0\\\\);.*}" 1
XPASS: gcc.dg/guality/example.c -O0 execution test
XPASS: gcc.dg/guality/example.c -O1 execution test
XPASS: gcc.dg/guality/guality.c -O0 execution test
XPASS: gcc.dg/guality/guality.c -O1 execution test
XPASS: gcc.dg/guality/guality.c -O2 execution test
XPASS: gcc.dg/guality/guality.c -O2 -flto -fno-use-linker-plugin -flto-partition=none execution test
XPASS: gcc.dg/guality/guality.c -O2 -flto -fuse-linker-plugin -fno-fat-lto-objects execution test
XPASS: gcc.dg/guality/guality.c -O3 -g execution test
XPASS: gcc.dg/guality/guality.c -Os execution test
XPASS: gcc.dg/guality/inline-params.c -O2 execution test
XPASS: gcc.dg/guality/inline-params.c -O2 -flto -fno-use-linker-plugin -flto-partition=none execution test
XPASS: gcc.dg/guality/inline-params.c -O3 -g execution test
XPASS: gcc.dg/guality/inline-params.c -Os execution test
XPASS: gcc.dg/guality/pr41353-1.c -O0 line 28 j == 28 + 37
XPASS: gcc.dg/guality/pr41353-1.c -O1 line 28 j == 28 + 37
XPASS: gcc.dg/guality/pr41353-1.c -O2 line 28 j == 28 + 37
XPASS: gcc.dg/guality/pr41353-1.c -O2 -flto -fno-use-linker-plugin -flto-partition=none line 28 j == 28 + 37
XPASS: gcc.dg/guality/pr41353-1.c -O2 -flto -fuse-linker-plugin -fno-fat-lto-objects line 28 j == 28 + 37
XPASS: gcc.dg/guality/pr41353-1.c -O3 -g line 28 j == 28 + 37
XPASS: gcc.dg/guality/pr41353-1.c -Os line 28 j == 28 + 37
FAIL: gcc.dg/guality/pr41447-1.c -O2 execution test
FAIL: gcc.dg/guality/pr41447-1.c -O2 -flto -fno-use-linker-plugin -flto-partition=none execution test
FAIL: gcc.dg/guality/pr41447-1.c -O3 -g execution test
FAIL: gcc.dg/guality/pr41616-1.c -O2 -flto -fuse-linker-plugin -fno-fat-lto-objects execution test
FAIL: gcc.dg/guality/pr45882.c -O2 -flto -fuse-linker-plugin -fno-fat-lto-objects line 16 d == 112
FAIL: gcc.dg/guality/pr45882.c -O2 -flto -fuse-linker-plugin -fno-fat-lto-objects line 16 e == 142
FAIL: gcc.dg/guality/pr54200.c -O2 -flto -fuse-linker-plugin -fno-fat-lto-objects line 20 z == 3
FAIL: gcc.dg/guality/pr54519-1.c -O2 -flto -fno-use-linker-plugin -flto-partition=none line 20 y == 25
FAIL: gcc.dg/guality/pr54519-1.c -O2 -flto -fno-use-linker-plugin -flto-partition=none line 20 z == 6
FAIL: gcc.dg/guality/pr54519-1.c -O2 -flto -fno-use-linker-plugin -flto-partition=none line 23 y == 117
FAIL: gcc.dg/guality/pr54519-1.c -O2 -flto -fno-use-linker-plugin -flto-partition=none line 23 z == 8
FAIL: gcc.dg/guality/pr54519-2.c -O2 -flto -fno-use-linker-plugin -flto-partition=none line 17 y == 25
FAIL: gcc.dg/guality/pr54519-2.c -O2 -flto -fuse-linker-plugin -fno-fat-lto-objects line 17 y == 25
FAIL: gcc.dg/guality/pr54519-3.c -O2 -flto -fno-use-linker-plugin -flto-partition=none line 20 y == 25
FAIL: gcc.dg/guality/pr54519-3.c -O2 -flto -fno-use-linker-plugin -flto-partition=none line 20 z == 6
FAIL: gcc.dg/guality/pr54519-3.c -O2 -flto -fno-use-linker-plugin -flto-partition=none line 23 y == 117
FAIL: gcc.dg/guality/pr54519-3.c -O2 -flto -fno-use-linker-plugin -flto-partition=none line 23 z == 8
FAIL: gcc.dg/guality/pr54519-3.c -O2 -flto -fuse-linker-plugin -fno-fat-lto-objects line 20 y == 25
FAIL: gcc.dg/guality/pr54519-3.c -O2 -flto -fuse-linker-plugin -fno-fat-lto-objects line 20 z == 6
FAIL: gcc.dg/guality/pr54519-3.c -O2 -flto -fuse-linker-plugin -fno-fat-lto-objects line 23 y == 117
FAIL: gcc.dg/guality/pr54519-3.c -O2 -flto -fuse-linker-plugin -fno-fat-lto-objects line 23 z == 8
FAIL: gcc.dg/guality/pr54519-4.c -O2 -flto -fno-use-linker-plugin -flto-partition=none line 17 y == 25
FAIL: gcc.dg/guality/pr54519-4.c -O2 -flto -fuse-linker-plugin -fno-fat-lto-objects line 17 y == 25
FAIL: gcc.dg/guality/pr54519-5.c -O2 -flto -fno-use-linker-plugin -flto-partition=none line 17 y == 25
FAIL: gcc.dg/guality/pr54519-5.c -O2 -flto -fuse-linker-plugin -fno-fat-lto-objects line 17 y == 25
FAIL: gcc.dg/guality/vla-1.c -O1 line 17 sizeof (a) == 6
FAIL: gcc.dg/guality/vla-1.c -O2 line 17 sizeof (a) == 6
FAIL: gcc.dg/guality/vla-1.c -O2 -flto -fno-use-linker-plugin -flto-partition=none line 17 sizeof (a) == 6
FAIL: gcc.dg/guality/vla-1.c -O2 -flto -fuse-linker-plugin -fno-fat-lto-objects line 17 sizeof (a) == 6
FAIL: gcc.dg/guality/vla-1.c -O3 -g line 17 sizeof (a) == 6
FAIL: gcc.dg/guality/vla-1.c -Os line 17 sizeof (a) == 6
=== gcc Summary ===
# of expected passes 115891
# of unexpected failures 35
# of unexpected successes 20
# of expected failures 307
# of unsupported tests 1604
/export/gnu/import/git/gcc-test-ia32/bld/gcc/xgcc version 6.0.0 20151128 (experimental) [trunk revision 231033] (GCC)
=== gfortran tests ===
Running target unix
=== gfortran Summary ===
# of expected passes 41094
# of expected failures 73
# of unsupported tests 166
/export/gnu/import/git/gcc-test-ia32/bld/gcc/testsuite/gfortran/../../gfortran version 6.0.0 20151128 (experimental) [trunk revision 231033] (GCC)
=== g++ tests ===
Running target unix
FAIL: c-c++-common/attr-simd-3.c -std=gnu++11 (test for excess errors)
FAIL: c-c++-common/attr-simd-3.c -std=gnu++14 (test for excess errors)
FAIL: c-c++-common/attr-simd-3.c -std=gnu++98 (test for excess errors)
FAIL: g++.dg/gcov/gcov-1.C -std=gnu++11 gcov: 3 failures in line counts, 0 in branch percentages, 0 in return percentages, 0 in intermediate format
FAIL: g++.dg/gcov/gcov-1.C -std=gnu++11 line 115: is 27:should be 14
FAIL: g++.dg/gcov/gcov-1.C -std=gnu++11 line 58: is 18:should be 9
FAIL: g++.dg/gcov/gcov-1.C -std=gnu++11 line 73: is 162:should be 81
FAIL: g++.dg/gcov/gcov-1.C -std=gnu++14 gcov: 3 failures in line counts, 0 in branch percentages, 0 in return percentages, 0 in intermediate format
FAIL: g++.dg/gcov/gcov-1.C -std=gnu++14 line 115: is 27:should be 14
FAIL: g++.dg/gcov/gcov-1.C -std=gnu++14 line 58: is 18:should be 9
FAIL: g++.dg/gcov/gcov-1.C -std=gnu++14 line 73: is 162:should be 81
FAIL: g++.dg/gcov/gcov-1.C -std=gnu++98 gcov: 3 failures in line counts, 0 in branch percentages, 0 in return percentages, 0 in intermediate format
FAIL: g++.dg/gcov/gcov-1.C -std=gnu++98 line 115: is 27:should be 14
FAIL: g++.dg/gcov/gcov-1.C -std=gnu++98 line 58: is 18:should be 9
FAIL: g++.dg/gcov/gcov-1.C -std=gnu++98 line 73: is 162:should be 81
FAIL: g++.dg/guality/pr55665.C -O2 line 23 p == 40
FAIL: g++.dg/guality/pr55665.C -O3 -g line 23 p == 40
UNRESOLVED: g++.dg/lto/20081118 cp_lto_20081118_0.o-cp_lto_20081118_1.o execute -fPIC -flto -flto-partition=1to1 -r -nostdlib
FAIL: g++.dg/lto/20081118 cp_lto_20081118_0.o-cp_lto_20081118_1.o link, -fPIC -flto -flto-partition=1to1 -r -nostdlib (internal compiler error)
UNRESOLVED: g++.dg/lto/20081204-1 cp_lto_20081204-1_0.o-cp_lto_20081204-1_1.o execute -flto -flto-partition=1to1 -fPIC -r -nostdlib
FAIL: g++.dg/lto/20081204-1 cp_lto_20081204-1_0.o-cp_lto_20081204-1_1.o link, -flto -flto-partition=1to1 -fPIC -r -nostdlib (internal compiler error)
UNRESOLVED: g++.dg/lto/20081219 cp_lto_20081219_0.o-cp_lto_20081219_1.o execute -fPIC -flto -flto-partition=1to1 -O2
FAIL: g++.dg/lto/20081219 cp_lto_20081219_0.o-cp_lto_20081219_1.o link, -fPIC -flto -flto-partition=1to1 -O2 (internal compiler error)
UNRESOLVED: g++.dg/lto/20090302 cp_lto_20090302_0.o-cp_lto_20090302_1.o execute -fPIC -flto -flto-partition=1to1 -r -nostdlib
FAIL: g++.dg/lto/20090302 cp_lto_20090302_0.o-cp_lto_20090302_1.o link, -fPIC -flto -flto-partition=1to1 -r -nostdlib (internal compiler error)
UNRESOLVED: g++.dg/lto/20091002-1 cp_lto_20091002-1_0.o-cp_lto_20091002-1_0.o execute -fPIC -flto
FAIL: g++.dg/lto/20091002-1 cp_lto_20091002-1_0.o-cp_lto_20091002-1_0.o link, -fPIC -flto (internal compiler error)
UNRESOLVED: g++.dg/lto/pr65193 cp_lto_pr65193_0.o-cp_lto_pr65193_0.o execute -fPIC -r -nostdlib -flto -O2 -g
FAIL: g++.dg/lto/pr65193 cp_lto_pr65193_0.o-cp_lto_pr65193_0.o link, -fPIC -r -nostdlib -flto -O2 -g (internal compiler error)
XPASS: g++.dg/tls/thread_local-order2.C -std=c++11 execution test
XPASS: g++.dg/tls/thread_local-order2.C -std=c++14 execution test
=== g++ Summary ===
# of expected passes 98854
# of unexpected failures 23
# of unexpected successes 2
# of expected failures 266
# of unresolved testcases 6
# of unsupported tests 3272
/export/gnu/import/git/gcc-test-ia32/bld/gcc/testsuite/g++/../../xg++ version 6.0.0 20151128 (experimental) [trunk revision 231033] (GCC)
=== objc tests ===
Running target unix
=== objc Summary ===
# of expected passes 2782
# of expected failures 6
# of unsupported tests 68
/export/gnu/import/git/gcc-test-ia32/bld/gcc/xgcc version 6.0.0 20151128 (experimental) [trunk revision 231033] (GCC)
=== boehm-gc tests ===
Running target unix
=== boehm-gc Summary ===
# of expected passes 12
# of unsupported tests 1
=== libatomic tests ===
Running target unix
=== libatomic Summary ===
# of expected passes 44
# of unsupported tests 5
=== libffi tests ===
Running target unix
=== libffi Summary ===
# of expected passes 2439
# of unsupported tests 30
=== libgomp tests ===
Running target unix
=== libgomp Summary ===
# of expected passes 4628
# of unsupported tests 251
=== libitm tests ===
Running target unix
=== libitm Summary ===
# of expected passes 38
# of expected failures 3
# of unsupported tests 1
=== libjava tests ===
Running target unix
=== libjava Summary ===
# of expected passes 2582
# of expected failures 4
=== libstdc++ tests ===
Running target unix
UNRESOLVED: experimental/memory/shared_ptr/cons/copy_ctor_neg.cc compilation failed to produce executable
=== libstdc++ Summary ===
# of expected passes 11080
# of expected failures 68
# of unresolved testcases 1
# of unsupported tests 230
Compiler version: 6.0.0 20151128 (experimental) [trunk revision 231033] (GCC)
Platform: i686-pc-linux-gnu
configure flags: --prefix=/usr/6.0.0 --enable-clocale=gnu --with-system-zlib --enable-shared --with-demangler-in-ld --enable-libmpx i686-linux --with-fpmath=sse --enable-languages=c,c++,fortran,java,lto,objc
More information about the Gcc-testresults
mailing list