Results for 6.0.0 20151128 (experimental) [trunk revision 231027] (GCC) testsuite on i686-pc-linux-gnu
Intel Automatic Testing System [ia32 Core AVX2 PIC]
i32corei7avx2PIC@ecsmtp.ims.intel.com
Sat Nov 28 09:25:00 GMT 2015
LAST_UPDATED: Sat Nov 28 01:42:33 UTC 2015 (revision 231027)
Native configuration is i686-pc-linux-gnu
=== gcc tests ===
Running target unix
FAIL: gcc.dg/debug/dwarf2/stacked-qualified-types-3.c scan-assembler-times DIE \\\\([^\\n]*\\\\) DW_TAG_(?:const|volatile|atomic|restrict)_type 8
XPASS: gcc.dg/guality/example.c -O0 execution test
XPASS: gcc.dg/guality/example.c -O1 execution test
XPASS: gcc.dg/guality/guality.c -O0 execution test
XPASS: gcc.dg/guality/guality.c -O1 execution test
XPASS: gcc.dg/guality/guality.c -O2 execution test
XPASS: gcc.dg/guality/guality.c -O2 -flto -fno-use-linker-plugin -flto-partition=none execution test
XPASS: gcc.dg/guality/guality.c -O2 -flto -fuse-linker-plugin -fno-fat-lto-objects execution test
XPASS: gcc.dg/guality/guality.c -O3 -g execution test
XPASS: gcc.dg/guality/guality.c -Os execution test
XPASS: gcc.dg/guality/inline-params.c -O2 execution test
XPASS: gcc.dg/guality/inline-params.c -O2 -flto -fno-use-linker-plugin -flto-partition=none execution test
XPASS: gcc.dg/guality/inline-params.c -O3 -g execution test
XPASS: gcc.dg/guality/inline-params.c -Os execution test
XPASS: gcc.dg/guality/pr41353-1.c -O0 line 28 j == 28 + 37
XPASS: gcc.dg/guality/pr41353-1.c -O1 line 28 j == 28 + 37
XPASS: gcc.dg/guality/pr41353-1.c -O2 line 28 j == 28 + 37
XPASS: gcc.dg/guality/pr41353-1.c -O2 -flto -fno-use-linker-plugin -flto-partition=none line 28 j == 28 + 37
XPASS: gcc.dg/guality/pr41353-1.c -O2 -flto -fuse-linker-plugin -fno-fat-lto-objects line 28 j == 28 + 37
XPASS: gcc.dg/guality/pr41353-1.c -O3 -g line 28 j == 28 + 37
XPASS: gcc.dg/guality/pr41353-1.c -Os line 28 j == 28 + 37
FAIL: gcc.dg/guality/pr41447-1.c -O2 execution test
FAIL: gcc.dg/guality/pr41447-1.c -O2 -flto -fno-use-linker-plugin -flto-partition=none execution test
FAIL: gcc.dg/guality/pr41447-1.c -O3 -g execution test
FAIL: gcc.dg/guality/pr41616-1.c -O2 -flto -fuse-linker-plugin -fno-fat-lto-objects execution test
FAIL: gcc.dg/guality/pr45882.c -O2 -flto -fuse-linker-plugin -fno-fat-lto-objects line 16 d == 112
FAIL: gcc.dg/guality/pr45882.c -O2 -flto -fuse-linker-plugin -fno-fat-lto-objects line 16 e == 142
FAIL: gcc.dg/guality/pr54200.c -O2 -flto -fuse-linker-plugin -fno-fat-lto-objects line 20 z == 3
FAIL: gcc.dg/guality/pr54519-1.c -O2 -flto -fno-use-linker-plugin -flto-partition=none line 20 y == 25
FAIL: gcc.dg/guality/pr54519-1.c -O2 -flto -fno-use-linker-plugin -flto-partition=none line 20 z == 6
FAIL: gcc.dg/guality/pr54519-1.c -O2 -flto -fno-use-linker-plugin -flto-partition=none line 23 y == 117
FAIL: gcc.dg/guality/pr54519-1.c -O2 -flto -fno-use-linker-plugin -flto-partition=none line 23 z == 8
FAIL: gcc.dg/guality/pr54519-2.c -O2 -flto -fno-use-linker-plugin -flto-partition=none line 17 y == 25
FAIL: gcc.dg/guality/pr54519-2.c -O2 -flto -fuse-linker-plugin -fno-fat-lto-objects line 17 y == 25
FAIL: gcc.dg/guality/pr54519-3.c -O2 -flto -fno-use-linker-plugin -flto-partition=none line 20 y == 25
FAIL: gcc.dg/guality/pr54519-3.c -O2 -flto -fno-use-linker-plugin -flto-partition=none line 20 z == 6
FAIL: gcc.dg/guality/pr54519-3.c -O2 -flto -fno-use-linker-plugin -flto-partition=none line 23 y == 117
FAIL: gcc.dg/guality/pr54519-3.c -O2 -flto -fno-use-linker-plugin -flto-partition=none line 23 z == 8
FAIL: gcc.dg/guality/pr54519-3.c -O2 -flto -fuse-linker-plugin -fno-fat-lto-objects line 20 y == 25
FAIL: gcc.dg/guality/pr54519-3.c -O2 -flto -fuse-linker-plugin -fno-fat-lto-objects line 20 z == 6
FAIL: gcc.dg/guality/pr54519-3.c -O2 -flto -fuse-linker-plugin -fno-fat-lto-objects line 23 y == 117
FAIL: gcc.dg/guality/pr54519-3.c -O2 -flto -fuse-linker-plugin -fno-fat-lto-objects line 23 z == 8
FAIL: gcc.dg/guality/pr54519-4.c -O2 -flto -fno-use-linker-plugin -flto-partition=none line 17 y == 25
FAIL: gcc.dg/guality/pr54519-4.c -O2 -flto -fuse-linker-plugin -fno-fat-lto-objects line 17 y == 25
FAIL: gcc.dg/guality/pr54519-5.c -O2 -flto -fno-use-linker-plugin -flto-partition=none line 17 y == 25
FAIL: gcc.dg/guality/pr54519-5.c -O2 -flto -fuse-linker-plugin -fno-fat-lto-objects line 17 y == 25
FAIL: gcc.dg/vect/O3-pr36098.c scan-tree-dump-times vect "vectorizing stmts using SLP" 0
FAIL: gcc.dg/vect/no-section-anchors-vect-31.c scan-tree-dump-times vect "Alignment of access forced using peeling" 2
FAIL: gcc.dg/vect/no-section-anchors-vect-31.c scan-tree-dump-times vect "Vectorizing an unaligned access" 0
XPASS: gcc.dg/vect/pr61194.c -flto -ffat-lto-objects scan-tree-dump-times vect "vectorized 1 loops" 1
XPASS: gcc.dg/vect/pr61194.c scan-tree-dump-times vect "vectorized 1 loops" 1
XPASS: gcc.dg/vect/pr65947-1.c -flto -ffat-lto-objects scan-tree-dump-times vect "LOOP VECTORIZED" 2
XPASS: gcc.dg/vect/pr65947-1.c -flto -ffat-lto-objects scan-tree-dump-times vect "condition expression based on integer induction." 4
XPASS: gcc.dg/vect/pr65947-1.c scan-tree-dump-times vect "LOOP VECTORIZED" 2
XPASS: gcc.dg/vect/pr65947-1.c scan-tree-dump-times vect "condition expression based on integer induction." 4
XPASS: gcc.dg/vect/pr65947-10.c -flto -ffat-lto-objects scan-tree-dump-times vect "LOOP VECTORIZED" 2
XPASS: gcc.dg/vect/pr65947-10.c scan-tree-dump-times vect "LOOP VECTORIZED" 2
XPASS: gcc.dg/vect/pr65947-12.c -flto -ffat-lto-objects scan-tree-dump-times vect "LOOP VECTORIZED" 2
XPASS: gcc.dg/vect/pr65947-12.c scan-tree-dump-times vect "LOOP VECTORIZED" 2
XPASS: gcc.dg/vect/pr65947-13.c -flto -ffat-lto-objects scan-tree-dump-times vect "LOOP VECTORIZED" 2
XPASS: gcc.dg/vect/pr65947-13.c scan-tree-dump-times vect "LOOP VECTORIZED" 2
XPASS: gcc.dg/vect/pr65947-2.c -flto -ffat-lto-objects scan-tree-dump-times vect "LOOP VECTORIZED" 2
XPASS: gcc.dg/vect/pr65947-2.c scan-tree-dump-times vect "LOOP VECTORIZED" 2
XPASS: gcc.dg/vect/pr65947-3.c -flto -ffat-lto-objects scan-tree-dump-times vect "LOOP VECTORIZED" 2
XPASS: gcc.dg/vect/pr65947-3.c scan-tree-dump-times vect "LOOP VECTORIZED" 2
XPASS: gcc.dg/vect/pr65947-4.c -flto -ffat-lto-objects scan-tree-dump-times vect "LOOP VECTORIZED" 2
XPASS: gcc.dg/vect/pr65947-4.c -flto -ffat-lto-objects scan-tree-dump-times vect "condition expression based on integer induction." 4
XPASS: gcc.dg/vect/pr65947-4.c scan-tree-dump-times vect "LOOP VECTORIZED" 2
XPASS: gcc.dg/vect/pr65947-4.c scan-tree-dump-times vect "condition expression based on integer induction." 4
XPASS: gcc.dg/vect/pr65947-5.c -flto -ffat-lto-objects scan-tree-dump vect "loop size is greater than data size"
XPASS: gcc.dg/vect/pr65947-5.c -flto -ffat-lto-objects scan-tree-dump-times vect "LOOP VECTORIZED" 1
XPASS: gcc.dg/vect/pr65947-5.c scan-tree-dump vect "loop size is greater than data size"
XPASS: gcc.dg/vect/pr65947-5.c scan-tree-dump-times vect "LOOP VECTORIZED" 1
XPASS: gcc.dg/vect/pr65947-6.c -flto -ffat-lto-objects scan-tree-dump-times vect "LOOP VECTORIZED" 2
XPASS: gcc.dg/vect/pr65947-6.c scan-tree-dump-times vect "LOOP VECTORIZED" 2
XPASS: gcc.dg/vect/pr65947-9.c -flto -ffat-lto-objects scan-tree-dump vect "loop size is greater than data size"
XPASS: gcc.dg/vect/pr65947-9.c scan-tree-dump vect "loop size is greater than data size"
FAIL: gcc.dg/vect/slp-perm-9.c -flto -ffat-lto-objects scan-tree-dump-times vect "vectorized 1 loops" 2
FAIL: gcc.dg/vect/slp-perm-9.c scan-tree-dump-times vect "vectorized 1 loops" 2
FAIL: gcc.dg/vect/vect-92.c -flto -ffat-lto-objects scan-tree-dump-times vect "Alignment of access forced using peeling" 3
FAIL: gcc.dg/vect/vect-92.c -flto -ffat-lto-objects scan-tree-dump-times vect "Vectorizing an unaligned access" 0
FAIL: gcc.dg/vect/vect-92.c scan-tree-dump-times vect "Alignment of access forced using peeling" 3
FAIL: gcc.dg/vect/vect-92.c scan-tree-dump-times vect "Vectorizing an unaligned access" 0
FAIL: gcc.dg/vect/vect-93.c -flto -ffat-lto-objects scan-tree-dump-times vect "Vectorizing an unaligned access" 1
FAIL: gcc.dg/vect/vect-93.c scan-tree-dump-times vect "Vectorizing an unaligned access" 1
FAIL: gcc.dg/vect/vect-cselim-2.c -flto -ffat-lto-objects scan-tree-dump-times vect "vectorized 1 loops" 0
FAIL: gcc.dg/vect/vect-cselim-2.c scan-tree-dump-times vect "vectorized 1 loops" 0
FAIL: gcc.dg/vect/vect-outer-1-big-array.c -flto -ffat-lto-objects scan-tree-dump-times vect "grouped access in outer loop" 2
FAIL: gcc.dg/vect/vect-outer-1-big-array.c scan-tree-dump-times vect "grouped access in outer loop" 2
FAIL: gcc.dg/vect/vect-outer-1.c -flto -ffat-lto-objects scan-tree-dump-times vect "grouped access in outer loop" 2
FAIL: gcc.dg/vect/vect-outer-1.c scan-tree-dump-times vect "grouped access in outer loop" 2
FAIL: gcc.dg/vect/vect-outer-1a-big-array.c -flto -ffat-lto-objects scan-tree-dump-times vect "grouped access in outer loop" 2
FAIL: gcc.dg/vect/vect-outer-1a-big-array.c scan-tree-dump-times vect "grouped access in outer loop" 2
FAIL: gcc.dg/vect/vect-outer-1a.c -flto -ffat-lto-objects scan-tree-dump-times vect "grouped access in outer loop" 2
FAIL: gcc.dg/vect/vect-outer-1a.c scan-tree-dump-times vect "grouped access in outer loop" 2
FAIL: gcc.dg/vect/vect-outer-1b-big-array.c -flto -ffat-lto-objects scan-tree-dump-times vect "grouped access in outer loop" 2
FAIL: gcc.dg/vect/vect-outer-1b-big-array.c scan-tree-dump-times vect "grouped access in outer loop" 2
FAIL: gcc.dg/vect/vect-outer-1b.c -flto -ffat-lto-objects scan-tree-dump-times vect "grouped access in outer loop" 2
FAIL: gcc.dg/vect/vect-outer-1b.c scan-tree-dump-times vect "grouped access in outer loop" 2
FAIL: gcc.dg/vect/vect-outer-2b.c -flto -ffat-lto-objects scan-tree-dump-times vect "grouped access in outer loop" 2
FAIL: gcc.dg/vect/vect-outer-2b.c scan-tree-dump-times vect "grouped access in outer loop" 2
FAIL: gcc.dg/vect/vect-outer-3b.c -flto -ffat-lto-objects scan-tree-dump-times vect "grouped access in outer loop" 4
FAIL: gcc.dg/vect/vect-outer-3b.c scan-tree-dump-times vect "grouped access in outer loop" 4
FAIL: gcc.dg/vect/vect-reduc-dot-s8b.c -flto -ffat-lto-objects scan-tree-dump-times vect "vect_recog_widen_mult_pattern: detected" 2
FAIL: gcc.dg/vect/vect-reduc-dot-s8b.c scan-tree-dump-times vect "vect_recog_widen_mult_pattern: detected" 2
=== gcc Summary ===
# of expected passes 114510
# of unexpected failures 57
# of unexpected successes 48
# of expected failures 284
# of unsupported tests 2127
/export/users1/nightly/gcc.svn/test-intel32corei7avx2PIC/gcc-build-trunk/bld/gcc/xgcc version 6.0.0 20151128 (experimental) [trunk revision 231027] (GCC)
=== gfortran tests ===
Running target unix
FAIL: gfortran.dg/vect/fast-math-mgrid-resid.f -O scan-tree-dump-times pcom "Executing predictive commoning without unrolling" 2
FAIL: gfortran.dg/vect/fast-math-mgrid-resid.f -O scan-tree-dump-times pcom "Predictive commoning failed: no suitable chains" 0
=== gfortran Summary ===
# of expected passes 40982
# of unexpected failures 2
# of expected failures 63
# of unsupported tests 166
/export/users1/nightly/gcc.svn/test-intel32corei7avx2PIC/gcc-build-trunk/bld/gcc/testsuite/gfortran/../../gfortran version 6.0.0 20151128 (experimental) [trunk revision 231027] (GCC)
=== g++ tests ===
Running target unix
FAIL: c-c++-common/attr-simd-3.c -std=gnu++11 (test for excess errors)
FAIL: c-c++-common/attr-simd-3.c -std=gnu++14 (test for excess errors)
FAIL: c-c++-common/attr-simd-3.c -std=gnu++98 (test for excess errors)
FAIL: g++.dg/gcov/gcov-1.C -std=gnu++11 gcov: 3 failures in line counts, 0 in branch percentages, 0 in return percentages, 0 in intermediate format
FAIL: g++.dg/gcov/gcov-1.C -std=gnu++11 line 115: is 27:should be 14
FAIL: g++.dg/gcov/gcov-1.C -std=gnu++11 line 58: is 18:should be 9
FAIL: g++.dg/gcov/gcov-1.C -std=gnu++11 line 73: is 162:should be 81
FAIL: g++.dg/gcov/gcov-1.C -std=gnu++14 gcov: 3 failures in line counts, 0 in branch percentages, 0 in return percentages, 0 in intermediate format
FAIL: g++.dg/gcov/gcov-1.C -std=gnu++14 line 115: is 27:should be 14
FAIL: g++.dg/gcov/gcov-1.C -std=gnu++14 line 58: is 18:should be 9
FAIL: g++.dg/gcov/gcov-1.C -std=gnu++14 line 73: is 162:should be 81
FAIL: g++.dg/gcov/gcov-1.C -std=gnu++98 gcov: 3 failures in line counts, 0 in branch percentages, 0 in return percentages, 0 in intermediate format
FAIL: g++.dg/gcov/gcov-1.C -std=gnu++98 line 115: is 27:should be 14
FAIL: g++.dg/gcov/gcov-1.C -std=gnu++98 line 58: is 18:should be 9
FAIL: g++.dg/gcov/gcov-1.C -std=gnu++98 line 73: is 162:should be 81
FAIL: g++.dg/guality/pr55665.C -O2 line 23 p == 40
FAIL: g++.dg/guality/pr55665.C -O3 -g line 23 p == 40
UNRESOLVED: g++.dg/lto/20081118 cp_lto_20081118_0.o-cp_lto_20081118_1.o execute -fPIC -flto -flto-partition=1to1 -r -nostdlib
FAIL: g++.dg/lto/20081118 cp_lto_20081118_0.o-cp_lto_20081118_1.o link, -fPIC -flto -flto-partition=1to1 -r -nostdlib (internal compiler error)
UNRESOLVED: g++.dg/lto/20081204-1 cp_lto_20081204-1_0.o-cp_lto_20081204-1_1.o execute -flto -flto-partition=1to1 -fPIC -r -nostdlib
FAIL: g++.dg/lto/20081204-1 cp_lto_20081204-1_0.o-cp_lto_20081204-1_1.o link, -flto -flto-partition=1to1 -fPIC -r -nostdlib (internal compiler error)
UNRESOLVED: g++.dg/lto/20081219 cp_lto_20081219_0.o-cp_lto_20081219_1.o execute -fPIC -flto -flto-partition=1to1 -O2
FAIL: g++.dg/lto/20081219 cp_lto_20081219_0.o-cp_lto_20081219_1.o link, -fPIC -flto -flto-partition=1to1 -O2 (internal compiler error)
UNRESOLVED: g++.dg/lto/20090302 cp_lto_20090302_0.o-cp_lto_20090302_1.o execute -fPIC -flto -flto-partition=1to1 -r -nostdlib
FAIL: g++.dg/lto/20090302 cp_lto_20090302_0.o-cp_lto_20090302_1.o link, -fPIC -flto -flto-partition=1to1 -r -nostdlib (internal compiler error)
UNRESOLVED: g++.dg/lto/20091002-1 cp_lto_20091002-1_0.o-cp_lto_20091002-1_0.o execute -fPIC -flto
FAIL: g++.dg/lto/20091002-1 cp_lto_20091002-1_0.o-cp_lto_20091002-1_0.o link, -fPIC -flto (internal compiler error)
UNRESOLVED: g++.dg/lto/pr65193 cp_lto_pr65193_0.o-cp_lto_pr65193_0.o execute -fPIC -r -nostdlib -flto -O2 -g
FAIL: g++.dg/lto/pr65193 cp_lto_pr65193_0.o-cp_lto_pr65193_0.o link, -fPIC -r -nostdlib -flto -O2 -g (internal compiler error)
XPASS: g++.dg/tls/thread_local-order2.C -std=c++11 execution test
XPASS: g++.dg/tls/thread_local-order2.C -std=c++14 execution test
FAIL: g++.dg/vect/slp-pr56812.cc -std=c++11 scan-tree-dump-times slp1 "basic block vectorized" 1
FAIL: g++.dg/vect/slp-pr56812.cc -std=c++14 scan-tree-dump-times slp1 "basic block vectorized" 1
FAIL: g++.dg/vect/slp-pr56812.cc -std=c++98 scan-tree-dump-times slp1 "basic block vectorized" 1
=== g++ Summary ===
# of expected passes 98824
# of unexpected failures 26
# of unexpected successes 2
# of expected failures 266
# of unresolved testcases 6
# of unsupported tests 3272
/export/users1/nightly/gcc.svn/test-intel32corei7avx2PIC/gcc-build-trunk/bld/gcc/testsuite/g++/../../xg++ version 6.0.0 20151128 (experimental) [trunk revision 231027] (GCC)
=== objc tests ===
Running target unix
=== objc Summary ===
# of expected passes 2782
# of expected failures 6
# of unsupported tests 68
/export/users1/nightly/gcc.svn/test-intel32corei7avx2PIC/gcc-build-trunk/bld/gcc/xgcc version 6.0.0 20151128 (experimental) [trunk revision 231027] (GCC)
=== boehm-gc tests ===
Running target unix
=== boehm-gc Summary ===
# of expected passes 12
# of unsupported tests 1
=== libatomic tests ===
Running target unix
=== libatomic Summary ===
# of expected passes 44
# of unsupported tests 5
=== libffi tests ===
Running target unix
=== libffi Summary ===
# of expected passes 2439
# of unsupported tests 30
=== libgomp tests ===
Running target unix
=== libgomp Summary ===
# of expected passes 4582
# of unsupported tests 251
=== libitm tests ===
Running target unix
=== libitm Summary ===
# of expected passes 38
# of expected failures 3
# of unsupported tests 1
=== libjava tests ===
Running target unix
=== libjava Summary ===
# of expected passes 2582
# of expected failures 4
=== libstdc++ tests ===
Running target unix
UNRESOLVED: experimental/memory/shared_ptr/cons/copy_ctor_neg.cc compilation failed to produce executable
=== libstdc++ Summary ===
# of expected passes 10998
# of expected failures 68
# of unresolved testcases 1
# of unsupported tests 228
Compiler version: 6.0.0 20151128 (experimental) [trunk revision 231027] (GCC)
Platform: i686-pc-linux-gnu
configure flags: --with-arch=core-avx2 --with-cpu=core-avx2 ORIGINAL_AS_FOR_TARGET=/usr/local/i686-linux/bin/as ORIGINAL_LD_FOR_TARGET=/usr/local/i686-linux/bin/ld --prefix=/usr/local --enable-clocale=gnu --with-system-zlib --enable-shared --with-demangler-in-ld --enable-cloog-backend=isl --with-ppl=/opt/gnu --with-cloog=/opt/gnu i686-linux --with-fpmath=sse --enable-languages=c,c++,fortran,java,lto,objc
More information about the Gcc-testresults
mailing list