Results for 6.0.0 20151122 (experimental) [trunk revision 230723] (Debian 20151122-1) testsuite on s390x-ibm-linux-gnu
Matthias Klose
doko@debian.org
Tue Nov 24 17:57:00 GMT 2015
LAST_UPDATED: Sun Nov 22 18:09:49 UTC 2015 (revision 230723)
Target: s390x-linux-gnu
gcc version 6.0.0 20151122 (experimental) [trunk revision 230723] (Debian 20151122-1)
=== acats tests ===
FAIL: c52103x
FAIL: c52104x
FAIL: cb1010a
=== acats Summary ===
# of expected passes 2317
# of unexpected failures 3
Native configuration is s390x-ibm-linux-gnu
=== g++ tests ===
Running target unix
FAIL: c-c++-common/attr-simd-3.c -std=gnu++11 (test for excess errors)
FAIL: c-c++-common/attr-simd-3.c -std=gnu++11 (test for excess errors)
FAIL: c-c++-common/attr-simd-3.c -std=gnu++14 (test for excess errors)
FAIL: c-c++-common/attr-simd-3.c -std=gnu++14 (test for excess errors)
FAIL: c-c++-common/attr-simd-3.c -std=gnu++98 (test for excess errors)
FAIL: c-c++-common/attr-simd-3.c -std=gnu++98 (test for excess errors)
FAIL: g++.dg/Wno-frame-address.C -std=gnu++11 (test for excess errors)
FAIL: g++.dg/Wno-frame-address.C -std=gnu++11 (test for excess errors)
FAIL: g++.dg/Wno-frame-address.C -std=gnu++14 (test for excess errors)
FAIL: g++.dg/Wno-frame-address.C -std=gnu++14 (test for excess errors)
FAIL: g++.dg/Wno-frame-address.C -std=gnu++98 (test for excess errors)
FAIL: g++.dg/Wno-frame-address.C -std=gnu++98 (test for excess errors)
FAIL: g++.dg/init/const9.C -std=c++11 scan-assembler-not rodata
FAIL: g++.dg/init/const9.C -std=c++11 scan-assembler-not rodata
FAIL: g++.dg/init/const9.C -std=c++14 scan-assembler-not rodata
FAIL: g++.dg/init/const9.C -std=c++14 scan-assembler-not rodata
FAIL: g++.dg/init/const9.C -std=c++98 scan-assembler-not rodata
FAIL: g++.dg/init/const9.C -std=c++98 scan-assembler-not rodata
UNRESOLVED: g++.dg/init/self1.C -std=c++11 compilation failed to produce executable
UNRESOLVED: g++.dg/init/self1.C -std=c++11 compilation failed to produce executable
UNRESOLVED: g++.dg/init/self1.C -std=c++14 compilation failed to produce executable
UNRESOLVED: g++.dg/init/self1.C -std=c++14 compilation failed to produce executable
FAIL: g++.dg/tree-ssa/pr61034.C -std=gnu++11 scan-tree-dump-times fre2 "free" 10
FAIL: g++.dg/tree-ssa/pr61034.C -std=gnu++11 scan-tree-dump-times fre2 "free" 10
FAIL: g++.dg/tree-ssa/pr61034.C -std=gnu++14 scan-tree-dump-times fre2 "free" 10
FAIL: g++.dg/tree-ssa/pr61034.C -std=gnu++14 scan-tree-dump-times fre2 "free" 10
FAIL: g++.dg/tree-ssa/pr61034.C -std=gnu++98 scan-tree-dump-times fre2 "free" 10
FAIL: g++.dg/tree-ssa/pr61034.C -std=gnu++98 scan-tree-dump-times fre2 "free" 10
FAIL: g++.dg/guality/pr55665.C -O2 line 23 p == 40
FAIL: g++.dg/guality/pr55665.C -O2 line 23 p == 40
FAIL: g++.dg/guality/pr55665.C -O3 -g line 23 p == 40
FAIL: g++.dg/guality/pr55665.C -O3 -g line 23 p == 40
XPASS: g++.dg/tls/thread_local-order2.C -std=c++11 execution test
XPASS: g++.dg/tls/thread_local-order2.C -std=c++11 execution test
XPASS: g++.dg/tls/thread_local-order2.C -std=c++14 execution test
XPASS: g++.dg/tls/thread_local-order2.C -std=c++14 execution test
=== g++ Summary ===
# of expected passes 181248
# of unexpected failures 28
# of unexpected successes 4
# of expected failures 532
# of unresolved testcases 4
# of unsupported tests 7064
/build/gcc-snapshot-9RqZE3/gcc-snapshot-20151122/build/gcc/testsuite/g++/../../xg++ version 6.0.0 20151122 (experimental) [trunk revision 230723] (Debian 20151122-1)
=== gcc tests ===
Running target unix
FAIL: gcc.dg/debug/dwarf2/stacked-qualified-types-3.c scan-assembler-times DIE \\\\([^\\n]*\\\\) DW_TAG_(?:const|volatile|atomic|restrict)_type 8
FAIL: gcc.dg/debug/dwarf2/stacked-qualified-types-3.c scan-assembler-times DIE \\\\([^\\n]*\\\\) DW_TAG_(?:const|volatile|atomic|restrict)_type 8
FAIL: gcc.dg/Wno-frame-address.c (test for excess errors)
FAIL: gcc.dg/Wno-frame-address.c (test for excess errors)
FAIL: gcc.dg/ifcvt-4.c scan-rtl-dump ce1 "2 true changes made"
FAIL: gcc.dg/ifcvt-4.c scan-rtl-dump ce1 "2 true changes made"
FAIL: gcc.dg/loop-9.c scan-rtl-dump loop2_invariant "Decided"
FAIL: gcc.dg/loop-9.c scan-rtl-dump loop2_invariant "Decided"
FAIL: gcc.dg/loop-9.c scan-rtl-dump loop2_invariant "without introducing a new temporary register"
FAIL: gcc.dg/loop-9.c scan-rtl-dump loop2_invariant "without introducing a new temporary register"
FAIL: gcc.dg/pr68129_1.c (internal compiler error)
FAIL: gcc.dg/pr68129_1.c (internal compiler error)
FAIL: gcc.dg/pr68129_1.c (test for excess errors)
FAIL: gcc.dg/pr68129_1.c (test for excess errors)
XPASS: gcc.dg/guality/example.c -O0 execution test
XPASS: gcc.dg/guality/example.c -O0 execution test
XPASS: gcc.dg/guality/example.c -O1 execution test
XPASS: gcc.dg/guality/example.c -O1 execution test
XPASS: gcc.dg/guality/example.c -O2 execution test
XPASS: gcc.dg/guality/example.c -O2 execution test
XPASS: gcc.dg/guality/example.c -O2 -flto -fno-use-linker-plugin -flto-partition=none execution test
XPASS: gcc.dg/guality/example.c -O2 -flto -fno-use-linker-plugin -flto-partition=none execution test
XPASS: gcc.dg/guality/guality.c -O0 execution test
XPASS: gcc.dg/guality/guality.c -O0 execution test
XPASS: gcc.dg/guality/guality.c -O1 execution test
XPASS: gcc.dg/guality/guality.c -O1 execution test
XPASS: gcc.dg/guality/guality.c -O2 execution test
XPASS: gcc.dg/guality/guality.c -O2 execution test
XPASS: gcc.dg/guality/guality.c -O2 -flto -fno-use-linker-plugin -flto-partition=none execution test
XPASS: gcc.dg/guality/guality.c -O2 -flto -fno-use-linker-plugin -flto-partition=none execution test
XPASS: gcc.dg/guality/guality.c -O2 -flto -fuse-linker-plugin -fno-fat-lto-objects execution test
XPASS: gcc.dg/guality/guality.c -O2 -flto -fuse-linker-plugin -fno-fat-lto-objects execution test
XPASS: gcc.dg/guality/guality.c -O3 -g execution test
XPASS: gcc.dg/guality/guality.c -O3 -g execution test
XPASS: gcc.dg/guality/guality.c -Os execution test
XPASS: gcc.dg/guality/guality.c -Os execution test
XPASS: gcc.dg/guality/inline-params.c -O2 execution test
XPASS: gcc.dg/guality/inline-params.c -O2 execution test
XPASS: gcc.dg/guality/inline-params.c -O2 -flto -fno-use-linker-plugin -flto-partition=none execution test
XPASS: gcc.dg/guality/inline-params.c -O2 -flto -fno-use-linker-plugin -flto-partition=none execution test
XPASS: gcc.dg/guality/inline-params.c -O3 -g execution test
XPASS: gcc.dg/guality/inline-params.c -O3 -g execution test
XPASS: gcc.dg/guality/inline-params.c -Os execution test
XPASS: gcc.dg/guality/inline-params.c -Os execution test
FAIL: gcc.dg/guality/pr36728-2.c -O2 line 18 *x == (char) 25
FAIL: gcc.dg/guality/pr36728-2.c -O2 line 18 *x == (char) 25
FAIL: gcc.dg/guality/pr36728-2.c -O2 -flto -fno-use-linker-plugin -flto-partition=none line 18 *x == (char) 25
FAIL: gcc.dg/guality/pr36728-2.c -O2 -flto -fno-use-linker-plugin -flto-partition=none line 18 *x == (char) 25
FAIL: gcc.dg/guality/pr36728-2.c -O2 -flto -fuse-linker-plugin -fno-fat-lto-objects line 18 *x == (char) 25
FAIL: gcc.dg/guality/pr36728-2.c -O2 -flto -fuse-linker-plugin -fno-fat-lto-objects line 18 *x == (char) 25
FAIL: gcc.dg/guality/pr36728-2.c -O3 -g line 18 *x == (char) 25
FAIL: gcc.dg/guality/pr36728-2.c -O3 -g line 18 *x == (char) 25
FAIL: gcc.dg/guality/pr36728-2.c -Os line 18 *x == (char) 25
FAIL: gcc.dg/guality/pr36728-2.c -Os line 18 *x == (char) 25
XPASS: gcc.dg/guality/pr41353-1.c -O0 line 28 j == 28 + 37
XPASS: gcc.dg/guality/pr41353-1.c -O0 line 28 j == 28 + 37
FAIL: gcc.dg/guality/pr41353-1.c -O1 line 28 i == 37
FAIL: gcc.dg/guality/pr41353-1.c -O1 line 28 i == 37
FAIL: gcc.dg/guality/pr41353-1.c -O1 line 28 i1 == 2 * 37
FAIL: gcc.dg/guality/pr41353-1.c -O1 line 28 i1 == 2 * 37
FAIL: gcc.dg/guality/pr41353-1.c -O1 line 28 i2 == 3 * 37
FAIL: gcc.dg/guality/pr41353-1.c -O1 line 28 i2 == 3 * 37
XPASS: gcc.dg/guality/pr41353-1.c -O1 line 28 j == 28 + 37
XPASS: gcc.dg/guality/pr41353-1.c -O1 line 28 j == 28 + 37
FAIL: gcc.dg/guality/pr41353-1.c -O2 line 28 i == 37
FAIL: gcc.dg/guality/pr41353-1.c -O2 line 28 i == 37
FAIL: gcc.dg/guality/pr41353-1.c -O2 line 28 i1 == 2 * 37
FAIL: gcc.dg/guality/pr41353-1.c -O2 line 28 i1 == 2 * 37
FAIL: gcc.dg/guality/pr41353-1.c -O2 line 28 i2 == 3 * 37
FAIL: gcc.dg/guality/pr41353-1.c -O2 line 28 i2 == 3 * 37
XPASS: gcc.dg/guality/pr41353-1.c -O2 line 28 j == 28 + 37
XPASS: gcc.dg/guality/pr41353-1.c -O2 line 28 j == 28 + 37
FAIL: gcc.dg/guality/pr41353-1.c -O2 -flto -fno-use-linker-plugin -flto-partition=none line 28 i == 37
FAIL: gcc.dg/guality/pr41353-1.c -O2 -flto -fno-use-linker-plugin -flto-partition=none line 28 i == 37
FAIL: gcc.dg/guality/pr41353-1.c -O2 -flto -fno-use-linker-plugin -flto-partition=none line 28 i1 == 2 * 37
FAIL: gcc.dg/guality/pr41353-1.c -O2 -flto -fno-use-linker-plugin -flto-partition=none line 28 i1 == 2 * 37
FAIL: gcc.dg/guality/pr41353-1.c -O2 -flto -fno-use-linker-plugin -flto-partition=none line 28 i2 == 3 * 37
FAIL: gcc.dg/guality/pr41353-1.c -O2 -flto -fno-use-linker-plugin -flto-partition=none line 28 i2 == 3 * 37
XPASS: gcc.dg/guality/pr41353-1.c -O2 -flto -fno-use-linker-plugin -flto-partition=none line 28 j == 28 + 37
XPASS: gcc.dg/guality/pr41353-1.c -O2 -flto -fno-use-linker-plugin -flto-partition=none line 28 j == 28 + 37
FAIL: gcc.dg/guality/pr41353-1.c -O2 -flto -fuse-linker-plugin -fno-fat-lto-objects line 28 i == 37
FAIL: gcc.dg/guality/pr41353-1.c -O2 -flto -fuse-linker-plugin -fno-fat-lto-objects line 28 i == 37
FAIL: gcc.dg/guality/pr41353-1.c -O2 -flto -fuse-linker-plugin -fno-fat-lto-objects line 28 i1 == 2 * 37
FAIL: gcc.dg/guality/pr41353-1.c -O2 -flto -fuse-linker-plugin -fno-fat-lto-objects line 28 i1 == 2 * 37
FAIL: gcc.dg/guality/pr41353-1.c -O2 -flto -fuse-linker-plugin -fno-fat-lto-objects line 28 i2 == 3 * 37
FAIL: gcc.dg/guality/pr41353-1.c -O2 -flto -fuse-linker-plugin -fno-fat-lto-objects line 28 i2 == 3 * 37
XPASS: gcc.dg/guality/pr41353-1.c -O2 -flto -fuse-linker-plugin -fno-fat-lto-objects line 28 j == 28 + 37
XPASS: gcc.dg/guality/pr41353-1.c -O2 -flto -fuse-linker-plugin -fno-fat-lto-objects line 28 j == 28 + 37
FAIL: gcc.dg/guality/pr41353-1.c -O3 -g line 28 i == 37
FAIL: gcc.dg/guality/pr41353-1.c -O3 -g line 28 i == 37
FAIL: gcc.dg/guality/pr41353-1.c -O3 -g line 28 i1 == 2 * 37
FAIL: gcc.dg/guality/pr41353-1.c -O3 -g line 28 i1 == 2 * 37
FAIL: gcc.dg/guality/pr41353-1.c -O3 -g line 28 i2 == 3 * 37
FAIL: gcc.dg/guality/pr41353-1.c -O3 -g line 28 i2 == 3 * 37
XPASS: gcc.dg/guality/pr41353-1.c -O3 -g line 28 j == 28 + 37
XPASS: gcc.dg/guality/pr41353-1.c -O3 -g line 28 j == 28 + 37
FAIL: gcc.dg/guality/pr41353-1.c -Os line 28 i == 37
FAIL: gcc.dg/guality/pr41353-1.c -Os line 28 i == 37
FAIL: gcc.dg/guality/pr41353-1.c -Os line 28 i1 == 2 * 37
FAIL: gcc.dg/guality/pr41353-1.c -Os line 28 i1 == 2 * 37
FAIL: gcc.dg/guality/pr41353-1.c -Os line 28 i2 == 3 * 37
FAIL: gcc.dg/guality/pr41353-1.c -Os line 28 i2 == 3 * 37
XPASS: gcc.dg/guality/pr41353-1.c -Os line 28 j == 28 + 37
XPASS: gcc.dg/guality/pr41353-1.c -Os line 28 j == 28 + 37
FAIL: gcc.dg/guality/pr41404-1.c -O2 -flto -fuse-linker-plugin -fno-fat-lto-objects line 10 *foo == 'f'
FAIL: gcc.dg/guality/pr41404-1.c -O2 -flto -fuse-linker-plugin -fno-fat-lto-objects line 10 *foo == 'f'
FAIL: gcc.dg/guality/pr41404-1.c -O2 -flto -fuse-linker-plugin -fno-fat-lto-objects line 14 *foo == 'b'
FAIL: gcc.dg/guality/pr41404-1.c -O2 -flto -fuse-linker-plugin -fno-fat-lto-objects line 14 *foo == 'b'
FAIL: gcc.dg/guality/pr41404-1.c -O2 -flto -fuse-linker-plugin -fno-fat-lto-objects line 24 *foo == 'f'
FAIL: gcc.dg/guality/pr41404-1.c -O2 -flto -fuse-linker-plugin -fno-fat-lto-objects line 24 *foo == 'f'
FAIL: gcc.dg/guality/pr41616-1.c -O2 -flto -fuse-linker-plugin -fno-fat-lto-objects execution test
FAIL: gcc.dg/guality/pr41616-1.c -O2 -flto -fuse-linker-plugin -fno-fat-lto-objects execution test
FAIL: gcc.dg/guality/pr43051-1.c -O1 line 35 v == 1
FAIL: gcc.dg/guality/pr43051-1.c -O1 line 35 v == 1
FAIL: gcc.dg/guality/pr43051-1.c -O1 line 40 v == 1
FAIL: gcc.dg/guality/pr43051-1.c -O1 line 40 v == 1
FAIL: gcc.dg/guality/pr43051-1.c -O2 line 35 v == 1
FAIL: gcc.dg/guality/pr43051-1.c -O2 line 35 v == 1
FAIL: gcc.dg/guality/pr43051-1.c -O2 line 40 v == 1
FAIL: gcc.dg/guality/pr43051-1.c -O2 line 40 v == 1
FAIL: gcc.dg/guality/pr43051-1.c -O2 -flto -fno-use-linker-plugin -flto-partition=none line 35 v == 1
FAIL: gcc.dg/guality/pr43051-1.c -O2 -flto -fno-use-linker-plugin -flto-partition=none line 35 v == 1
FAIL: gcc.dg/guality/pr43051-1.c -O2 -flto -fno-use-linker-plugin -flto-partition=none line 40 v == 1
FAIL: gcc.dg/guality/pr43051-1.c -O2 -flto -fno-use-linker-plugin -flto-partition=none line 40 v == 1
FAIL: gcc.dg/guality/pr43051-1.c -O2 -flto -fuse-linker-plugin -fno-fat-lto-objects line 35 v == 1
FAIL: gcc.dg/guality/pr43051-1.c -O2 -flto -fuse-linker-plugin -fno-fat-lto-objects line 35 v == 1
FAIL: gcc.dg/guality/pr43051-1.c -O2 -flto -fuse-linker-plugin -fno-fat-lto-objects line 40 v == 1
FAIL: gcc.dg/guality/pr43051-1.c -O2 -flto -fuse-linker-plugin -fno-fat-lto-objects line 40 v == 1
FAIL: gcc.dg/guality/pr43051-1.c -O3 -fomit-frame-pointer -funroll-loops -fpeel-loops -ftracer -finline-functions line 35 v == 1
FAIL: gcc.dg/guality/pr43051-1.c -O3 -fomit-frame-pointer -funroll-loops -fpeel-loops -ftracer -finline-functions line 35 v == 1
FAIL: gcc.dg/guality/pr43051-1.c -O3 -fomit-frame-pointer -funroll-loops -fpeel-loops -ftracer -finline-functions line 40 v == 1
FAIL: gcc.dg/guality/pr43051-1.c -O3 -fomit-frame-pointer -funroll-loops -fpeel-loops -ftracer -finline-functions line 40 v == 1
FAIL: gcc.dg/guality/pr43051-1.c -O3 -g line 35 v == 1
FAIL: gcc.dg/guality/pr43051-1.c -O3 -g line 35 v == 1
FAIL: gcc.dg/guality/pr43051-1.c -O3 -g line 40 v == 1
FAIL: gcc.dg/guality/pr43051-1.c -O3 -g line 40 v == 1
FAIL: gcc.dg/guality/pr43051-1.c -Os line 35 v == 1
FAIL: gcc.dg/guality/pr43051-1.c -Os line 35 v == 1
FAIL: gcc.dg/guality/pr43051-1.c -Os line 40 v == 1
FAIL: gcc.dg/guality/pr43051-1.c -Os line 40 v == 1
FAIL: gcc.dg/guality/pr43077-1.c -O0 line 42 b == 2
FAIL: gcc.dg/guality/pr43077-1.c -O0 line 42 b == 2
FAIL: gcc.dg/guality/pr43077-1.c -O0 line 42 c == 3
FAIL: gcc.dg/guality/pr43077-1.c -O0 line 42 c == 3
FAIL: gcc.dg/guality/pr43077-1.c -O0 line 42 varb == 2
FAIL: gcc.dg/guality/pr43077-1.c -O0 line 42 varb == 2
FAIL: gcc.dg/guality/pr43077-1.c -O0 line 42 varc == 3
FAIL: gcc.dg/guality/pr43077-1.c -O0 line 42 varc == 3
FAIL: gcc.dg/guality/pr43077-1.c -O1 line 42 c == 3
FAIL: gcc.dg/guality/pr43077-1.c -O1 line 42 c == 3
FAIL: gcc.dg/guality/pr43077-1.c -O1 line 42 varc == 3
FAIL: gcc.dg/guality/pr43077-1.c -O1 line 42 varc == 3
FAIL: gcc.dg/guality/pr43077-1.c -O2 line 42 c == 3
FAIL: gcc.dg/guality/pr43077-1.c -O2 line 42 c == 3
FAIL: gcc.dg/guality/pr43077-1.c -O2 line 42 varc == 3
FAIL: gcc.dg/guality/pr43077-1.c -O2 line 42 varc == 3
FAIL: gcc.dg/guality/pr43077-1.c -O2 -flto -fno-use-linker-plugin -flto-partition=none line 42 c == 3
FAIL: gcc.dg/guality/pr43077-1.c -O2 -flto -fno-use-linker-plugin -flto-partition=none line 42 c == 3
FAIL: gcc.dg/guality/pr43077-1.c -O2 -flto -fno-use-linker-plugin -flto-partition=none line 42 varc == 3
FAIL: gcc.dg/guality/pr43077-1.c -O2 -flto -fno-use-linker-plugin -flto-partition=none line 42 varc == 3
FAIL: gcc.dg/guality/pr43077-1.c -O2 -flto -fuse-linker-plugin -fno-fat-lto-objects line 42 c == 3
FAIL: gcc.dg/guality/pr43077-1.c -O2 -flto -fuse-linker-plugin -fno-fat-lto-objects line 42 c == 3
FAIL: gcc.dg/guality/pr43077-1.c -O2 -flto -fuse-linker-plugin -fno-fat-lto-objects line 42 varc == 3
FAIL: gcc.dg/guality/pr43077-1.c -O2 -flto -fuse-linker-plugin -fno-fat-lto-objects line 42 varc == 3
FAIL: gcc.dg/guality/pr43077-1.c -O3 -g line 42 c == 3
FAIL: gcc.dg/guality/pr43077-1.c -O3 -g line 42 c == 3
FAIL: gcc.dg/guality/pr43077-1.c -O3 -g line 42 varc == 3
FAIL: gcc.dg/guality/pr43077-1.c -O3 -g line 42 varc == 3
FAIL: gcc.dg/guality/pr43077-1.c -Os line 42 c == 3
FAIL: gcc.dg/guality/pr43077-1.c -Os line 42 c == 3
FAIL: gcc.dg/guality/pr43077-1.c -Os line 42 varc == 3
FAIL: gcc.dg/guality/pr43077-1.c -Os line 42 varc == 3
FAIL: gcc.dg/guality/pr45882.c -O2 -flto -fuse-linker-plugin -fno-fat-lto-objects line 16 d == 112
FAIL: gcc.dg/guality/pr45882.c -O2 -flto -fuse-linker-plugin -fno-fat-lto-objects line 16 d == 112
FAIL: gcc.dg/guality/pr45882.c -O2 -flto -fuse-linker-plugin -fno-fat-lto-objects line 16 e == 142
FAIL: gcc.dg/guality/pr45882.c -O2 -flto -fuse-linker-plugin -fno-fat-lto-objects line 16 e == 142
FAIL: gcc.dg/guality/pr54200.c -O1 line 20 z == 3
FAIL: gcc.dg/guality/pr54200.c -O1 line 20 z == 3
FAIL: gcc.dg/guality/pr54200.c -O2 line 20 z == 3
FAIL: gcc.dg/guality/pr54200.c -O2 line 20 z == 3
FAIL: gcc.dg/guality/pr54200.c -O2 -flto -fno-use-linker-plugin -flto-partition=none line 20 z == 3
FAIL: gcc.dg/guality/pr54200.c -O2 -flto -fno-use-linker-plugin -flto-partition=none line 20 z == 3
FAIL: gcc.dg/guality/pr54200.c -O2 -flto -fuse-linker-plugin -fno-fat-lto-objects line 20 z == 3
FAIL: gcc.dg/guality/pr54200.c -O2 -flto -fuse-linker-plugin -fno-fat-lto-objects line 20 z == 3
FAIL: gcc.dg/guality/pr54200.c -O3 -g line 20 z == 3
FAIL: gcc.dg/guality/pr54200.c -O3 -g line 20 z == 3
FAIL: gcc.dg/guality/pr54200.c -Os line 20 z == 3
FAIL: gcc.dg/guality/pr54200.c -Os line 20 z == 3
FAIL: gcc.dg/guality/pr54519-1.c -O1 line 20 x == 36
FAIL: gcc.dg/guality/pr54519-1.c -O1 line 20 x == 36
FAIL: gcc.dg/guality/pr54519-1.c -O1 line 20 y == 25
FAIL: gcc.dg/guality/pr54519-1.c -O1 line 20 y == 25
FAIL: gcc.dg/guality/pr54519-1.c -O1 line 23 x == 98
FAIL: gcc.dg/guality/pr54519-1.c -O1 line 23 x == 98
FAIL: gcc.dg/guality/pr54519-1.c -O1 line 23 y == 117
FAIL: gcc.dg/guality/pr54519-1.c -O1 line 23 y == 117
FAIL: gcc.dg/guality/pr54519-1.c -O2 line 20 x == 36
FAIL: gcc.dg/guality/pr54519-1.c -O2 line 20 x == 36
FAIL: gcc.dg/guality/pr54519-1.c -O2 line 23 x == 98
FAIL: gcc.dg/guality/pr54519-1.c -O2 line 23 x == 98
FAIL: gcc.dg/guality/pr54519-1.c -O2 -flto -fno-use-linker-plugin -flto-partition=none line 20 x == 36
FAIL: gcc.dg/guality/pr54519-1.c -O2 -flto -fno-use-linker-plugin -flto-partition=none line 20 x == 36
FAIL: gcc.dg/guality/pr54519-1.c -O2 -flto -fno-use-linker-plugin -flto-partition=none line 20 y == 25
FAIL: gcc.dg/guality/pr54519-1.c -O2 -flto -fno-use-linker-plugin -flto-partition=none line 20 y == 25
FAIL: gcc.dg/guality/pr54519-1.c -O2 -flto -fno-use-linker-plugin -flto-partition=none line 20 z == 6
FAIL: gcc.dg/guality/pr54519-1.c -O2 -flto -fno-use-linker-plugin -flto-partition=none line 20 z == 6
FAIL: gcc.dg/guality/pr54519-1.c -O2 -flto -fno-use-linker-plugin -flto-partition=none line 23 x == 98
FAIL: gcc.dg/guality/pr54519-1.c -O2 -flto -fno-use-linker-plugin -flto-partition=none line 23 x == 98
FAIL: gcc.dg/guality/pr54519-1.c -O2 -flto -fno-use-linker-plugin -flto-partition=none line 23 y == 117
FAIL: gcc.dg/guality/pr54519-1.c -O2 -flto -fno-use-linker-plugin -flto-partition=none line 23 y == 117
FAIL: gcc.dg/guality/pr54519-1.c -O2 -flto -fno-use-linker-plugin -flto-partition=none line 23 z == 8
FAIL: gcc.dg/guality/pr54519-1.c -O2 -flto -fno-use-linker-plugin -flto-partition=none line 23 z == 8
FAIL: gcc.dg/guality/pr54519-1.c -Os line 20 x == 36
FAIL: gcc.dg/guality/pr54519-1.c -Os line 20 x == 36
FAIL: gcc.dg/guality/pr54519-1.c -Os line 23 x == 98
FAIL: gcc.dg/guality/pr54519-1.c -Os line 23 x == 98
FAIL: gcc.dg/guality/pr54519-2.c -O1 line 17 x == 6
FAIL: gcc.dg/guality/pr54519-2.c -O1 line 17 x == 6
FAIL: gcc.dg/guality/pr54519-2.c -O2 -flto -fno-use-linker-plugin -flto-partition=none line 17 y == 25
FAIL: gcc.dg/guality/pr54519-2.c -O2 -flto -fno-use-linker-plugin -flto-partition=none line 17 y == 25
FAIL: gcc.dg/guality/pr54519-2.c -O2 -flto -fuse-linker-plugin -fno-fat-lto-objects line 17 y == 25
FAIL: gcc.dg/guality/pr54519-2.c -O2 -flto -fuse-linker-plugin -fno-fat-lto-objects line 17 y == 25
FAIL: gcc.dg/guality/pr54519-3.c -O2 line 20 z == 6
FAIL: gcc.dg/guality/pr54519-3.c -O2 line 20 z == 6
FAIL: gcc.dg/guality/pr54519-3.c -O2 line 23 z == 8
FAIL: gcc.dg/guality/pr54519-3.c -O2 line 23 z == 8
FAIL: gcc.dg/guality/pr54519-3.c -O2 -flto -fno-use-linker-plugin -flto-partition=none line 20 y == 25
FAIL: gcc.dg/guality/pr54519-3.c -O2 -flto -fno-use-linker-plugin -flto-partition=none line 20 y == 25
FAIL: gcc.dg/guality/pr54519-3.c -O2 -flto -fno-use-linker-plugin -flto-partition=none line 20 z == 6
FAIL: gcc.dg/guality/pr54519-3.c -O2 -flto -fno-use-linker-plugin -flto-partition=none line 20 z == 6
FAIL: gcc.dg/guality/pr54519-3.c -O2 -flto -fno-use-linker-plugin -flto-partition=none line 23 y == 117
FAIL: gcc.dg/guality/pr54519-3.c -O2 -flto -fno-use-linker-plugin -flto-partition=none line 23 y == 117
FAIL: gcc.dg/guality/pr54519-3.c -O2 -flto -fno-use-linker-plugin -flto-partition=none line 23 z == 8
FAIL: gcc.dg/guality/pr54519-3.c -O2 -flto -fno-use-linker-plugin -flto-partition=none line 23 z == 8
FAIL: gcc.dg/guality/pr54519-3.c -O2 -flto -fuse-linker-plugin -fno-fat-lto-objects line 20 y == 25
FAIL: gcc.dg/guality/pr54519-3.c -O2 -flto -fuse-linker-plugin -fno-fat-lto-objects line 20 y == 25
FAIL: gcc.dg/guality/pr54519-3.c -O2 -flto -fuse-linker-plugin -fno-fat-lto-objects line 20 z == 6
FAIL: gcc.dg/guality/pr54519-3.c -O2 -flto -fuse-linker-plugin -fno-fat-lto-objects line 20 z == 6
FAIL: gcc.dg/guality/pr54519-3.c -O2 -flto -fuse-linker-plugin -fno-fat-lto-objects line 23 y == 117
FAIL: gcc.dg/guality/pr54519-3.c -O2 -flto -fuse-linker-plugin -fno-fat-lto-objects line 23 y == 117
FAIL: gcc.dg/guality/pr54519-3.c -O2 -flto -fuse-linker-plugin -fno-fat-lto-objects line 23 z == 8
FAIL: gcc.dg/guality/pr54519-3.c -O2 -flto -fuse-linker-plugin -fno-fat-lto-objects line 23 z == 8
FAIL: gcc.dg/guality/pr54519-3.c -O3 -g line 20 z == 6
FAIL: gcc.dg/guality/pr54519-3.c -O3 -g line 20 z == 6
FAIL: gcc.dg/guality/pr54519-3.c -O3 -g line 23 z == 8
FAIL: gcc.dg/guality/pr54519-3.c -O3 -g line 23 z == 8
FAIL: gcc.dg/guality/pr54519-3.c -Os line 20 z == 6
FAIL: gcc.dg/guality/pr54519-3.c -Os line 20 z == 6
FAIL: gcc.dg/guality/pr54519-3.c -Os line 23 z == 8
FAIL: gcc.dg/guality/pr54519-3.c -Os line 23 z == 8
FAIL: gcc.dg/guality/pr54519-4.c -O2 line 17 y == 25
FAIL: gcc.dg/guality/pr54519-4.c -O2 line 17 y == 25
FAIL: gcc.dg/guality/pr54519-4.c -O2 -flto -fno-use-linker-plugin -flto-partition=none line 17 y == 25
FAIL: gcc.dg/guality/pr54519-4.c -O2 -flto -fno-use-linker-plugin -flto-partition=none line 17 y == 25
FAIL: gcc.dg/guality/pr54519-4.c -O2 -flto -fuse-linker-plugin -fno-fat-lto-objects line 17 y == 25
FAIL: gcc.dg/guality/pr54519-4.c -O2 -flto -fuse-linker-plugin -fno-fat-lto-objects line 17 y == 25
FAIL: gcc.dg/guality/pr54519-4.c -O3 -g line 17 y == 25
FAIL: gcc.dg/guality/pr54519-4.c -O3 -g line 17 y == 25
FAIL: gcc.dg/guality/pr54519-4.c -Os line 17 y == 25
FAIL: gcc.dg/guality/pr54519-4.c -Os line 17 y == 25
FAIL: gcc.dg/guality/pr54519-5.c -O1 line 17 x == 6
FAIL: gcc.dg/guality/pr54519-5.c -O1 line 17 x == 6
FAIL: gcc.dg/guality/pr54519-5.c -O1 line 17 y == 25
FAIL: gcc.dg/guality/pr54519-5.c -O1 line 17 y == 25
FAIL: gcc.dg/guality/pr54519-5.c -O2 line 17 y == 25
FAIL: gcc.dg/guality/pr54519-5.c -O2 line 17 y == 25
FAIL: gcc.dg/guality/pr54519-5.c -O2 -flto -fno-use-linker-plugin -flto-partition=none line 17 y == 25
FAIL: gcc.dg/guality/pr54519-5.c -O2 -flto -fno-use-linker-plugin -flto-partition=none line 17 y == 25
FAIL: gcc.dg/guality/pr54519-5.c -O2 -flto -fuse-linker-plugin -fno-fat-lto-objects line 17 y == 25
FAIL: gcc.dg/guality/pr54519-5.c -O2 -flto -fuse-linker-plugin -fno-fat-lto-objects line 17 y == 25
FAIL: gcc.dg/guality/pr54519-5.c -O3 -g line 17 y == 25
FAIL: gcc.dg/guality/pr54519-5.c -O3 -g line 17 y == 25
FAIL: gcc.dg/guality/pr54519-5.c -Os line 17 y == 25
FAIL: gcc.dg/guality/pr54519-5.c -Os line 17 y == 25
FAIL: gcc.dg/guality/pr54551.c -O1 line 18 a == 4
FAIL: gcc.dg/guality/pr54551.c -O1 line 18 a == 4
FAIL: gcc.dg/guality/pr54551.c -O2 line 18 a == 4
FAIL: gcc.dg/guality/pr54551.c -O2 line 18 a == 4
FAIL: gcc.dg/guality/pr54551.c -O2 -flto -fno-use-linker-plugin -flto-partition=none line 18 a == 4
FAIL: gcc.dg/guality/pr54551.c -O2 -flto -fno-use-linker-plugin -flto-partition=none line 18 a == 4
FAIL: gcc.dg/guality/pr54551.c -O3 -g line 18 a == 4
FAIL: gcc.dg/guality/pr54551.c -O3 -g line 18 a == 4
FAIL: gcc.dg/guality/pr54551.c -Os line 18 a == 4
FAIL: gcc.dg/guality/pr54551.c -Os line 18 a == 4
FAIL: gcc.dg/guality/pr54693-2.c -O1 line 21 x == 10 - i
FAIL: gcc.dg/guality/pr54693-2.c -O1 line 21 x == 10 - i
FAIL: gcc.dg/guality/pr54693-2.c -O1 line 21 y == 20 - 2 * i
FAIL: gcc.dg/guality/pr54693-2.c -O1 line 21 y == 20 - 2 * i
FAIL: gcc.dg/guality/pr54693-2.c -O2 line 21 x == 10 - i
FAIL: gcc.dg/guality/pr54693-2.c -O2 line 21 x == 10 - i
FAIL: gcc.dg/guality/pr54693-2.c -O2 line 21 y == 20 - 2 * i
FAIL: gcc.dg/guality/pr54693-2.c -O2 line 21 y == 20 - 2 * i
FAIL: gcc.dg/guality/pr54693-2.c -O2 -flto -fno-use-linker-plugin -flto-partition=none line 21 x == 10 - i
FAIL: gcc.dg/guality/pr54693-2.c -O2 -flto -fno-use-linker-plugin -flto-partition=none line 21 x == 10 - i
FAIL: gcc.dg/guality/pr54693-2.c -O2 -flto -fno-use-linker-plugin -flto-partition=none line 21 y == 20 - 2 * i
FAIL: gcc.dg/guality/pr54693-2.c -O2 -flto -fno-use-linker-plugin -flto-partition=none line 21 y == 20 - 2 * i
FAIL: gcc.dg/guality/pr54693-2.c -O2 -flto -fuse-linker-plugin -fno-fat-lto-objects line 21 x == 10 - i
FAIL: gcc.dg/guality/pr54693-2.c -O2 -flto -fuse-linker-plugin -fno-fat-lto-objects line 21 x == 10 - i
FAIL: gcc.dg/guality/pr54693-2.c -O2 -flto -fuse-linker-plugin -fno-fat-lto-objects line 21 y == 20 - 2 * i
FAIL: gcc.dg/guality/pr54693-2.c -O2 -flto -fuse-linker-plugin -fno-fat-lto-objects line 21 y == 20 - 2 * i
FAIL: gcc.dg/guality/pr54693-2.c -O3 -fomit-frame-pointer -funroll-loops -fpeel-loops -ftracer -finline-functions line 21 y == 20 - 2 * i
FAIL: gcc.dg/guality/pr54693-2.c -O3 -fomit-frame-pointer -funroll-loops -fpeel-loops -ftracer -finline-functions line 21 y == 20 - 2 * i
FAIL: gcc.dg/guality/pr54693-2.c -O3 -g line 21 x == 10 - i
FAIL: gcc.dg/guality/pr54693-2.c -O3 -g line 21 x == 10 - i
FAIL: gcc.dg/guality/pr54693-2.c -O3 -g line 21 y == 20 - 2 * i
FAIL: gcc.dg/guality/pr54693-2.c -O3 -g line 21 y == 20 - 2 * i
FAIL: gcc.dg/guality/pr54693-2.c -Os line 21 x == 10 - i
FAIL: gcc.dg/guality/pr54693-2.c -Os line 21 x == 10 - i
FAIL: gcc.dg/guality/pr54693-2.c -Os line 21 y == 20 - 2 * i
FAIL: gcc.dg/guality/pr54693-2.c -Os line 21 y == 20 - 2 * i
FAIL: gcc.dg/guality/pr54693.c -O1 line 22 i == c - 48
FAIL: gcc.dg/guality/pr54693.c -O1 line 22 i == c - 48
FAIL: gcc.dg/guality/pr54693.c -O2 line 22 i == c - 48
FAIL: gcc.dg/guality/pr54693.c -O2 line 22 i == c - 48
FAIL: gcc.dg/guality/pr54693.c -O2 -flto -fno-use-linker-plugin -flto-partition=none line 22 i == c - 48
FAIL: gcc.dg/guality/pr54693.c -O2 -flto -fno-use-linker-plugin -flto-partition=none line 22 i == c - 48
FAIL: gcc.dg/guality/pr54693.c -O2 -flto -fuse-linker-plugin -fno-fat-lto-objects line 22 i == c - 48
FAIL: gcc.dg/guality/pr54693.c -O2 -flto -fuse-linker-plugin -fno-fat-lto-objects line 22 i == c - 48
FAIL: gcc.dg/guality/pr54693.c -O3 -fomit-frame-pointer -funroll-loops -fpeel-loops -ftracer -finline-functions line 22 i == c - 48
FAIL: gcc.dg/guality/pr54693.c -O3 -fomit-frame-pointer -funroll-loops -fpeel-loops -ftracer -finline-functions line 22 i == c - 48
FAIL: gcc.dg/guality/pr54693.c -O3 -g line 22 i == c - 48
FAIL: gcc.dg/guality/pr54693.c -O3 -g line 22 i == c - 48
FAIL: gcc.dg/guality/pr54693.c -Os line 22 i == c - 48
FAIL: gcc.dg/guality/pr54693.c -Os line 22 i == c - 48
FAIL: gcc.dg/guality/pr54970.c -O1 line 15 *p == 3
FAIL: gcc.dg/guality/pr54970.c -O1 line 15 *p == 3
FAIL: gcc.dg/guality/pr54970.c -O1 line 15 *q == 2
FAIL: gcc.dg/guality/pr54970.c -O1 line 15 *q == 2
FAIL: gcc.dg/guality/pr54970.c -O1 line 15 a[0] == 1
FAIL: gcc.dg/guality/pr54970.c -O1 line 15 a[0] == 1
FAIL: gcc.dg/guality/pr54970.c -O1 line 15 a[1] == 2
FAIL: gcc.dg/guality/pr54970.c -O1 line 15 a[1] == 2
FAIL: gcc.dg/guality/pr54970.c -O1 line 15 a[2] == 3
FAIL: gcc.dg/guality/pr54970.c -O1 line 15 a[2] == 3
FAIL: gcc.dg/guality/pr54970.c -O1 line 20 *p == 13
FAIL: gcc.dg/guality/pr54970.c -O1 line 20 *p == 13
FAIL: gcc.dg/guality/pr54970.c -O1 line 20 *q == 2
FAIL: gcc.dg/guality/pr54970.c -O1 line 20 *q == 2
FAIL: gcc.dg/guality/pr54970.c -O1 line 20 a[0] == 1
FAIL: gcc.dg/guality/pr54970.c -O1 line 20 a[0] == 1
FAIL: gcc.dg/guality/pr54970.c -O1 line 20 a[1] == 2
FAIL: gcc.dg/guality/pr54970.c -O1 line 20 a[1] == 2
FAIL: gcc.dg/guality/pr54970.c -O1 line 20 a[2] == 13
FAIL: gcc.dg/guality/pr54970.c -O1 line 20 a[2] == 13
FAIL: gcc.dg/guality/pr54970.c -O1 line 25 *p == 13
FAIL: gcc.dg/guality/pr54970.c -O1 line 25 *p == 13
FAIL: gcc.dg/guality/pr54970.c -O1 line 25 *q == 12
FAIL: gcc.dg/guality/pr54970.c -O1 line 25 *q == 12
FAIL: gcc.dg/guality/pr54970.c -O1 line 25 a[0] == 1
FAIL: gcc.dg/guality/pr54970.c -O1 line 25 a[0] == 1
FAIL: gcc.dg/guality/pr54970.c -O1 line 25 a[1] == 12
FAIL: gcc.dg/guality/pr54970.c -O1 line 25 a[1] == 12
FAIL: gcc.dg/guality/pr54970.c -O1 line 25 a[2] == 13
FAIL: gcc.dg/guality/pr54970.c -O1 line 25 a[2] == 13
FAIL: gcc.dg/guality/pr54970.c -O1 line 31 *p == 6
FAIL: gcc.dg/guality/pr54970.c -O1 line 31 *p == 6
FAIL: gcc.dg/guality/pr54970.c -O1 line 31 *q == 5
FAIL: gcc.dg/guality/pr54970.c -O1 line 31 *q == 5
FAIL: gcc.dg/guality/pr54970.c -O1 line 31 a[0] == 4
FAIL: gcc.dg/guality/pr54970.c -O1 line 31 a[0] == 4
FAIL: gcc.dg/guality/pr54970.c -O1 line 31 a[1] == 5
FAIL: gcc.dg/guality/pr54970.c -O1 line 31 a[1] == 5
FAIL: gcc.dg/guality/pr54970.c -O1 line 31 a[2] == 6
FAIL: gcc.dg/guality/pr54970.c -O1 line 31 a[2] == 6
FAIL: gcc.dg/guality/pr54970.c -O1 line 36 *p == 26
FAIL: gcc.dg/guality/pr54970.c -O1 line 36 *p == 26
FAIL: gcc.dg/guality/pr54970.c -O1 line 36 *q == 5
FAIL: gcc.dg/guality/pr54970.c -O1 line 36 *q == 5
FAIL: gcc.dg/guality/pr54970.c -O1 line 36 a[0] == 4
FAIL: gcc.dg/guality/pr54970.c -O1 line 36 a[0] == 4
FAIL: gcc.dg/guality/pr54970.c -O1 line 36 a[1] == 5
FAIL: gcc.dg/guality/pr54970.c -O1 line 36 a[1] == 5
FAIL: gcc.dg/guality/pr54970.c -O1 line 36 a[2] == 26
FAIL: gcc.dg/guality/pr54970.c -O1 line 36 a[2] == 26
FAIL: gcc.dg/guality/pr54970.c -O1 line 45 *p == 26
FAIL: gcc.dg/guality/pr54970.c -O1 line 45 *p == 26
FAIL: gcc.dg/guality/pr54970.c -O1 line 45 *q == 25
FAIL: gcc.dg/guality/pr54970.c -O1 line 45 *q == 25
FAIL: gcc.dg/guality/pr54970.c -O1 line 45 a[0] == 4
FAIL: gcc.dg/guality/pr54970.c -O1 line 45 a[0] == 4
FAIL: gcc.dg/guality/pr54970.c -O1 line 45 a[1] == 25
FAIL: gcc.dg/guality/pr54970.c -O1 line 45 a[1] == 25
FAIL: gcc.dg/guality/pr54970.c -O1 line 45 a[2] == 26
FAIL: gcc.dg/guality/pr54970.c -O1 line 45 a[2] == 26
FAIL: gcc.dg/guality/pr54970.c -O1 line 45 p[-1] == 25
FAIL: gcc.dg/guality/pr54970.c -O1 line 45 p[-1] == 25
FAIL: gcc.dg/guality/pr54970.c -O1 line 45 p[-2] == 4
FAIL: gcc.dg/guality/pr54970.c -O1 line 45 p[-2] == 4
FAIL: gcc.dg/guality/pr54970.c -O1 line 45 q[-1] == 4
FAIL: gcc.dg/guality/pr54970.c -O1 line 45 q[-1] == 4
FAIL: gcc.dg/guality/pr54970.c -O1 line 45 q[1] == 26
FAIL: gcc.dg/guality/pr54970.c -O1 line 45 q[1] == 26
FAIL: gcc.dg/guality/pr54970.c -O2 line 15 *p == 3
FAIL: gcc.dg/guality/pr54970.c -O2 line 15 *p == 3
FAIL: gcc.dg/guality/pr54970.c -O2 line 15 *q == 2
FAIL: gcc.dg/guality/pr54970.c -O2 line 15 *q == 2
FAIL: gcc.dg/guality/pr54970.c -O2 line 15 a[0] == 1
FAIL: gcc.dg/guality/pr54970.c -O2 line 15 a[0] == 1
FAIL: gcc.dg/guality/pr54970.c -O2 line 15 a[1] == 2
FAIL: gcc.dg/guality/pr54970.c -O2 line 15 a[1] == 2
FAIL: gcc.dg/guality/pr54970.c -O2 line 15 a[2] == 3
FAIL: gcc.dg/guality/pr54970.c -O2 line 15 a[2] == 3
FAIL: gcc.dg/guality/pr54970.c -O2 line 20 *p == 13
FAIL: gcc.dg/guality/pr54970.c -O2 line 20 *p == 13
FAIL: gcc.dg/guality/pr54970.c -O2 line 20 *q == 2
FAIL: gcc.dg/guality/pr54970.c -O2 line 20 *q == 2
FAIL: gcc.dg/guality/pr54970.c -O2 line 20 a[0] == 1
FAIL: gcc.dg/guality/pr54970.c -O2 line 20 a[0] == 1
FAIL: gcc.dg/guality/pr54970.c -O2 line 20 a[1] == 2
FAIL: gcc.dg/guality/pr54970.c -O2 line 20 a[1] == 2
FAIL: gcc.dg/guality/pr54970.c -O2 line 20 a[2] == 13
FAIL: gcc.dg/guality/pr54970.c -O2 line 20 a[2] == 13
FAIL: gcc.dg/guality/pr54970.c -O2 line 25 *p == 13
FAIL: gcc.dg/guality/pr54970.c -O2 line 25 *p == 13
FAIL: gcc.dg/guality/pr54970.c -O2 line 25 *q == 12
FAIL: gcc.dg/guality/pr54970.c -O2 line 25 *q == 12
FAIL: gcc.dg/guality/pr54970.c -O2 line 25 a[0] == 1
FAIL: gcc.dg/guality/pr54970.c -O2 line 25 a[0] == 1
FAIL: gcc.dg/guality/pr54970.c -O2 line 25 a[1] == 12
FAIL: gcc.dg/guality/pr54970.c -O2 line 25 a[1] == 12
FAIL: gcc.dg/guality/pr54970.c -O2 line 25 a[2] == 13
FAIL: gcc.dg/guality/pr54970.c -O2 line 25 a[2] == 13
FAIL: gcc.dg/guality/pr54970.c -O2 line 31 *p == 6
FAIL: gcc.dg/guality/pr54970.c -O2 line 31 *p == 6
FAIL: gcc.dg/guality/pr54970.c -O2 line 31 *q == 5
FAIL: gcc.dg/guality/pr54970.c -O2 line 31 *q == 5
FAIL: gcc.dg/guality/pr54970.c -O2 line 31 a[0] == 4
FAIL: gcc.dg/guality/pr54970.c -O2 line 31 a[0] == 4
FAIL: gcc.dg/guality/pr54970.c -O2 line 31 a[1] == 5
FAIL: gcc.dg/guality/pr54970.c -O2 line 31 a[1] == 5
FAIL: gcc.dg/guality/pr54970.c -O2 line 31 a[2] == 6
FAIL: gcc.dg/guality/pr54970.c -O2 line 31 a[2] == 6
FAIL: gcc.dg/guality/pr54970.c -O2 line 36 *p == 26
FAIL: gcc.dg/guality/pr54970.c -O2 line 36 *p == 26
FAIL: gcc.dg/guality/pr54970.c -O2 line 36 *q == 5
FAIL: gcc.dg/guality/pr54970.c -O2 line 36 *q == 5
FAIL: gcc.dg/guality/pr54970.c -O2 line 36 a[0] == 4
FAIL: gcc.dg/guality/pr54970.c -O2 line 36 a[0] == 4
FAIL: gcc.dg/guality/pr54970.c -O2 line 36 a[1] == 5
FAIL: gcc.dg/guality/pr54970.c -O2 line 36 a[1] == 5
FAIL: gcc.dg/guality/pr54970.c -O2 line 36 a[2] == 26
FAIL: gcc.dg/guality/pr54970.c -O2 line 36 a[2] == 26
FAIL: gcc.dg/guality/pr54970.c -O2 line 45 *p == 26
FAIL: gcc.dg/guality/pr54970.c -O2 line 45 *p == 26
FAIL: gcc.dg/guality/pr54970.c -O2 line 45 *q == 25
FAIL: gcc.dg/guality/pr54970.c -O2 line 45 *q == 25
FAIL: gcc.dg/guality/pr54970.c -O2 line 45 a[0] == 4
FAIL: gcc.dg/guality/pr54970.c -O2 line 45 a[0] == 4
FAIL: gcc.dg/guality/pr54970.c -O2 line 45 a[1] == 25
FAIL: gcc.dg/guality/pr54970.c -O2 line 45 a[1] == 25
FAIL: gcc.dg/guality/pr54970.c -O2 line 45 a[2] == 26
FAIL: gcc.dg/guality/pr54970.c -O2 line 45 a[2] == 26
FAIL: gcc.dg/guality/pr54970.c -O2 line 45 p[-1] == 25
FAIL: gcc.dg/guality/pr54970.c -O2 line 45 p[-1] == 25
FAIL: gcc.dg/guality/pr54970.c -O2 line 45 p[-2] == 4
FAIL: gcc.dg/guality/pr54970.c -O2 line 45 p[-2] == 4
FAIL: gcc.dg/guality/pr54970.c -O2 line 45 q[-1] == 4
FAIL: gcc.dg/guality/pr54970.c -O2 line 45 q[-1] == 4
FAIL: gcc.dg/guality/pr54970.c -O2 line 45 q[1] == 26
FAIL: gcc.dg/guality/pr54970.c -O2 line 45 q[1] == 26
FAIL: gcc.dg/guality/pr54970.c -O2 -flto -fno-use-linker-plugin -flto-partition=none line 15 *p == 3
FAIL: gcc.dg/guality/pr54970.c -O2 -flto -fno-use-linker-plugin -flto-partition=none line 15 *p == 3
FAIL: gcc.dg/guality/pr54970.c -O2 -flto -fno-use-linker-plugin -flto-partition=none line 15 *q == 2
FAIL: gcc.dg/guality/pr54970.c -O2 -flto -fno-use-linker-plugin -flto-partition=none line 15 *q == 2
FAIL: gcc.dg/guality/pr54970.c -O2 -flto -fno-use-linker-plugin -flto-partition=none line 15 a[0] == 1
FAIL: gcc.dg/guality/pr54970.c -O2 -flto -fno-use-linker-plugin -flto-partition=none line 15 a[0] == 1
FAIL: gcc.dg/guality/pr54970.c -O2 -flto -fno-use-linker-plugin -flto-partition=none line 15 a[1] == 2
FAIL: gcc.dg/guality/pr54970.c -O2 -flto -fno-use-linker-plugin -flto-partition=none line 15 a[1] == 2
FAIL: gcc.dg/guality/pr54970.c -O2 -flto -fno-use-linker-plugin -flto-partition=none line 15 a[2] == 3
FAIL: gcc.dg/guality/pr54970.c -O2 -flto -fno-use-linker-plugin -flto-partition=none line 15 a[2] == 3
FAIL: gcc.dg/guality/pr54970.c -O2 -flto -fno-use-linker-plugin -flto-partition=none line 20 *p == 13
FAIL: gcc.dg/guality/pr54970.c -O2 -flto -fno-use-linker-plugin -flto-partition=none line 20 *p == 13
FAIL: gcc.dg/guality/pr54970.c -O2 -flto -fno-use-linker-plugin -flto-partition=none line 20 *q == 2
FAIL: gcc.dg/guality/pr54970.c -O2 -flto -fno-use-linker-plugin -flto-partition=none line 20 *q == 2
FAIL: gcc.dg/guality/pr54970.c -O2 -flto -fno-use-linker-plugin -flto-partition=none line 20 a[0] == 1
FAIL: gcc.dg/guality/pr54970.c -O2 -flto -fno-use-linker-plugin -flto-partition=none line 20 a[0] == 1
FAIL: gcc.dg/guality/pr54970.c -O2 -flto -fno-use-linker-plugin -flto-partition=none line 20 a[1] == 2
FAIL: gcc.dg/guality/pr54970.c -O2 -flto -fno-use-linker-plugin -flto-partition=none line 20 a[1] == 2
FAIL: gcc.dg/guality/pr54970.c -O2 -flto -fno-use-linker-plugin -flto-partition=none line 20 a[2] == 13
FAIL: gcc.dg/guality/pr54970.c -O2 -flto -fno-use-linker-plugin -flto-partition=none line 20 a[2] == 13
FAIL: gcc.dg/guality/pr54970.c -O2 -flto -fno-use-linker-plugin -flto-partition=none line 25 *p == 13
FAIL: gcc.dg/guality/pr54970.c -O2 -flto -fno-use-linker-plugin -flto-partition=none line 25 *p == 13
FAIL: gcc.dg/guality/pr54970.c -O2 -flto -fno-use-linker-plugin -flto-partition=none line 25 *q == 12
FAIL: gcc.dg/guality/pr54970.c -O2 -flto -fno-use-linker-plugin -flto-partition=none line 25 *q == 12
FAIL: gcc.dg/guality/pr54970.c -O2 -flto -fno-use-linker-plugin -flto-partition=none line 25 a[0] == 1
FAIL: gcc.dg/guality/pr54970.c -O2 -flto -fno-use-linker-plugin -flto-partition=none line 25 a[0] == 1
FAIL: gcc.dg/guality/pr54970.c -O2 -flto -fno-use-linker-plugin -flto-partition=none line 25 a[1] == 12
FAIL: gcc.dg/guality/pr54970.c -O2 -flto -fno-use-linker-plugin -flto-partition=none line 25 a[1] == 12
FAIL: gcc.dg/guality/pr54970.c -O2 -flto -fno-use-linker-plugin -flto-partition=none line 25 a[2] == 13
FAIL: gcc.dg/guality/pr54970.c -O2 -flto -fno-use-linker-plugin -flto-partition=none line 25 a[2] == 13
FAIL: gcc.dg/guality/pr54970.c -O2 -flto -fno-use-linker-plugin -flto-partition=none line 31 *p == 6
FAIL: gcc.dg/guality/pr54970.c -O2 -flto -fno-use-linker-plugin -flto-partition=none line 31 *p == 6
FAIL: gcc.dg/guality/pr54970.c -O2 -flto -fno-use-linker-plugin -flto-partition=none line 31 *q == 5
FAIL: gcc.dg/guality/pr54970.c -O2 -flto -fno-use-linker-plugin -flto-partition=none line 31 *q == 5
FAIL: gcc.dg/guality/pr54970.c -O2 -flto -fno-use-linker-plugin -flto-partition=none line 31 a[0] == 4
FAIL: gcc.dg/guality/pr54970.c -O2 -flto -fno-use-linker-plugin -flto-partition=none line 31 a[0] == 4
FAIL: gcc.dg/guality/pr54970.c -O2 -flto -fno-use-linker-plugin -flto-partition=none line 31 a[1] == 5
FAIL: gcc.dg/guality/pr54970.c -O2 -flto -fno-use-linker-plugin -flto-partition=none line 31 a[1] == 5
FAIL: gcc.dg/guality/pr54970.c -O2 -flto -fno-use-linker-plugin -flto-partition=none line 31 a[2] == 6
FAIL: gcc.dg/guality/pr54970.c -O2 -flto -fno-use-linker-plugin -flto-partition=none line 31 a[2] == 6
FAIL: gcc.dg/guality/pr54970.c -O2 -flto -fno-use-linker-plugin -flto-partition=none line 36 *p == 26
FAIL: gcc.dg/guality/pr54970.c -O2 -flto -fno-use-linker-plugin -flto-partition=none line 36 *p == 26
FAIL: gcc.dg/guality/pr54970.c -O2 -flto -fno-use-linker-plugin -flto-partition=none line 36 *q == 5
FAIL: gcc.dg/guality/pr54970.c -O2 -flto -fno-use-linker-plugin -flto-partition=none line 36 *q == 5
FAIL: gcc.dg/guality/pr54970.c -O2 -flto -fno-use-linker-plugin -flto-partition=none line 36 a[0] == 4
FAIL: gcc.dg/guality/pr54970.c -O2 -flto -fno-use-linker-plugin -flto-partition=none line 36 a[0] == 4
FAIL: gcc.dg/guality/pr54970.c -O2 -flto -fno-use-linker-plugin -flto-partition=none line 36 a[1] == 5
FAIL: gcc.dg/guality/pr54970.c -O2 -flto -fno-use-linker-plugin -flto-partition=none line 36 a[1] == 5
FAIL: gcc.dg/guality/pr54970.c -O2 -flto -fno-use-linker-plugin -flto-partition=none line 36 a[2] == 26
FAIL: gcc.dg/guality/pr54970.c -O2 -flto -fno-use-linker-plugin -flto-partition=none line 36 a[2] == 26
FAIL: gcc.dg/guality/pr54970.c -O2 -flto -fno-use-linker-plugin -flto-partition=none line 45 *p == 26
FAIL: gcc.dg/guality/pr54970.c -O2 -flto -fno-use-linker-plugin -flto-partition=none line 45 *p == 26
FAIL: gcc.dg/guality/pr54970.c -O2 -flto -fno-use-linker-plugin -flto-partition=none line 45 *q == 25
FAIL: gcc.dg/guality/pr54970.c -O2 -flto -fno-use-linker-plugin -flto-partition=none line 45 *q == 25
FAIL: gcc.dg/guality/pr54970.c -O2 -flto -fno-use-linker-plugin -flto-partition=none line 45 a[0] == 4
FAIL: gcc.dg/guality/pr54970.c -O2 -flto -fno-use-linker-plugin -flto-partition=none line 45 a[0] == 4
FAIL: gcc.dg/guality/pr54970.c -O2 -flto -fno-use-linker-plugin -flto-partition=none line 45 a[1] == 25
FAIL: gcc.dg/guality/pr54970.c -O2 -flto -fno-use-linker-plugin -flto-partition=none line 45 a[1] == 25
FAIL: gcc.dg/guality/pr54970.c -O2 -flto -fno-use-linker-plugin -flto-partition=none line 45 a[2] == 26
FAIL: gcc.dg/guality/pr54970.c -O2 -flto -fno-use-linker-plugin -flto-partition=none line 45 a[2] == 26
FAIL: gcc.dg/guality/pr54970.c -O2 -flto -fno-use-linker-plugin -flto-partition=none line 45 p[-1] == 25
FAIL: gcc.dg/guality/pr54970.c -O2 -flto -fno-use-linker-plugin -flto-partition=none line 45 p[-1] == 25
FAIL: gcc.dg/guality/pr54970.c -O2 -flto -fno-use-linker-plugin -flto-partition=none line 45 p[-2] == 4
FAIL: gcc.dg/guality/pr54970.c -O2 -flto -fno-use-linker-plugin -flto-partition=none line 45 p[-2] == 4
FAIL: gcc.dg/guality/pr54970.c -O2 -flto -fno-use-linker-plugin -flto-partition=none line 45 q[-1] == 4
FAIL: gcc.dg/guality/pr54970.c -O2 -flto -fno-use-linker-plugin -flto-partition=none line 45 q[-1] == 4
FAIL: gcc.dg/guality/pr54970.c -O2 -flto -fno-use-linker-plugin -flto-partition=none line 45 q[1] == 26
FAIL: gcc.dg/guality/pr54970.c -O2 -flto -fno-use-linker-plugin -flto-partition=none line 45 q[1] == 26
FAIL: gcc.dg/guality/pr54970.c -O2 -flto -fuse-linker-plugin -fno-fat-lto-objects line 15 *p == 3
FAIL: gcc.dg/guality/pr54970.c -O2 -flto -fuse-linker-plugin -fno-fat-lto-objects line 15 *p == 3
FAIL: gcc.dg/guality/pr54970.c -O2 -flto -fuse-linker-plugin -fno-fat-lto-objects line 15 *q == 2
FAIL: gcc.dg/guality/pr54970.c -O2 -flto -fuse-linker-plugin -fno-fat-lto-objects line 15 *q == 2
FAIL: gcc.dg/guality/pr54970.c -O2 -flto -fuse-linker-plugin -fno-fat-lto-objects line 15 a[0] == 1
FAIL: gcc.dg/guality/pr54970.c -O2 -flto -fuse-linker-plugin -fno-fat-lto-objects line 15 a[0] == 1
FAIL: gcc.dg/guality/pr54970.c -O2 -flto -fuse-linker-plugin -fno-fat-lto-objects line 15 a[1] == 2
FAIL: gcc.dg/guality/pr54970.c -O2 -flto -fuse-linker-plugin -fno-fat-lto-objects line 15 a[1] == 2
FAIL: gcc.dg/guality/pr54970.c -O2 -flto -fuse-linker-plugin -fno-fat-lto-objects line 15 a[2] == 3
FAIL: gcc.dg/guality/pr54970.c -O2 -flto -fuse-linker-plugin -fno-fat-lto-objects line 15 a[2] == 3
FAIL: gcc.dg/guality/pr54970.c -O2 -flto -fuse-linker-plugin -fno-fat-lto-objects line 20 *p == 13
FAIL: gcc.dg/guality/pr54970.c -O2 -flto -fuse-linker-plugin -fno-fat-lto-objects line 20 *p == 13
FAIL: gcc.dg/guality/pr54970.c -O2 -flto -fuse-linker-plugin -fno-fat-lto-objects line 20 *q == 2
FAIL: gcc.dg/guality/pr54970.c -O2 -flto -fuse-linker-plugin -fno-fat-lto-objects line 20 *q == 2
FAIL: gcc.dg/guality/pr54970.c -O2 -flto -fuse-linker-plugin -fno-fat-lto-objects line 20 a[0] == 1
FAIL: gcc.dg/guality/pr54970.c -O2 -flto -fuse-linker-plugin -fno-fat-lto-objects line 20 a[0] == 1
FAIL: gcc.dg/guality/pr54970.c -O2 -flto -fuse-linker-plugin -fno-fat-lto-objects line 20 a[1] == 2
FAIL: gcc.dg/guality/pr54970.c -O2 -flto -fuse-linker-plugin -fno-fat-lto-objects line 20 a[1] == 2
FAIL: gcc.dg/guality/pr54970.c -O2 -flto -fuse-linker-plugin -fno-fat-lto-objects line 20 a[2] == 13
FAIL: gcc.dg/guality/pr54970.c -O2 -flto -fuse-linker-plugin -fno-fat-lto-objects line 20 a[2] == 13
FAIL: gcc.dg/guality/pr54970.c -O2 -flto -fuse-linker-plugin -fno-fat-lto-objects line 25 *p == 13
FAIL: gcc.dg/guality/pr54970.c -O2 -flto -fuse-linker-plugin -fno-fat-lto-objects line 25 *p == 13
FAIL: gcc.dg/guality/pr54970.c -O2 -flto -fuse-linker-plugin -fno-fat-lto-objects line 25 *q == 12
FAIL: gcc.dg/guality/pr54970.c -O2 -flto -fuse-linker-plugin -fno-fat-lto-objects line 25 *q == 12
FAIL: gcc.dg/guality/pr54970.c -O2 -flto -fuse-linker-plugin -fno-fat-lto-objects line 25 a[0] == 1
FAIL: gcc.dg/guality/pr54970.c -O2 -flto -fuse-linker-plugin -fno-fat-lto-objects line 25 a[0] == 1
FAIL: gcc.dg/guality/pr54970.c -O2 -flto -fuse-linker-plugin -fno-fat-lto-objects line 25 a[1] == 12
FAIL: gcc.dg/guality/pr54970.c -O2 -flto -fuse-linker-plugin -fno-fat-lto-objects line 25 a[1] == 12
FAIL: gcc.dg/guality/pr54970.c -O2 -flto -fuse-linker-plugin -fno-fat-lto-objects line 25 a[2] == 13
FAIL: gcc.dg/guality/pr54970.c -O2 -flto -fuse-linker-plugin -fno-fat-lto-objects line 25 a[2] == 13
FAIL: gcc.dg/guality/pr54970.c -O2 -flto -fuse-linker-plugin -fno-fat-lto-objects line 31 *p == 6
FAIL: gcc.dg/guality/pr54970.c -O2 -flto -fuse-linker-plugin -fno-fat-lto-objects line 31 *p == 6
FAIL: gcc.dg/guality/pr54970.c -O2 -flto -fuse-linker-plugin -fno-fat-lto-objects line 31 *q == 5
FAIL: gcc.dg/guality/pr54970.c -O2 -flto -fuse-linker-plugin -fno-fat-lto-objects line 31 *q == 5
FAIL: gcc.dg/guality/pr54970.c -O2 -flto -fuse-linker-plugin -fno-fat-lto-objects line 31 a[0] == 4
FAIL: gcc.dg/guality/pr54970.c -O2 -flto -fuse-linker-plugin -fno-fat-lto-objects line 31 a[0] == 4
FAIL: gcc.dg/guality/pr54970.c -O2 -flto -fuse-linker-plugin -fno-fat-lto-objects line 31 a[1] == 5
FAIL: gcc.dg/guality/pr54970.c -O2 -flto -fuse-linker-plugin -fno-fat-lto-objects line 31 a[1] == 5
FAIL: gcc.dg/guality/pr54970.c -O2 -flto -fuse-linker-plugin -fno-fat-lto-objects line 31 a[2] == 6
FAIL: gcc.dg/guality/pr54970.c -O2 -flto -fuse-linker-plugin -fno-fat-lto-objects line 31 a[2] == 6
FAIL: gcc.dg/guality/pr54970.c -O2 -flto -fuse-linker-plugin -fno-fat-lto-objects line 36 *p == 26
FAIL: gcc.dg/guality/pr54970.c -O2 -flto -fuse-linker-plugin -fno-fat-lto-objects line 36 *p == 26
FAIL: gcc.dg/guality/pr54970.c -O2 -flto -fuse-linker-plugin -fno-fat-lto-objects line 36 *q == 5
FAIL: gcc.dg/guality/pr54970.c -O2 -flto -fuse-linker-plugin -fno-fat-lto-objects line 36 *q == 5
FAIL: gcc.dg/guality/pr54970.c -O2 -flto -fuse-linker-plugin -fno-fat-lto-objects line 36 a[0] == 4
FAIL: gcc.dg/guality/pr54970.c -O2 -flto -fuse-linker-plugin -fno-fat-lto-objects line 36 a[0] == 4
FAIL: gcc.dg/guality/pr54970.c -O2 -flto -fuse-linker-plugin -fno-fat-lto-objects line 36 a[1] == 5
FAIL: gcc.dg/guality/pr54970.c -O2 -flto -fuse-linker-plugin -fno-fat-lto-objects line 36 a[1] == 5
FAIL: gcc.dg/guality/pr54970.c -O2 -flto -fuse-linker-plugin -fno-fat-lto-objects line 36 a[2] == 26
FAIL: gcc.dg/guality/pr54970.c -O2 -flto -fuse-linker-plugin -fno-fat-lto-objects line 36 a[2] == 26
FAIL: gcc.dg/guality/pr54970.c -O2 -flto -fuse-linker-plugin -fno-fat-lto-objects line 45 *p == 26
FAIL: gcc.dg/guality/pr54970.c -O2 -flto -fuse-linker-plugin -fno-fat-lto-objects line 45 *p == 26
FAIL: gcc.dg/guality/pr54970.c -O2 -flto -fuse-linker-plugin -fno-fat-lto-objects line 45 *q == 25
FAIL: gcc.dg/guality/pr54970.c -O2 -flto -fuse-linker-plugin -fno-fat-lto-objects line 45 *q == 25
FAIL: gcc.dg/guality/pr54970.c -O2 -flto -fuse-linker-plugin -fno-fat-lto-objects line 45 a[0] == 4
FAIL: gcc.dg/guality/pr54970.c -O2 -flto -fuse-linker-plugin -fno-fat-lto-objects line 45 a[0] == 4
FAIL: gcc.dg/guality/pr54970.c -O2 -flto -fuse-linker-plugin -fno-fat-lto-objects line 45 a[1] == 25
FAIL: gcc.dg/guality/pr54970.c -O2 -flto -fuse-linker-plugin -fno-fat-lto-objects line 45 a[1] == 25
FAIL: gcc.dg/guality/pr54970.c -O2 -flto -fuse-linker-plugin -fno-fat-lto-objects line 45 a[2] == 26
FAIL: gcc.dg/guality/pr54970.c -O2 -flto -fuse-linker-plugin -fno-fat-lto-objects line 45 a[2] == 26
FAIL: gcc.dg/guality/pr54970.c -O2 -flto -fuse-linker-plugin -fno-fat-lto-objects line 45 p[-1] == 25
FAIL: gcc.dg/guality/pr54970.c -O2 -flto -fuse-linker-plugin -fno-fat-lto-objects line 45 p[-1] == 25
FAIL: gcc.dg/guality/pr54970.c -O2 -flto -fuse-linker-plugin -fno-fat-lto-objects line 45 p[-2] == 4
FAIL: gcc.dg/guality/pr54970.c -O2 -flto -fuse-linker-plugin -fno-fat-lto-objects line 45 p[-2] == 4
FAIL: gcc.dg/guality/pr54970.c -O2 -flto -fuse-linker-plugin -fno-fat-lto-objects line 45 q[-1] == 4
FAIL: gcc.dg/guality/pr54970.c -O2 -flto -fuse-linker-plugin -fno-fat-lto-objects line 45 q[-1] == 4
FAIL: gcc.dg/guality/pr54970.c -O2 -flto -fuse-linker-plugin -fno-fat-lto-objects line 45 q[1] == 26
FAIL: gcc.dg/guality/pr54970.c -O2 -flto -fuse-linker-plugin -fno-fat-lto-objects line 45 q[1] == 26
FAIL: gcc.dg/guality/pr54970.c -O3 -g line 15 *p == 3
FAIL: gcc.dg/guality/pr54970.c -O3 -g line 15 *p == 3
FAIL: gcc.dg/guality/pr54970.c -O3 -g line 15 *q == 2
FAIL: gcc.dg/guality/pr54970.c -O3 -g line 15 *q == 2
FAIL: gcc.dg/guality/pr54970.c -O3 -g line 15 a[0] == 1
FAIL: gcc.dg/guality/pr54970.c -O3 -g line 15 a[0] == 1
FAIL: gcc.dg/guality/pr54970.c -O3 -g line 15 a[1] == 2
FAIL: gcc.dg/guality/pr54970.c -O3 -g line 15 a[1] == 2
FAIL: gcc.dg/guality/pr54970.c -O3 -g line 15 a[2] == 3
FAIL: gcc.dg/guality/pr54970.c -O3 -g line 15 a[2] == 3
FAIL: gcc.dg/guality/pr54970.c -O3 -g line 20 *p == 13
FAIL: gcc.dg/guality/pr54970.c -O3 -g line 20 *p == 13
FAIL: gcc.dg/guality/pr54970.c -O3 -g line 20 *q == 2
FAIL: gcc.dg/guality/pr54970.c -O3 -g line 20 *q == 2
FAIL: gcc.dg/guality/pr54970.c -O3 -g line 20 a[0] == 1
FAIL: gcc.dg/guality/pr54970.c -O3 -g line 20 a[0] == 1
FAIL: gcc.dg/guality/pr54970.c -O3 -g line 20 a[1] == 2
FAIL: gcc.dg/guality/pr54970.c -O3 -g line 20 a[1] == 2
FAIL: gcc.dg/guality/pr54970.c -O3 -g line 20 a[2] == 13
FAIL: gcc.dg/guality/pr54970.c -O3 -g line 20 a[2] == 13
FAIL: gcc.dg/guality/pr54970.c -O3 -g line 25 *p == 13
FAIL: gcc.dg/guality/pr54970.c -O3 -g line 25 *p == 13
FAIL: gcc.dg/guality/pr54970.c -O3 -g line 25 *q == 12
FAIL: gcc.dg/guality/pr54970.c -O3 -g line 25 *q == 12
FAIL: gcc.dg/guality/pr54970.c -O3 -g line 25 a[0] == 1
FAIL: gcc.dg/guality/pr54970.c -O3 -g line 25 a[0] == 1
FAIL: gcc.dg/guality/pr54970.c -O3 -g line 25 a[1] == 12
FAIL: gcc.dg/guality/pr54970.c -O3 -g line 25 a[1] == 12
FAIL: gcc.dg/guality/pr54970.c -O3 -g line 25 a[2] == 13
FAIL: gcc.dg/guality/pr54970.c -O3 -g line 25 a[2] == 13
FAIL: gcc.dg/guality/pr54970.c -O3 -g line 31 *p == 6
FAIL: gcc.dg/guality/pr54970.c -O3 -g line 31 *p == 6
FAIL: gcc.dg/guality/pr54970.c -O3 -g line 31 *q == 5
FAIL: gcc.dg/guality/pr54970.c -O3 -g line 31 *q == 5
FAIL: gcc.dg/guality/pr54970.c -O3 -g line 31 a[0] == 4
FAIL: gcc.dg/guality/pr54970.c -O3 -g line 31 a[0] == 4
FAIL: gcc.dg/guality/pr54970.c -O3 -g line 31 a[1] == 5
FAIL: gcc.dg/guality/pr54970.c -O3 -g line 31 a[1] == 5
FAIL: gcc.dg/guality/pr54970.c -O3 -g line 31 a[2] == 6
FAIL: gcc.dg/guality/pr54970.c -O3 -g line 31 a[2] == 6
FAIL: gcc.dg/guality/pr54970.c -O3 -g line 36 *p == 26
FAIL: gcc.dg/guality/pr54970.c -O3 -g line 36 *p == 26
FAIL: gcc.dg/guality/pr54970.c -O3 -g line 36 *q == 5
FAIL: gcc.dg/guality/pr54970.c -O3 -g line 36 *q == 5
FAIL: gcc.dg/guality/pr54970.c -O3 -g line 36 a[0] == 4
FAIL: gcc.dg/guality/pr54970.c -O3 -g line 36 a[0] == 4
FAIL: gcc.dg/guality/pr54970.c -O3 -g line 36 a[1] == 5
FAIL: gcc.dg/guality/pr54970.c -O3 -g line 36 a[1] == 5
FAIL: gcc.dg/guality/pr54970.c -O3 -g line 36 a[2] == 26
FAIL: gcc.dg/guality/pr54970.c -O3 -g line 36 a[2] == 26
FAIL: gcc.dg/guality/pr54970.c -O3 -g line 45 *p == 26
FAIL: gcc.dg/guality/pr54970.c -O3 -g line 45 *p == 26
FAIL: gcc.dg/guality/pr54970.c -O3 -g line 45 *q == 25
FAIL: gcc.dg/guality/pr54970.c -O3 -g line 45 *q == 25
FAIL: gcc.dg/guality/pr54970.c -O3 -g line 45 a[0] == 4
FAIL: gcc.dg/guality/pr54970.c -O3 -g line 45 a[0] == 4
FAIL: gcc.dg/guality/pr54970.c -O3 -g line 45 a[1] == 25
FAIL: gcc.dg/guality/pr54970.c -O3 -g line 45 a[1] == 25
FAIL: gcc.dg/guality/pr54970.c -O3 -g line 45 a[2] == 26
FAIL: gcc.dg/guality/pr54970.c -O3 -g line 45 a[2] == 26
FAIL: gcc.dg/guality/pr54970.c -O3 -g line 45 p[-1] == 25
FAIL: gcc.dg/guality/pr54970.c -O3 -g line 45 p[-1] == 25
FAIL: gcc.dg/guality/pr54970.c -O3 -g line 45 p[-2] == 4
FAIL: gcc.dg/guality/pr54970.c -O3 -g line 45 p[-2] == 4
FAIL: gcc.dg/guality/pr54970.c -O3 -g line 45 q[-1] == 4
FAIL: gcc.dg/guality/pr54970.c -O3 -g line 45 q[-1] == 4
FAIL: gcc.dg/guality/pr54970.c -O3 -g line 45 q[1] == 26
FAIL: gcc.dg/guality/pr54970.c -O3 -g line 45 q[1] == 26
FAIL: gcc.dg/guality/pr54970.c -Os line 15 *p == 3
FAIL: gcc.dg/guality/pr54970.c -Os line 15 *p == 3
FAIL: gcc.dg/guality/pr54970.c -Os line 15 *q == 2
FAIL: gcc.dg/guality/pr54970.c -Os line 15 *q == 2
FAIL: gcc.dg/guality/pr54970.c -Os line 15 a[0] == 1
FAIL: gcc.dg/guality/pr54970.c -Os line 15 a[0] == 1
FAIL: gcc.dg/guality/pr54970.c -Os line 15 a[1] == 2
FAIL: gcc.dg/guality/pr54970.c -Os line 15 a[1] == 2
FAIL: gcc.dg/guality/pr54970.c -Os line 15 a[2] == 3
FAIL: gcc.dg/guality/pr54970.c -Os line 15 a[2] == 3
FAIL: gcc.dg/guality/pr54970.c -Os line 20 *p == 13
FAIL: gcc.dg/guality/pr54970.c -Os line 20 *p == 13
FAIL: gcc.dg/guality/pr54970.c -Os line 20 *q == 2
FAIL: gcc.dg/guality/pr54970.c -Os line 20 *q == 2
FAIL: gcc.dg/guality/pr54970.c -Os line 20 a[0] == 1
FAIL: gcc.dg/guality/pr54970.c -Os line 20 a[0] == 1
FAIL: gcc.dg/guality/pr54970.c -Os line 20 a[1] == 2
FAIL: gcc.dg/guality/pr54970.c -Os line 20 a[1] == 2
FAIL: gcc.dg/guality/pr54970.c -Os line 20 a[2] == 13
FAIL: gcc.dg/guality/pr54970.c -Os line 20 a[2] == 13
FAIL: gcc.dg/guality/pr54970.c -Os line 25 *p == 13
FAIL: gcc.dg/guality/pr54970.c -Os line 25 *p == 13
FAIL: gcc.dg/guality/pr54970.c -Os line 25 *q == 12
FAIL: gcc.dg/guality/pr54970.c -Os line 25 *q == 12
FAIL: gcc.dg/guality/pr54970.c -Os line 25 a[0] == 1
FAIL: gcc.dg/guality/pr54970.c -Os line 25 a[0] == 1
FAIL: gcc.dg/guality/pr54970.c -Os line 25 a[1] == 12
FAIL: gcc.dg/guality/pr54970.c -Os line 25 a[1] == 12
FAIL: gcc.dg/guality/pr54970.c -Os line 25 a[2] == 13
FAIL: gcc.dg/guality/pr54970.c -Os line 25 a[2] == 13
FAIL: gcc.dg/guality/pr54970.c -Os line 31 *p == 6
FAIL: gcc.dg/guality/pr54970.c -Os line 31 *p == 6
FAIL: gcc.dg/guality/pr54970.c -Os line 31 *q == 5
FAIL: gcc.dg/guality/pr54970.c -Os line 31 *q == 5
FAIL: gcc.dg/guality/pr54970.c -Os line 31 a[0] == 4
FAIL: gcc.dg/guality/pr54970.c -Os line 31 a[0] == 4
FAIL: gcc.dg/guality/pr54970.c -Os line 31 a[1] == 5
FAIL: gcc.dg/guality/pr54970.c -Os line 31 a[1] == 5
FAIL: gcc.dg/guality/pr54970.c -Os line 31 a[2] == 6
FAIL: gcc.dg/guality/pr54970.c -Os line 31 a[2] == 6
FAIL: gcc.dg/guality/pr54970.c -Os line 36 *p == 26
FAIL: gcc.dg/guality/pr54970.c -Os line 36 *p == 26
FAIL: gcc.dg/guality/pr54970.c -Os line 36 *q == 5
FAIL: gcc.dg/guality/pr54970.c -Os line 36 *q == 5
FAIL: gcc.dg/guality/pr54970.c -Os line 36 a[0] == 4
FAIL: gcc.dg/guality/pr54970.c -Os line 36 a[0] == 4
FAIL: gcc.dg/guality/pr54970.c -Os line 36 a[1] == 5
FAIL: gcc.dg/guality/pr54970.c -Os line 36 a[1] == 5
FAIL: gcc.dg/guality/pr54970.c -Os line 36 a[2] == 26
FAIL: gcc.dg/guality/pr54970.c -Os line 36 a[2] == 26
FAIL: gcc.dg/guality/pr54970.c -Os line 45 *p == 26
FAIL: gcc.dg/guality/pr54970.c -Os line 45 *p == 26
FAIL: gcc.dg/guality/pr54970.c -Os line 45 *q == 25
FAIL: gcc.dg/guality/pr54970.c -Os line 45 *q == 25
FAIL: gcc.dg/guality/pr54970.c -Os line 45 a[0] == 4
FAIL: gcc.dg/guality/pr54970.c -Os line 45 a[0] == 4
FAIL: gcc.dg/guality/pr54970.c -Os line 45 a[1] == 25
FAIL: gcc.dg/guality/pr54970.c -Os line 45 a[1] == 25
FAIL: gcc.dg/guality/pr54970.c -Os line 45 a[2] == 26
FAIL: gcc.dg/guality/pr54970.c -Os line 45 a[2] == 26
FAIL: gcc.dg/guality/pr54970.c -Os line 45 p[-1] == 25
FAIL: gcc.dg/guality/pr54970.c -Os line 45 p[-1] == 25
FAIL: gcc.dg/guality/pr54970.c -Os line 45 p[-2] == 4
FAIL: gcc.dg/guality/pr54970.c -Os line 45 p[-2] == 4
FAIL: gcc.dg/guality/pr54970.c -Os line 45 q[-1] == 4
FAIL: gcc.dg/guality/pr54970.c -Os line 45 q[-1] == 4
FAIL: gcc.dg/guality/pr54970.c -Os line 45 q[1] == 26
FAIL: gcc.dg/guality/pr54970.c -Os line 45 q[1] == 26
FAIL: gcc.dg/guality/pr56154-1.c -O1 line pr56154-1.c:20 x.a == 6
FAIL: gcc.dg/guality/pr56154-1.c -O1 line pr56154-1.c:20 x.a == 6
FAIL: gcc.dg/guality/pr56154-1.c -O2 -flto -fuse-linker-plugin -fno-fat-lto-objects line pr56154-1.c:20 x.a == 6
FAIL: gcc.dg/guality/pr56154-1.c -O2 -flto -fuse-linker-plugin -fno-fat-lto-objects line pr56154-1.c:20 x.a == 6
FAIL: gcc.dg/guality/pr56154-1.c -Os line pr56154-1.c:20 x.a == 6
FAIL: gcc.dg/guality/pr56154-1.c -Os line pr56154-1.c:20 x.a == 6
FAIL: gcc.dg/guality/sra-1.c -O1 line 43 a.i == 4
FAIL: gcc.dg/guality/sra-1.c -O1 line 43 a.i == 4
FAIL: gcc.dg/guality/sra-1.c -O1 line 43 a.j == 14
FAIL: gcc.dg/guality/sra-1.c -O1 line 43 a.j == 14
FAIL: gcc.dg/guality/sra-1.c -O2 line 43 a.i == 4
FAIL: gcc.dg/guality/sra-1.c -O2 line 43 a.i == 4
FAIL: gcc.dg/guality/sra-1.c -O2 line 43 a.j == 14
FAIL: gcc.dg/guality/sra-1.c -O2 line 43 a.j == 14
FAIL: gcc.dg/guality/sra-1.c -O2 -flto -fno-use-linker-plugin -flto-partition=none line 43 a.i == 4
FAIL: gcc.dg/guality/sra-1.c -O2 -flto -fno-use-linker-plugin -flto-partition=none line 43 a.i == 4
FAIL: gcc.dg/guality/sra-1.c -O2 -flto -fno-use-linker-plugin -flto-partition=none line 43 a.j == 14
FAIL: gcc.dg/guality/sra-1.c -O2 -flto -fno-use-linker-plugin -flto-partition=none line 43 a.j == 14
FAIL: gcc.dg/guality/sra-1.c -O2 -flto -fuse-linker-plugin -fno-fat-lto-objects line 43 a.i == 4
FAIL: gcc.dg/guality/sra-1.c -O2 -flto -fuse-linker-plugin -fno-fat-lto-objects line 43 a.i == 4
FAIL: gcc.dg/guality/sra-1.c -O2 -flto -fuse-linker-plugin -fno-fat-lto-objects line 43 a.j == 14
FAIL: gcc.dg/guality/sra-1.c -O2 -flto -fuse-linker-plugin -fno-fat-lto-objects line 43 a.j == 14
FAIL: gcc.dg/guality/sra-1.c -O3 -g line 43 a.i == 4
FAIL: gcc.dg/guality/sra-1.c -O3 -g line 43 a.i == 4
FAIL: gcc.dg/guality/sra-1.c -O3 -g line 43 a.j == 14
FAIL: gcc.dg/guality/sra-1.c -O3 -g line 43 a.j == 14
FAIL: gcc.dg/guality/sra-1.c -Os line 43 a.i == 4
FAIL: gcc.dg/guality/sra-1.c -Os line 43 a.i == 4
FAIL: gcc.dg/guality/sra-1.c -Os line 43 a.j == 14
FAIL: gcc.dg/guality/sra-1.c -Os line 43 a.j == 14
FAIL: gcc.dg/guality/vla-1.c -O1 line 17 sizeof (a) == 6
FAIL: gcc.dg/guality/vla-1.c -O1 line 17 sizeof (a) == 6
FAIL: gcc.dg/guality/vla-1.c -O2 line 17 sizeof (a) == 6
FAIL: gcc.dg/guality/vla-1.c -O2 line 17 sizeof (a) == 6
FAIL: gcc.dg/guality/vla-1.c -O2 -flto -fno-use-linker-plugin -flto-partition=none line 17 sizeof (a) == 6
FAIL: gcc.dg/guality/vla-1.c -O2 -flto -fno-use-linker-plugin -flto-partition=none line 17 sizeof (a) == 6
FAIL: gcc.dg/guality/vla-1.c -O2 -flto -fuse-linker-plugin -fno-fat-lto-objects line 17 sizeof (a) == 6
FAIL: gcc.dg/guality/vla-1.c -O2 -flto -fuse-linker-plugin -fno-fat-lto-objects line 17 sizeof (a) == 6
FAIL: gcc.dg/guality/vla-1.c -O3 -g line 17 sizeof (a) == 6
FAIL: gcc.dg/guality/vla-1.c -O3 -g line 17 sizeof (a) == 6
FAIL: gcc.dg/guality/vla-1.c -Os line 17 sizeof (a) == 6
FAIL: gcc.dg/guality/vla-1.c -Os line 17 sizeof (a) == 6
XPASS: gcc.dg/tree-ssa/20040204-1.c scan-tree-dump-times optimized "link_error" 0
XPASS: gcc.dg/tree-ssa/20040204-1.c scan-tree-dump-times optimized "link_error" 0
FAIL: gcc.dg/tree-ssa/pr45122.c execution test
FAIL: gcc.dg/tree-ssa/pr45122.c execution test
FAIL: gcc.dg/tree-ssa/ssa-dom-thread-4.c scan-tree-dump-times dom1 "Threaded" 4
FAIL: gcc.dg/tree-ssa/ssa-dom-thread-4.c scan-tree-dump-times dom1 "Threaded" 4
FAIL: compiler driver --help=target option(s): "^ +-.*[^:.]\$" absent from output: " -mzvector Enable the z vector language extension providing the context-sensitive vector macro and enable the Altivec-style builtins in vecintrin.h"
FAIL: compiler driver --help=target option(s): "^ +-.*[^:.]\$" absent from output: " -mzvector Enable the z vector language extension providing the context-sensitive vector macro and enable the Altivec-style builtins in vecintrin.h"
=== gcc Summary ===
# of expected passes 175218
# of unexpected failures 736
# of unexpected successes 46
# of expected failures 266
# of unsupported tests 3064
/build/gcc-snapshot-9RqZE3/gcc-snapshot-20151122/build/gcc/xgcc version 6.0.0 20151122 (experimental) [trunk revision 230723] (Debian 20151122-1)
=== gfortran tests ===
Running target unix
FAIL: gfortran.dg/bind_c_array_params_2.f90 -O scan-assembler-times [ \\t][\$,_0-9]*myBindC 1
FAIL: gfortran.dg/bind_c_array_params_2.f90 -O scan-assembler-times [ \\t][\$,_0-9]*myBindC 1
=== gfortran Summary ===
# of expected passes 81294
# of unexpected failures 2
# of expected failures 146
# of unsupported tests 144
/build/gcc-snapshot-9RqZE3/gcc-snapshot-20151122/build/gcc/testsuite/gfortran/../../gfortran version 6.0.0 20151122 (experimental) [trunk revision 230723] (Debian 20151122-1)
=== gnat tests ===
Running target unix
FAIL: gnat.dg/memtrap.adb scan-assembler __gnat_begin_handler|__gnat_raise_nodefer
FAIL: gnat.dg/null_pointer_deref1.adb execution test
FAIL: gnat.dg/null_pointer_deref3.adb execution test
FAIL: gnat.dg/stack_check2.adb execution test
=== gnat Summary for unix ===
# of expected passes 2435
# of unexpected failures 4
# of expected failures 21
# of unsupported tests 21
Running target unix
FAIL: gnat.dg/memtrap.adb scan-assembler __gnat_begin_handler|__gnat_raise_nodefer
FAIL: gnat.dg/null_pointer_deref1.adb execution test
FAIL: gnat.dg/null_pointer_deref3.adb execution test
FAIL: gnat.dg/stack_check2.adb execution test
=== gnat Summary for unix ===
# of expected passes 2435
# of unexpected failures 4
# of expected failures 21
# of unsupported tests 21
=== gnat Summary ===
# of expected passes 4870
# of unexpected failures 8
# of expected failures 42
# of unsupported tests 42
/build/gcc-snapshot-9RqZE3/gcc-snapshot-20151122/build/gcc/gnatmake version 6.0.0 20151122 (experimental) [trunk revision 230723]
=== go tests ===
Running target unix
FAIL: go.test/test/cmplxdivide.go
FAIL: go.test/test/cmplxdivide.go
FAIL: go.test/test/fixedbugs/bug347.go execution, -O0 -g
FAIL: go.test/test/fixedbugs/bug347.go execution, -O0 -g
FAIL: go.test/test/fixedbugs/issue6055.go execution, -O2 -g
FAIL: go.test/test/fixedbugs/issue6055.go execution, -O2 -g
FAIL: go.test/test/ken/cplx2.go execution, -O2 -g
FAIL: go.test/test/ken/cplx2.go execution, -O2 -g
FAIL: go.test/test/method.go execution, -O2 -g
FAIL: go.test/test/method.go execution, -O2 -g
FAIL: go.test/test/nil.go execution, -O2 -g
FAIL: go.test/test/nil.go execution, -O2 -g
FAIL: go.test/test/recover3.go execution, -O2 -g
FAIL: go.test/test/recover3.go execution, -O2 -g
WARNING: program timed out.
WARNING: program timed out.
=== go Summary ===
# of expected passes 14472
# of unexpected failures 14
# of expected failures 2
# of untested testcases 22
# of unsupported tests 6
/build/gcc-snapshot-9RqZE3/gcc-snapshot-20151122/build/gcc/testsuite/go/../../gccgo version 6.0.0 20151122 (experimental) [trunk revision 230723] (Debian 20151122-1)
=== obj-c++ tests ===
Running target unix
=== obj-c++ Summary for unix ===
# of expected passes 1431
# of expected failures 10
# of unsupported tests 77
Running target unix
=== obj-c++ Summary for unix ===
# of expected passes 1431
# of expected failures 10
# of unsupported tests 77
=== obj-c++ Summary ===
# of expected passes 2862
# of expected failures 20
# of unsupported tests 154
/build/gcc-snapshot-9RqZE3/gcc-snapshot-20151122/build/gcc/testsuite/obj-c++/../../xg++ version 6.0.0 20151122 (experimental) [trunk revision 230723] (Debian 20151122-1)
=== objc tests ===
Running target unix
=== objc Summary ===
# of expected passes 5544
# of unsupported tests 136
/build/gcc-snapshot-9RqZE3/gcc-snapshot-20151122/build/gcc/xgcc version 6.0.0 20151122 (experimental) [trunk revision 230723] (Debian 20151122-1)
=== boehm-gc tests ===
Running target unix
=== boehm-gc Summary for unix ===
# of expected passes 12
# of unsupported tests 1
Running target unix
=== boehm-gc Summary for unix ===
# of expected passes 12
# of unsupported tests 1
=== boehm-gc Summary ===
# of expected passes 24
# of unsupported tests 2
=== libatomic tests ===
Running target unix
=== libatomic Summary for unix ===
# of expected passes 54
Running target unix
=== libatomic Summary for unix ===
# of expected passes 54
=== libatomic Summary ===
# of expected passes 108
=== libffi tests ===
Running target unix
=== libffi Summary for unix ===
# of expected passes 1914
# of unsupported tests 30
Running target unix
=== libffi Summary for unix ===
# of expected passes 1914
# of unsupported tests 30
=== libffi Summary ===
# of expected passes 3828
# of unsupported tests 60
=== libgo tests ===
Running target unix
FAIL: fmt
FAIL: runtime
FAIL: time
FAIL: html/template
FAIL: net/http
FAIL: runtime/pprof
FAIL: sync/atomic
=== libgo Summary for unix ===
# of expected passes 126
# of unexpected failures 7
Running target unix/-m31
FAIL: fmt
FAIL: runtime
FAIL: time
FAIL: html/template
FAIL: net/http
FAIL: runtime/pprof
FAIL: sync/atomic
=== libgo Summary for unix/-m31 ===
# of expected passes 126
# of unexpected failures 7
=== libgo Summary ===
# of expected passes 252
# of unexpected failures 14
/build/gcc-snapshot-9RqZE3/gcc-snapshot-20151122/build/./gcc/gccgo version 6.0.0 20151122 (experimental) [trunk revision 230723] (Debian 20151122-1)
=== libgomp tests ===
Running target unix
FAIL: libgomp.c++/target-6.C execution test
=== libgomp Summary for unix ===
# of expected passes 4539
# of unexpected failures 1
# of unsupported tests 294
Running target unix
FAIL: libgomp.c++/target-6.C execution test
=== libgomp Summary for unix ===
# of expected passes 4539
# of unexpected failures 1
# of unsupported tests 294
=== libgomp Summary ===
# of expected passes 9078
# of unexpected failures 2
# of unsupported tests 588
=== libjava tests ===
Running target unix
FAIL: anonarray3 -O3 -findirect-dispatch compilation from source
=== libjava Summary for unix ===
# of expected passes 2579
# of unexpected failures 1
# of expected failures 4
# of untested testcases 2
Running target unix
FAIL: anonarray3 -O3 -findirect-dispatch compilation from source
=== libjava Summary for unix ===
# of expected passes 2579
# of unexpected failures 1
# of expected failures 4
# of untested testcases 2
=== libjava Summary ===
# of expected passes 5158
# of unexpected failures 2
# of expected failures 8
# of untested testcases 4
=== libstdc++ tests ===
Running target unix
FAIL: 17_intro/headers/c++1998/operator_names.cc (test for excess errors)
FAIL: 17_intro/headers/c++2011/operator_names.cc (test for excess errors)
FAIL: 17_intro/headers/c++2014/operator_names.cc (test for excess errors)
FAIL: 22_locale/time_get/get_date/wchar_t/4.cc execution test
FAIL: 22_locale/time_get/get_date/wchar_t/4.cc execution test
XPASS: 26_numerics/headers/cmath/c_math.cc execution test
UNRESOLVED: experimental/memory/shared_ptr/cons/copy_ctor_neg.cc compilation failed to produce executable
UNRESOLVED: experimental/memory/shared_ptr/cons/copy_ctor_neg.cc compilation failed to produce executable
FAIL: ext/pb_ds/regression/hash_map_rand.cc (test for excess errors)
UNRESOLVED: ext/pb_ds/regression/hash_map_rand.cc compilation failed to produce executable
UNRESOLVED: ext/pb_ds/regression/hash_map_rand.cc compilation failed to produce executable
FAIL: ext/pb_ds/regression/hash_set_rand.cc (test for excess errors)
UNRESOLVED: ext/pb_ds/regression/hash_set_rand.cc compilation failed to produce executable
UNRESOLVED: ext/pb_ds/regression/hash_set_rand.cc compilation failed to produce executable
FAIL: ext/pb_ds/regression/list_update_map_rand.cc (test for excess errors)
UNRESOLVED: ext/pb_ds/regression/list_update_map_rand.cc compilation failed to produce executable
UNRESOLVED: ext/pb_ds/regression/list_update_map_rand.cc compilation failed to produce executable
FAIL: ext/pb_ds/regression/list_update_set_rand.cc (test for excess errors)
UNRESOLVED: ext/pb_ds/regression/list_update_set_rand.cc compilation failed to produce executable
UNRESOLVED: ext/pb_ds/regression/list_update_set_rand.cc compilation failed to produce executable
FAIL: ext/pb_ds/regression/priority_queue_rand.cc (test for excess errors)
UNRESOLVED: ext/pb_ds/regression/priority_queue_rand.cc compilation failed to produce executable
UNRESOLVED: ext/pb_ds/regression/priority_queue_rand.cc compilation failed to produce executable
FAIL: ext/pb_ds/regression/tree_map_rand.cc (test for excess errors)
UNRESOLVED: ext/pb_ds/regression/tree_map_rand.cc compilation failed to produce executable
UNRESOLVED: ext/pb_ds/regression/tree_map_rand.cc compilation failed to produce executable
FAIL: ext/pb_ds/regression/tree_set_rand.cc (test for excess errors)
UNRESOLVED: ext/pb_ds/regression/tree_set_rand.cc compilation failed to produce executable
UNRESOLVED: ext/pb_ds/regression/tree_set_rand.cc compilation failed to produce executable
FAIL: ext/pb_ds/regression/trie_map_rand.cc (test for excess errors)
UNRESOLVED: ext/pb_ds/regression/trie_map_rand.cc compilation failed to produce executable
UNRESOLVED: ext/pb_ds/regression/trie_map_rand.cc compilation failed to produce executable
FAIL: ext/pb_ds/regression/trie_set_rand.cc (test for excess errors)
UNRESOLVED: ext/pb_ds/regression/trie_set_rand.cc compilation failed to produce executable
UNRESOLVED: ext/pb_ds/regression/trie_set_rand.cc compilation failed to produce executable
FAIL: tr1/2_general_utilities/shared_ptr/thread/default_weaktoshared.cc (test for excess errors)
UNRESOLVED: tr1/2_general_utilities/shared_ptr/thread/default_weaktoshared.cc compilation failed to produce executable
UNRESOLVED: tr1/2_general_utilities/shared_ptr/thread/default_weaktoshared.cc compilation failed to produce executable
FAIL: tr1/2_general_utilities/shared_ptr/thread/mutex_weaktoshared.cc (test for excess errors)
UNRESOLVED: tr1/2_general_utilities/shared_ptr/thread/mutex_weaktoshared.cc compilation failed to produce executable
UNRESOLVED: tr1/2_general_utilities/shared_ptr/thread/mutex_weaktoshared.cc compilation failed to produce executable
FAIL: tr1/5_numerical_facilities/headers/random/synopsis.cc (test for excess errors)
FAIL: tr1/5_numerical_facilities/headers/random/types_std_tr1.cc (test for excess errors)
FAIL: tr1/5_numerical_facilities/random/bernoulli_distribution/requirements/typedefs.cc (test for excess errors)
FAIL: tr1/5_numerical_facilities/random/binomial_distribution/requirements/typedefs.cc (test for excess errors)
FAIL: tr1/5_numerical_facilities/random/discard_block/operators/equal.cc (test for excess errors)
UNRESOLVED: tr1/5_numerical_facilities/random/discard_block/operators/equal.cc compilation failed to produce executable
UNRESOLVED: tr1/5_numerical_facilities/random/discard_block/operators/equal.cc compilation failed to produce executable
FAIL: tr1/5_numerical_facilities/random/discard_block/operators/not_equal.cc (test for excess errors)
UNRESOLVED: tr1/5_numerical_facilities/random/discard_block/operators/not_equal.cc compilation failed to produce executable
UNRESOLVED: tr1/5_numerical_facilities/random/discard_block/operators/not_equal.cc compilation failed to produce executable
FAIL: tr1/5_numerical_facilities/random/discard_block/operators/serialize.cc (test for excess errors)
UNRESOLVED: tr1/5_numerical_facilities/random/discard_block/operators/serialize.cc compilation failed to produce executable
UNRESOLVED: tr1/5_numerical_facilities/random/discard_block/operators/serialize.cc compilation failed to produce executable
FAIL: tr1/5_numerical_facilities/random/discard_block/requirements/constants.cc (test for excess errors)
FAIL: tr1/5_numerical_facilities/random/discard_block/requirements/typedefs.cc (test for excess errors)
FAIL: tr1/5_numerical_facilities/random/exponential_distribution/requirements/typedefs.cc (test for excess errors)
FAIL: tr1/5_numerical_facilities/random/gamma_distribution/requirements/typedefs.cc (test for excess errors)
FAIL: tr1/5_numerical_facilities/random/geometric_distribution/requirements/typedefs.cc (test for excess errors)
FAIL: tr1/5_numerical_facilities/random/linear_congruential/cons/default.cc (test for excess errors)
UNRESOLVED: tr1/5_numerical_facilities/random/linear_congruential/cons/default.cc compilation failed to produce executable
UNRESOLVED: tr1/5_numerical_facilities/random/linear_congruential/cons/default.cc compilation failed to produce executable
FAIL: tr1/5_numerical_facilities/random/linear_congruential/cons/gen1.cc (test for excess errors)
UNRESOLVED: tr1/5_numerical_facilities/random/linear_congruential/cons/gen1.cc compilation failed to produce executable
UNRESOLVED: tr1/5_numerical_facilities/random/linear_congruential/cons/gen1.cc compilation failed to produce executable
FAIL: tr1/5_numerical_facilities/random/linear_congruential/cons/seed1.cc (test for excess errors)
UNRESOLVED: tr1/5_numerical_facilities/random/linear_congruential/cons/seed1.cc compilation failed to produce executable
UNRESOLVED: tr1/5_numerical_facilities/random/linear_congruential/cons/seed1.cc compilation failed to produce executable
FAIL: tr1/5_numerical_facilities/random/linear_congruential/cons/seed2.cc (test for excess errors)
UNRESOLVED: tr1/5_numerical_facilities/random/linear_congruential/cons/seed2.cc compilation failed to produce executable
UNRESOLVED: tr1/5_numerical_facilities/random/linear_congruential/cons/seed2.cc compilation failed to produce executable
FAIL: tr1/5_numerical_facilities/random/linear_congruential/operators/equal.cc (test for excess errors)
UNRESOLVED: tr1/5_numerical_facilities/random/linear_congruential/operators/equal.cc compilation failed to produce executable
UNRESOLVED: tr1/5_numerical_facilities/random/linear_congruential/operators/equal.cc compilation failed to produce executable
FAIL: tr1/5_numerical_facilities/random/linear_congruential/operators/not_equal.cc (test for excess errors)
UNRESOLVED: tr1/5_numerical_facilities/random/linear_congruential/operators/not_equal.cc compilation failed to produce executable
UNRESOLVED: tr1/5_numerical_facilities/random/linear_congruential/operators/not_equal.cc compilation failed to produce executable
FAIL: tr1/5_numerical_facilities/random/linear_congruential/operators/serialize.cc (test for excess errors)
UNRESOLVED: tr1/5_numerical_facilities/random/linear_congruential/operators/serialize.cc compilation failed to produce executable
UNRESOLVED: tr1/5_numerical_facilities/random/linear_congruential/operators/serialize.cc compilation failed to produce executable
FAIL: tr1/5_numerical_facilities/random/linear_congruential/requirements/constants.cc (test for excess errors)
FAIL: tr1/5_numerical_facilities/random/linear_congruential/requirements/non_uint_neg.cc (test for excess errors)
FAIL: tr1/5_numerical_facilities/random/linear_congruential/requirements/typedefs.cc (test for excess errors)
FAIL: tr1/5_numerical_facilities/random/mersenne_twister/cons/default.cc (test for excess errors)
UNRESOLVED: tr1/5_numerical_facilities/random/mersenne_twister/cons/default.cc compilation failed to produce executable
UNRESOLVED: tr1/5_numerical_facilities/random/mersenne_twister/cons/default.cc compilation failed to produce executable
FAIL: tr1/5_numerical_facilities/random/mersenne_twister/cons/gen1.cc (test for excess errors)
UNRESOLVED: tr1/5_numerical_facilities/random/mersenne_twister/cons/gen1.cc compilation failed to produce executable
UNRESOLVED: tr1/5_numerical_facilities/random/mersenne_twister/cons/gen1.cc compilation failed to produce executable
FAIL: tr1/5_numerical_facilities/random/mersenne_twister/cons/seed1.cc (test for excess errors)
UNRESOLVED: tr1/5_numerical_facilities/random/mersenne_twister/cons/seed1.cc compilation failed to produce executable
UNRESOLVED: tr1/5_numerical_facilities/random/mersenne_twister/cons/seed1.cc compilation failed to produce executable
FAIL: tr1/5_numerical_facilities/random/mersenne_twister/cons/seed2.cc (test for excess errors)
UNRESOLVED: tr1/5_numerical_facilities/random/mersenne_twister/cons/seed2.cc compilation failed to produce executable
UNRESOLVED: tr1/5_numerical_facilities/random/mersenne_twister/cons/seed2.cc compilation failed to produce executable
FAIL: tr1/5_numerical_facilities/random/mersenne_twister/operators/equal.cc (test for excess errors)
UNRESOLVED: tr1/5_numerical_facilities/random/mersenne_twister/operators/equal.cc compilation failed to produce executable
UNRESOLVED: tr1/5_numerical_facilities/random/mersenne_twister/operators/equal.cc compilation failed to produce executable
FAIL: tr1/5_numerical_facilities/random/mersenne_twister/operators/not_equal.cc (test for excess errors)
UNRESOLVED: tr1/5_numerical_facilities/random/mersenne_twister/operators/not_equal.cc compilation failed to produce executable
UNRESOLVED: tr1/5_numerical_facilities/random/mersenne_twister/operators/not_equal.cc compilation failed to produce executable
FAIL: tr1/5_numerical_facilities/random/mersenne_twister/operators/serialize.cc (test for excess errors)
UNRESOLVED: tr1/5_numerical_facilities/random/mersenne_twister/operators/serialize.cc compilation failed to produce executable
UNRESOLVED: tr1/5_numerical_facilities/random/mersenne_twister/operators/serialize.cc compilation failed to produce executable
FAIL: tr1/5_numerical_facilities/random/mersenne_twister/requirements/constants.cc (test for excess errors)
FAIL: tr1/5_numerical_facilities/random/mersenne_twister/requirements/typedefs.cc (test for excess errors)
FAIL: tr1/5_numerical_facilities/random/minstd_rand.cc (test for excess errors)
UNRESOLVED: tr1/5_numerical_facilities/random/minstd_rand.cc compilation failed to produce executable
UNRESOLVED: tr1/5_numerical_facilities/random/minstd_rand.cc compilation failed to produce executable
FAIL: tr1/5_numerical_facilities/random/minstd_rand0.cc (test for excess errors)
UNRESOLVED: tr1/5_numerical_facilities/random/minstd_rand0.cc compilation failed to produce executable
UNRESOLVED: tr1/5_numerical_facilities/random/minstd_rand0.cc compilation failed to produce executable
FAIL: tr1/5_numerical_facilities/random/mt19937.cc (test for excess errors)
UNRESOLVED: tr1/5_numerical_facilities/random/mt19937.cc compilation failed to produce executable
UNRESOLVED: tr1/5_numerical_facilities/random/mt19937.cc compilation failed to produce executable
FAIL: tr1/5_numerical_facilities/random/normal_distribution/requirements/typedefs.cc (test for excess errors)
FAIL: tr1/5_numerical_facilities/random/poisson_distribution/requirements/typedefs.cc (test for excess errors)
FAIL: tr1/5_numerical_facilities/random/random_device/cons/default.cc (test for excess errors)
UNRESOLVED: tr1/5_numerical_facilities/random/random_device/cons/default.cc compilation failed to produce executable
UNRESOLVED: tr1/5_numerical_facilities/random/random_device/cons/default.cc compilation failed to produce executable
FAIL: tr1/5_numerical_facilities/random/random_device/cons/token.cc (test for excess errors)
UNRESOLVED: tr1/5_numerical_facilities/random/random_device/cons/token.cc compilation failed to produce executable
UNRESOLVED: tr1/5_numerical_facilities/random/random_device/cons/token.cc compilation failed to produce executable
FAIL: tr1/5_numerical_facilities/random/random_device/requirements/typedefs.cc (test for excess errors)
FAIL: tr1/5_numerical_facilities/random/ranlux3.cc (test for excess errors)
UNRESOLVED: tr1/5_numerical_facilities/random/ranlux3.cc compilation failed to produce executable
UNRESOLVED: tr1/5_numerical_facilities/random/ranlux3.cc compilation failed to produce executable
FAIL: tr1/5_numerical_facilities/random/ranlux3_01.cc (test for excess errors)
UNRESOLVED: tr1/5_numerical_facilities/random/ranlux3_01.cc compilation failed to produce executable
UNRESOLVED: tr1/5_numerical_facilities/random/ranlux3_01.cc compilation failed to produce executable
FAIL: tr1/5_numerical_facilities/random/ranlux4.cc (test for excess errors)
UNRESOLVED: tr1/5_numerical_facilities/random/ranlux4.cc compilation failed to produce executable
UNRESOLVED: tr1/5_numerical_facilities/random/ranlux4.cc compilation failed to produce executable
FAIL: tr1/5_numerical_facilities/random/ranlux4_01.cc (test for excess errors)
UNRESOLVED: tr1/5_numerical_facilities/random/ranlux4_01.cc compilation failed to produce executable
UNRESOLVED: tr1/5_numerical_facilities/random/ranlux4_01.cc compilation failed to produce executable
FAIL: tr1/5_numerical_facilities/random/subtract_with_carry/cons/default.cc (test for excess errors)
UNRESOLVED: tr1/5_numerical_facilities/random/subtract_with_carry/cons/default.cc compilation failed to produce executable
UNRESOLVED: tr1/5_numerical_facilities/random/subtract_with_carry/cons/default.cc compilation failed to produce executable
FAIL: tr1/5_numerical_facilities/random/subtract_with_carry/cons/gen1.cc (test for excess errors)
UNRESOLVED: tr1/5_numerical_facilities/random/subtract_with_carry/cons/gen1.cc compilation failed to produce executable
UNRESOLVED: tr1/5_numerical_facilities/random/subtract_with_carry/cons/gen1.cc compilation failed to produce executable
FAIL: tr1/5_numerical_facilities/random/subtract_with_carry/cons/seed1.cc (test for excess errors)
UNRESOLVED: tr1/5_numerical_facilities/random/subtract_with_carry/cons/seed1.cc compilation failed to produce executable
UNRESOLVED: tr1/5_numerical_facilities/random/subtract_with_carry/cons/seed1.cc compilation failed to produce executable
FAIL: tr1/5_numerical_facilities/random/subtract_with_carry/cons/seed2.cc (test for excess errors)
UNRESOLVED: tr1/5_numerical_facilities/random/subtract_with_carry/cons/seed2.cc compilation failed to produce executable
UNRESOLVED: tr1/5_numerical_facilities/random/subtract_with_carry/cons/seed2.cc compilation failed to produce executable
FAIL: tr1/5_numerical_facilities/random/subtract_with_carry/operators/equal.cc (test for excess errors)
UNRESOLVED: tr1/5_numerical_facilities/random/subtract_with_carry/operators/equal.cc compilation failed to produce executable
UNRESOLVED: tr1/5_numerical_facilities/random/subtract_with_carry/operators/equal.cc compilation failed to produce executable
FAIL: tr1/5_numerical_facilities/random/subtract_with_carry/operators/not_equal.cc (test for excess errors)
UNRESOLVED: tr1/5_numerical_facilities/random/subtract_with_carry/operators/not_equal.cc compilation failed to produce executable
UNRESOLVED: tr1/5_numerical_facilities/random/subtract_with_carry/operators/not_equal.cc compilation failed to produce executable
FAIL: tr1/5_numerical_facilities/random/subtract_with_carry/operators/serialize.cc (test for excess errors)
UNRESOLVED: tr1/5_numerical_facilities/random/subtract_with_carry/operators/serialize.cc compilation failed to produce executable
UNRESOLVED: tr1/5_numerical_facilities/random/subtract_with_carry/operators/serialize.cc compilation failed to produce executable
FAIL: tr1/5_numerical_facilities/random/subtract_with_carry/requirements/constants.cc (test for excess errors)
FAIL: tr1/5_numerical_facilities/random/subtract_with_carry/requirements/typedefs.cc (test for excess errors)
FAIL: tr1/5_numerical_facilities/random/subtract_with_carry_01/cons/default.cc (test for excess errors)
UNRESOLVED: tr1/5_numerical_facilities/random/subtract_with_carry_01/cons/default.cc compilation failed to produce executable
UNRESOLVED: tr1/5_numerical_facilities/random/subtract_with_carry_01/cons/default.cc compilation failed to produce executable
FAIL: tr1/5_numerical_facilities/random/subtract_with_carry_01/cons/gen1.cc (test for excess errors)
UNRESOLVED: tr1/5_numerical_facilities/random/subtract_with_carry_01/cons/gen1.cc compilation failed to produce executable
UNRESOLVED: tr1/5_numerical_facilities/random/subtract_with_carry_01/cons/gen1.cc compilation failed to produce executable
FAIL: tr1/5_numerical_facilities/random/subtract_with_carry_01/cons/seed1.cc (test for excess errors)
UNRESOLVED: tr1/5_numerical_facilities/random/subtract_with_carry_01/cons/seed1.cc compilation failed to produce executable
UNRESOLVED: tr1/5_numerical_facilities/random/subtract_with_carry_01/cons/seed1.cc compilation failed to produce executable
FAIL: tr1/5_numerical_facilities/random/subtract_with_carry_01/cons/seed2.cc (test for excess errors)
UNRESOLVED: tr1/5_numerical_facilities/random/subtract_with_carry_01/cons/seed2.cc compilation failed to produce executable
UNRESOLVED: tr1/5_numerical_facilities/random/subtract_with_carry_01/cons/seed2.cc compilation failed to produce executable
FAIL: tr1/5_numerical_facilities/random/subtract_with_carry_01/operators/equal.cc (test for excess errors)
UNRESOLVED: tr1/5_numerical_facilities/random/subtract_with_carry_01/operators/equal.cc compilation failed to produce executable
UNRESOLVED: tr1/5_numerical_facilities/random/subtract_with_carry_01/operators/equal.cc compilation failed to produce executable
FAIL: tr1/5_numerical_facilities/random/subtract_with_carry_01/operators/not_equal.cc (test for excess errors)
UNRESOLVED: tr1/5_numerical_facilities/random/subtract_with_carry_01/operators/not_equal.cc compilation failed to produce executable
UNRESOLVED: tr1/5_numerical_facilities/random/subtract_with_carry_01/operators/not_equal.cc compilation failed to produce executable
FAIL: tr1/5_numerical_facilities/random/subtract_with_carry_01/operators/serialize.cc (test for excess errors)
UNRESOLVED: tr1/5_numerical_facilities/random/subtract_with_carry_01/operators/serialize.cc compilation failed to produce executable
UNRESOLVED: tr1/5_numerical_facilities/random/subtract_with_carry_01/operators/serialize.cc compilation failed to produce executable
FAIL: tr1/5_numerical_facilities/random/subtract_with_carry_01/requirements/constants.cc (test for excess errors)
FAIL: tr1/5_numerical_facilities/random/subtract_with_carry_01/requirements/typedefs.cc (test for excess errors)
FAIL: tr1/5_numerical_facilities/random/uniform_int/33128.cc (test for excess errors)
UNRESOLVED: tr1/5_numerical_facilities/random/uniform_int/33128.cc compilation failed to produce executable
UNRESOLVED: tr1/5_numerical_facilities/random/uniform_int/33128.cc compilation failed to produce executable
FAIL: tr1/5_numerical_facilities/random/uniform_int/cons/default.cc (test for excess errors)
UNRESOLVED: tr1/5_numerical_facilities/random/uniform_int/cons/default.cc compilation failed to produce executable
UNRESOLVED: tr1/5_numerical_facilities/random/uniform_int/cons/default.cc compilation failed to produce executable
FAIL: tr1/5_numerical_facilities/random/uniform_int/cons/range.cc (test for excess errors)
UNRESOLVED: tr1/5_numerical_facilities/random/uniform_int/cons/range.cc compilation failed to produce executable
UNRESOLVED: tr1/5_numerical_facilities/random/uniform_int/cons/range.cc compilation failed to produce executable
FAIL: tr1/5_numerical_facilities/random/uniform_int/requirements/typedefs.cc (test for excess errors)
FAIL: tr1/5_numerical_facilities/random/uniform_real/requirements/typedefs.cc (test for excess errors)
FAIL: tr1/5_numerical_facilities/random/variate_generator/37986.cc (test for excess errors)
FAIL: tr1/5_numerical_facilities/random/variate_generator/requirements/typedefs.cc (test for excess errors)
FAIL: tr1/5_numerical_facilities/random/xor_combine/cons/default.cc (test for excess errors)
UNRESOLVED: tr1/5_numerical_facilities/random/xor_combine/cons/default.cc compilation failed to produce executable
UNRESOLVED: tr1/5_numerical_facilities/random/xor_combine/cons/default.cc compilation failed to produce executable
FAIL: tr1/5_numerical_facilities/random/xor_combine/operators/equal.cc (test for excess errors)
UNRESOLVED: tr1/5_numerical_facilities/random/xor_combine/operators/equal.cc compilation failed to produce executable
UNRESOLVED: tr1/5_numerical_facilities/random/xor_combine/operators/equal.cc compilation failed to produce executable
FAIL: tr1/5_numerical_facilities/random/xor_combine/operators/not_equal.cc (test for excess errors)
UNRESOLVED: tr1/5_numerical_facilities/random/xor_combine/operators/not_equal.cc compilation failed to produce executable
UNRESOLVED: tr1/5_numerical_facilities/random/xor_combine/operators/not_equal.cc compilation failed to produce executable
FAIL: tr1/5_numerical_facilities/random/xor_combine/operators/serialize.cc (test for excess errors)
UNRESOLVED: tr1/5_numerical_facilities/random/xor_combine/operators/serialize.cc compilation failed to produce executable
UNRESOLVED: tr1/5_numerical_facilities/random/xor_combine/operators/serialize.cc compilation failed to produce executable
FAIL: tr1/5_numerical_facilities/random/xor_combine/requirements/constants.cc (test for excess errors)
FAIL: tr1/5_numerical_facilities/random/xor_combine/requirements/typedefs.cc (test for excess errors)
FAIL: tr1/5_numerical_facilities/special_functions/01_assoc_laguerre/check_value.cc (test for excess errors)
UNRESOLVED: tr1/5_numerical_facilities/special_functions/01_assoc_laguerre/check_value.cc compilation failed to produce executable
UNRESOLVED: tr1/5_numerical_facilities/special_functions/01_assoc_laguerre/check_value.cc compilation failed to produce executable
FAIL: tr1/5_numerical_facilities/special_functions/01_assoc_laguerre/compile.cc (test for excess errors)
FAIL: tr1/5_numerical_facilities/special_functions/01_assoc_laguerre/compile_2.cc (test for excess errors)
FAIL: tr1/5_numerical_facilities/special_functions/02_assoc_legendre/check_value.cc (test for excess errors)
UNRESOLVED: tr1/5_numerical_facilities/special_functions/02_assoc_legendre/check_value.cc compilation failed to produce executable
UNRESOLVED: tr1/5_numerical_facilities/special_functions/02_assoc_legendre/check_value.cc compilation failed to produce executable
FAIL: tr1/5_numerical_facilities/special_functions/02_assoc_legendre/compile.cc (test for excess errors)
FAIL: tr1/5_numerical_facilities/special_functions/02_assoc_legendre/compile_2.cc (test for excess errors)
FAIL: tr1/5_numerical_facilities/special_functions/03_beta/check_value.cc (test for excess errors)
UNRESOLVED: tr1/5_numerical_facilities/special_functions/03_beta/check_value.cc compilation failed to produce executable
UNRESOLVED: tr1/5_numerical_facilities/special_functions/03_beta/check_value.cc compilation failed to produce executable
FAIL: tr1/5_numerical_facilities/special_functions/03_beta/compile.cc (test for excess errors)
FAIL: tr1/5_numerical_facilities/special_functions/03_beta/compile_2.cc (test for excess errors)
FAIL: tr1/5_numerical_facilities/special_functions/04_comp_ellint_1/check_value.cc (test for excess errors)
UNRESOLVED: tr1/5_numerical_facilities/special_functions/04_comp_ellint_1/check_value.cc compilation failed to produce executable
UNRESOLVED: tr1/5_numerical_facilities/special_functions/04_comp_ellint_1/check_value.cc compilation failed to produce executable
FAIL: tr1/5_numerical_facilities/special_functions/04_comp_ellint_1/compile.cc (test for excess errors)
FAIL: tr1/5_numerical_facilities/special_functions/04_comp_ellint_1/compile_2.cc (test for excess errors)
FAIL: tr1/5_numerical_facilities/special_functions/05_comp_ellint_2/check_value.cc (test for excess errors)
UNRESOLVED: tr1/5_numerical_facilities/special_functions/05_comp_ellint_2/check_value.cc compilation failed to produce executable
UNRESOLVED: tr1/5_numerical_facilities/special_functions/05_comp_ellint_2/check_value.cc compilation failed to produce executable
FAIL: tr1/5_numerical_facilities/special_functions/05_comp_ellint_2/compile.cc (test for excess errors)
FAIL: tr1/5_numerical_facilities/special_functions/05_comp_ellint_2/compile_2.cc (test for excess errors)
FAIL: tr1/5_numerical_facilities/special_functions/06_comp_ellint_3/check_value.cc (test for excess errors)
UNRESOLVED: tr1/5_numerical_facilities/special_functions/06_comp_ellint_3/check_value.cc compilation failed to produce executable
UNRESOLVED: tr1/5_numerical_facilities/special_functions/06_comp_ellint_3/check_value.cc compilation failed to produce executable
FAIL: tr1/5_numerical_facilities/special_functions/06_comp_ellint_3/compile.cc (test for excess errors)
FAIL: tr1/5_numerical_facilities/special_functions/06_comp_ellint_3/compile_2.cc (test for excess errors)
FAIL: tr1/5_numerical_facilities/special_functions/07_conf_hyperg/check_value.cc (test for excess errors)
UNRESOLVED: tr1/5_numerical_facilities/special_functions/07_conf_hyperg/check_value.cc compilation failed to produce executable
UNRESOLVED: tr1/5_numerical_facilities/special_functions/07_conf_hyperg/check_value.cc compilation failed to produce executable
FAIL: tr1/5_numerical_facilities/special_functions/07_conf_hyperg/compile.cc (test for excess errors)
FAIL: tr1/5_numerical_facilities/special_functions/07_conf_hyperg/compile_2.cc (test for excess errors)
FAIL: tr1/5_numerical_facilities/special_functions/08_cyl_bessel_i/check_value.cc (test for excess errors)
UNRESOLVED: tr1/5_numerical_facilities/special_functions/08_cyl_bessel_i/check_value.cc compilation failed to produce executable
UNRESOLVED: tr1/5_numerical_facilities/special_functions/08_cyl_bessel_i/check_value.cc compilation failed to produce executable
FAIL: tr1/5_numerical_facilities/special_functions/08_cyl_bessel_i/compile.cc (test for excess errors)
FAIL: tr1/5_numerical_facilities/special_functions/08_cyl_bessel_i/compile_2.cc (test for excess errors)
FAIL: tr1/5_numerical_facilities/special_functions/08_cyl_bessel_i/pr56216.cc (test for excess errors)
UNRESOLVED: tr1/5_numerical_facilities/special_functions/08_cyl_bessel_i/pr56216.cc compilation failed to produce executable
UNRESOLVED: tr1/5_numerical_facilities/special_functions/08_cyl_bessel_i/pr56216.cc compilation failed to produce executable
FAIL: tr1/5_numerical_facilities/special_functions/09_cyl_bessel_j/check_value.cc (test for excess errors)
UNRESOLVED: tr1/5_numerical_facilities/special_functions/09_cyl_bessel_j/check_value.cc compilation failed to produce executable
UNRESOLVED: tr1/5_numerical_facilities/special_functions/09_cyl_bessel_j/check_value.cc compilation failed to produce executable
FAIL: tr1/5_numerical_facilities/special_functions/09_cyl_bessel_j/compile.cc (test for excess errors)
FAIL: tr1/5_numerical_facilities/special_functions/09_cyl_bessel_j/compile_2.cc (test for excess errors)
FAIL: tr1/5_numerical_facilities/special_functions/10_cyl_bessel_k/airy.cc (test for excess errors)
FAIL: tr1/5_numerical_facilities/special_functions/10_cyl_bessel_k/check_value.cc (test for excess errors)
UNRESOLVED: tr1/5_numerical_facilities/special_functions/10_cyl_bessel_k/check_value.cc compilation failed to produce executable
UNRESOLVED: tr1/5_numerical_facilities/special_functions/10_cyl_bessel_k/check_value.cc compilation failed to produce executable
FAIL: tr1/5_numerical_facilities/special_functions/10_cyl_bessel_k/compile.cc (test for excess errors)
FAIL: tr1/5_numerical_facilities/special_functions/10_cyl_bessel_k/compile_2.cc (test for excess errors)
FAIL: tr1/5_numerical_facilities/special_functions/11_cyl_neumann/check_value.cc (test for excess errors)
UNRESOLVED: tr1/5_numerical_facilities/special_functions/11_cyl_neumann/check_value.cc compilation failed to produce executable
UNRESOLVED: tr1/5_numerical_facilities/special_functions/11_cyl_neumann/check_value.cc compilation failed to produce executable
FAIL: tr1/5_numerical_facilities/special_functions/11_cyl_neumann/compile.cc (test for excess errors)
FAIL: tr1/5_numerical_facilities/special_functions/11_cyl_neumann/compile_2.cc (test for excess errors)
FAIL: tr1/5_numerical_facilities/special_functions/12_ellint_1/check_value.cc (test for excess errors)
UNRESOLVED: tr1/5_numerical_facilities/special_functions/12_ellint_1/check_value.cc compilation failed to produce executable
UNRESOLVED: tr1/5_numerical_facilities/special_functions/12_ellint_1/check_value.cc compilation failed to produce executable
FAIL: tr1/5_numerical_facilities/special_functions/12_ellint_1/compile.cc (test for excess errors)
FAIL: tr1/5_numerical_facilities/special_functions/12_ellint_1/compile_2.cc (test for excess errors)
FAIL: tr1/5_numerical_facilities/special_functions/13_ellint_2/check_value.cc (test for excess errors)
UNRESOLVED: tr1/5_numerical_facilities/special_functions/13_ellint_2/check_value.cc compilation failed to produce executable
UNRESOLVED: tr1/5_numerical_facilities/special_functions/13_ellint_2/check_value.cc compilation failed to produce executable
FAIL: tr1/5_numerical_facilities/special_functions/13_ellint_2/compile.cc (test for excess errors)
FAIL: tr1/5_numerical_facilities/special_functions/13_ellint_2/compile_2.cc (test for excess errors)
FAIL: tr1/5_numerical_facilities/special_functions/14_ellint_3/check_value.cc (test for excess errors)
UNRESOLVED: tr1/5_numerical_facilities/special_functions/14_ellint_3/check_value.cc compilation failed to produce executable
UNRESOLVED: tr1/5_numerical_facilities/special_functions/14_ellint_3/check_value.cc compilation failed to produce executable
FAIL: tr1/5_numerical_facilities/special_functions/14_ellint_3/compile.cc (test for excess errors)
FAIL: tr1/5_numerical_facilities/special_functions/14_ellint_3/compile_2.cc (test for excess errors)
FAIL: tr1/5_numerical_facilities/special_functions/15_expint/check_value_neg.cc (test for excess errors)
UNRESOLVED: tr1/5_numerical_facilities/special_functions/15_expint/check_value_neg.cc compilation failed to produce executable
UNRESOLVED: tr1/5_numerical_facilities/special_functions/15_expint/check_value_neg.cc compilation failed to produce executable
FAIL: tr1/5_numerical_facilities/special_functions/15_expint/check_value_pos.cc (test for excess errors)
UNRESOLVED: tr1/5_numerical_facilities/special_functions/15_expint/check_value_pos.cc compilation failed to produce executable
UNRESOLVED: tr1/5_numerical_facilities/special_functions/15_expint/check_value_pos.cc compilation failed to produce executable
FAIL: tr1/5_numerical_facilities/special_functions/15_expint/compile.cc (test for excess errors)
FAIL: tr1/5_numerical_facilities/special_functions/15_expint/compile_2.cc (test for excess errors)
FAIL: tr1/5_numerical_facilities/special_functions/16_hermite/compile.cc (test for excess errors)
FAIL: tr1/5_numerical_facilities/special_functions/16_hermite/compile_2.cc (test for excess errors)
FAIL: tr1/5_numerical_facilities/special_functions/17_hyperg/check_value.cc (test for excess errors)
UNRESOLVED: tr1/5_numerical_facilities/special_functions/17_hyperg/check_value.cc compilation failed to produce executable
UNRESOLVED: tr1/5_numerical_facilities/special_functions/17_hyperg/check_value.cc compilation failed to produce executable
FAIL: tr1/5_numerical_facilities/special_functions/17_hyperg/compile.cc (test for excess errors)
FAIL: tr1/5_numerical_facilities/special_functions/17_hyperg/compile_2.cc (test for excess errors)
FAIL: tr1/5_numerical_facilities/special_functions/18_laguerre/check_value.cc (test for excess errors)
UNRESOLVED: tr1/5_numerical_facilities/special_functions/18_laguerre/check_value.cc compilation failed to produce executable
UNRESOLVED: tr1/5_numerical_facilities/special_functions/18_laguerre/check_value.cc compilation failed to produce executable
FAIL: tr1/5_numerical_facilities/special_functions/18_laguerre/compile.cc (test for excess errors)
FAIL: tr1/5_numerical_facilities/special_functions/18_laguerre/compile_2.cc (test for excess errors)
FAIL: tr1/5_numerical_facilities/special_functions/19_legendre/check_value.cc (test for excess errors)
UNRESOLVED: tr1/5_numerical_facilities/special_functions/19_legendre/check_value.cc compilation failed to produce executable
UNRESOLVED: tr1/5_numerical_facilities/special_functions/19_legendre/check_value.cc compilation failed to produce executable
FAIL: tr1/5_numerical_facilities/special_functions/19_legendre/compile.cc (test for excess errors)
FAIL: tr1/5_numerical_facilities/special_functions/19_legendre/compile_2.cc (test for excess errors)
FAIL: tr1/5_numerical_facilities/special_functions/20_riemann_zeta/check_value_neg.cc (test for excess errors)
UNRESOLVED: tr1/5_numerical_facilities/special_functions/20_riemann_zeta/check_value_neg.cc compilation failed to produce executable
UNRESOLVED: tr1/5_numerical_facilities/special_functions/20_riemann_zeta/check_value_neg.cc compilation failed to produce executable
FAIL: tr1/5_numerical_facilities/special_functions/20_riemann_zeta/check_value_pos.cc (test for excess errors)
UNRESOLVED: tr1/5_numerical_facilities/special_functions/20_riemann_zeta/check_value_pos.cc compilation failed to produce executable
UNRESOLVED: tr1/5_numerical_facilities/special_functions/20_riemann_zeta/check_value_pos.cc compilation failed to produce executable
FAIL: tr1/5_numerical_facilities/special_functions/20_riemann_zeta/compile.cc (test for excess errors)
FAIL: tr1/5_numerical_facilities/special_functions/20_riemann_zeta/compile_2.cc (test for excess errors)
FAIL: tr1/5_numerical_facilities/special_functions/21_sph_bessel/check_value.cc (test for excess errors)
UNRESOLVED: tr1/5_numerical_facilities/special_functions/21_sph_bessel/check_value.cc compilation failed to produce executable
UNRESOLVED: tr1/5_numerical_facilities/special_functions/21_sph_bessel/check_value.cc compilation failed to produce executable
FAIL: tr1/5_numerical_facilities/special_functions/21_sph_bessel/compile.cc (test for excess errors)
FAIL: tr1/5_numerical_facilities/special_functions/21_sph_bessel/compile_2.cc (test for excess errors)
FAIL: tr1/5_numerical_facilities/special_functions/22_sph_legendre/check_value.cc (test for excess errors)
UNRESOLVED: tr1/5_numerical_facilities/special_functions/22_sph_legendre/check_value.cc compilation failed to produce executable
UNRESOLVED: tr1/5_numerical_facilities/special_functions/22_sph_legendre/check_value.cc compilation failed to produce executable
FAIL: tr1/5_numerical_facilities/special_functions/22_sph_legendre/compile.cc (test for excess errors)
FAIL: tr1/5_numerical_facilities/special_functions/22_sph_legendre/compile_2.cc (test for excess errors)
FAIL: tr1/5_numerical_facilities/special_functions/23_sph_neumann/check_value.cc (test for excess errors)
UNRESOLVED: tr1/5_numerical_facilities/special_functions/23_sph_neumann/check_value.cc compilation failed to produce executable
UNRESOLVED: tr1/5_numerical_facilities/special_functions/23_sph_neumann/check_value.cc compilation failed to produce executable
FAIL: tr1/5_numerical_facilities/special_functions/23_sph_neumann/compile.cc (test for excess errors)
FAIL: tr1/5_numerical_facilities/special_functions/23_sph_neumann/compile_2.cc (test for excess errors)
FAIL: tr1/8_c_compatibility/cmath/51083.cc (test for excess errors)
UNRESOLVED: tr1/8_c_compatibility/cmath/51083.cc compilation failed to produce executable
UNRESOLVED: tr1/8_c_compatibility/cmath/51083.cc compilation failed to produce executable
FAIL: tr1/8_c_compatibility/cmath/functions.cc (test for excess errors)
FAIL: tr1/8_c_compatibility/cmath/overloads.cc (test for excess errors)
FAIL: tr1/8_c_compatibility/cmath/overloads_neg.cc (test for excess errors)
FAIL: tr1/8_c_compatibility/cmath/templates.cc (test for excess errors)
FAIL: tr1/8_c_compatibility/cmath/types_std_tr1.cc (test for excess errors)
FAIL: tr1/headers/all.cc (test for excess errors)
FAIL: tr1/headers/c++200x/complex.cc (test for excess errors)
=== libstdc++ Summary ===
# of expected passes 15464
# of unexpected failures 170
# of unexpected successes 1
# of expected failures 131
# of unresolved testcases 170
# of unsupported tests 614
Compiler version: 6.0.0 20151122 (experimental) [trunk revision 230723] (Debian 20151122-1)
Platform: s390x-ibm-linux-gnu
configure flags: -v --with-pkgversion='Debian 20151122-1' --with-bugurl=file:///usr/share/doc/gcc-snapshot/README.Bugs --enable-languages=c,ada,c++,java,go,fortran,objc,obj-c++ --prefix=/usr/lib/gcc-snapshot --enable-shared --enable-linker-build-id --disable-nls --with-sysroot=/ --enable-clocale=gnu --enable-libstdcxx-debug --enable-libstdcxx-time=yes --with-default-libstdcxx-abi=new --enable-gnu-unique-object --disable-libitm --disable-libsanitizer --disable-libquadmath --enable-plugin --with-system-zlib --disable-browser-plugin --enable-java-awt=gtk --enable-gtk-cairo --with-java-home=/usr/lib/jvm/java-1.5.0-gcj-6-snap-s390x/jre --enable-java-home --with-jvm-root-dir=/usr/lib/jvm/java-1.5.0-gcj-6-snap-s390x --with-jvm-jar-dir=/usr/lib/jvm-exports/java-1.5.0-gcj-6-snap-s390x --with-arch-directory=s390x --with-ecj-jar=/usr/share/java/eclipse-ecj.jar --enable-objc-gc --enable-multiarch --with-long-double-128 --enable-multilib --disable-werror --enable-checking=yes --build=s390x-linux-gnu --host=s390x-linux-gnu --target=s390x-linux-gnu
BOOT_CFLAGS=
Build Dependencies:
Desired=Unknown/Install/Remove/Purge/Hold
| Status=Not/Inst/Conf-files/Unpacked/halF-conf/Half-inst/trig-aWait/Trig-pend
|/ Err?=(none)/Reinst-required (Status,Err: uppercase=bad)
||/ Name Version Architecture Description
+++-=========================-==================-============-===============================================================================
ii binutils 2.25.51.20151113-2 s390x GNU assembler, linker and binary utilities
ii g++-5 5.2.1-23 s390x GNU C++ compiler
ii g++-5-multilib 5.2.1-23 s390x GNU C++ compiler (multilib support)
ii g++-multilib 4:5.2.1-4 s390x GNU C++ compiler (multilib files)
ii libc6:s390x 2.19-22 s390x GNU C Library: Shared libraries
ii libgmp-dev:s390x 2:6.1.0+dfsg-2 s390x Multiprecision arithmetic library developers tools
ii libisl-dev:s390x 0.15-3 s390x manipulating sets and relations of integer points bounded by linear constraints
ii libmpc-dev:s390x 1.0.3-1 s390x multiple precision complex floating-point library development package
ii libmpfr-dev:s390x 3.1.3-1 s390x multiple precision floating-point computation developers tools
sys-auxv-header:
Check for the sys/auxv.h header file.
libcilkrts-targets:
Disable libcilkrts on KFreeBSD and the Hurd. See #734973.
arm-multilib-soft:
ARM hard/soft float multilib support
arm-multilib-defaults:
Set MULTILIB_DEFAULTS for ARM multilib builds
gcc-ice-dump:
For ICEs, dump the preprocessed source file to stderr
when in a distro build environment.
gcc-ice-apport:
Report an ICE to apport (if apport is available
and the environment variable GCC_NOAPPORT is not set)
libjava-fixed-symlinks:
Remove unneed '..' elements from symlinks in JAVA_HOME
libffi-ro-eh_frame_sect:
PR libffi/47248, force a read only eh frame section.
gcc-multiarch:
- Remaining multiarch patches, not yet submitted upstream.
- Add MULTIARCH_DIRNAME definitions for multilib configurations,
which are used for the non-multilib builds.
libjava-nobiarch-check:
For biarch builds, disable the testsuite for the non-default architecture
for runtime libraries, which are not built by default (libjava).
config-ml:
- Disable some biarch libraries for biarch builds.
- Fix multilib builds on kernels which don't support all multilibs.
gcc-multilib-multiarch:
Don't auto-detect multilib osdirnames.
libgomp-kfreebsd-testsuite:
Disable lock-2.c test on kfreebsd-*
go-testsuite:
Skip Go testcase on AArch64 which hangs on the buildds.
ada-749574:
ada-mips:
Improve support for mips.
ada-ppc64:
ada-mips64:
ada-bootstrap-compare:
For the bootstrap comparison, ignore gcc/ada/a-except.o on
mips and mipsel. See PR ada/65618.
Counting all warnings,
there are 0 warnings in stage3 of this bootstrap.
Number of warnings per file:
Number of warning types:
More information about the Gcc-testresults
mailing list