Results for 6.0.0 20151121 (experimental) [trunk revision 230711] (GCC) testsuite on powerpc-ibm-aix7.1.0.0
David Edelsohn
edelsohn@p7curie.watson.ibm.com
Sun Nov 22 05:32:00 GMT 2015
LAST_UPDATED: Sat Nov 21 22:15:31 UTC 2015 (revision 230711)
Native configuration is powerpc-ibm-aix7.1.0.0
=== g++ tests ===
Running target unix
FAIL: g++.dg/compat/eh/new1 cp_compat_x_tst.o-cp_compat_y_tst.o execute
XPASS: g++.dg/debug/pr56294.C -gdwarf-2 (test for excess errors)
XPASS: g++.dg/debug/pr56294.C -gdwarf-2 -g1 (test for excess errors)
XPASS: g++.dg/debug/pr56294.C -gdwarf-2 -g3 (test for excess errors)
XPASS: g++.dg/debug/pr56294.C -gxcoff (test for excess errors)
XPASS: g++.dg/debug/pr56294.C -gxcoff+ (test for excess errors)
XPASS: g++.dg/debug/pr56294.C -gxcoff+1 (test for excess errors)
XPASS: g++.dg/debug/pr56294.C -gxcoff+3 (test for excess errors)
XPASS: g++.dg/debug/pr56294.C -gxcoff1 (test for excess errors)
XPASS: g++.dg/debug/pr56294.C -gxcoff3 (test for excess errors)
XPASS: g++.dg/debug/pr56819.C -gdwarf-2 (test for excess errors)
XPASS: g++.dg/debug/pr56819.C -gdwarf-2 -g1 (test for excess errors)
XPASS: g++.dg/debug/pr56819.C -gdwarf-2 -g3 (test for excess errors)
XPASS: g++.dg/debug/pr56819.C -gxcoff (test for excess errors)
XPASS: g++.dg/debug/pr56819.C -gxcoff+ (test for excess errors)
XPASS: g++.dg/debug/pr56819.C -gxcoff+1 (test for excess errors)
XPASS: g++.dg/debug/pr56819.C -gxcoff+3 (test for excess errors)
XPASS: g++.dg/debug/pr56819.C -gxcoff1 (test for excess errors)
XPASS: g++.dg/debug/pr56819.C -gxcoff3 (test for excess errors)
XPASS: g++.dg/debug/dwarf2/imported-decl-2.C -std=gnu++11 scan-assembler-not ascii "BBBB\\\\\\\\0".*ascii "AAAA\\\\\\\\0".*DW_TAG_imported_declaration
XPASS: g++.dg/debug/dwarf2/imported-decl-2.C -std=gnu++14 scan-assembler-not ascii "BBBB\\\\\\\\0".*ascii "AAAA\\\\\\\\0".*DW_TAG_imported_declaration
XPASS: g++.dg/debug/dwarf2/imported-decl-2.C -std=gnu++98 scan-assembler-not ascii "BBBB\\\\\\\\0".*ascii "AAAA\\\\\\\\0".*DW_TAG_imported_declaration
XPASS: g++.dg/debug/dwarf2/pr46123-2.C -std=gnu++11 broken -feliminate-dwarf2-dups (test for bogus messages, line 1)
XPASS: g++.dg/debug/dwarf2/pr46123-2.C -std=gnu++14 broken -feliminate-dwarf2-dups (test for bogus messages, line 1)
XPASS: g++.dg/debug/dwarf2/pr46123-2.C -std=gnu++98 broken -feliminate-dwarf2-dups (test for bogus messages, line 1)
FAIL: c-c++-common/attr-simd-3.c -std=gnu++11 (test for excess errors)
FAIL: c-c++-common/attr-simd-3.c -std=gnu++14 (test for excess errors)
FAIL: c-c++-common/attr-simd-3.c -std=gnu++98 (test for excess errors)
FAIL: g++.dg/cpp1y/pr58708.C -std=c++14 execution test
FAIL: g++.dg/eh/new1.C -std=c++14 execution test
FAIL: g++.dg/init/new40.C execution test
WARNING: g++.dg/init/self1.C -std=c++11 compilation failed to produce executable
WARNING: g++.dg/init/self1.C -std=c++14 compilation failed to produce executable
XPASS: g++.dg/template/linkage1.C -std=c++98 scan-assembler-not (weak|glob)[^\\n]*_Z3fooIXadL_ZL11static_funcvEEEvv
FAIL: g++.dg/tree-ssa/pr61034.C -std=gnu++11 scan-tree-dump-times fre2 "free" 10
FAIL: g++.dg/tree-ssa/pr61034.C -std=gnu++14 scan-tree-dump-times fre2 "free" 10
FAIL: g++.dg/tree-ssa/pr61034.C -std=gnu++98 scan-tree-dump-times fre2 "free" 10
XPASS: g++.dg/tls/thread_local-order2.C -std=c++11 execution test
XPASS: g++.dg/tls/thread_local-order2.C -std=c++14 execution test
FAIL: g++.dg/tree-prof/pr57451.C compilation, -fprofile-use -D_PROFILE_USE
UNRESOLVED: g++.dg/tree-prof/pr57451.C execution, -fprofile-use -D_PROFILE_USE
FAIL: g++.dg/vect/pr36648.cc -std=c++11 scan-tree-dump-times vect "vectorized 1 loops" 1
FAIL: g++.dg/vect/pr36648.cc -std=c++11 scan-tree-dump-times vect "vectorizing stmts using SLP" 1
FAIL: g++.dg/vect/pr36648.cc -std=c++14 scan-tree-dump-times vect "vectorized 1 loops" 1
FAIL: g++.dg/vect/pr36648.cc -std=c++14 scan-tree-dump-times vect "vectorizing stmts using SLP" 1
FAIL: g++.dg/vect/pr36648.cc -std=c++98 scan-tree-dump-times vect "vectorized 1 loops" 1
FAIL: g++.dg/vect/pr36648.cc -std=c++98 scan-tree-dump-times vect "vectorizing stmts using SLP" 1
FAIL: g++.old-deja/g++.eh/new2.C -std=gnu++14 execution test
XPASS: g++.old-deja/g++.mike/p755a.C -std=c++11 execution test
XPASS: g++.old-deja/g++.mike/p755a.C -std=c++98 execution test
=== g++ Summary ===
# of expected passes 84642
# of unexpected failures 18
# of unexpected successes 29
# of expected failures 416
# of unresolved testcases 1
# of unsupported tests 3796
/tmp/20151121/gcc/testsuite/g++/../../xg++ version 6.0.0 20151121 (experimental) [trunk revision 230711] (GCC)
=== gcc tests ===
Running target unix
XPASS: gcc.dg/autopar/pr46799.c (test for excess errors)
FAIL: gcc.dg/cpp/trad/include.c (test for excess errors)
FAIL: gcc.dg/addr_equal-1.c (test for excess errors)
WARNING: gcc.dg/addr_equal-1.c compilation failed to produce executable
FAIL: gcc.dg/asm-names.c scan-assembler-not ____frob14
FAIL: gcc.dg/ifcvt-4.c scan-rtl-dump ce1 "2 true changes made"
XPASS: gcc.dg/pr64935-1.c (test for excess errors)
FAIL: gcc.dg/sms-8.c scan-rtl-dump-times sms "SMS succeeded" 0
FAIL: gcc.dg/graphite/pr42729.c (test for excess errors)
FAIL: gcc.dg/graphite/pr42917.c (test for excess errors)
FAIL: gcc.dg/ipa/iinline-attr.c scan-ipa-dump inline "hooray[^\\\\n]*inline copy in test"
XPASS: gcc.dg/torture/pr59166.c -O0 (test for excess errors)
FAIL: gcc.dg/torture/pr68264.c -O0 execution test
FAIL: gcc.dg/torture/pr68264.c -Os execution test
FAIL: gcc.dg/tree-ssa/ivopts-lt-2.c scan-tree-dump-times ivopts "PHI <p_" 1
FAIL: gcc.dg/tree-ssa/ivopts-lt-2.c scan-tree-dump-times ivopts "PHI" 1
FAIL: gcc.dg/tree-ssa/ivopts-lt-2.c scan-tree-dump-times ivopts "p_[0-9]* <" 1
FAIL: gcc.dg/tree-ssa/pr45122.c execution test
FAIL: gcc.dg/tree-ssa/ssa-dom-thread-4.c scan-tree-dump-times dom1 "Threaded" 4
FAIL: gcc.dg/vect/costmodel/ppc/costmodel-bb-slp-9a-pr63175.c scan-assembler-not \\tlwz?u?x?
FAIL: gcc.dg/vect/costmodel/ppc/costmodel-vect-31a.c scan-tree-dump-times vect "vectorization not profitable" 1
FAIL: gcc.dg/vect/costmodel/ppc/costmodel-vect-33.c scan-tree-dump-times vect "vectorization not profitable" 1
FAIL: gcc.dg/vect/bb-slp-10.c scan-tree-dump slp2 "unsupported alignment in basic block."
FAIL: gcc.dg/vect/bb-slp-pr65935.c scan-tree-dump-times slp1 "basic block vectorized" 1
FAIL: gcc.dg/vect/no-tree-sra-bb-slp-pr50730.c scan-tree-dump-times slp2 "basic block vectorized" 1
FAIL: gcc.dg/vect/no-vfa-vect-depend-2.c scan-tree-dump-times vect "vectorized 1 loops" 1
FAIL: gcc.dg/vect/no-vfa-vect-depend-3.c scan-tree-dump-times vect "vectorized 1 loops" 4
FAIL: gcc.dg/vect/pr62171.c scan-tree-dump-times vect "vectorized 1 loops" 1
FAIL: gcc.dg/vect/slp-multitypes-4.c scan-tree-dump-times vect "vectorized 1 loops" 1
FAIL: gcc.dg/vect/slp-multitypes-4.c scan-tree-dump-times vect "vectorizing stmts using SLP" 1
FAIL: gcc.dg/vect/slp-multitypes-5.c scan-tree-dump-times vect "vectorized 1 loops" 1
FAIL: gcc.dg/vect/slp-multitypes-5.c scan-tree-dump-times vect "vectorizing stmts using SLP" 1
FAIL: gcc.dg/vect/slp-perm-8.c scan-tree-dump-times vect "vectorized 1 loops" 1
FAIL: gcc.dg/vect/vect-125.c scan-tree-dump vect "vectorized 1 loops"
FAIL: gcc.dg/vect/vect-31.c scan-tree-dump-times vect "vectorized 4 loops" 1
FAIL: gcc.target/powerpc/pr67808.c scan-assembler xxlxor
FAIL: gcc.target/powerpc/recip-4.c scan-assembler-times xvmsub.dp 1
FAIL: gcc.target/powerpc/recip-4.c scan-assembler-times xvmsub.sp 1
FAIL: gcc.target/powerpc/recip-4.c scan-assembler-times xvmuldp 4
FAIL: gcc.target/powerpc/recip-4.c scan-assembler-times xvmulsp 2
FAIL: gcc.target/powerpc/recip-4.c scan-assembler-times xvrsqrtedp 1
FAIL: gcc.target/powerpc/recip-4.c scan-assembler-times xvrsqrtesp 1
=== gcc Summary ===
# of expected passes 71139
# of unexpected failures 38
# of unexpected successes 3
# of expected failures 248
# of unsupported tests 1598
/tmp/20151121/gcc/xgcc version 6.0.0 20151121 (experimental) [trunk revision 230711] (GCC)
=== gfortran tests ===
Running target unix
FAIL: gfortran.dg/bind_c_array_params_2.f90 -O scan-assembler-times [ \\t][\$,_0-9]*myBindC 1
FAIL: gfortran.dg/graphite/vect-pr40979.f90 -O scan-tree-dump-times vect "vectorized 1 loops" 1
FAIL: gfortran.dg/vect/fast-math-pr37021.f90 -O scan-tree-dump vect "vectorized 2 loops"
FAIL: gfortran.dg/vect/pr52580.f -O scan-tree-dump-times vect "LOOP VECTORIZED" 1
FAIL: gfortran.dg/vect/pr62283-2.f -O scan-tree-dump slp2 "basic block vectorized"
FAIL: gfortran.dg/vect/vect-8.f90 -O scan-tree-dump-times vect "vectorized 20 loops" 1
FAIL: gfortran.dg/vect/vect-gems.f90 -O scan-tree-dump-times vect "vectorized 1 loops" 1
=== gfortran Summary ===
# of expected passes 40025
# of unexpected failures 7
# of expected failures 89
# of unsupported tests 393
/tmp/20151121/gcc/testsuite/gfortran/../../gfortran version 6.0.0 20151121 (experimental) [trunk revision 230711] (GCC)
=== objc tests ===
Running target unix
FAIL: objc.dg/stret-1.m -fgnu-runtime (internal compiler error)
FAIL: objc.dg/stret-1.m -fgnu-runtime (test for excess errors)
WARNING: objc.dg/stret-1.m -fgnu-runtime compilation failed to produce executable
FAIL: objc.dg-struct-layout-encoding-1/t026_main.m execution test
=== objc Summary ===
# of expected passes 2661
# of unexpected failures 3
# of expected failures 10
# of unsupported tests 59
/tmp/20151121/gcc/xgcc version 6.0.0 20151121 (experimental) [trunk revision 230711] (GCC)
=== libatomic tests ===
Running target unix
=== libatomic Summary ===
# of expected passes 44
# of unsupported tests 5
=== libgomp tests ===
Running target unix
WARNING: program timed out.
FAIL: libgomp.fortran/omp_workshare1.f -O execution test
FAIL: libgomp.fortran/omp_workshare2.f -O execution test
FAIL: libgomp.fortran/recursion1.f90 -O0 execution test
FAIL: libgomp.fortran/recursion1.f90 -O1 execution test
FAIL: libgomp.fortran/recursion1.f90 -O2 execution test
FAIL: libgomp.fortran/recursion1.f90 -O3 -fomit-frame-pointer -funroll-loops -fpeel-loops -ftracer -finline-functions execution test
FAIL: libgomp.fortran/recursion1.f90 -O3 -g execution test
FAIL: libgomp.graphite/force-parallel-7.c execution test
FAIL: libgomp.oacc-c/../libgomp.oacc-c-c++-common/atomic_update-1.c -DACC_DEVICE_TYPE_host=1 -DACC_MEM_SHARED=1 execution test
FAIL: libgomp.oacc-c++/../libgomp.oacc-c-c++-common/atomic_update-1.c -DACC_DEVICE_TYPE_host=1 -DACC_MEM_SHARED=1 execution test
=== libgomp Summary ===
# of expected passes 4526
# of unexpected failures 10
# of unsupported tests 266
=== libstdc++ tests ===
Running target unix
FAIL: 18_support/50594.cc execution test
FAIL: 21_strings/basic_string/inserters_extractors/wchar_t/28277.cc execution test
FAIL: 27_io/basic_ostream/inserters_character/wchar_t/28277-3.cc execution test
FAIL: 27_io/basic_ostream/inserters_character/wchar_t/28277-4.cc execution test
FAIL: 27_io/ios_base/storage/11584.cc execution test
WARNING: experimental/memory/shared_ptr/cons/copy_ctor_neg.cc compilation failed to produce executable
FAIL: ext/mt_allocator/check_new.cc execution test
FAIL: ext/pool_allocator/check_new.cc execution test
FAIL: ext/vstring/inserters_extractors/wchar_t/28277.cc execution test
=== libstdc++ Summary ===
# of expected passes 9168
# of unexpected failures 8
# of expected failures 68
# of unsupported tests 693
Compiler version: 6.0.0 20151121 (experimental) [trunk revision 230711] (GCC)
Platform: powerpc-ibm-aix7.1.0.0
configure flags: --prefix=/gsa/yktgsa/home/e/d/edelsohn/install/powerpc-ibm-aix7.1.0.0-20151121 --disable-werror --enable-languages=c,c++,fortran,objc --with-gmp=/gsa/yktgsa/home/e/d/edelsohn/install --with-isl=/gsa/yktgsa/home/e/d/edelsohn/install --with-libiconv-prefix=/gsa/yktgsa/home/e/d/edelsohn/install --disable-libstdcxx-pch
More information about the Gcc-testresults
mailing list