Results for 6.0.0 20151120 (experimental) [trunk revision 230651] (GCC) testsuite on i386-pc-solaris2.12
Rainer Orth
ro@CeBiTec.Uni-Bielefeld.DE
Sat Nov 21 03:34:00 GMT 2015
LAST_UPDATED: Fri Nov 20 12:00:28 UTC 2015 (revision 230651)
=== acats tests ===
=== acats Summary ===
# of expected passes 2320
# of unexpected failures 0
Native configuration is i386-pc-solaris2.12
=== g++ tests ===
Running target unix
FAIL: g++.dg/cilk-plus/CK/catch_exc.cc -O1 -fcilkplus execution test
FAIL: g++.dg/cilk-plus/CK/catch_exc.cc -O3 -fcilkplus execution test
FAIL: g++.dg/cilk-plus/CK/catch_exc.cc -g -O2 -fcilkplus execution test
FAIL: g++.dg/cilk-plus/CK/catch_exc.cc -g -fcilkplus execution test
FAIL: c-c++-common/attr-simd-3.c -std=gnu++11 (test for excess errors)
FAIL: c-c++-common/attr-simd-3.c -std=gnu++14 (test for excess errors)
FAIL: c-c++-common/attr-simd-3.c -std=gnu++98 (test for excess errors)
WARNING: g++.dg/init/self1.C -std=c++11 compilation failed to produce executable
WARNING: g++.dg/init/self1.C -std=c++14 compilation failed to produce executable
=== g++ Summary for unix ===
# of expected passes 91473
# of unexpected failures 7
# of expected failures 268
# of unsupported tests 3188
Running target unix/-m64
FAIL: c-c++-common/attr-simd-3.c -std=gnu++11 (test for excess errors)
FAIL: c-c++-common/attr-simd-3.c -std=gnu++14 (test for excess errors)
FAIL: c-c++-common/attr-simd-3.c -std=gnu++98 (test for excess errors)
WARNING: g++.dg/init/self1.C -std=c++11 compilation failed to produce executable
WARNING: g++.dg/init/self1.C -std=c++14 compilation failed to produce executable
=== g++ Summary for unix/-m64 ===
# of expected passes 92819
# of unexpected failures 3
# of expected failures 268
# of unsupported tests 3440
=== g++ Summary ===
# of expected passes 184292
# of unexpected failures 10
# of expected failures 536
# of unsupported tests 6628
/var/gcc/regression/trunk/12-gcc-gas/build/gcc/testsuite/g++/../../xg++ version 6.0.0 20151120 (experimental) [trunk revision 230651] (GCC)
=== gcc tests ===
Running target unix
FAIL: gcc.dg/atomic/c11-atomic-exec-2.c -O3 -g (test for excess errors)
WARNING: gcc.dg/atomic/c11-atomic-exec-2.c -O3 -g compilation failed to produce executable
WARNING: program timed out.
FAIL: gcc.dg/debug/dwarf2/stacked-qualified-types-3.c scan-assembler-times DIE \\\\([^\\n]*\\\\) DW_TAG_(?:const|volatile|atomic|restrict)_type 8
FAIL: gcc.dg/long_branch.c (test for excess errors)
WARNING: gcc.dg/long_branch.c compilation failed to produce executable
WARNING: program timed out.
FAIL: gcc.dg/graphite/fuse-1.c scan-tree-dump-times forwprop4 "gimple_simplified to[^\\\\n]*\\\\^ 12" 1
FAIL: gcc.dg/graphite/fuse-1.c scan-tree-dump-times graphite "ISL AST generated by ISL:.*for \\\\(int c0 = 0; c0 <= 99; c0 \\\\+= 1\\\\) {.*S_.*\\\\(c0\\\\);.*S_.*\\\\(c0\\\\);.*S_.*\\\\(c0\\\\);.*}" 1
FAIL: gcc.dg/graphite/fuse-2.c scan-tree-dump-times graphite "ISL AST generated by ISL:.*for \\\\(int c0 = 0; c0 <= 99; c0 \\\\+= 1\\\\) {.*S_.*\\\\(c0\\\\);.*S_.*\\\\(c0\\\\);.*S_.*\\\\(c0\\\\);.*}" 1
FAIL: gcc.dg/torture/pr68264.c -O0 execution test
FAIL: gcc.dg/torture/pr68264.c -O1 execution test
FAIL: gcc.dg/torture/pr68264.c -O2 execution test
FAIL: gcc.dg/torture/pr68264.c -O2 -flto execution test
FAIL: gcc.dg/torture/pr68264.c -O2 -flto -flto-partition=none execution test
FAIL: gcc.dg/torture/pr68264.c -O3 -g execution test
FAIL: gcc.dg/torture/pr68264.c -Os execution test
FAIL: gcc.target/i386/pr61403.c scan-assembler blend
=== gcc Summary for unix ===
# of expected passes 103740
# of unexpected failures 14
# of expected failures 304
# of unsupported tests 1455
Running target unix/-m64
FAIL: gcc.dg/debug/dwarf2/stacked-qualified-types-3.c scan-assembler-times DIE \\\\([^\\n]*\\\\) DW_TAG_(?:const|volatile|atomic|restrict)_type 8
FAIL: gcc.dg/graphite/fuse-1.c scan-tree-dump-times forwprop4 "gimple_simplified to[^\\\\n]*\\\\^ 12" 1
FAIL: gcc.dg/graphite/fuse-1.c scan-tree-dump-times graphite "ISL AST generated by ISL:.*for \\\\(int c0 = 0; c0 <= 99; c0 \\\\+= 1\\\\) {.*S_.*\\\\(c0\\\\);.*S_.*\\\\(c0\\\\);.*S_.*\\\\(c0\\\\);.*}" 1
FAIL: gcc.dg/graphite/fuse-2.c scan-tree-dump-times graphite "ISL AST generated by ISL:.*for \\\\(int c0 = 0; c0 <= 99; c0 \\\\+= 1\\\\) {.*S_.*\\\\(c0\\\\);.*S_.*\\\\(c0\\\\);.*S_.*\\\\(c0\\\\);.*}" 1
FAIL: gcc.dg/torture/pr68264.c -O0 execution test
FAIL: gcc.dg/torture/pr68264.c -O1 execution test
FAIL: gcc.dg/torture/pr68264.c -O2 execution test
FAIL: gcc.dg/torture/pr68264.c -O2 -flto execution test
FAIL: gcc.dg/torture/pr68264.c -O2 -flto -flto-partition=none execution test
FAIL: gcc.dg/torture/pr68264.c -O3 -g execution test
FAIL: gcc.dg/torture/pr68264.c -Os execution test
FAIL: gcc.target/i386/pr61403.c scan-assembler blend
=== gcc Summary for unix/-m64 ===
# of expected passes 104614
# of unexpected failures 12
# of expected failures 301
# of unsupported tests 1668
=== gcc Summary ===
# of expected passes 208354
# of unexpected failures 26
# of expected failures 605
# of unsupported tests 3123
/var/gcc/regression/trunk/12-gcc-gas/build/gcc/xgcc version 6.0.0 20151120 (experimental) [trunk revision 230651] (GCC)
=== gfortran tests ===
Running target unix
=== gfortran Summary for unix ===
# of expected passes 40979
# of expected failures 73
# of unsupported tests 171
Running target unix/-m64
=== gfortran Summary for unix/-m64 ===
# of expected passes 41194
# of expected failures 73
# of unsupported tests 69
=== gfortran Summary ===
# of expected passes 82173
# of expected failures 146
# of unsupported tests 240
/var/gcc/regression/trunk/12-gcc-gas/build/gcc/testsuite/gfortran/../../gfortran version 6.0.0 20151120 (experimental) [trunk revision 230651] (GCC)
=== gnat tests ===
Running target unix
=== gnat Summary for unix ===
# of expected passes 2475
# of expected failures 21
# of unsupported tests 6
Running target unix/-m64
=== gnat Summary for unix/-m64 ===
# of expected passes 2475
# of expected failures 21
# of unsupported tests 6
=== gnat Summary ===
# of expected passes 4950
# of expected failures 42
# of unsupported tests 12
/var/gcc/regression/trunk/12-gcc-gas/build/gcc/gnatmake version 6.0.0 20151120 (experimental) [trunk revision 230651]
=== go tests ===
Running target unix
=== go Summary for unix ===
# of expected passes 7366
# of expected failures 1
# of untested testcases 10
# of unsupported tests 2
Running target unix/-m64
=== go Summary for unix/-m64 ===
# of expected passes 7247
# of expected failures 1
# of untested testcases 10
# of unsupported tests 1
=== go Summary ===
# of expected passes 14613
# of expected failures 2
# of untested testcases 20
# of unsupported tests 3
=== obj-c++ tests ===
Running target unix
=== obj-c++ Summary for unix ===
# of expected passes 1439
# of expected failures 2
# of unsupported tests 77
Running target unix/-m64
=== obj-c++ Summary for unix/-m64 ===
# of expected passes 1431
# of expected failures 10
# of unsupported tests 77
=== obj-c++ Summary ===
# of expected passes 2870
# of expected failures 12
# of unsupported tests 154
/var/gcc/regression/trunk/12-gcc-gas/build/gcc/testsuite/obj-c++/../../xg++ version 6.0.0 20151120 (experimental) [trunk revision 230651] (GCC)
=== objc tests ===
Running target unix
FAIL: objc.dg/stret-1.m -fgnu-runtime (internal compiler error)
FAIL: objc.dg/stret-1.m -fgnu-runtime (test for excess errors)
WARNING: objc.dg/stret-1.m -fgnu-runtime compilation failed to produce executable
=== objc Summary for unix ===
# of expected passes 2764
# of unexpected failures 2
# of expected failures 6
# of unsupported tests 68
Running target unix/-m64
FAIL: objc.dg/stret-1.m -fgnu-runtime (internal compiler error)
FAIL: objc.dg/stret-1.m -fgnu-runtime (test for excess errors)
WARNING: objc.dg/stret-1.m -fgnu-runtime compilation failed to produce executable
=== objc Summary for unix/-m64 ===
# of expected passes 2764
# of unexpected failures 2
# of expected failures 6
# of unsupported tests 68
=== objc Summary ===
# of expected passes 5528
# of unexpected failures 4
# of expected failures 12
# of unsupported tests 136
/var/gcc/regression/trunk/12-gcc-gas/build/gcc/xgcc version 6.0.0 20151120 (experimental) [trunk revision 230651] (GCC)
=== boehm-gc tests ===
Running target unix
=== boehm-gc Summary for unix ===
# of expected passes 12
# of unsupported tests 1
Running target unix/-m64
=== boehm-gc Summary for unix/-m64 ===
# of expected passes 12
# of unsupported tests 1
=== boehm-gc Summary ===
# of expected passes 24
# of unsupported tests 2
=== libatomic tests ===
Running target unix
=== libatomic Summary for unix ===
# of expected passes 44
# of unsupported tests 5
Running target unix/-m64
=== libatomic Summary for unix/-m64 ===
# of expected passes 54
=== libatomic Summary ===
# of expected passes 98
# of unsupported tests 5
=== libffi tests ===
Running target unix
=== libffi Summary for unix ===
# of expected passes 2439
# of unsupported tests 30
Running target unix/-m64
=== libffi Summary for unix/-m64 ===
# of expected passes 1914
# of unsupported tests 30
=== libffi Summary ===
# of expected passes 4353
# of unsupported tests 60
=== libgo tests ===
Running target unix
FAIL: go/build
FAIL: net/http
=== libgo Summary for unix ===
# of expected passes 131
# of unexpected failures 2
Running target unix/-m64
FAIL: runtime
FAIL: go/build
FAIL: net/http
=== libgo Summary for unix/-m64 ===
# of expected passes 130
# of unexpected failures 3
=== libgo Summary ===
# of expected passes 261
# of unexpected failures 5
=== libgomp tests ===
Running target unix
=== libgomp Summary for unix ===
# of expected passes 4616
# of expected failures 4
# of unsupported tests 224
Running target unix/-m64
XPASS: libgomp.c/reduction-11.c execution test
XPASS: libgomp.c/reduction-12.c execution test
XPASS: libgomp.c++/reduction-11.C execution test
XPASS: libgomp.c++/reduction-12.C execution test
=== libgomp Summary for unix/-m64 ===
# of expected passes 4616
# of unexpected successes 4
# of unsupported tests 224
=== libgomp Summary ===
# of expected passes 9232
# of unexpected successes 4
# of expected failures 4
# of unsupported tests 448
=== libitm tests ===
Running target unix
=== libitm Summary for unix ===
# of expected passes 36
# of expected failures 3
# of unsupported tests 1
Running target unix/-m64
=== libitm Summary for unix/-m64 ===
# of expected passes 36
# of expected failures 3
# of unsupported tests 1
=== libitm Summary ===
# of expected passes 72
# of expected failures 6
# of unsupported tests 2
=== libjava tests ===
Running target unix
=== libjava Summary for unix ===
# of expected passes 2582
# of expected failures 4
Running target unix/-m64
=== libjava Summary for unix/-m64 ===
# of expected passes 2582
# of expected failures 4
=== libjava Summary ===
# of expected passes 5164
# of expected failures 8
=== libstdc++ tests ===
Running target unix
FAIL: libstdc++-abi/abi_check
WARNING: experimental/memory/shared_ptr/cons/copy_ctor_neg.cc compilation failed to produce executable
=== libstdc++ Summary for unix ===
# of expected passes 9899
# of unexpected failures 1
# of expected failures 68
# of unsupported tests 605
Running target unix/-m64
FAIL: libstdc++-abi/abi_check
WARNING: experimental/memory/shared_ptr/cons/copy_ctor_neg.cc compilation failed to produce executable
=== libstdc++ Summary for unix/-m64 ===
# of expected passes 9899
# of unexpected failures 1
# of expected failures 68
# of unsupported tests 605
=== libstdc++ Summary ===
# of expected passes 19798
# of unexpected failures 2
# of expected failures 136
# of unsupported tests 1210
Compiler version: 6.0.0 20151120 (experimental) [trunk revision 230651] (GCC)
Platform: i386-pc-solaris2.12
configure flags: --prefix=/vol/gcc --target=i386-pc-solaris2.12 --enable-objc-gc --with-as=/vol/gcc/bin/gas-2.25 --with-gnu-as --with-gmp-include=/vol/gcc/include --with-gmp-lib=/vol/gcc/lib --with-mpfr-include=/vol/gcc/include --with-mpfr-lib=/vol/gcc/lib --with-mpc-include=/vol/gcc/include --with-mpc-lib=/vol/gcc/lib --enable-languages=all,ada,obj-c++,go --with-isl-include=/vol/gcc/include --with-isl-lib=/vol/gcc/lib --with-cloog-include=/vol/gcc/include --with-cloog-lib=/vol/gcc/lib --enable-cloog-backend=isl
BOOT_CFLAGS=-g -O2
More information about the Gcc-testresults
mailing list