Results for 5.2.1 20151114 [5 branch revision 230377p2] (GCC) testsuite on x86_64-apple-darwin14.5.0
Dominique Dhumieres
dominiq@lps.ens.fr
Sun Nov 15 10:30:00 GMT 2015
LAST_UPDATED: Updated Sat Nov 14 16:10:59 CET 2015 to revision 230377.
=== acats tests ===
=== acats Summary ===
# of expected passes 2320
# of unexpected failures 0
Native configuration is x86_64-apple-darwin14.5.0
=== g++ tests ===
Running target unix/-m32
FAIL: g++.dg/debug/dwarf2/imported-decl-2.C -std=gnu++11 scan-assembler-times ascii "AAAA\\\\\\\\0".*ascii "BBBB\\\\\\\\0".*DIE .0x[0-9a-f]*. DW_TAG_imported_declaration 1
FAIL: g++.dg/debug/dwarf2/imported-decl-2.C -std=gnu++14 scan-assembler-times ascii "AAAA\\\\\\\\0".*ascii "BBBB\\\\\\\\0".*DIE .0x[0-9a-f]*. DW_TAG_imported_declaration 1
FAIL: g++.dg/debug/dwarf2/imported-decl-2.C -std=gnu++98 scan-assembler-times ascii "AAAA\\\\\\\\0".*ascii "BBBB\\\\\\\\0".*DIE .0x[0-9a-f]*. DW_TAG_imported_declaration 1
FAIL: g++.dg/ext/sync-4.C -std=gnu++11 execution test
FAIL: g++.dg/ext/sync-4.C -std=gnu++14 execution test
FAIL: g++.dg/ext/sync-4.C -std=gnu++98 execution test
UNRESOLVED: g++.dg/lto/pr65276 cp_lto_pr65276_0.o-cp_lto_pr65276_1.o execute -flto -O0 -std=c++11
FAIL: g++.dg/lto/pr65276 cp_lto_pr65276_0.o-cp_lto_pr65276_1.o link, -flto -O0 -std=c++11
FAIL: g++.dg/lto/pr65549 cp_lto_pr65549_0.o assemble, -std=gnu++14 -flto -g
FAIL: g++.dg/lto/pr65549 cp_lto_pr65549_0.o assemble, -std=gnu++14 -flto -g -O2 -fno-inline -flto-partition=max
UNRESOLVED: g++.dg/lto/pr65549 cp_lto_pr65549_0.o-cp_lto_pr65549_0.o execute -std=gnu++14 -flto -g
UNRESOLVED: g++.dg/lto/pr65549 cp_lto_pr65549_0.o-cp_lto_pr65549_0.o execute -std=gnu++14 -flto -g -O2 -fno-inline -flto-partition=max
UNRESOLVED: g++.dg/lto/pr65549 cp_lto_pr65549_0.o-cp_lto_pr65549_0.o link -std=gnu++14 -flto -g
UNRESOLVED: g++.dg/lto/pr65549 cp_lto_pr65549_0.o-cp_lto_pr65549_0.o link -std=gnu++14 -flto -g -O2 -fno-inline -flto-partition=max
=== g++ Summary for unix/-m32 ===
# of expected passes 89319
# of unexpected failures 9
# of expected failures 341
# of unresolved testcases 5
# of unsupported tests 3837
Running target unix/-m64
FAIL: g++.dg/debug/dwarf2/imported-decl-2.C -std=gnu++11 scan-assembler-times ascii "AAAA\\\\\\\\0".*ascii "BBBB\\\\\\\\0".*DIE .0x[0-9a-f]*. DW_TAG_imported_declaration 1
FAIL: g++.dg/debug/dwarf2/imported-decl-2.C -std=gnu++14 scan-assembler-times ascii "AAAA\\\\\\\\0".*ascii "BBBB\\\\\\\\0".*DIE .0x[0-9a-f]*. DW_TAG_imported_declaration 1
FAIL: g++.dg/debug/dwarf2/imported-decl-2.C -std=gnu++98 scan-assembler-times ascii "AAAA\\\\\\\\0".*ascii "BBBB\\\\\\\\0".*DIE .0x[0-9a-f]*. DW_TAG_imported_declaration 1
FAIL: g++.dg/ext/sync-4.C -std=gnu++11 execution test
FAIL: g++.dg/ext/sync-4.C -std=gnu++14 execution test
FAIL: g++.dg/ext/sync-4.C -std=gnu++98 execution test
UNRESOLVED: g++.dg/lto/pr65276 cp_lto_pr65276_0.o-cp_lto_pr65276_1.o execute -flto -O0 -std=c++11
FAIL: g++.dg/lto/pr65276 cp_lto_pr65276_0.o-cp_lto_pr65276_1.o link, -flto -O0 -std=c++11
=== g++ Summary for unix/-m64 ===
# of expected passes 90725
# of unexpected failures 7
# of expected failures 341
# of unresolved testcases 1
# of unsupported tests 4078
=== g++ Summary ===
# of expected passes 180044
# of unexpected failures 16
# of expected failures 682
# of unresolved testcases 6
# of unsupported tests 7915
/opt/gcc/5_build/gcc/testsuite/g++/../../xg++ version 5.2.1 20151114 [5 branch revision 230377p2] (GCC)
=== gcc tests ===
Running target unix/-m32
FAIL: gcc.dg/cpp/_Pragma3.c (test for excess errors)
FAIL: gcc.dg/debug/pr41893-1.c -gstabs -O -Wa,-Q (test for excess errors)
FAIL: gcc.dg/debug/pr41893-1.c -gstabs -O3 -Wa,-Q (test for excess errors)
FAIL: gcc.dg/debug/pr41893-1.c -gstabs -Wa,-Q (test for excess errors)
FAIL: gcc.dg/debug/pr41893-1.c -gstabs+ -O -Wa,-Q (test for excess errors)
FAIL: gcc.dg/debug/pr41893-1.c -gstabs+ -O3 -Wa,-Q (test for excess errors)
FAIL: gcc.dg/debug/pr41893-1.c -gstabs+ -Wa,-Q (test for excess errors)
FAIL: gcc.dg/debug/pr41893-1.c -gstabs+1 -O -Wa,-Q (test for excess errors)
FAIL: gcc.dg/debug/pr41893-1.c -gstabs+1 -O3 -Wa,-Q (test for excess errors)
FAIL: gcc.dg/debug/pr41893-1.c -gstabs+1 -Wa,-Q (test for excess errors)
FAIL: gcc.dg/debug/pr41893-1.c -gstabs+3 -O -Wa,-Q (test for excess errors)
FAIL: gcc.dg/debug/pr41893-1.c -gstabs+3 -O3 -Wa,-Q (test for excess errors)
FAIL: gcc.dg/debug/pr41893-1.c -gstabs+3 -Wa,-Q (test for excess errors)
FAIL: gcc.dg/debug/pr41893-1.c -gstabs1 -O -Wa,-Q (test for excess errors)
FAIL: gcc.dg/debug/pr41893-1.c -gstabs1 -O3 -Wa,-Q (test for excess errors)
FAIL: gcc.dg/debug/pr41893-1.c -gstabs1 -Wa,-Q (test for excess errors)
FAIL: gcc.dg/debug/pr41893-1.c -gstabs3 -O -Wa,-Q (test for excess errors)
FAIL: gcc.dg/debug/pr41893-1.c -gstabs3 -O3 -Wa,-Q (test for excess errors)
FAIL: gcc.dg/debug/pr41893-1.c -gstabs3 -Wa,-Q (test for excess errors)
FAIL: gcc.dg/debug/pr65771.c -gstabs+ -O -Wa,-Q (test for excess errors)
FAIL: gcc.dg/debug/pr65771.c -gstabs+ -O3 -Wa,-Q (test for excess errors)
FAIL: gcc.dg/debug/pr65771.c -gstabs+1 -O -Wa,-Q (test for excess errors)
FAIL: gcc.dg/debug/pr65771.c -gstabs+1 -O3 -Wa,-Q (test for excess errors)
FAIL: gcc.dg/debug/pr65771.c -gstabs+3 -O -Wa,-Q (test for excess errors)
FAIL: gcc.dg/debug/pr65771.c -gstabs+3 -O3 -Wa,-Q (test for excess errors)
FAIL: gcc.dg/20021014-1.c execution test
FAIL: gcc.dg/aru-2.c execution test
FAIL: gcc.dg/darwin-minversion-1.c (test for excess errors)
FAIL: gcc.dg/darwin-minversion-2.c (test for excess errors)
FAIL: gcc.dg/darwin-version-1.c (test for excess errors)
FAIL: gcc.dg/darwin-weakimport-3.c scan-assembler-not coalesced
FAIL: gcc.dg/framework-1.c (test for excess errors)
FAIL: gcc.dg/pr43643.c execution test
FAIL: gcc.dg/pr61053.c (test for excess errors)
FAIL: gcc.dg/uninit-19.c (test for warnings, line 22)
FAIL: gcc.dg/uninit-19.c (test for excess errors)
FAIL: gcc.dg/graphite/scop-19.c scan-tree-dump-times graphite "number of SCoPs: 0" 1
UNRESOLVED: gcc.dg/lto/pr61526 c_lto_pr61526_0.o-c_lto_pr61526_1.o execute -fPIC -flto -flto-partition=1to1
FAIL: gcc.dg/lto/pr61526 c_lto_pr61526_0.o-c_lto_pr61526_1.o link, -fPIC -flto -flto-partition=1to1
FAIL: gcc.dg/pch/save-temps-1.c -O1 -I. -Dwith_PCH (test for excess errors)
FAIL: gcc.dg/pch/save-temps-1.c -O1 assembly comparison
WARNING: program timed out.
FAIL: gcc.dg/torture/builtin-self.c -O0 scan-assembler-not \\tcall
FAIL: gcc.dg/torture/ftrapv-1.c -O0 execution test
FAIL: gcc.dg/torture/ftrapv-1.c -O1 execution test
FAIL: gcc.dg/torture/ftrapv-1.c -O2 execution test
FAIL: gcc.dg/torture/ftrapv-1.c -O2 -flto execution test
FAIL: gcc.dg/torture/ftrapv-1.c -O2 -flto -flto-partition=none execution test
FAIL: gcc.dg/torture/ftrapv-1.c -O3 -fomit-frame-pointer execution test
FAIL: gcc.dg/torture/ftrapv-1.c -O3 -fomit-frame-pointer -funroll-all-loops -finline-functions execution test
FAIL: gcc.dg/torture/ftrapv-1.c -O3 -fomit-frame-pointer -funroll-loops execution test
FAIL: gcc.dg/torture/ftrapv-1.c -O3 -g execution test
FAIL: gcc.dg/torture/ftrapv-1.c -Os execution test
FAIL: gcc.misc-tests/linkage.c link
FAIL: gcc.target/i386/memcpy-strategy-3.c scan-assembler-times memcpy 2
FAIL: gcc.target/i386/memset-strategy-1.c scan-assembler-times memset 2
=== gcc Summary for unix/-m32 ===
# of expected passes 109920
# of unexpected failures 54
# of expected failures 278
# of unresolved testcases 1
# of unsupported tests 2917
Running target unix/-m64
FAIL: c-c++-common/asan/strncpy-overflow-1.c -O0 execution test
FAIL: gcc.dg/cpp/_Pragma3.c (test for excess errors)
FAIL: gcc.dg/debug/pr41893-1.c -gstabs -O -Wa,-Q (test for excess errors)
FAIL: gcc.dg/debug/pr41893-1.c -gstabs -O3 -Wa,-Q (test for excess errors)
FAIL: gcc.dg/debug/pr41893-1.c -gstabs -Wa,-Q (test for excess errors)
FAIL: gcc.dg/debug/pr41893-1.c -gstabs+ -O -Wa,-Q (test for excess errors)
FAIL: gcc.dg/debug/pr41893-1.c -gstabs+ -O3 -Wa,-Q (test for excess errors)
FAIL: gcc.dg/debug/pr41893-1.c -gstabs+ -Wa,-Q (test for excess errors)
FAIL: gcc.dg/debug/pr41893-1.c -gstabs+1 -O -Wa,-Q (test for excess errors)
FAIL: gcc.dg/debug/pr41893-1.c -gstabs+1 -O3 -Wa,-Q (test for excess errors)
FAIL: gcc.dg/debug/pr41893-1.c -gstabs+1 -Wa,-Q (test for excess errors)
FAIL: gcc.dg/debug/pr41893-1.c -gstabs+3 -O -Wa,-Q (test for excess errors)
FAIL: gcc.dg/debug/pr41893-1.c -gstabs+3 -O3 -Wa,-Q (test for excess errors)
FAIL: gcc.dg/debug/pr41893-1.c -gstabs+3 -Wa,-Q (test for excess errors)
FAIL: gcc.dg/debug/pr41893-1.c -gstabs1 -O -Wa,-Q (test for excess errors)
FAIL: gcc.dg/debug/pr41893-1.c -gstabs1 -O3 -Wa,-Q (test for excess errors)
FAIL: gcc.dg/debug/pr41893-1.c -gstabs1 -Wa,-Q (test for excess errors)
FAIL: gcc.dg/debug/pr41893-1.c -gstabs3 -O -Wa,-Q (test for excess errors)
FAIL: gcc.dg/debug/pr41893-1.c -gstabs3 -O3 -Wa,-Q (test for excess errors)
FAIL: gcc.dg/debug/pr41893-1.c -gstabs3 -Wa,-Q (test for excess errors)
FAIL: gcc.dg/debug/pr65771.c -gstabs+ -O -Wa,-Q (test for excess errors)
FAIL: gcc.dg/debug/pr65771.c -gstabs+ -O3 -Wa,-Q (test for excess errors)
FAIL: gcc.dg/debug/pr65771.c -gstabs+1 -O -Wa,-Q (test for excess errors)
FAIL: gcc.dg/debug/pr65771.c -gstabs+1 -O3 -Wa,-Q (test for excess errors)
FAIL: gcc.dg/debug/pr65771.c -gstabs+3 -O -Wa,-Q (test for excess errors)
FAIL: gcc.dg/debug/pr65771.c -gstabs+3 -O3 -Wa,-Q (test for excess errors)
FAIL: gcc.dg/darwin-minversion-1.c (test for excess errors)
FAIL: gcc.dg/darwin-minversion-2.c (test for excess errors)
FAIL: gcc.dg/darwin-version-1.c (test for excess errors)
FAIL: gcc.dg/framework-1.c (test for excess errors)
FAIL: gcc.dg/uninit-19.c (test for warnings, line 22)
FAIL: gcc.dg/uninit-19.c (test for excess errors)
FAIL: gcc.dg/graphite/scop-19.c scan-tree-dump-times graphite "number of SCoPs: 0" 1
UNRESOLVED: gcc.dg/lto/pr61526 c_lto_pr61526_0.o-c_lto_pr61526_1.o execute -fPIC -flto -flto-partition=1to1
FAIL: gcc.dg/lto/pr61526 c_lto_pr61526_0.o-c_lto_pr61526_1.o link, -fPIC -flto -flto-partition=1to1
FAIL: gcc.dg/pch/save-temps-1.c -Os -I. -Dwith_PCH (test for excess errors)
FAIL: gcc.dg/pch/save-temps-1.c -Os assembly comparison
WARNING: program timed out.
FAIL: gcc.dg/torture/ftrapv-1.c -O0 execution test
FAIL: gcc.dg/torture/ftrapv-1.c -O1 execution test
FAIL: gcc.dg/torture/ftrapv-1.c -O2 execution test
FAIL: gcc.dg/torture/ftrapv-1.c -O2 -flto execution test
FAIL: gcc.dg/torture/ftrapv-1.c -O2 -flto -flto-partition=none execution test
FAIL: gcc.dg/torture/ftrapv-1.c -O3 -fomit-frame-pointer execution test
FAIL: gcc.dg/torture/ftrapv-1.c -O3 -fomit-frame-pointer -funroll-all-loops -finline-functions execution test
FAIL: gcc.dg/torture/ftrapv-1.c -O3 -fomit-frame-pointer -funroll-loops execution test
FAIL: gcc.dg/torture/ftrapv-1.c -O3 -g execution test
FAIL: gcc.dg/torture/ftrapv-1.c -Os execution test
FAIL: gcc.target/i386/memcpy-strategy-3.c scan-assembler-times memcpy 2
FAIL: gcc.target/i386/memset-strategy-1.c scan-assembler-times memset 2
FAIL: gcc.target/i386/pr49866.c (test for excess errors)
FAIL: gcc.target/i386/pr61599-1.c (test for excess errors)
UNRESOLVED: gcc.target/i386/pr61599-1.c compilation failed to produce executable
FAIL: gcc.target/i386/pr63538.c scan-assembler movabs
=== gcc Summary for unix/-m64 ===
# of expected passes 110917
# of unexpected failures 51
# of expected failures 272
# of unresolved testcases 2
# of unsupported tests 3076
=== gcc Summary ===
# of expected passes 220837
# of unexpected failures 105
# of expected failures 550
# of unresolved testcases 3
# of unsupported tests 5993
/opt/gcc/5_build/gcc/xgcc version 5.2.1 20151114 [5 branch revision 230377p2] (GCC)
=== gfortran tests ===
Running target unix/-m32
=== gfortran Summary for unix/-m32 ===
# of expected passes 48649
# of expected failures 79
# of unsupported tests 218
Running target unix/-m64
=== gfortran Summary for unix/-m64 ===
# of expected passes 48936
# of expected failures 79
# of unsupported tests 80
=== gfortran Summary ===
# of expected passes 97585
# of expected failures 158
# of unsupported tests 298
/opt/gcc/5_build/gcc/testsuite/gfortran/../../gfortran version 5.2.1 20151114 [5 branch revision 230377p2] (GCC)
=== gnat tests ===
Running target unix/-m32
=== gnat Summary for unix/-m32 ===
# of expected passes 1329
# of expected failures 20
# of unsupported tests 7
Running target unix/-m64
=== gnat Summary for unix/-m64 ===
# of expected passes 1329
# of expected failures 20
# of unsupported tests 7
=== gnat Summary ===
# of expected passes 2658
# of expected failures 40
# of unsupported tests 14
/opt/gcc/5_build/gcc/gnatmake version 5.2.1 20151114 [5 branch revision 230377p2]
=== obj-c++ tests ===
Running target unix/-m32
FAIL: obj-c++.dg/cxx-ivars-3.mm -fnext-runtime (test for excess errors)
FAIL: obj-c++.dg/cxx-ivars-3.mm -fnext-runtime execution test
FAIL: obj-c++.dg/gnu-api-2-objc.mm -fnext-runtime execution test
=== obj-c++ Summary for unix/-m32 ===
# of expected passes 3162
# of unexpected failures 3
# of expected failures 2
# of unsupported tests 68
Running target unix/-m64
FAIL: obj-c++.dg/cxx-ivars-3.mm -fnext-runtime (test for excess errors)
FAIL: obj-c++.dg/gnu-api-2-objc.mm -fnext-runtime execution test
FAIL: obj-c++.dg/isa-field-1.mm -fnext-runtime (test for excess errors)
FAIL: obj-c++.dg/try-catch-2.mm -fnext-runtime execution test
FAIL: obj-c++.dg/try-catch-9.mm -fnext-runtime execution test
=== obj-c++ Summary for unix/-m64 ===
# of expected passes 3101
# of unexpected failures 5
# of expected failures 19
# of unsupported tests 74
=== obj-c++ Summary ===
# of expected passes 6263
# of unexpected failures 8
# of expected failures 21
# of unsupported tests 142
/opt/gcc/5_build/gcc/testsuite/obj-c++/../../xg++ version 5.2.1 20151114 [5 branch revision 230377p2] (GCC)
=== objc tests ===
Running target unix/-m32
FAIL: objc.dg/call-super-2.m -fnext-runtime (test for warnings, line 104)
FAIL: objc.dg/call-super-2.m -fnext-runtime (test for warnings, line 74)
FAIL: objc.dg/gnu-api-2-objc.m -fnext-runtime execution test
FAIL: objc.dg/ivar-scope-4.m -fnext-runtime execution test
=== objc Summary for unix/-m32 ===
# of expected passes 6140
# of unexpected failures 4
# of expected failures 6
# of unsupported tests 85
Running target unix/-m64
FAIL: objc.dg/call-super-2.m -fnext-runtime (test for warnings, line 104)
FAIL: objc.dg/call-super-2.m -fnext-runtime (test for warnings, line 74)
FAIL: objc.dg/exceptions-2.m -fnext-runtime execution test
FAIL: objc.dg/gnu-api-2-objc.m -fnext-runtime execution test
FAIL: objc.dg/isa-field-1.m -fnext-runtime (test for excess errors)
FAIL: objc.dg/torture/forward-1.m -O0 -fnext-runtime execution test
FAIL: objc.dg/torture/forward-1.m -O1 -fnext-runtime execution test
FAIL: objc.dg/torture/forward-1.m -O2 -fnext-runtime execution test
FAIL: objc.dg/torture/forward-1.m -O2 -flto -fnext-runtime execution test
FAIL: objc.dg/torture/forward-1.m -O2 -flto -flto-partition=none -fnext-runtime execution test
FAIL: objc.dg/torture/forward-1.m -O3 -fomit-frame-pointer -fnext-runtime execution test
FAIL: objc.dg/torture/forward-1.m -O3 -fomit-frame-pointer -funroll-all-loops -finline-functions -fnext-runtime execution test
FAIL: objc.dg/torture/forward-1.m -O3 -fomit-frame-pointer -funroll-loops -fnext-runtime execution test
FAIL: objc.dg/torture/forward-1.m -O3 -g -fnext-runtime execution test
FAIL: objc.dg/torture/forward-1.m -Os -fnext-runtime execution test
=== objc Summary for unix/-m64 ===
# of expected passes 5973
# of unexpected failures 15
# of expected failures 6
# of unsupported tests 91
=== objc Summary ===
# of expected passes 12113
# of unexpected failures 19
# of expected failures 12
# of unsupported tests 176
/opt/gcc/5_build/gcc/xgcc version 5.2.1 20151114 [5 branch revision 230377p2] (GCC)
=== boehm-gc tests ===
Running target unix/-m32
=== boehm-gc Summary for unix/-m32 ===
# of expected passes 12
# of unsupported tests 1
Running target unix/-m64
=== boehm-gc Summary for unix/-m64 ===
# of expected passes 12
# of unsupported tests 1
=== boehm-gc Summary ===
# of expected passes 24
# of unsupported tests 2
=== libatomic tests ===
Running target unix/-m32
=== libatomic Summary for unix/-m32 ===
# of expected passes 44
# of unsupported tests 5
Running target unix/-m64
=== libatomic Summary for unix/-m64 ===
# of expected passes 54
=== libatomic Summary ===
# of expected passes 98
# of unsupported tests 5
=== libffi tests ===
Running target unix/-m32
=== libffi Summary for unix/-m32 ===
# of expected passes 1914
# of unsupported tests 30
Running target unix/-m64
=== libffi Summary for unix/-m64 ===
# of expected passes 1914
# of unsupported tests 30
=== libffi Summary ===
# of expected passes 3828
# of unsupported tests 60
=== libgomp tests ===
Running target unix/-m32
=== libgomp Summary for unix/-m32 ===
# of expected passes 5869
# of unsupported tests 257
Running target unix/-m64
=== libgomp Summary for unix/-m64 ===
# of expected passes 5869
# of unsupported tests 257
=== libgomp Summary ===
# of expected passes 11738
# of unsupported tests 514
=== libitm tests ===
Running target unix/-m32
=== libitm Summary for unix/-m32 ===
# of expected passes 26
# of expected failures 3
# of unsupported tests 1
Running target unix/-m64
=== libitm Summary for unix/-m64 ===
# of expected passes 26
# of expected failures 3
# of unsupported tests 1
=== libitm Summary ===
# of expected passes 52
# of expected failures 6
# of unsupported tests 2
=== libjava tests ===
Running target unix/-m32
=== libjava Summary for unix/-m32 ===
# of expected passes 2582
# of expected failures 4
Running target unix/-m64
FAIL: Throw_2 execution - source compiled test
FAIL: Throw_2 -findirect-dispatch execution - source compiled test
FAIL: Throw_2 -O3 execution - source compiled test
FAIL: Throw_2 -O3 -findirect-dispatch execution - source compiled test
=== libjava Summary for unix/-m64 ===
# of expected passes 2574
# of unexpected failures 4
# of expected failures 4
# of untested testcases 4
=== libjava Summary ===
# of expected passes 5156
# of unexpected failures 4
# of expected failures 8
# of untested testcases 4
=== libstdc++ tests ===
Running target unix/-m32
=== libstdc++ Summary for unix/-m32 ===
# of expected passes 9385
# of expected failures 65
# of unsupported tests 676
Running target unix/-m64
=== libstdc++ Summary for unix/-m64 ===
# of expected passes 9383
# of expected failures 65
# of unsupported tests 677
=== libstdc++ Summary ===
# of expected passes 18768
# of expected failures 130
# of unsupported tests 1353
Compiler version: 5.2.1 20151114 [5 branch revision 230377p2] (GCC)
Platform: x86_64-apple-darwin14.5.0
configure flags: --prefix=/opt/gcc/gcc5wr --enable-languages=c,c++,fortran,objc,obj-c++,ada,java,lto --with-gmp=/opt/mp-5 --with-system-zlib --with-isl=/opt/mp-5 --enable-lto --enable-plugin
More information about the Gcc-testresults
mailing list