Results for 6.0.0 20151112 (experimental) [trunk revision 230277] (GCC) testsuite on i686-pc-linux-gnu
Intel Automatic Testing System [ia32 Core AVX2]
i32corei7avx2@ecsmtp.ims.intel.com
Fri Nov 13 09:30:00 GMT 2015
LAST_UPDATED: Fri Nov 13 01:25:44 UTC 2015 (revision 230277)
Native configuration is i686-pc-linux-gnu
=== gcc tests ===
Running target unix
FAIL: gcc.dg/debug/dwarf2/stacked-qualified-types-3.c scan-assembler-times DIE \\\\([^\\n]*\\\\) DW_TAG_(?:const|volatile|atomic|restrict)_type 8
FAIL: c-c++-common/goacc/data-default-1.c (test for excess errors)
FAIL: c-c++-common/goacc/data-default-1.c 2 (test for warnings, line 15)
FAIL: c-c++-common/goacc/data-default-1.c 2 (test for warnings, line 9)
XPASS: gcc.dg/guality/example.c -O0 execution test
XPASS: gcc.dg/guality/example.c -O1 execution test
XPASS: gcc.dg/guality/guality.c -O0 execution test
XPASS: gcc.dg/guality/guality.c -O1 execution test
XPASS: gcc.dg/guality/guality.c -O2 execution test
XPASS: gcc.dg/guality/guality.c -O2 -flto -fno-use-linker-plugin -flto-partition=none execution test
XPASS: gcc.dg/guality/guality.c -O2 -flto -fuse-linker-plugin -fno-fat-lto-objects execution test
XPASS: gcc.dg/guality/guality.c -O3 -g execution test
XPASS: gcc.dg/guality/guality.c -Os execution test
XPASS: gcc.dg/guality/inline-params.c -O2 execution test
XPASS: gcc.dg/guality/inline-params.c -O2 -flto -fno-use-linker-plugin -flto-partition=none execution test
XPASS: gcc.dg/guality/inline-params.c -O3 -g execution test
XPASS: gcc.dg/guality/inline-params.c -Os execution test
XPASS: gcc.dg/guality/pr41353-1.c -O0 line 28 j == 28 + 37
XPASS: gcc.dg/guality/pr41353-1.c -O1 line 28 j == 28 + 37
XPASS: gcc.dg/guality/pr41353-1.c -O2 line 28 j == 28 + 37
XPASS: gcc.dg/guality/pr41353-1.c -O2 -flto -fno-use-linker-plugin -flto-partition=none line 28 j == 28 + 37
XPASS: gcc.dg/guality/pr41353-1.c -O2 -flto -fuse-linker-plugin -fno-fat-lto-objects line 28 j == 28 + 37
XPASS: gcc.dg/guality/pr41353-1.c -O3 -g line 28 j == 28 + 37
XPASS: gcc.dg/guality/pr41353-1.c -Os line 28 j == 28 + 37
FAIL: gcc.dg/guality/pr41447-1.c -O2 execution test
FAIL: gcc.dg/guality/pr41447-1.c -O2 -flto -fno-use-linker-plugin -flto-partition=none execution test
FAIL: gcc.dg/guality/pr41447-1.c -O3 -g execution test
FAIL: gcc.dg/guality/pr41616-1.c -O2 -flto -fuse-linker-plugin -fno-fat-lto-objects execution test
FAIL: gcc.dg/guality/pr45882.c -O2 -flto -fuse-linker-plugin -fno-fat-lto-objects line 16 d == 112
FAIL: gcc.dg/guality/pr45882.c -O2 -flto -fuse-linker-plugin -fno-fat-lto-objects line 16 e == 142
FAIL: gcc.dg/guality/pr54200.c -O2 -flto -fuse-linker-plugin -fno-fat-lto-objects line 20 z == 3
FAIL: gcc.dg/guality/pr54519-1.c -O2 -flto -fno-use-linker-plugin -flto-partition=none line 20 y == 25
FAIL: gcc.dg/guality/pr54519-1.c -O2 -flto -fno-use-linker-plugin -flto-partition=none line 20 z == 6
FAIL: gcc.dg/guality/pr54519-1.c -O2 -flto -fno-use-linker-plugin -flto-partition=none line 23 y == 117
FAIL: gcc.dg/guality/pr54519-1.c -O2 -flto -fno-use-linker-plugin -flto-partition=none line 23 z == 8
FAIL: gcc.dg/guality/pr54519-2.c -O2 -flto -fno-use-linker-plugin -flto-partition=none line 17 y == 25
FAIL: gcc.dg/guality/pr54519-2.c -O2 -flto -fuse-linker-plugin -fno-fat-lto-objects line 17 y == 25
FAIL: gcc.dg/guality/pr54519-3.c -O2 -flto -fno-use-linker-plugin -flto-partition=none line 20 y == 25
FAIL: gcc.dg/guality/pr54519-3.c -O2 -flto -fno-use-linker-plugin -flto-partition=none line 20 z == 6
FAIL: gcc.dg/guality/pr54519-3.c -O2 -flto -fno-use-linker-plugin -flto-partition=none line 23 y == 117
FAIL: gcc.dg/guality/pr54519-3.c -O2 -flto -fno-use-linker-plugin -flto-partition=none line 23 z == 8
FAIL: gcc.dg/guality/pr54519-3.c -O2 -flto -fuse-linker-plugin -fno-fat-lto-objects line 20 y == 25
FAIL: gcc.dg/guality/pr54519-3.c -O2 -flto -fuse-linker-plugin -fno-fat-lto-objects line 20 z == 6
FAIL: gcc.dg/guality/pr54519-3.c -O2 -flto -fuse-linker-plugin -fno-fat-lto-objects line 23 y == 117
FAIL: gcc.dg/guality/pr54519-3.c -O2 -flto -fuse-linker-plugin -fno-fat-lto-objects line 23 z == 8
FAIL: gcc.dg/guality/pr54519-4.c -O2 -flto -fno-use-linker-plugin -flto-partition=none line 17 y == 25
FAIL: gcc.dg/guality/pr54519-4.c -O2 -flto -fuse-linker-plugin -fno-fat-lto-objects line 17 y == 25
FAIL: gcc.dg/guality/pr54519-5.c -O2 -flto -fno-use-linker-plugin -flto-partition=none line 17 y == 25
FAIL: gcc.dg/guality/pr54519-5.c -O2 -flto -fuse-linker-plugin -fno-fat-lto-objects line 17 y == 25
FAIL: gcc.dg/vect/no-section-anchors-vect-31.c scan-tree-dump-times vect "Alignment of access forced using peeling" 2
FAIL: gcc.dg/vect/no-section-anchors-vect-31.c scan-tree-dump-times vect "Vectorizing an unaligned access" 0
XPASS: gcc.dg/vect/pr61194.c -flto -ffat-lto-objects scan-tree-dump-times vect "vectorized 1 loops" 1
XPASS: gcc.dg/vect/pr61194.c scan-tree-dump-times vect "vectorized 1 loops" 1
FAIL: gcc.dg/vect/slp-perm-9.c -flto -ffat-lto-objects scan-tree-dump-times vect "vectorized 1 loops" 2
FAIL: gcc.dg/vect/slp-perm-9.c scan-tree-dump-times vect "vectorized 1 loops" 2
FAIL: gcc.dg/vect/vect-92.c -flto -ffat-lto-objects scan-tree-dump-times vect "Alignment of access forced using peeling" 3
FAIL: gcc.dg/vect/vect-92.c -flto -ffat-lto-objects scan-tree-dump-times vect "Vectorizing an unaligned access" 0
FAIL: gcc.dg/vect/vect-92.c scan-tree-dump-times vect "Alignment of access forced using peeling" 3
FAIL: gcc.dg/vect/vect-92.c scan-tree-dump-times vect "Vectorizing an unaligned access" 0
FAIL: gcc.dg/vect/vect-93.c -flto -ffat-lto-objects scan-tree-dump-times vect "Vectorizing an unaligned access" 1
FAIL: gcc.dg/vect/vect-93.c scan-tree-dump-times vect "Vectorizing an unaligned access" 1
FAIL: gcc.dg/vect/vect-cselim-2.c -flto -ffat-lto-objects scan-tree-dump-times vect "vectorized 1 loops" 0
FAIL: gcc.dg/vect/vect-cselim-2.c scan-tree-dump-times vect "vectorized 1 loops" 0
FAIL: gcc.target/i386/iamcu/test_basic_alignment.c execution, -O0
FAIL: gcc.target/i386/iamcu/test_basic_alignment.c execution, -O1
FAIL: gcc.target/i386/iamcu/test_basic_alignment.c execution, -O2
FAIL: gcc.target/i386/iamcu/test_basic_alignment.c execution, -O3 -g
FAIL: gcc.target/i386/iamcu/test_basic_alignment.c execution, -Og -g
FAIL: gcc.target/i386/iamcu/test_basic_alignment.c execution, -Os
FAIL: gcc.target/i386/iamcu/test_basic_array_size_and_align.c execution, -O0
FAIL: gcc.target/i386/iamcu/test_basic_array_size_and_align.c execution, -O1
FAIL: gcc.target/i386/iamcu/test_basic_array_size_and_align.c execution, -O2
FAIL: gcc.target/i386/iamcu/test_basic_array_size_and_align.c execution, -O3 -g
FAIL: gcc.target/i386/iamcu/test_basic_array_size_and_align.c execution, -Og -g
FAIL: gcc.target/i386/iamcu/test_basic_array_size_and_align.c execution, -Os
=== gcc Summary ===
# of expected passes 109599
# of unexpected failures 53
# of unexpected successes 22
# of expected failures 304
# of unsupported tests 2174
/export/users1/nightly/gcc.svn/test-intel32corei7avx2/gcc-build-trunk/bld/gcc/xgcc version 6.0.0 20151112 (experimental) [trunk revision 230277] (GCC)
=== gfortran tests ===
Running target unix
FAIL: gfortran.dg/vect/fast-math-mgrid-resid.f -O scan-tree-dump-times pcom "Executing predictive commoning without unrolling" 2
FAIL: gfortran.dg/vect/fast-math-mgrid-resid.f -O scan-tree-dump-times pcom "Predictive commoning failed: no suitable chains" 0
=== gfortran Summary ===
# of expected passes 40816
# of unexpected failures 2
# of expected failures 63
# of unsupported tests 165
/export/users1/nightly/gcc.svn/test-intel32corei7avx2/gcc-build-trunk/bld/gcc/testsuite/gfortran/../../gfortran version 6.0.0 20151112 (experimental) [trunk revision 230277] (GCC)
=== g++ tests ===
Running target unix
FAIL: c-c++-common/goacc/data-default-1.c -std=c++11 (test for excess errors)
FAIL: c-c++-common/goacc/data-default-1.c -std=c++11 2 (test for warnings, line 15)
FAIL: c-c++-common/goacc/data-default-1.c -std=c++11 2 (test for warnings, line 9)
FAIL: c-c++-common/goacc/data-default-1.c -std=c++14 (test for excess errors)
FAIL: c-c++-common/goacc/data-default-1.c -std=c++14 2 (test for warnings, line 15)
FAIL: c-c++-common/goacc/data-default-1.c -std=c++14 2 (test for warnings, line 9)
FAIL: c-c++-common/goacc/data-default-1.c -std=c++98 (test for excess errors)
FAIL: c-c++-common/goacc/data-default-1.c -std=c++98 2 (test for warnings, line 15)
FAIL: c-c++-common/goacc/data-default-1.c -std=c++98 2 (test for warnings, line 9)
FAIL: g++.dg/guality/pr55665.C -O2 line 23 p == 40
FAIL: g++.dg/guality/pr55665.C -O3 -g line 23 p == 40
XPASS: g++.dg/tls/thread_local-order2.C -std=c++11 execution test
XPASS: g++.dg/tls/thread_local-order2.C -std=c++14 execution test
FAIL: g++.dg/vect/slp-pr56812.cc -std=c++11 scan-tree-dump-times slp1 "basic block vectorized" 1
FAIL: g++.dg/vect/slp-pr56812.cc -std=c++14 scan-tree-dump-times slp1 "basic block vectorized" 1
FAIL: g++.dg/vect/slp-pr56812.cc -std=c++98 scan-tree-dump-times slp1 "basic block vectorized" 1
=== g++ Summary ===
# of expected passes 97861
# of unexpected failures 14
# of unexpected successes 2
# of expected failures 326
# of unsupported tests 3253
/export/users1/nightly/gcc.svn/test-intel32corei7avx2/gcc-build-trunk/bld/gcc/testsuite/g++/../../xg++ version 6.0.0 20151112 (experimental) [trunk revision 230277] (GCC)
=== objc tests ===
Running target unix
=== objc Summary ===
# of expected passes 2766
# of expected failures 6
# of unsupported tests 68
/export/users1/nightly/gcc.svn/test-intel32corei7avx2/gcc-build-trunk/bld/gcc/xgcc version 6.0.0 20151112 (experimental) [trunk revision 230277] (GCC)
=== boehm-gc tests ===
Running target unix
=== boehm-gc Summary ===
# of expected passes 12
# of unsupported tests 1
=== libatomic tests ===
Running target unix
=== libatomic Summary ===
# of expected passes 44
# of unsupported tests 5
=== libffi tests ===
Running target unix
=== libffi Summary ===
# of expected passes 2439
# of unsupported tests 30
=== libgomp tests ===
Running target unix
=== libgomp Summary ===
# of expected passes 4542
# of expected failures 4
# of unsupported tests 221
=== libitm tests ===
Running target unix
=== libitm Summary ===
# of expected passes 34
# of expected failures 3
# of unsupported tests 1
=== libjava tests ===
Running target unix
=== libjava Summary ===
# of expected passes 2582
# of expected failures 4
=== libstdc++ tests ===
Running target unix
=== libstdc++ Summary ===
# of expected passes 10951
# of expected failures 66
# of unsupported tests 228
Compiler version: 6.0.0 20151112 (experimental) [trunk revision 230277] (GCC)
Platform: i686-pc-linux-gnu
configure flags: --with-arch=core-avx2 --with-cpu=core-avx2 ORIGINAL_AS_FOR_TARGET=/usr/local/i686-linux/bin/as ORIGINAL_LD_FOR_TARGET=/usr/local/i686-linux/bin/ld --prefix=/usr/local --enable-clocale=gnu --with-system-zlib --enable-shared --with-demangler-in-ld --enable-cloog-backend=isl --with-ppl=/opt/gnu --with-cloog=/opt/gnu i686-linux --with-fpmath=sse --enable-languages=c,c++,fortran,java,lto,objc
More information about the Gcc-testresults
mailing list