Results for 6.0.0 20151112 (experimental) [trunk revision 230204] (GCC) testsuite on powerpc64le-unknown-linux-gnu
Bill Schmidt
wschmidt@us.ibm.com
Thu Nov 12 12:15:00 GMT 2015
Linux 3.13.0-35-generic ppc64le
GNU C Library (Ubuntu EGLIBC 2.19-0ubuntu6.6) stable release version 2.19
GNU ld (GNU Binutils for Ubuntu) 2.24
GNU assembler (GNU Binutils for Ubuntu) 2.24
GNU Make 3.81
DejaGnu:
Expect version is 5.45
Tcl version is 8.6
Framework version is 1.5
64-bit
LAST_UPDATED: Thu Nov 12 07:03:26 UTC 2015 (revision 230204)
Native configuration is powerpc64le-unknown-linux-gnu
=== gcc tests ===
Running target unix
FAIL: gcc.c-torture/compile/pr53410-2.c -O0 (internal compiler error)
FAIL: gcc.c-torture/compile/pr53410-2.c -O0 (test for excess errors)
FAIL: gcc.c-torture/execute/builtin-bitops-1.c -O3 -fomit-frame-pointer -funroll-loops -fpeel-loops -ftracer -finline-functions (internal compiler error)
FAIL: gcc.c-torture/execute/builtin-bitops-1.c -O3 -fomit-frame-pointer -funroll-loops -fpeel-loops -ftracer -finline-functions (test for excess errors)
UNRESOLVED: gcc.c-torture/execute/builtin-bitops-1.c -O3 -fomit-frame-pointer -funroll-loops -fpeel-loops -ftracer -finline-functions compilation failed to produce executable
FAIL: gcc.c-torture/execute/builtin-bitops-1.c -O3 -g (internal compiler error)
FAIL: gcc.c-torture/execute/builtin-bitops-1.c -O3 -g (test for excess errors)
UNRESOLVED: gcc.c-torture/execute/builtin-bitops-1.c -O3 -g compilation failed to produce executable
FAIL: gcc.dg/debug/dwarf2/stacked-qualified-types-3.c scan-assembler-times DIE \\\\([^\\n]*\\\\) DW_TAG_(?:const|volatile|atomic|restrict)_type 8
FAIL: c-c++-common/opaque-vector.c -Wc++-compat (internal compiler error)
FAIL: c-c++-common/opaque-vector.c -Wc++-compat (test for excess errors)
FAIL: c-c++-common/vector-compare-2.c -Wc++-compat (internal compiler error)
FAIL: c-c++-common/vector-compare-2.c -Wc++-compat (test for excess errors)
FAIL: c-c++-common/vector-scalar.c -Wc++-compat (internal compiler error)
FAIL: c-c++-common/vector-scalar.c -Wc++-compat (test for excess errors)
FAIL: gcc.dg/ifcvt-4.c scan-rtl-dump ce1 "2 true changes made"
FAIL: gcc.dg/loop-8.c scan-rtl-dump-times loop2_invariant "Decided" 1
FAIL: gcc.dg/pr63594-2.c execution test
FAIL: gcc.dg/sms-4.c scan-rtl-dump-times sms "SMS succeeded" 1
FAIL: gcc.dg/ipa/iinline-attr.c scan-ipa-dump inline "hooray[^\\\\n]*inline copy in test"
FAIL: gcc.dg/simulate-thread/atomic-other-short.c -O0 -g thread simulation test
FAIL: gcc.dg/simulate-thread/atomic-other-short.c -O2 -g thread simulation test
FAIL: gcc.dg/simulate-thread/atomic-other-short.c -O3 -g thread simulation test
FAIL: c-c++-common/torture/vector-compare-1.c -O0 (internal compiler error)
FAIL: c-c++-common/torture/vector-compare-1.c -O0 (test for excess errors)
UNRESOLVED: c-c++-common/torture/vector-compare-1.c -O0 compilation failed to produce executable
FAIL: gcc.dg/tree-ssa/ivopts-lt-2.c scan-tree-dump-times ivopts "PHI <p_" 1
FAIL: gcc.dg/tree-ssa/ivopts-lt-2.c scan-tree-dump-times ivopts "PHI" 1
FAIL: gcc.dg/tree-ssa/ivopts-lt-2.c scan-tree-dump-times ivopts "p_[0-9]* <" 1
FAIL: gcc.dg/tree-ssa/pr45122.c execution test
FAIL: gcc.dg/tree-ssa/ssa-dom-thread-4.c scan-tree-dump-times dom1 "Threaded" 4
FAIL: gcc.dg/vect/costmodel/ppc/costmodel-fast-math-vect-pr29925.c scan-tree-dump-times vect "vectorization not profitable" 1
FAIL: gcc.dg/vect/costmodel/ppc/costmodel-vect-31a.c scan-tree-dump-times vect "vectorization not profitable" 1
FAIL: gcc.dg/vect/costmodel/ppc/costmodel-vect-33.c scan-tree-dump-times vect "vectorization not profitable" 1
FAIL: gcc.dg/vect/bb-slp-32.c -flto -ffat-lto-objects scan-tree-dump slp2 "vectorization is not profitable"
FAIL: gcc.dg/vect/bb-slp-32.c scan-tree-dump slp2 "vectorization is not profitable"
FAIL: gcc.dg/vect/pr58508.c (internal compiler error)
FAIL: gcc.dg/vect/pr58508.c (test for excess errors)
FAIL: gcc.dg/vect/pr58508.c -flto -ffat-lto-objects (internal compiler error)
FAIL: gcc.dg/vect/pr58508.c -flto -ffat-lto-objects (test for excess errors)
FAIL: gcc.dg/vect/slp-multitypes-4.c -flto -ffat-lto-objects scan-tree-dump-times vect "vectorized 1 loops" 1
FAIL: gcc.dg/vect/slp-multitypes-4.c -flto -ffat-lto-objects scan-tree-dump-times vect "vectorizing stmts using SLP" 1
FAIL: gcc.dg/vect/slp-multitypes-4.c scan-tree-dump-times vect "vectorized 1 loops" 1
FAIL: gcc.dg/vect/slp-multitypes-4.c scan-tree-dump-times vect "vectorizing stmts using SLP" 1
FAIL: gcc.dg/vect/slp-multitypes-5.c -flto -ffat-lto-objects scan-tree-dump-times vect "vectorized 1 loops" 1
FAIL: gcc.dg/vect/slp-multitypes-5.c -flto -ffat-lto-objects scan-tree-dump-times vect "vectorizing stmts using SLP" 1
FAIL: gcc.dg/vect/slp-multitypes-5.c scan-tree-dump-times vect "vectorized 1 loops" 1
FAIL: gcc.dg/vect/slp-multitypes-5.c scan-tree-dump-times vect "vectorizing stmts using SLP" 1
FAIL: gcc.dg/vect/vect-125.c -flto -ffat-lto-objects scan-tree-dump vect "vectorized 1 loops"
FAIL: gcc.dg/vect/vect-125.c scan-tree-dump vect "vectorized 1 loops"
FAIL: gcc.dg/vect/vect-cond-reduc-1.c (internal compiler error)
FAIL: gcc.dg/vect/vect-cond-reduc-1.c (test for excess errors)
FAIL: gcc.dg/vect/vect-cond-reduc-1.c -flto -ffat-lto-objects (internal compiler error)
FAIL: gcc.dg/vect/vect-cond-reduc-1.c -flto -ffat-lto-objects (test for excess errors)
FAIL: gcc.dg/vect/vect-sdivmod-1.c (internal compiler error)
FAIL: gcc.dg/vect/vect-sdivmod-1.c (test for excess errors)
FAIL: gcc.dg/vect/vect-sdivmod-1.c -flto -ffat-lto-objects scan-tree-dump-times vect "vectorized 1 loops" 4
FAIL: gcc.dg/vect/vect-sdivmod-1.c -flto -ffat-lto-objects (internal compiler error)
FAIL: gcc.dg/vect/vect-sdivmod-1.c -flto -ffat-lto-objects (test for excess errors)
UNRESOLVED: gcc.dg/vect/vect-sdivmod-1.c -flto -ffat-lto-objects compilation failed to produce executable
UNRESOLVED: gcc.dg/vect/vect-sdivmod-1.c compilation failed to produce executable
FAIL: gcc.dg/vect/vect-sdivmod-1.c scan-tree-dump-times vect "vectorized 1 loops" 4
FAIL: gcc.dg/vect/vect-widen-mult-const-s16.c -flto -ffat-lto-objects scan-tree-dump-times vect "pattern recognized" 2
FAIL: gcc.dg/vect/vect-widen-mult-const-s16.c scan-tree-dump-times vect "pattern recognized" 2
FAIL: gcc.dg/vect/vect-widen-mult-const-u16.c -flto -ffat-lto-objects scan-tree-dump-times vect "pattern recognized" 2
FAIL: gcc.dg/vect/vect-widen-mult-const-u16.c scan-tree-dump-times vect "pattern recognized" 2
FAIL: gcc.target/powerpc/20050603-3.c scan-assembler-not \\\\mrlwinm
FAIL: gcc.target/powerpc/20050603-3.c scan-assembler-times \\\\mrl[wd]imi 1
FAIL: gcc.target/powerpc/20050830-1.c scan-assembler bdn
=== gcc Summary ===
# of expected passes 91247
# of unexpected failures 64
# of expected failures 298
# of unresolved testcases 5
# of unsupported tests 1586
/home/gccbuild/build/nightly/build-gcc-trunk/gcc/xgcc version 6.0.0 20151112 (experimental) [trunk revision 230204] (GCC)
=== gfortran tests ===
Running target unix
FAIL: gfortran.dg/intrinsic_ifunction_1.f90 -O3 -fomit-frame-pointer -funroll-loops -fpeel-loops -ftracer -finline-functions (internal compiler error)
FAIL: gfortran.dg/intrinsic_ifunction_1.f90 -O3 -fomit-frame-pointer -funroll-loops -fpeel-loops -ftracer -finline-functions (test for excess errors)
UNRESOLVED: gfortran.dg/intrinsic_ifunction_1.f90 -O3 -fomit-frame-pointer -funroll-loops -fpeel-loops -ftracer -finline-functions compilation failed to produce executable
FAIL: gfortran.dg/intrinsic_ifunction_1.f90 -O3 -g (internal compiler error)
FAIL: gfortran.dg/intrinsic_ifunction_1.f90 -O3 -g (test for excess errors)
UNRESOLVED: gfortran.dg/intrinsic_ifunction_1.f90 -O3 -g compilation failed to produce executable
FAIL: gfortran.dg/ieee/ieee_7.f90 -O0 execution test
FAIL: gfortran.dg/ieee/ieee_7.f90 -O1 execution test
FAIL: gfortran.dg/ieee/ieee_7.f90 -O2 execution test
FAIL: gfortran.dg/ieee/ieee_7.f90 -O3 -fomit-frame-pointer -funroll-loops -fpeel-loops -ftracer -finline-functions execution test
FAIL: gfortran.dg/ieee/ieee_7.f90 -O3 -g execution test
FAIL: gfortran.dg/ieee/ieee_7.f90 -Os execution test
FAIL: gfortran.dg/ieee/large_2.f90 -O0 execution test
FAIL: gfortran.dg/ieee/large_2.f90 -O1 execution test
FAIL: gfortran.dg/ieee/large_2.f90 -O2 execution test
FAIL: gfortran.dg/ieee/large_2.f90 -O3 -fomit-frame-pointer -funroll-loops -fpeel-loops -ftracer -finline-functions execution test
FAIL: gfortran.dg/ieee/large_2.f90 -O3 -g execution test
FAIL: gfortran.dg/ieee/large_2.f90 -Os execution test
FAIL: gfortran.fortran-torture/execute/arrayarg.f90, -O3 -g (internal compiler error)
FAIL: gfortran.fortran-torture/execute/arrayarg.f90, -O2 -ftree-vectorize -maltivec (internal compiler error)
=== gfortran Summary ===
# of expected passes 40969
# of unexpected failures 18
# of expected failures 75
# of unresolved testcases 2
# of unsupported tests 80
/home/gccbuild/build/nightly/build-gcc-trunk/gcc/testsuite/gfortran/../../gfortran version 6.0.0 20151112 (experimental) [trunk revision 230204] (GCC)
=== g++ tests ===
Running target unix
FAIL: c-c++-common/opaque-vector.c -std=c++11 (internal compiler error)
FAIL: c-c++-common/opaque-vector.c -std=c++11 (test for excess errors)
FAIL: c-c++-common/opaque-vector.c -std=c++14 (internal compiler error)
FAIL: c-c++-common/opaque-vector.c -std=c++14 (test for excess errors)
FAIL: c-c++-common/opaque-vector.c -std=c++98 (internal compiler error)
FAIL: c-c++-common/opaque-vector.c -std=c++98 (test for excess errors)
FAIL: c-c++-common/vector-compare-2.c -std=gnu++11 (internal compiler error)
FAIL: c-c++-common/vector-compare-2.c -std=gnu++11 (test for excess errors)
FAIL: c-c++-common/vector-compare-2.c -std=gnu++14 (internal compiler error)
FAIL: c-c++-common/vector-compare-2.c -std=gnu++14 (test for excess errors)
FAIL: c-c++-common/vector-compare-2.c -std=gnu++98 (internal compiler error)
FAIL: c-c++-common/vector-compare-2.c -std=gnu++98 (test for excess errors)
FAIL: c-c++-common/vector-scalar.c -std=c++11 (internal compiler error)
FAIL: c-c++-common/vector-scalar.c -std=c++11 (test for excess errors)
FAIL: c-c++-common/vector-scalar.c -std=c++14 (internal compiler error)
FAIL: c-c++-common/vector-scalar.c -std=c++14 (test for excess errors)
FAIL: c-c++-common/vector-scalar.c -std=c++98 (internal compiler error)
FAIL: c-c++-common/vector-scalar.c -std=c++98 (test for excess errors)
FAIL: g++.dg/cpp0x/Wattributes1.C -std=c++11 (test for warnings, line 111)
FAIL: g++.dg/cpp0x/Wattributes1.C -std=c++14 (test for warnings, line 111)
FAIL: g++.dg/cpp1y/vla-initlist1.C -std=gnu++11 execution test
FAIL: g++.dg/cpp1y/vla-initlist1.C -std=gnu++14 execution test
FAIL: g++.dg/ext/vector27.C -std=c++11 (internal compiler error)
FAIL: g++.dg/ext/vector27.C -std=c++11 (test for excess errors)
FAIL: g++.dg/ext/vector27.C -std=c++14 (internal compiler error)
FAIL: g++.dg/ext/vector27.C -std=c++14 (test for excess errors)
FAIL: g++.dg/ext/vector27.C -std=c++98 (internal compiler error)
FAIL: g++.dg/ext/vector27.C -std=c++98 (test for excess errors)
FAIL: g++.dg/ext/vector28.C -std=c++11 (internal compiler error)
FAIL: g++.dg/ext/vector28.C -std=c++11 (test for excess errors)
FAIL: g++.dg/ext/vector28.C -std=c++14 (internal compiler error)
FAIL: g++.dg/ext/vector28.C -std=c++14 (test for excess errors)
FAIL: g++.dg/ext/vector28.C -std=c++98 (internal compiler error)
FAIL: g++.dg/ext/vector28.C -std=c++98 (test for excess errors)
FAIL: g++.dg/init/vbase1.C -std=gnu++11 scan-rtl-dump expand "set [^\\n]*\\n[^\\n]*this[^\\n]*\\n[^\\n]*const_int 0"
FAIL: g++.dg/init/vbase1.C -std=gnu++14 scan-rtl-dump expand "set [^\\n]*\\n[^\\n]*this[^\\n]*\\n[^\\n]*const_int 0"
FAIL: g++.dg/init/vbase1.C -std=gnu++98 scan-rtl-dump expand "set [^\\n]*\\n[^\\n]*this[^\\n]*\\n[^\\n]*const_int 0"
FAIL: g++.dg/other/vector-compare.C -std=gnu++11 (internal compiler error)
FAIL: g++.dg/other/vector-compare.C -std=gnu++11 (test for excess errors)
FAIL: g++.dg/other/vector-compare.C -std=gnu++14 (internal compiler error)
FAIL: g++.dg/other/vector-compare.C -std=gnu++14 (test for excess errors)
FAIL: g++.dg/tree-ssa/pr61034.C -std=gnu++11 scan-tree-dump-times fre2 "free" 10
FAIL: g++.dg/tree-ssa/pr61034.C -std=gnu++14 scan-tree-dump-times fre2 "free" 10
FAIL: g++.dg/tree-ssa/pr61034.C -std=gnu++98 scan-tree-dump-times fre2 "free" 10
XPASS: g++.dg/tls/thread_local-order2.C -std=c++11 execution test
XPASS: g++.dg/tls/thread_local-order2.C -std=c++14 execution test
FAIL: c-c++-common/torture/vector-compare-1.c -O0 (internal compiler error)
FAIL: c-c++-common/torture/vector-compare-1.c -O0 (test for excess errors)
UNRESOLVED: c-c++-common/torture/vector-compare-1.c -O0 compilation failed to produce executable
=== g++ Summary ===
# of expected passes 90559
# of unexpected failures 46
# of unexpected successes 2
# of expected failures 277
# of unresolved testcases 1
# of unsupported tests 3421
/home/gccbuild/build/nightly/build-gcc-trunk/gcc/testsuite/g++/../../xg++ version 6.0.0 20151112 (experimental) [trunk revision 230204] (GCC)
=== go tests ===
Running target unix
FAIL: go.test/test/ken/cplx2.go execution, -O2 -g
=== go Summary ===
# of expected passes 7250
# of unexpected failures 1
# of expected failures 1
# of untested testcases 7
# of unsupported tests 3
/home/gccbuild/build/nightly/build-gcc-trunk/gcc/testsuite/go/../../gccgo version 6.0.0 20151112 (experimental) [trunk revision 230204] (GCC)
=== obj-c++ tests ===
Running target unix
=== obj-c++ Summary ===
# of expected passes 1431
# of expected failures 10
# of unsupported tests 77
/home/gccbuild/build/nightly/build-gcc-trunk/gcc/testsuite/obj-c++/../../xg++ version 6.0.0 20151112 (experimental) [trunk revision 230204] (GCC)
=== objc tests ===
Running target unix
=== objc Summary ===
# of expected passes 2772
# of unsupported tests 68
/home/gccbuild/build/nightly/build-gcc-trunk/gcc/xgcc version 6.0.0 20151112 (experimental) [trunk revision 230204] (GCC)
=== boehm-gc tests ===
Running target unix
=== boehm-gc Summary ===
# of expected passes 12
# of unsupported tests 1
=== libatomic tests ===
Running target unix
=== libatomic Summary ===
# of expected passes 54
=== libffi tests ===
Running target unix
=== libffi Summary ===
# of expected passes 1914
# of unsupported tests 30
=== libgo tests ===
Running target unix
FAIL: runtime
=== libgo Summary ===
# of expected passes 132
# of unexpected failures 1
/home/gccbuild/build/nightly/build-gcc-trunk/./gcc/gccgo version 6.0.0 20151112 (experimental) [trunk revision 230204] (GCC)
=== libgomp tests ===
Running target unix
XPASS: libgomp.c/reduction-11.c execution test
XPASS: libgomp.c/reduction-12.c execution test
FAIL: libgomp.c/simd-14.c (internal compiler error)
FAIL: libgomp.c/simd-14.c (test for excess errors)
UNRESOLVED: libgomp.c/simd-14.c compilation failed to produce executable
FAIL: libgomp.c/simd-15.c (internal compiler error)
FAIL: libgomp.c/simd-15.c (test for excess errors)
UNRESOLVED: libgomp.c/simd-15.c compilation failed to produce executable
FAIL: libgomp.c/simd-16.c (internal compiler error)
FAIL: libgomp.c/simd-16.c (test for excess errors)
UNRESOLVED: libgomp.c/simd-16.c compilation failed to produce executable
FAIL: libgomp.c/simd-17.c (internal compiler error)
FAIL: libgomp.c/simd-17.c (test for excess errors)
UNRESOLVED: libgomp.c/simd-17.c compilation failed to produce executable
XPASS: libgomp.c++/reduction-11.C execution test
XPASS: libgomp.c++/reduction-12.C execution test
FAIL: libgomp.c++/simd10.C (internal compiler error)
FAIL: libgomp.c++/simd10.C (test for excess errors)
UNRESOLVED: libgomp.c++/simd10.C compilation failed to produce executable
FAIL: libgomp.c++/simd11.C (internal compiler error)
FAIL: libgomp.c++/simd11.C (test for excess errors)
UNRESOLVED: libgomp.c++/simd11.C compilation failed to produce executable
FAIL: libgomp.c++/simd12.C (internal compiler error)
FAIL: libgomp.c++/simd12.C (test for excess errors)
UNRESOLVED: libgomp.c++/simd12.C compilation failed to produce executable
FAIL: libgomp.c++/simd13.C (internal compiler error)
FAIL: libgomp.c++/simd13.C (test for excess errors)
UNRESOLVED: libgomp.c++/simd13.C compilation failed to produce executable
=== libgomp Summary ===
# of expected passes 4436
# of unexpected failures 16
# of unexpected successes 4
# of unresolved testcases 8
# of unsupported tests 255
=== libitm tests ===
Running target unix
=== libitm Summary ===
# of expected passes 34
# of expected failures 3
# of unsupported tests 1
=== libjava tests ===
Running target unix
=== libjava Summary ===
# of expected passes 2582
# of expected failures 4
=== libstdc++ tests ===
Running target unix
=== libstdc++ Summary ===
# of expected passes 10587
# of expected failures 66
# of unsupported tests 408
Compiler version: 6.0.0 20151112 (experimental) [trunk revision 230204] (GCC)
Platform: powerpc64le-unknown-linux-gnu
configure flags: --prefix=/opt/gcc-nightly/trunk --with-as=/usr/bin/as --with-ld=/usr/bin/ld --enable-languages=c,c++,fortran,objc,obj-c++,java,go --with-cpu=power8 --enable-lto --disable-multilib --disable-libsanitizer --enable-decimal-float --with-long-double-128
fail XPASS: gcc.test-framework/dg-bogus-exp-XF.c (test for excess errors)
fail FAIL: gcc.test-framework/dg-do-assemble-exp-P.c (test for excess errors) (PRMS 42)
fail FAIL: gcc.test-framework/dg-do-compile-exp-P.c (test for excess errors) (PRMS 42)
fail FAIL: gcc.test-framework/dg-do-link-exp-P.c (test for excess errors) (PRMS 42)
fail FAIL: gcc.test-framework/dg-do-run-exp-P.c (test for excess errors) (PRMS 42)
fail FAIL: gcc.test-framework/dg-dot-run-exp-P.c (test for excess errors) (PRMS 42)
fail FAIL: gcc.test-framework/dg-dox-run-exp-XF.c (test for excess errors) (PRMS 42)
fail FAIL: gcc.test-framework/dg-output-exp-P.c (test for excess errors) (PRMS 42)
fail FAIL: gcc.test-framework/dg-output-exp-XF.c (test for excess errors) (PRMS 42)
fail FAIL: gcc.test-framework/dg-warning-exp-P.c warning test (test for warnings, line 9) (PRMS 42)
=== Test Framework Summary ===
# of expected passes 2524
# of unexpected failures 10
More information about the Gcc-testresults
mailing list