Results for 6.0.0 20151112 (experimental) [trunk revision 230202] (GCC) testsuite on m68k-unknown-linux-gnu
Andreas Schwab
schwab@linux-m68k.org
Thu Nov 12 09:26:00 GMT 2015
LAST_UPDATED: Thu Nov 12 02:01:17 UTC 2015 (revision 230202)
Target is m68k-unknown-linux-gnu
Host is x86_64-suse-linux-gnu
=== g++ tests ===
Running target aranym
FAIL: g++.dg/cdce3.C -std=gnu++98 scan-tree-dump cdce "cdce3.C:106: note: function call is shrink-wrapped into error conditions."
FAIL: g++.dg/cdce3.C -std=gnu++11 scan-tree-dump cdce "cdce3.C:106: note: function call is shrink-wrapped into error conditions."
FAIL: g++.dg/cdce3.C -std=gnu++14 scan-tree-dump cdce "cdce3.C:106: note: function call is shrink-wrapped into error conditions."
FAIL: g++.dg/cpp0x/Wattributes1.C -std=c++11 (test for warnings, line 111)
FAIL: g++.dg/cpp0x/Wattributes1.C -std=c++14 (test for warnings, line 111)
FAIL: g++.dg/opt/pr36449.C -std=gnu++98 (internal compiler error)
FAIL: g++.dg/opt/pr36449.C -std=gnu++98 (test for excess errors)
UNRESOLVED: g++.dg/opt/pr36449.C -std=gnu++98 compilation failed to produce executable
FAIL: g++.dg/opt/pr36449.C -std=gnu++11 (internal compiler error)
FAIL: g++.dg/opt/pr36449.C -std=gnu++11 (test for excess errors)
UNRESOLVED: g++.dg/opt/pr36449.C -std=gnu++11 compilation failed to produce executable
FAIL: g++.dg/opt/pr36449.C -std=gnu++14 (internal compiler error)
FAIL: g++.dg/opt/pr36449.C -std=gnu++14 (test for excess errors)
UNRESOLVED: g++.dg/opt/pr36449.C -std=gnu++14 compilation failed to produce executable
FAIL: c-c++-common/gomp/atomic-10.c -std=gnu++98 scan-tree-dump-times ompexp "__atomic_fetch_add" 4
FAIL: c-c++-common/gomp/atomic-10.c -std=gnu++11 scan-tree-dump-times ompexp "__atomic_fetch_add" 4
FAIL: c-c++-common/gomp/atomic-10.c -std=gnu++14 scan-tree-dump-times ompexp "__atomic_fetch_add" 4
FAIL: c-c++-common/gomp/atomic-3.c -std=gnu++98 scan-tree-dump-times ompexp "xyzzy, 4" 1
FAIL: c-c++-common/gomp/atomic-3.c -std=gnu++11 scan-tree-dump-times ompexp "xyzzy, 4" 1
FAIL: c-c++-common/gomp/atomic-3.c -std=gnu++14 scan-tree-dump-times ompexp "xyzzy, 4" 1
FAIL: c-c++-common/gomp/atomic-9.c -std=gnu++98 scan-tree-dump-times ompexp "__atomic_fetch_add" 1
FAIL: c-c++-common/gomp/atomic-9.c -std=gnu++11 scan-tree-dump-times ompexp "__atomic_fetch_add" 1
FAIL: c-c++-common/gomp/atomic-9.c -std=gnu++14 scan-tree-dump-times ompexp "__atomic_fetch_add" 1
XPASS: g++.dg/tls/thread_local-order2.C -std=c++11 execution test
XPASS: g++.dg/tls/thread_local-order2.C -std=c++14 execution test
FAIL: c-c++-common/torture/vector-compare-1.c -O0 execution test
FAIL: c-c++-common/torture/vector-compare-1.c -O1 execution test
FAIL: g++.dg/torture/pr65747.C -O3 -g (internal compiler error)
FAIL: g++.dg/torture/pr65747.C -O3 -g (test for excess errors)
=== g++ Summary ===
# of expected passes 87205
# of unexpected failures 24
# of unexpected successes 2
# of expected failures 274
# of unresolved testcases 3
# of unsupported tests 3610
/daten/aranym/gcc/gcc-20151112/Build/gcc/testsuite/g++/../../xg++ version 6.0.0 20151112 (experimental) [trunk revision 230202] (GCC)
Host is x86_64-suse-linux-gnu
=== gcc tests ===
Running target aranym
FAIL: gcc.c-torture/compile/pr40797.c -O3 -g (internal compiler error)
FAIL: gcc.c-torture/compile/pr40797.c -O3 -g (test for excess errors)
FAIL: gcc.c-torture/execute/20010518-2.c -O3 -g (internal compiler error)
FAIL: gcc.c-torture/execute/20010518-2.c -O3 -g (test for excess errors)
UNRESOLVED: gcc.c-torture/execute/20010518-2.c -O3 -g compilation failed to produce executable
FAIL: gcc.c-torture/execute/20020619-1.c -O3 -g (internal compiler error)
FAIL: gcc.c-torture/execute/20020619-1.c -O3 -g (test for excess errors)
UNRESOLVED: gcc.c-torture/execute/20020619-1.c -O3 -g compilation failed to produce executable
FAIL: gcc.c-torture/execute/20031201-1.c -O3 -fomit-frame-pointer -funroll-loops -fpeel-loops -ftracer -finline-functions (internal compiler error)
FAIL: gcc.c-torture/execute/20031201-1.c -O3 -fomit-frame-pointer -funroll-loops -fpeel-loops -ftracer -finline-functions (test for excess errors)
UNRESOLVED: gcc.c-torture/execute/20031201-1.c -O3 -fomit-frame-pointer -funroll-loops -fpeel-loops -ftracer -finline-functions compilation failed to produce executable
FAIL: gcc.c-torture/execute/20031201-1.c -O3 -g (internal compiler error)
FAIL: gcc.c-torture/execute/20031201-1.c -O3 -g (test for excess errors)
UNRESOLVED: gcc.c-torture/execute/20031201-1.c -O3 -g compilation failed to produce executable
FAIL: gcc.c-torture/execute/20040218-1.c -O3 -g (internal compiler error)
FAIL: gcc.c-torture/execute/20040218-1.c -O3 -g (test for excess errors)
UNRESOLVED: gcc.c-torture/execute/20040218-1.c -O3 -g compilation failed to produce executable
FAIL: gcc.c-torture/execute/20040709-1.c -O3 -fomit-frame-pointer -funroll-loops -fpeel-loops -ftracer -finline-functions (internal compiler error)
FAIL: gcc.c-torture/execute/20040709-1.c -O3 -fomit-frame-pointer -funroll-loops -fpeel-loops -ftracer -finline-functions (test for excess errors)
UNRESOLVED: gcc.c-torture/execute/20040709-1.c -O3 -fomit-frame-pointer -funroll-loops -fpeel-loops -ftracer -finline-functions compilation failed to produce executable
FAIL: gcc.c-torture/execute/20040709-1.c -O3 -g (internal compiler error)
FAIL: gcc.c-torture/execute/20040709-1.c -O3 -g (test for excess errors)
UNRESOLVED: gcc.c-torture/execute/20040709-1.c -O3 -g compilation failed to produce executable
FAIL: gcc.c-torture/execute/20040709-2.c -O3 -fomit-frame-pointer -funroll-loops -fpeel-loops -ftracer -finline-functions (internal compiler error)
FAIL: gcc.c-torture/execute/20040709-2.c -O3 -fomit-frame-pointer -funroll-loops -fpeel-loops -ftracer -finline-functions (test for excess errors)
UNRESOLVED: gcc.c-torture/execute/20040709-2.c -O3 -fomit-frame-pointer -funroll-loops -fpeel-loops -ftracer -finline-functions compilation failed to produce executable
FAIL: gcc.c-torture/execute/20040709-2.c -O3 -g (internal compiler error)
FAIL: gcc.c-torture/execute/20040709-2.c -O3 -g (test for excess errors)
UNRESOLVED: gcc.c-torture/execute/20040709-2.c -O3 -g compilation failed to produce executable
FAIL: gcc.c-torture/execute/20050826-2.c -O3 -fomit-frame-pointer -funroll-loops -fpeel-loops -ftracer -finline-functions (internal compiler error)
FAIL: gcc.c-torture/execute/20050826-2.c -O3 -fomit-frame-pointer -funroll-loops -fpeel-loops -ftracer -finline-functions (test for excess errors)
UNRESOLVED: gcc.c-torture/execute/20050826-2.c -O3 -fomit-frame-pointer -funroll-loops -fpeel-loops -ftracer -finline-functions compilation failed to produce executable
FAIL: gcc.c-torture/execute/20050826-2.c -O3 -g (internal compiler error)
FAIL: gcc.c-torture/execute/20050826-2.c -O3 -g (test for excess errors)
UNRESOLVED: gcc.c-torture/execute/20050826-2.c -O3 -g compilation failed to produce executable
FAIL: gcc.c-torture/execute/920411-1.c -O3 -fomit-frame-pointer -funroll-loops -fpeel-loops -ftracer -finline-functions (internal compiler error)
FAIL: gcc.c-torture/execute/920411-1.c -O3 -fomit-frame-pointer -funroll-loops -fpeel-loops -ftracer -finline-functions (test for excess errors)
UNRESOLVED: gcc.c-torture/execute/920411-1.c -O3 -fomit-frame-pointer -funroll-loops -fpeel-loops -ftracer -finline-functions compilation failed to produce executable
FAIL: gcc.c-torture/execute/920411-1.c -O3 -g (internal compiler error)
FAIL: gcc.c-torture/execute/920411-1.c -O3 -g (test for excess errors)
UNRESOLVED: gcc.c-torture/execute/920411-1.c -O3 -g compilation failed to produce executable
FAIL: gcc.c-torture/execute/930208-1.c -O3 -g (internal compiler error)
FAIL: gcc.c-torture/execute/930208-1.c -O3 -g (test for excess errors)
UNRESOLVED: gcc.c-torture/execute/930208-1.c -O3 -g compilation failed to produce executable
FAIL: gcc.c-torture/execute/931004-13.c -O3 -g (internal compiler error)
FAIL: gcc.c-torture/execute/931004-13.c -O3 -g (test for excess errors)
UNRESOLVED: gcc.c-torture/execute/931004-13.c -O3 -g compilation failed to produce executable
FAIL: gcc.c-torture/execute/931004-14.c -O3 -fomit-frame-pointer -funroll-loops -fpeel-loops -ftracer -finline-functions (internal compiler error)
FAIL: gcc.c-torture/execute/931004-14.c -O3 -fomit-frame-pointer -funroll-loops -fpeel-loops -ftracer -finline-functions (test for excess errors)
UNRESOLVED: gcc.c-torture/execute/931004-14.c -O3 -fomit-frame-pointer -funroll-loops -fpeel-loops -ftracer -finline-functions compilation failed to produce executable
FAIL: gcc.c-torture/execute/931004-14.c -O3 -g (internal compiler error)
FAIL: gcc.c-torture/execute/931004-14.c -O3 -g (test for excess errors)
UNRESOLVED: gcc.c-torture/execute/931004-14.c -O3 -g compilation failed to produce executable
FAIL: gcc.c-torture/execute/931004-6.c -O3 -fomit-frame-pointer -funroll-loops -fpeel-loops -ftracer -finline-functions (internal compiler error)
FAIL: gcc.c-torture/execute/931004-6.c -O3 -fomit-frame-pointer -funroll-loops -fpeel-loops -ftracer -finline-functions (test for excess errors)
UNRESOLVED: gcc.c-torture/execute/931004-6.c -O3 -fomit-frame-pointer -funroll-loops -fpeel-loops -ftracer -finline-functions compilation failed to produce executable
FAIL: gcc.c-torture/execute/931004-6.c -O3 -g (internal compiler error)
FAIL: gcc.c-torture/execute/931004-6.c -O3 -g (test for excess errors)
UNRESOLVED: gcc.c-torture/execute/931004-6.c -O3 -g compilation failed to produce executable
FAIL: gcc.c-torture/execute/990811-1.c -O3 -fomit-frame-pointer -funroll-loops -fpeel-loops -ftracer -finline-functions (internal compiler error)
FAIL: gcc.c-torture/execute/990811-1.c -O3 -fomit-frame-pointer -funroll-loops -fpeel-loops -ftracer -finline-functions (test for excess errors)
UNRESOLVED: gcc.c-torture/execute/990811-1.c -O3 -fomit-frame-pointer -funroll-loops -fpeel-loops -ftracer -finline-functions compilation failed to produce executable
FAIL: gcc.c-torture/execute/990811-1.c -O3 -g (internal compiler error)
FAIL: gcc.c-torture/execute/990811-1.c -O3 -g (test for excess errors)
UNRESOLVED: gcc.c-torture/execute/990811-1.c -O3 -g compilation failed to produce executable
FAIL: gcc.c-torture/execute/bswap-2.c -O3 -g (internal compiler error)
FAIL: gcc.c-torture/execute/bswap-2.c -O3 -g (test for excess errors)
UNRESOLVED: gcc.c-torture/execute/bswap-2.c -O3 -g compilation failed to produce executable
FAIL: gcc.c-torture/execute/pr27285.c -O3 -fomit-frame-pointer -funroll-loops -fpeel-loops -ftracer -finline-functions (internal compiler error)
FAIL: gcc.c-torture/execute/pr27285.c -O3 -fomit-frame-pointer -funroll-loops -fpeel-loops -ftracer -finline-functions (test for excess errors)
UNRESOLVED: gcc.c-torture/execute/pr27285.c -O3 -fomit-frame-pointer -funroll-loops -fpeel-loops -ftracer -finline-functions compilation failed to produce executable
FAIL: gcc.c-torture/execute/pr27285.c -O3 -g (internal compiler error)
FAIL: gcc.c-torture/execute/pr27285.c -O3 -g (test for excess errors)
UNRESOLVED: gcc.c-torture/execute/pr27285.c -O3 -g compilation failed to produce executable
FAIL: gcc.c-torture/execute/pr39100.c -O3 -fomit-frame-pointer -funroll-loops -fpeel-loops -ftracer -finline-functions (internal compiler error)
FAIL: gcc.c-torture/execute/pr39100.c -O3 -fomit-frame-pointer -funroll-loops -fpeel-loops -ftracer -finline-functions (test for excess errors)
UNRESOLVED: gcc.c-torture/execute/pr39100.c -O3 -fomit-frame-pointer -funroll-loops -fpeel-loops -ftracer -finline-functions compilation failed to produce executable
FAIL: gcc.c-torture/execute/pr39100.c -O3 -g (internal compiler error)
FAIL: gcc.c-torture/execute/pr39100.c -O3 -g (test for excess errors)
UNRESOLVED: gcc.c-torture/execute/pr39100.c -O3 -g compilation failed to produce executable
FAIL: gcc.c-torture/execute/pr42691.c -O3 -fomit-frame-pointer -funroll-loops -fpeel-loops -ftracer -finline-functions (internal compiler error)
FAIL: gcc.c-torture/execute/pr42691.c -O3 -fomit-frame-pointer -funroll-loops -fpeel-loops -ftracer -finline-functions (test for excess errors)
UNRESOLVED: gcc.c-torture/execute/pr42691.c -O3 -fomit-frame-pointer -funroll-loops -fpeel-loops -ftracer -finline-functions compilation failed to produce executable
FAIL: gcc.c-torture/execute/pr42691.c -O3 -g (internal compiler error)
FAIL: gcc.c-torture/execute/pr42691.c -O3 -g (test for excess errors)
UNRESOLVED: gcc.c-torture/execute/pr42691.c -O3 -g compilation failed to produce executable
FAIL: gcc.c-torture/execute/pr42833.c -O3 -fomit-frame-pointer -funroll-loops -fpeel-loops -ftracer -finline-functions (internal compiler error)
FAIL: gcc.c-torture/execute/pr42833.c -O3 -fomit-frame-pointer -funroll-loops -fpeel-loops -ftracer -finline-functions (test for excess errors)
UNRESOLVED: gcc.c-torture/execute/pr42833.c -O3 -fomit-frame-pointer -funroll-loops -fpeel-loops -ftracer -finline-functions compilation failed to produce executable
FAIL: gcc.c-torture/execute/pr42833.c -O3 -g (internal compiler error)
FAIL: gcc.c-torture/execute/pr42833.c -O3 -g (test for excess errors)
UNRESOLVED: gcc.c-torture/execute/pr42833.c -O3 -g compilation failed to produce executable
FAIL: gcc.c-torture/execute/pr52760.c -O3 -fomit-frame-pointer -funroll-loops -fpeel-loops -ftracer -finline-functions (internal compiler error)
FAIL: gcc.c-torture/execute/pr52760.c -O3 -fomit-frame-pointer -funroll-loops -fpeel-loops -ftracer -finline-functions (test for excess errors)
UNRESOLVED: gcc.c-torture/execute/pr52760.c -O3 -fomit-frame-pointer -funroll-loops -fpeel-loops -ftracer -finline-functions compilation failed to produce executable
FAIL: gcc.c-torture/execute/pr52760.c -O3 -g (internal compiler error)
FAIL: gcc.c-torture/execute/pr52760.c -O3 -g (test for excess errors)
UNRESOLVED: gcc.c-torture/execute/pr52760.c -O3 -g compilation failed to produce executable
FAIL: gcc.c-torture/execute/pr63843.c -O3 -g (internal compiler error)
FAIL: gcc.c-torture/execute/pr63843.c -O3 -g (test for excess errors)
UNRESOLVED: gcc.c-torture/execute/pr63843.c -O3 -g compilation failed to produce executable
FAIL: gcc.c-torture/execute/strncmp-1.c -O3 -fomit-frame-pointer -funroll-loops -fpeel-loops -ftracer -finline-functions (internal compiler error)
FAIL: gcc.c-torture/execute/strncmp-1.c -O3 -fomit-frame-pointer -funroll-loops -fpeel-loops -ftracer -finline-functions (test for excess errors)
UNRESOLVED: gcc.c-torture/execute/strncmp-1.c -O3 -fomit-frame-pointer -funroll-loops -fpeel-loops -ftracer -finline-functions compilation failed to produce executable
FAIL: gcc.c-torture/execute/strncmp-1.c -O3 -g (internal compiler error)
FAIL: gcc.c-torture/execute/strncmp-1.c -O3 -g (test for excess errors)
UNRESOLVED: gcc.c-torture/execute/strncmp-1.c -O3 -g compilation failed to produce executable
FAIL: gcc.c-torture/execute/va-arg-22.c -O3 -fomit-frame-pointer -funroll-loops -fpeel-loops -ftracer -finline-functions (internal compiler error)
FAIL: gcc.c-torture/execute/va-arg-22.c -O3 -fomit-frame-pointer -funroll-loops -fpeel-loops -ftracer -finline-functions (test for excess errors)
UNRESOLVED: gcc.c-torture/execute/va-arg-22.c -O3 -fomit-frame-pointer -funroll-loops -fpeel-loops -ftracer -finline-functions compilation failed to produce executable
FAIL: gcc.c-torture/execute/va-arg-22.c -O3 -g (internal compiler error)
FAIL: gcc.c-torture/execute/va-arg-22.c -O3 -g (test for excess errors)
UNRESOLVED: gcc.c-torture/execute/va-arg-22.c -O3 -g compilation failed to produce executable
FAIL: gcc.dg/atomic/c11-atomic-exec-2.c -O1 execution test
FAIL: gcc.dg/atomic/c11-atomic-exec-5.c -O0 execution test
FAIL: gcc.dg/atomic/c11-atomic-exec-5.c -O1 execution test
FAIL: gcc.dg/atomic/c11-atomic-exec-5.c -O2 execution test
FAIL: gcc.dg/atomic/c11-atomic-exec-5.c -O3 -fomit-frame-pointer -funroll-loops -fpeel-loops -ftracer -finline-functions execution test
FAIL: gcc.dg/atomic/c11-atomic-exec-5.c -O3 -g execution test
FAIL: gcc.dg/atomic/c11-atomic-exec-5.c -Os execution test
FAIL: gcc.dg/atomic/c11-atomic-exec-5.c -O2 -flto -fno-use-linker-plugin -flto-partition=none execution test
FAIL: gcc.dg/atomic/c11-atomic-exec-5.c -O2 -flto -fuse-linker-plugin -fno-fat-lto-objects execution test
FAIL: gcc.dg/debug/dwarf2/stacked-qualified-types-3.c scan-assembler-times DIE \\\\([^\\n]*\\\\) DW_TAG_(?:const|volatile|atomic|restrict)_type 8
FAIL: gcc.dg/binop-xor1.c scan-tree-dump-times optimized "\\\\^" 1
FAIL: gcc.dg/ifcvt-4.c scan-rtl-dump ce1 "2 true changes made"
FAIL: gcc.dg/loop-9.c scan-rtl-dump loop2_invariant "Decided"
FAIL: gcc.dg/loop-9.c scan-rtl-dump loop2_invariant "without introducing a new temporary register"
FAIL: gcc.dg/pr46309.c scan-tree-dump-times reassoc1 "Optimizing range tests a_[0-9]*.D. -.1, 1. and -.3, 3.[\\n\\r]* into" 1
FAIL: gcc.dg/pr46309.c scan-tree-dump-times reassoc1 "Optimizing range tests a_[0-9]*.D. -.1, 1. and -.2, 2.[\\n\\r]* into" 1
FAIL: gcc.dg/pr46309.c scan-tree-dump-times reassoc1 "Optimizing range tests a_[0-9]*.D. -.0, 31. and -.64, 95.[\\n\\r]* into" 2
FAIL: gcc.dg/pr46647.c scan-tree-dump-not optimized "memset"
FAIL: gcc.dg/pr49496.c (internal compiler error)
FAIL: gcc.dg/pr49496.c (test for excess errors)
UNRESOLVED: gcc.dg/superblock.c scan-rtl-dump-times sched2 "ADVANCING TO" 2
FAIL: c-c++-common/gomp/atomic-10.c scan-tree-dump-times ompexp "__atomic_fetch_add" 4
FAIL: c-c++-common/gomp/atomic-3.c scan-tree-dump-times ompexp "xyzzy, 4" 1
FAIL: c-c++-common/gomp/atomic-9.c scan-tree-dump-times ompexp "__atomic_fetch_add" 1
FAIL: gcc.dg/graphite/fuse-1.c scan-tree-dump-times graphite "ISL AST generated by ISL:.*for \\\\(int c0 = 0; c0 <= 99; c0 \\\\+= 1\\\\) {.*S_.*\\\\(c0\\\\);.*S_.*\\\\(c0\\\\);.*S_.*\\\\(c0\\\\);.*}" 1
FAIL: gcc.dg/graphite/fuse-1.c scan-tree-dump-times forwprop4 "gimple_simplified to[^\\\\n]*\\\\^ 12" 1
FAIL: gcc.dg/graphite/fuse-2.c scan-tree-dump-times graphite "ISL AST generated by ISL:.*for \\\\(int c0 = 0; c0 <= 99; c0 \\\\+= 1\\\\) {.*S_.*\\\\(c0\\\\);.*S_.*\\\\(c0\\\\);.*S_.*\\\\(c0\\\\);.*}" 1
FAIL: gcc.dg/graphite/interchange-1.c (internal compiler error)
FAIL: gcc.dg/graphite/interchange-1.c (test for excess errors)
UNRESOLVED: gcc.dg/graphite/interchange-1.c compilation failed to produce executable
FAIL: gcc.dg/graphite/interchange-11.c (internal compiler error)
FAIL: gcc.dg/graphite/interchange-11.c (test for excess errors)
UNRESOLVED: gcc.dg/graphite/interchange-11.c compilation failed to produce executable
FAIL: gcc.dg/graphite/interchange-13.c (internal compiler error)
FAIL: gcc.dg/graphite/interchange-13.c (test for excess errors)
UNRESOLVED: gcc.dg/graphite/interchange-13.c compilation failed to produce executable
XPASS: gcc.dg/guality/example.c -O0 execution test
XPASS: gcc.dg/guality/example.c -O1 execution test
XPASS: gcc.dg/guality/example.c -O2 execution test
XPASS: gcc.dg/guality/example.c -O2 -flto -fno-use-linker-plugin -flto-partition=none execution test
XPASS: gcc.dg/guality/guality.c -O0 execution test
XPASS: gcc.dg/guality/guality.c -O1 execution test
XPASS: gcc.dg/guality/guality.c -O2 execution test
XPASS: gcc.dg/guality/guality.c -O3 -g execution test
XPASS: gcc.dg/guality/guality.c -Os execution test
XPASS: gcc.dg/guality/guality.c -O2 -flto -fno-use-linker-plugin -flto-partition=none execution test
XPASS: gcc.dg/guality/guality.c -O2 -flto -fuse-linker-plugin -fno-fat-lto-objects execution test
XPASS: gcc.dg/guality/inline-params.c -O2 execution test
XPASS: gcc.dg/guality/inline-params.c -O3 -g execution test
XPASS: gcc.dg/guality/inline-params.c -Os execution test
XPASS: gcc.dg/guality/inline-params.c -O2 -flto -fno-use-linker-plugin -flto-partition=none execution test
FAIL: gcc.dg/guality/pr41616-1.c -O2 -flto -fuse-linker-plugin -fno-fat-lto-objects execution test
FAIL: gcc.dg/ipa/propalign-1.c scan-tree-dump-not optimized "fail_the_test"
FAIL: gcc.dg/ipa/propalign-2.c scan-tree-dump-not optimized "fail_the_test"
FAIL: c-c++-common/torture/vector-compare-1.c -O0 execution test
FAIL: c-c++-common/torture/vector-compare-1.c -O1 execution test
FAIL: gcc.dg/torture/pr38271.c -O3 -g (internal compiler error)
FAIL: gcc.dg/torture/pr38271.c -O3 -g (test for excess errors)
FAIL: gcc.dg/torture/pr45967-2.c -O3 -fomit-frame-pointer -funroll-loops -fpeel-loops -ftracer -finline-functions (internal compiler error)
FAIL: gcc.dg/torture/pr45967-2.c -O3 -fomit-frame-pointer -funroll-loops -fpeel-loops -ftracer -finline-functions (test for excess errors)
UNRESOLVED: gcc.dg/torture/pr45967-2.c -O3 -fomit-frame-pointer -funroll-loops -fpeel-loops -ftracer -finline-functions compilation failed to produce executable
FAIL: gcc.dg/torture/pr45967-2.c -O3 -g (internal compiler error)
FAIL: gcc.dg/torture/pr45967-2.c -O3 -g (test for excess errors)
UNRESOLVED: gcc.dg/torture/pr45967-2.c -O3 -g compilation failed to produce executable
FAIL: gcc.dg/torture/pr45967-3.c -O3 -fomit-frame-pointer -funroll-loops -fpeel-loops -ftracer -finline-functions (internal compiler error)
FAIL: gcc.dg/torture/pr45967-3.c -O3 -fomit-frame-pointer -funroll-loops -fpeel-loops -ftracer -finline-functions (test for excess errors)
UNRESOLVED: gcc.dg/torture/pr45967-3.c -O3 -fomit-frame-pointer -funroll-loops -fpeel-loops -ftracer -finline-functions compilation failed to produce executable
FAIL: gcc.dg/torture/pr45967-3.c -O3 -g (internal compiler error)
FAIL: gcc.dg/torture/pr45967-3.c -O3 -g (test for excess errors)
UNRESOLVED: gcc.dg/torture/pr45967-3.c -O3 -g compilation failed to produce executable
FAIL: gcc.dg/torture/pr53144.c -O3 -fomit-frame-pointer -funroll-loops -fpeel-loops -ftracer -finline-functions (internal compiler error)
FAIL: gcc.dg/torture/pr53144.c -O3 -fomit-frame-pointer -funroll-loops -fpeel-loops -ftracer -finline-functions (test for excess errors)
FAIL: gcc.dg/torture/pr53144.c -O3 -g (internal compiler error)
FAIL: gcc.dg/torture/pr53144.c -O3 -g (test for excess errors)
FAIL: gcc.dg/torture/pr56157.c -O1 (internal compiler error)
FAIL: gcc.dg/torture/pr56157.c -O1 (test for excess errors)
FAIL: gcc.dg/torture/pr56157.c -O2 (internal compiler error)
FAIL: gcc.dg/torture/pr56157.c -O2 (test for excess errors)
FAIL: gcc.dg/torture/pr56157.c -O3 -fomit-frame-pointer -funroll-loops -fpeel-loops -ftracer -finline-functions (internal compiler error)
FAIL: gcc.dg/torture/pr56157.c -O3 -fomit-frame-pointer -funroll-loops -fpeel-loops -ftracer -finline-functions (test for excess errors)
FAIL: gcc.dg/torture/pr56157.c -O3 -g (internal compiler error)
FAIL: gcc.dg/torture/pr56157.c -O3 -g (test for excess errors)
FAIL: gcc.dg/torture/pr56157.c -Os (internal compiler error)
FAIL: gcc.dg/torture/pr56157.c -Os (test for excess errors)
FAIL: gcc.dg/torture/pr56157.c -O2 -flto -fno-use-linker-plugin -flto-partition=none (internal compiler error)
FAIL: gcc.dg/torture/pr56157.c -O2 -flto -fno-use-linker-plugin -flto-partition=none (test for excess errors)
FAIL: gcc.dg/torture/pr58079.c -O3 -fomit-frame-pointer -funroll-loops -fpeel-loops -ftracer -finline-functions (internal compiler error)
FAIL: gcc.dg/torture/pr58079.c -O3 -fomit-frame-pointer -funroll-loops -fpeel-loops -ftracer -finline-functions (test for excess errors)
FAIL: gcc.dg/torture/pr58079.c -O3 -g (internal compiler error)
FAIL: gcc.dg/torture/pr58079.c -O3 -g (test for excess errors)
FAIL: gcc.dg/tree-prof/20050826-2.c compilation, -fprofile-generate -D_PROFILE_GENERATE (internal compiler error)
UNRESOLVED: gcc.dg/tree-prof/20050826-2.c execution, -fprofile-generate -D_PROFILE_GENERATE
UNRESOLVED: gcc.dg/tree-prof/20050826-2.c compilation, -fprofile-use -D_PROFILE_USE
UNRESOLVED: gcc.dg/tree-prof/20050826-2.c execution, -fprofile-use -D_PROFILE_USE
FAIL: gcc.dg/tree-prof/stringop-2.c scan-tree-dump optimized "MEM\\\\[\\\\(void .\\\\)&a\\\\] = 168430090"
FAIL: gcc.dg/tree-ssa/gen-vect-11b.c (internal compiler error)
FAIL: gcc.dg/tree-ssa/gen-vect-11b.c (test for excess errors)
UNRESOLVED: gcc.dg/tree-ssa/gen-vect-11b.c compilation failed to produce executable
FAIL: gcc.dg/tree-ssa/ssa-dom-thread-4.c scan-tree-dump-times dom1 "Threaded" 3
FAIL: gcc.dg/tree-ssa/vrp47.c scan-tree-dump-times vrp1 "[xy][^ ]* !=" 0
FAIL: gcc.dg/tree-ssa/vrp47.c scan-tree-dump-times vrp1 "x[^ ]* [|] y" 1
FAIL: gcc.target/m68k/20090709-1.c scan-assembler-times .LC0 3
FAIL: gcc.target/m68k/20100512-1.c scan-assembler-times __stack_chk_guard 4
FAIL: gcc.target/m68k/pr52573.c (internal compiler error)
FAIL: gcc.target/m68k/pr52573.c (test for excess errors)
UNRESOLVED: gcc.target/m68k/pr52573.c scan-assembler-not %d0:%d0
UNRESOLVED: gcc.target/m68k/pr52573.c scan-assembler-not %d1:%d1
UNRESOLVED: gcc.target/m68k/pr52573.c scan-assembler-not %d2:%d2
UNRESOLVED: gcc.target/m68k/pr52573.c scan-assembler-not %d3:%d3
UNRESOLVED: gcc.target/m68k/pr52573.c scan-assembler-not %d4:%d4
UNRESOLVED: gcc.target/m68k/pr52573.c scan-assembler-not %d5:%d5
UNRESOLVED: gcc.target/m68k/pr52573.c scan-assembler-not %d6:%d6
UNRESOLVED: gcc.target/m68k/pr52573.c scan-assembler-not %d7:%d7
FAIL: gcc.target/m68k/tls-gd-xgot.c scan-assembler #foo@TLSGD,%[ad][0-7]
FAIL: gcc.target/m68k/tls-ie-xgot.c scan-assembler #foo@TLSIE,%[ad][0-7]
FAIL: gcc.target/m68k/tls-ld-xgot-xtls.c scan-assembler #foo@TLSLDM,%[ad][0-7]
FAIL: gcc.target/m68k/tls-ld-xgot.c scan-assembler #foo@TLSLDM,%[ad][0-7]
FAIL: gcc.target/m68k/tls-ld-xgot.c scan-assembler lea \\\\(foo@TLSLDO,%a0\\\\)
FAIL: gcc.target/m68k/tls-ld.c scan-assembler lea \\\\(foo@TLSLDO,%a0\\\\)
FAIL: gcc.target/m68k/tls-le.c scan-assembler lea \\\\(foo@TLSLE,%a0\\\\)
=== gcc Summary ===
# of expected passes 82042
# of unexpected failures 161
# of unexpected successes 15
# of expected failures 129
# of unresolved testcases 57
# of unsupported tests 1586
/daten/aranym/gcc/gcc-20151112/Build/gcc/xgcc version 6.0.0 20151112 (experimental) [trunk revision 230202] (GCC)
Host is x86_64-suse-linux-gnu
=== gfortran tests ===
Running target aranym
FAIL: gfortran.dg/bessel_6.f90 -O0 execution test
FAIL: gfortran.dg/bessel_6.f90 -O1 execution test
FAIL: gfortran.dg/bessel_6.f90 -O2 execution test
FAIL: gfortran.dg/bessel_6.f90 -O3 -fomit-frame-pointer -funroll-loops -fpeel-loops -ftracer -finline-functions execution test
FAIL: gfortran.dg/bessel_6.f90 -O3 -g execution test
FAIL: gfortran.dg/bessel_6.f90 -Os execution test
FAIL: gfortran.dg/bessel_7.f90 -O0 execution test
FAIL: gfortran.dg/bessel_7.f90 -O1 execution test
FAIL: gfortran.dg/bessel_7.f90 -O2 execution test
FAIL: gfortran.dg/bessel_7.f90 -O3 -fomit-frame-pointer -funroll-loops -fpeel-loops -ftracer -finline-functions execution test
FAIL: gfortran.dg/bessel_7.f90 -O3 -g execution test
FAIL: gfortran.dg/bessel_7.f90 -Os execution test
FAIL: gfortran.dg/bounds_check_strlen_9.f90 -O3 -fomit-frame-pointer -funroll-loops -fpeel-loops -ftracer -finline-functions (internal compiler error)
FAIL: gfortran.dg/bounds_check_strlen_9.f90 -O3 -fomit-frame-pointer -funroll-loops -fpeel-loops -ftracer -finline-functions (test for excess errors)
UNRESOLVED: gfortran.dg/bounds_check_strlen_9.f90 -O3 -fomit-frame-pointer -funroll-loops -fpeel-loops -ftracer -finline-functions compilation failed to produce executable
FAIL: gfortran.dg/bounds_check_strlen_9.f90 -O3 -g (internal compiler error)
FAIL: gfortran.dg/bounds_check_strlen_9.f90 -O3 -g (test for excess errors)
UNRESOLVED: gfortran.dg/bounds_check_strlen_9.f90 -O3 -g compilation failed to produce executable
FAIL: gfortran.dg/char_array_structure_constructor.f90 -O3 -fomit-frame-pointer -funroll-loops -fpeel-loops -ftracer -finline-functions (internal compiler error)
FAIL: gfortran.dg/char_array_structure_constructor.f90 -O3 -fomit-frame-pointer -funroll-loops -fpeel-loops -ftracer -finline-functions (test for excess errors)
UNRESOLVED: gfortran.dg/char_array_structure_constructor.f90 -O3 -fomit-frame-pointer -funroll-loops -fpeel-loops -ftracer -finline-functions compilation failed to produce executable
FAIL: gfortran.dg/char_array_structure_constructor.f90 -O3 -g (internal compiler error)
FAIL: gfortran.dg/char_array_structure_constructor.f90 -O3 -g (test for excess errors)
UNRESOLVED: gfortran.dg/char_array_structure_constructor.f90 -O3 -g compilation failed to produce executable
FAIL: gfortran.dg/char_cshift_2.f90 -O3 -fomit-frame-pointer -funroll-loops -fpeel-loops -ftracer -finline-functions (internal compiler error)
FAIL: gfortran.dg/char_cshift_2.f90 -O3 -fomit-frame-pointer -funroll-loops -fpeel-loops -ftracer -finline-functions (test for excess errors)
UNRESOLVED: gfortran.dg/char_cshift_2.f90 -O3 -fomit-frame-pointer -funroll-loops -fpeel-loops -ftracer -finline-functions compilation failed to produce executable
FAIL: gfortran.dg/char_cshift_2.f90 -O3 -g (internal compiler error)
FAIL: gfortran.dg/char_cshift_2.f90 -O3 -g (test for excess errors)
UNRESOLVED: gfortran.dg/char_cshift_2.f90 -O3 -g compilation failed to produce executable
FAIL: gfortran.dg/char_eoshift_2.f90 -O3 -fomit-frame-pointer -funroll-loops -fpeel-loops -ftracer -finline-functions (internal compiler error)
FAIL: gfortran.dg/char_eoshift_2.f90 -O3 -fomit-frame-pointer -funroll-loops -fpeel-loops -ftracer -finline-functions (test for excess errors)
UNRESOLVED: gfortran.dg/char_eoshift_2.f90 -O3 -fomit-frame-pointer -funroll-loops -fpeel-loops -ftracer -finline-functions compilation failed to produce executable
FAIL: gfortran.dg/char_eoshift_2.f90 -O3 -g (internal compiler error)
FAIL: gfortran.dg/char_eoshift_2.f90 -O3 -g (test for excess errors)
UNRESOLVED: gfortran.dg/char_eoshift_2.f90 -O3 -g compilation failed to produce executable
FAIL: gfortran.dg/char_eoshift_4.f90 -O3 -fomit-frame-pointer -funroll-loops -fpeel-loops -ftracer -finline-functions (internal compiler error)
FAIL: gfortran.dg/char_eoshift_4.f90 -O3 -fomit-frame-pointer -funroll-loops -fpeel-loops -ftracer -finline-functions (test for excess errors)
UNRESOLVED: gfortran.dg/char_eoshift_4.f90 -O3 -fomit-frame-pointer -funroll-loops -fpeel-loops -ftracer -finline-functions compilation failed to produce executable
FAIL: gfortran.dg/char_eoshift_4.f90 -O3 -g (internal compiler error)
FAIL: gfortran.dg/char_eoshift_4.f90 -O3 -g (test for excess errors)
UNRESOLVED: gfortran.dg/char_eoshift_4.f90 -O3 -g compilation failed to produce executable
FAIL: gfortran.dg/common_14.f90 -O (test for warnings, line 16)
FAIL: gfortran.dg/common_14.f90 -O (test for warnings, line 22)
FAIL: gfortran.dg/common_14.f90 -O (test for excess errors)
FAIL: gfortran.dg/common_16.f90 -O (test for warnings, line 10)
FAIL: gfortran.dg/common_16.f90 -O (test for excess errors)
FAIL: gfortran.dg/common_5.f -O (test for warnings, line 7)
FAIL: gfortran.dg/common_align_2.f90 -O0 (test for warnings, line 23)
FAIL: gfortran.dg/common_align_2.f90 -O0 execution test
FAIL: gfortran.dg/common_align_2.f90 -O1 (test for warnings, line 23)
FAIL: gfortran.dg/common_align_2.f90 -O1 execution test
FAIL: gfortran.dg/common_align_2.f90 -O2 (test for warnings, line 23)
FAIL: gfortran.dg/common_align_2.f90 -O2 execution test
FAIL: gfortran.dg/common_align_2.f90 -O3 -fomit-frame-pointer -funroll-loops -fpeel-loops -ftracer -finline-functions (test for warnings, line 23)
FAIL: gfortran.dg/common_align_2.f90 -O3 -fomit-frame-pointer -funroll-loops -fpeel-loops -ftracer -finline-functions execution test
FAIL: gfortran.dg/common_align_2.f90 -O3 -g (test for warnings, line 23)
FAIL: gfortran.dg/common_align_2.f90 -O3 -g execution test
FAIL: gfortran.dg/common_align_2.f90 -Os (test for warnings, line 23)
FAIL: gfortran.dg/common_align_2.f90 -Os execution test
FAIL: gfortran.dg/erf_3.F90 -O0 execution test
FAIL: gfortran.dg/erf_3.F90 -O1 execution test
FAIL: gfortran.dg/erf_3.F90 -O2 execution test
FAIL: gfortran.dg/erf_3.F90 -O3 -fomit-frame-pointer -funroll-loops -fpeel-loops -ftracer -finline-functions execution test
FAIL: gfortran.dg/erf_3.F90 -O3 -g execution test
FAIL: gfortran.dg/erf_3.F90 -Os execution test
FAIL: gfortran.dg/forall_4.f90 -O3 -fomit-frame-pointer -funroll-loops -fpeel-loops -ftracer -finline-functions (internal compiler error)
FAIL: gfortran.dg/forall_4.f90 -O3 -fomit-frame-pointer -funroll-loops -fpeel-loops -ftracer -finline-functions (test for excess errors)
UNRESOLVED: gfortran.dg/forall_4.f90 -O3 -fomit-frame-pointer -funroll-loops -fpeel-loops -ftracer -finline-functions compilation failed to produce executable
FAIL: gfortran.dg/forall_4.f90 -O3 -g (internal compiler error)
FAIL: gfortran.dg/forall_4.f90 -O3 -g (test for excess errors)
UNRESOLVED: gfortran.dg/forall_4.f90 -O3 -g compilation failed to produce executable
FAIL: gfortran.dg/integer_exponentiation_3.F90 -O2 execution test
FAIL: gfortran.dg/integer_exponentiation_3.F90 -O3 -fomit-frame-pointer -funroll-loops -fpeel-loops -ftracer -finline-functions execution test
FAIL: gfortran.dg/integer_exponentiation_3.F90 -O3 -g execution test
FAIL: gfortran.dg/intent_out_2.f90 -O3 -fomit-frame-pointer -funroll-loops -fpeel-loops -ftracer -finline-functions (internal compiler error)
FAIL: gfortran.dg/intent_out_2.f90 -O3 -fomit-frame-pointer -funroll-loops -fpeel-loops -ftracer -finline-functions (test for excess errors)
UNRESOLVED: gfortran.dg/intent_out_2.f90 -O3 -fomit-frame-pointer -funroll-loops -fpeel-loops -ftracer -finline-functions compilation failed to produce executable
FAIL: gfortran.dg/intent_out_2.f90 -O3 -g (internal compiler error)
FAIL: gfortran.dg/intent_out_2.f90 -O3 -g (test for excess errors)
UNRESOLVED: gfortran.dg/intent_out_2.f90 -O3 -g compilation failed to produce executable
FAIL: gfortran.dg/internal_pack_1.f90 -O3 -fomit-frame-pointer -funroll-loops -fpeel-loops -ftracer -finline-functions (internal compiler error)
FAIL: gfortran.dg/internal_pack_1.f90 -O3 -fomit-frame-pointer -funroll-loops -fpeel-loops -ftracer -finline-functions (test for excess errors)
UNRESOLVED: gfortran.dg/internal_pack_1.f90 -O3 -fomit-frame-pointer -funroll-loops -fpeel-loops -ftracer -finline-functions compilation failed to produce executable
FAIL: gfortran.dg/internal_pack_1.f90 -O3 -g (internal compiler error)
FAIL: gfortran.dg/internal_pack_1.f90 -O3 -g (test for excess errors)
UNRESOLVED: gfortran.dg/internal_pack_1.f90 -O3 -g compilation failed to produce executable
FAIL: gfortran.dg/mapping_3.f90 -O3 -fomit-frame-pointer -funroll-loops -fpeel-loops -ftracer -finline-functions (internal compiler error)
FAIL: gfortran.dg/mapping_3.f90 -O3 -fomit-frame-pointer -funroll-loops -fpeel-loops -ftracer -finline-functions (test for excess errors)
UNRESOLVED: gfortran.dg/mapping_3.f90 -O3 -fomit-frame-pointer -funroll-loops -fpeel-loops -ftracer -finline-functions compilation failed to produce executable
FAIL: gfortran.dg/mapping_3.f90 -O3 -g (internal compiler error)
FAIL: gfortran.dg/mapping_3.f90 -O3 -g (test for excess errors)
UNRESOLVED: gfortran.dg/mapping_3.f90 -O3 -g compilation failed to produce executable
FAIL: gfortran.dg/merge_char_1.f90 -O3 -fomit-frame-pointer -funroll-loops -fpeel-loops -ftracer -finline-functions (internal compiler error)
FAIL: gfortran.dg/merge_char_1.f90 -O3 -fomit-frame-pointer -funroll-loops -fpeel-loops -ftracer -finline-functions (test for excess errors)
UNRESOLVED: gfortran.dg/merge_char_1.f90 -O3 -fomit-frame-pointer -funroll-loops -fpeel-loops -ftracer -finline-functions compilation failed to produce executable
FAIL: gfortran.dg/merge_char_1.f90 -O3 -g (internal compiler error)
FAIL: gfortran.dg/merge_char_1.f90 -O3 -g (test for excess errors)
UNRESOLVED: gfortran.dg/merge_char_1.f90 -O3 -g compilation failed to produce executable
FAIL: gfortran.dg/pr16938.f90 -O3 -fomit-frame-pointer -funroll-loops -fpeel-loops -ftracer -finline-functions (internal compiler error)
FAIL: gfortran.dg/pr16938.f90 -O3 -fomit-frame-pointer -funroll-loops -fpeel-loops -ftracer -finline-functions (test for excess errors)
UNRESOLVED: gfortran.dg/pr16938.f90 -O3 -fomit-frame-pointer -funroll-loops -fpeel-loops -ftracer -finline-functions compilation failed to produce executable
FAIL: gfortran.dg/pr16938.f90 -O3 -g (internal compiler error)
FAIL: gfortran.dg/pr16938.f90 -O3 -g (test for excess errors)
UNRESOLVED: gfortran.dg/pr16938.f90 -O3 -g compilation failed to produce executable
FAIL: gfortran.dg/structure_constructor_1.f03 -O3 -fomit-frame-pointer -funroll-loops -fpeel-loops -ftracer -finline-functions (internal compiler error)
FAIL: gfortran.dg/structure_constructor_1.f03 -O3 -fomit-frame-pointer -funroll-loops -fpeel-loops -ftracer -finline-functions (test for excess errors)
UNRESOLVED: gfortran.dg/structure_constructor_1.f03 -O3 -fomit-frame-pointer -funroll-loops -fpeel-loops -ftracer -finline-functions compilation failed to produce executable
FAIL: gfortran.dg/structure_constructor_1.f03 -O3 -g (internal compiler error)
FAIL: gfortran.dg/structure_constructor_1.f03 -O3 -g (test for excess errors)
UNRESOLVED: gfortran.dg/structure_constructor_1.f03 -O3 -g compilation failed to produce executable
FAIL: gfortran.dg/subref_array_pointer_2.f90 -O3 -fomit-frame-pointer -funroll-loops -fpeel-loops -ftracer -finline-functions (internal compiler error)
FAIL: gfortran.dg/subref_array_pointer_2.f90 -O3 -fomit-frame-pointer -funroll-loops -fpeel-loops -ftracer -finline-functions (test for excess errors)
UNRESOLVED: gfortran.dg/subref_array_pointer_2.f90 -O3 -fomit-frame-pointer -funroll-loops -fpeel-loops -ftracer -finline-functions compilation failed to produce executable
FAIL: gfortran.dg/subref_array_pointer_2.f90 -O3 -g (internal compiler error)
FAIL: gfortran.dg/subref_array_pointer_2.f90 -O3 -g (test for excess errors)
UNRESOLVED: gfortran.dg/subref_array_pointer_2.f90 -O3 -g compilation failed to produce executable
FAIL: gfortran.dg/transfer_intrinsic_5.f90 -O3 -fomit-frame-pointer -funroll-loops -fpeel-loops -ftracer -finline-functions (internal compiler error)
FAIL: gfortran.dg/transfer_intrinsic_5.f90 -O3 -fomit-frame-pointer -funroll-loops -fpeel-loops -ftracer -finline-functions (test for excess errors)
UNRESOLVED: gfortran.dg/transfer_intrinsic_5.f90 -O3 -fomit-frame-pointer -funroll-loops -fpeel-loops -ftracer -finline-functions compilation failed to produce executable
FAIL: gfortran.dg/transfer_intrinsic_5.f90 -O3 -g (internal compiler error)
FAIL: gfortran.dg/transfer_intrinsic_5.f90 -O3 -g (test for excess errors)
UNRESOLVED: gfortran.dg/transfer_intrinsic_5.f90 -O3 -g compilation failed to produce executable
FAIL: gfortran.dg/unpack_mask_1.f90 -O3 -fomit-frame-pointer -funroll-loops -fpeel-loops -ftracer -finline-functions (internal compiler error)
FAIL: gfortran.dg/unpack_mask_1.f90 -O3 -fomit-frame-pointer -funroll-loops -fpeel-loops -ftracer -finline-functions (test for excess errors)
UNRESOLVED: gfortran.dg/unpack_mask_1.f90 -O3 -fomit-frame-pointer -funroll-loops -fpeel-loops -ftracer -finline-functions compilation failed to produce executable
FAIL: gfortran.dg/unpack_mask_1.f90 -O3 -g (internal compiler error)
FAIL: gfortran.dg/unpack_mask_1.f90 -O3 -g (test for excess errors)
UNRESOLVED: gfortran.dg/unpack_mask_1.f90 -O3 -g compilation failed to produce executable
FAIL: gfortran.dg/value_1.f90 -O3 -fomit-frame-pointer -funroll-loops -fpeel-loops -ftracer -finline-functions (internal compiler error)
FAIL: gfortran.dg/value_1.f90 -O3 -fomit-frame-pointer -funroll-loops -fpeel-loops -ftracer -finline-functions (test for excess errors)
UNRESOLVED: gfortran.dg/value_1.f90 -O3 -fomit-frame-pointer -funroll-loops -fpeel-loops -ftracer -finline-functions compilation failed to produce executable
FAIL: gfortran.dg/value_1.f90 -O3 -g (internal compiler error)
FAIL: gfortran.dg/value_1.f90 -O3 -g (test for excess errors)
UNRESOLVED: gfortran.dg/value_1.f90 -O3 -g compilation failed to produce executable
FAIL: gfortran.dg/ieee/ieee_2.f90 -O1 execution test
FAIL: gfortran.dg/ieee/ieee_2.f90 -O2 execution test
FAIL: gfortran.dg/ieee/ieee_2.f90 -O3 -fomit-frame-pointer -funroll-loops -fpeel-loops -ftracer -finline-functions execution test
FAIL: gfortran.dg/ieee/ieee_2.f90 -O3 -g execution test
FAIL: gfortran.dg/ieee/ieee_2.f90 -Os execution test
FAIL: gfortran.dg/ieee/large_2.f90 -O1 execution test
FAIL: gfortran.dg/ieee/large_2.f90 -O2 execution test
FAIL: gfortran.dg/ieee/large_2.f90 -O3 -fomit-frame-pointer -funroll-loops -fpeel-loops -ftracer -finline-functions execution test
FAIL: gfortran.dg/ieee/large_2.f90 -O3 -g execution test
FAIL: gfortran.dg/ieee/large_2.f90 -Os execution test
FAIL: gfortran.dg/ieee/rounding_1.f90 -O1 execution test
FAIL: gfortran.dg/ieee/rounding_1.f90 -O2 execution test
FAIL: gfortran.dg/ieee/rounding_1.f90 -O3 -fomit-frame-pointer -funroll-loops -fpeel-loops -ftracer -finline-functions execution test
FAIL: gfortran.dg/ieee/rounding_1.f90 -O3 -g execution test
FAIL: gfortran.dg/ieee/rounding_1.f90 -Os execution test
FAIL: gfortran.fortran-torture/compile/nested.f90, -O3 -g (internal compiler error)
FAIL: gfortran.fortran-torture/execute/intrinsic_pack.f90, -O3 -g (internal compiler error)
FAIL: gfortran.fortran-torture/execute/pr19269-1.f90, -O3 -g (internal compiler error)
FAIL: gfortran.fortran-torture/execute/transfer2.f90, -O3 -g (internal compiler error)
=== gfortran Summary ===
# of expected passes 40080
# of unexpected failures 122
# of expected failures 73
# of unresolved testcases 32
# of unsupported tests 211
/daten/aranym/gcc/gcc-20151112/Build/gcc/testsuite/gfortran/../../gfortran version 6.0.0 20151112 (experimental) [trunk revision 230202] (GCC)
Host is x86_64-suse-linux-gnu
=== objc tests ===
Running target aranym
=== objc Summary ===
# of expected passes 2772
# of unsupported tests 68
/daten/aranym/gcc/gcc-20151112/Build/gcc/xgcc version 6.0.0 20151112 (experimental) [trunk revision 230202] (GCC)
Host is m68k-unknown-linux-gnu
=== boehm-gc tests ===
Running target aranym
FAIL: boehm-gc.c/gctest.c -O2 execution test
FAIL: boehm-gc.c/leak_test.c -O2 execution test
FAIL: boehm-gc.c/middle.c -O2 execution test
FAIL: boehm-gc.c/thread_leak_test.c -O2 execution test
FAIL: boehm-gc.lib/staticrootstest.c -O2 execution test
=== boehm-gc Summary ===
# of expected passes 7
# of unexpected failures 5
# of unsupported tests 1
Host is m68k-unknown-linux-gnu
=== libatomic tests ===
Running target aranym
=== libatomic Summary ===
# of expected passes 44
# of unsupported tests 5
Host is m68k-unknown-linux-gnu
=== libffi tests ===
Running target aranym
FAIL: libffi.call/cls_12byte.c -W -Wall -Wno-psabi -O3 (test for excess errors)
UNRESOLVED: libffi.call/cls_12byte.c -W -Wall -Wno-psabi -O3 compilation failed to produce executable
FAIL: libffi.call/cls_16byte.c -W -Wall -Wno-psabi -O3 (test for excess errors)
UNRESOLVED: libffi.call/cls_16byte.c -W -Wall -Wno-psabi -O3 compilation failed to produce executable
FAIL: libffi.call/cls_18byte.c -W -Wall -Wno-psabi -O3 (test for excess errors)
UNRESOLVED: libffi.call/cls_18byte.c -W -Wall -Wno-psabi -O3 compilation failed to produce executable
FAIL: libffi.call/cls_19byte.c -W -Wall -Wno-psabi -O3 (test for excess errors)
UNRESOLVED: libffi.call/cls_19byte.c -W -Wall -Wno-psabi -O3 compilation failed to produce executable
FAIL: libffi.call/cls_1_1byte.c -W -Wall -Wno-psabi -O3 (test for excess errors)
UNRESOLVED: libffi.call/cls_1_1byte.c -W -Wall -Wno-psabi -O3 compilation failed to produce executable
FAIL: libffi.call/cls_20byte.c -W -Wall -Wno-psabi -O3 (test for excess errors)
UNRESOLVED: libffi.call/cls_20byte.c -W -Wall -Wno-psabi -O3 compilation failed to produce executable
FAIL: libffi.call/cls_20byte1.c -W -Wall -Wno-psabi -O3 (test for excess errors)
UNRESOLVED: libffi.call/cls_20byte1.c -W -Wall -Wno-psabi -O3 compilation failed to produce executable
FAIL: libffi.call/cls_24byte.c -W -Wall -Wno-psabi -O3 (test for excess errors)
UNRESOLVED: libffi.call/cls_24byte.c -W -Wall -Wno-psabi -O3 compilation failed to produce executable
FAIL: libffi.call/cls_2byte.c -W -Wall -Wno-psabi -O3 (test for excess errors)
UNRESOLVED: libffi.call/cls_2byte.c -W -Wall -Wno-psabi -O3 compilation failed to produce executable
FAIL: libffi.call/cls_3_1byte.c -W -Wall -Wno-psabi -O3 (test for excess errors)
UNRESOLVED: libffi.call/cls_3_1byte.c -W -Wall -Wno-psabi -O3 compilation failed to produce executable
FAIL: libffi.call/cls_3byte1.c -W -Wall -Wno-psabi -O3 (test for excess errors)
UNRESOLVED: libffi.call/cls_3byte1.c -W -Wall -Wno-psabi -O3 compilation failed to produce executable
FAIL: libffi.call/cls_3byte2.c -W -Wall -Wno-psabi -O3 (test for excess errors)
UNRESOLVED: libffi.call/cls_3byte2.c -W -Wall -Wno-psabi -O3 compilation failed to produce executable
FAIL: libffi.call/cls_4_1byte.c -W -Wall -Wno-psabi -O3 (test for excess errors)
UNRESOLVED: libffi.call/cls_4_1byte.c -W -Wall -Wno-psabi -O3 compilation failed to produce executable
FAIL: libffi.call/cls_4byte.c -W -Wall -Wno-psabi -O3 (test for excess errors)
UNRESOLVED: libffi.call/cls_4byte.c -W -Wall -Wno-psabi -O3 compilation failed to produce executable
FAIL: libffi.call/cls_5_1_byte.c -W -Wall -Wno-psabi -O3 (test for excess errors)
UNRESOLVED: libffi.call/cls_5_1_byte.c -W -Wall -Wno-psabi -O3 compilation failed to produce executable
FAIL: libffi.call/cls_5byte.c -W -Wall -Wno-psabi -O3 (test for excess errors)
UNRESOLVED: libffi.call/cls_5byte.c -W -Wall -Wno-psabi -O3 compilation failed to produce executable
FAIL: libffi.call/cls_6_1_byte.c -W -Wall -Wno-psabi -O3 (test for excess errors)
UNRESOLVED: libffi.call/cls_6_1_byte.c -W -Wall -Wno-psabi -O3 compilation failed to produce executable
FAIL: libffi.call/cls_6byte.c -W -Wall -Wno-psabi -O3 (test for excess errors)
UNRESOLVED: libffi.call/cls_6byte.c -W -Wall -Wno-psabi -O3 compilation failed to produce executable
FAIL: libffi.call/cls_7_1_byte.c -W -Wall -Wno-psabi -O3 (test for excess errors)
UNRESOLVED: libffi.call/cls_7_1_byte.c -W -Wall -Wno-psabi -O3 compilation failed to produce executable
FAIL: libffi.call/cls_7byte.c -W -Wall -Wno-psabi -O3 (test for excess errors)
UNRESOLVED: libffi.call/cls_7byte.c -W -Wall -Wno-psabi -O3 compilation failed to produce executable
FAIL: libffi.call/cls_8byte.c -W -Wall -Wno-psabi -O3 (test for excess errors)
UNRESOLVED: libffi.call/cls_8byte.c -W -Wall -Wno-psabi -O3 compilation failed to produce executable
FAIL: libffi.call/cls_9byte1.c -W -Wall -Wno-psabi -O3 (test for excess errors)
UNRESOLVED: libffi.call/cls_9byte1.c -W -Wall -Wno-psabi -O3 compilation failed to produce executable
FAIL: libffi.call/cls_9byte2.c -W -Wall -Wno-psabi -O3 (test for excess errors)
UNRESOLVED: libffi.call/cls_9byte2.c -W -Wall -Wno-psabi -O3 compilation failed to produce executable
FAIL: libffi.call/cls_align_double.c -W -Wall -Wno-psabi -O3 (test for excess errors)
UNRESOLVED: libffi.call/cls_align_double.c -W -Wall -Wno-psabi -O3 compilation failed to produce executable
FAIL: libffi.call/cls_align_float.c -W -Wall -Wno-psabi -O3 (test for excess errors)
UNRESOLVED: libffi.call/cls_align_float.c -W -Wall -Wno-psabi -O3 compilation failed to produce executable
FAIL: libffi.call/cls_align_longdouble.c -W -Wall -Wno-psabi -O3 (test for excess errors)
UNRESOLVED: libffi.call/cls_align_longdouble.c -W -Wall -Wno-psabi -O3 compilation failed to produce executable
FAIL: libffi.call/cls_align_pointer.c -W -Wall -Wno-psabi -O3 (test for excess errors)
UNRESOLVED: libffi.call/cls_align_pointer.c -W -Wall -Wno-psabi -O3 compilation failed to produce executable
FAIL: libffi.call/cls_align_sint16.c -W -Wall -Wno-psabi -O3 (test for excess errors)
UNRESOLVED: libffi.call/cls_align_sint16.c -W -Wall -Wno-psabi -O3 compilation failed to produce executable
FAIL: libffi.call/cls_align_sint32.c -W -Wall -Wno-psabi -O3 (test for excess errors)
UNRESOLVED: libffi.call/cls_align_sint32.c -W -Wall -Wno-psabi -O3 compilation failed to produce executable
FAIL: libffi.call/cls_align_sint64.c -W -Wall -Wno-psabi -O3 (test for excess errors)
UNRESOLVED: libffi.call/cls_align_sint64.c -W -Wall -Wno-psabi -O3 compilation failed to produce executable
FAIL: libffi.call/cls_align_uint16.c -W -Wall -Wno-psabi -O3 (test for excess errors)
UNRESOLVED: libffi.call/cls_align_uint16.c -W -Wall -Wno-psabi -O3 compilation failed to produce executable
FAIL: libffi.call/cls_align_uint32.c -W -Wall -Wno-psabi -O3 (test for excess errors)
UNRESOLVED: libffi.call/cls_align_uint32.c -W -Wall -Wno-psabi -O3 compilation failed to produce executable
FAIL: libffi.call/cls_align_uint64.c -W -Wall -Wno-psabi -O3 (test for excess errors)
UNRESOLVED: libffi.call/cls_align_uint64.c -W -Wall -Wno-psabi -O3 compilation failed to produce executable
FAIL: libffi.call/cls_dbls_struct.c -W -Wall -Wno-psabi -O3 (test for excess errors)
UNRESOLVED: libffi.call/cls_dbls_struct.c -W -Wall -Wno-psabi -O3 compilation failed to produce executable
FAIL: libffi.call/cls_struct_va1.c -W -Wall -Wno-psabi -O3 (test for excess errors)
UNRESOLVED: libffi.call/cls_struct_va1.c -W -Wall -Wno-psabi -O3 compilation failed to produce executable
FAIL: libffi.call/huge_struct.c -W -Wall -Wno-psabi -O3 (test for excess errors)
UNRESOLVED: libffi.call/huge_struct.c -W -Wall -Wno-psabi -O3 compilation failed to produce executable
FAIL: libffi.call/nested_struct.c -W -Wall -Wno-psabi -O3 (test for excess errors)
UNRESOLVED: libffi.call/nested_struct.c -W -Wall -Wno-psabi -O3 compilation failed to produce executable
FAIL: libffi.call/nested_struct1.c -W -Wall -Wno-psabi -O3 (test for excess errors)
UNRESOLVED: libffi.call/nested_struct1.c -W -Wall -Wno-psabi -O3 compilation failed to produce executable
FAIL: libffi.call/nested_struct10.c -W -Wall -Wno-psabi -O3 (test for excess errors)
UNRESOLVED: libffi.call/nested_struct10.c -W -Wall -Wno-psabi -O3 compilation failed to produce executable
FAIL: libffi.call/nested_struct11.c -W -Wall -Wno-psabi -O3 (test for excess errors)
UNRESOLVED: libffi.call/nested_struct11.c -W -Wall -Wno-psabi -O3 compilation failed to produce executable
FAIL: libffi.call/nested_struct2.c -W -Wall -Wno-psabi -O3 (test for excess errors)
UNRESOLVED: libffi.call/nested_struct2.c -W -Wall -Wno-psabi -O3 compilation failed to produce executable
FAIL: libffi.call/nested_struct3.c -W -Wall -Wno-psabi -O3 (test for excess errors)
UNRESOLVED: libffi.call/nested_struct3.c -W -Wall -Wno-psabi -O3 compilation failed to produce executable
FAIL: libffi.call/nested_struct4.c -W -Wall -Wno-psabi -O3 (test for excess errors)
UNRESOLVED: libffi.call/nested_struct4.c -W -Wall -Wno-psabi -O3 compilation failed to produce executable
FAIL: libffi.call/nested_struct5.c -W -Wall -Wno-psabi -O3 (test for excess errors)
UNRESOLVED: libffi.call/nested_struct5.c -W -Wall -Wno-psabi -O3 compilation failed to produce executable
FAIL: libffi.call/nested_struct6.c -W -Wall -Wno-psabi -O3 (test for excess errors)
UNRESOLVED: libffi.call/nested_struct6.c -W -Wall -Wno-psabi -O3 compilation failed to produce executable
FAIL: libffi.call/nested_struct7.c -W -Wall -Wno-psabi -O3 (test for excess errors)
UNRESOLVED: libffi.call/nested_struct7.c -W -Wall -Wno-psabi -O3 compilation failed to produce executable
FAIL: libffi.call/nested_struct8.c -W -Wall -Wno-psabi -O3 (test for excess errors)
UNRESOLVED: libffi.call/nested_struct8.c -W -Wall -Wno-psabi -O3 compilation failed to produce executable
FAIL: libffi.call/nested_struct9.c -W -Wall -Wno-psabi -O3 (test for excess errors)
UNRESOLVED: libffi.call/nested_struct9.c -W -Wall -Wno-psabi -O3 compilation failed to produce executable
FAIL: libffi.call/pr1172638.c -W -Wall -Wno-psabi -O3 (test for excess errors)
UNRESOLVED: libffi.call/pr1172638.c -W -Wall -Wno-psabi -O3 compilation failed to produce executable
FAIL: libffi.call/problem1.c -W -Wall -Wno-psabi -O3 (test for excess errors)
UNRESOLVED: libffi.call/problem1.c -W -Wall -Wno-psabi -O3 compilation failed to produce executable
FAIL: libffi.call/pyobjc-tc.c -W -Wall -Wno-psabi -O3 (test for excess errors)
UNRESOLVED: libffi.call/pyobjc-tc.c -W -Wall -Wno-psabi -O3 compilation failed to produce executable
FAIL: libffi.call/struct1.c -W -Wall -Wno-psabi -O3 (test for excess errors)
UNRESOLVED: libffi.call/struct1.c -W -Wall -Wno-psabi -O3 compilation failed to produce executable
FAIL: libffi.call/struct2.c -W -Wall -Wno-psabi -O3 (test for excess errors)
UNRESOLVED: libffi.call/struct2.c -W -Wall -Wno-psabi -O3 compilation failed to produce executable
FAIL: libffi.call/struct3.c -W -Wall -Wno-psabi -O3 (test for excess errors)
UNRESOLVED: libffi.call/struct3.c -W -Wall -Wno-psabi -O3 compilation failed to produce executable
FAIL: libffi.call/struct4.c -W -Wall -Wno-psabi -O3 (test for excess errors)
UNRESOLVED: libffi.call/struct4.c -W -Wall -Wno-psabi -O3 compilation failed to produce executable
FAIL: libffi.call/struct5.c -W -Wall -Wno-psabi -O3 (test for excess errors)
UNRESOLVED: libffi.call/struct5.c -W -Wall -Wno-psabi -O3 compilation failed to produce executable
FAIL: libffi.call/struct6.c -W -Wall -Wno-psabi -O3 (test for excess errors)
UNRESOLVED: libffi.call/struct6.c -W -Wall -Wno-psabi -O3 compilation failed to produce executable
FAIL: libffi.call/struct7.c -W -Wall -Wno-psabi -O3 (test for excess errors)
UNRESOLVED: libffi.call/struct7.c -W -Wall -Wno-psabi -O3 compilation failed to produce executable
FAIL: libffi.call/struct8.c -W -Wall -Wno-psabi -O3 (test for excess errors)
UNRESOLVED: libffi.call/struct8.c -W -Wall -Wno-psabi -O3 compilation failed to produce executable
FAIL: libffi.call/struct9.c -W -Wall -Wno-psabi -O3 (test for excess errors)
UNRESOLVED: libffi.call/struct9.c -W -Wall -Wno-psabi -O3 compilation failed to produce executable
FAIL: libffi.call/testclosure.c -W -Wall -Wno-psabi -O3 (test for excess errors)
UNRESOLVED: libffi.call/testclosure.c -W -Wall -Wno-psabi -O3 compilation failed to produce executable
FAIL: libffi.call/uninitialized.c -W -Wall -Wno-psabi -O3 (test for excess errors)
UNRESOLVED: libffi.call/uninitialized.c -W -Wall -Wno-psabi -O3 compilation failed to produce executable
FAIL: libffi.call/va_1.c -W -Wall -Wno-psabi -O3 (test for excess errors)
UNRESOLVED: libffi.call/va_1.c -W -Wall -Wno-psabi -O3 compilation failed to produce executable
FAIL: libffi.call/va_struct1.c -W -Wall -Wno-psabi -O3 (test for excess errors)
UNRESOLVED: libffi.call/va_struct1.c -W -Wall -Wno-psabi -O3 compilation failed to produce executable
FAIL: libffi.call/va_struct2.c -W -Wall -Wno-psabi -O3 (test for excess errors)
UNRESOLVED: libffi.call/va_struct2.c -W -Wall -Wno-psabi -O3 compilation failed to produce executable
FAIL: libffi.call/va_struct3.c -W -Wall -Wno-psabi -O3 (test for excess errors)
UNRESOLVED: libffi.call/va_struct3.c -W -Wall -Wno-psabi -O3 compilation failed to produce executable
=== libffi Summary ===
# of expected passes 1728
# of unexpected failures 66
# of unresolved testcases 66
# of unsupported tests 30
Host is m68k-unknown-linux-gnu
=== libgomp tests ===
Running target aranym
WARNING: program timed out.
FAIL: libgomp.fortran/strassen.f90 -O execution test
FAIL: libgomp.oacc-c/../libgomp.oacc-c-c++-common/atomic_update-1.c -DACC_DEVICE_TYPE_host=1 -DACC_MEM_SHARED=1 execution test
FAIL: libgomp.oacc-c++/../libgomp.oacc-c-c++-common/atomic_update-1.c -DACC_DEVICE_TYPE_host=1 -DACC_MEM_SHARED=1 execution test
=== libgomp Summary ===
# of expected passes 4430
# of unexpected failures 3
# of expected failures 4
# of unsupported tests 320
Host is m68k-unknown-linux-gnu
=== libjava tests ===
Running target aranym
FAIL: TestMultiple output - source compiled test
FAIL: TestParent output - source compiled test
=== libjava Summary ===
# of expected passes 2411
# of unexpected failures 2
# of expected failures 4
# of untested testcases 4
Host is m68k-unknown-linux-gnu
=== libstdc++ tests ===
Running target aranym
FAIL: 22_locale/numpunct/members/char/3.cc execution test
FAIL: 22_locale/time_get/get_date/wchar_t/4.cc execution test
=== libstdc++ Summary ===
# of expected passes 10554
# of unexpected failures 2
# of expected failures 66
# of unsupported tests 262
Compiler version: 6.0.0 20151112 (experimental) [trunk revision 230202] (GCC)
Platform: m68k-unknown-linux-gnu
configure flags: --prefix=/daten/cross/m68k-linux --build=x86_64-suse-linux --enable-shared --with-system-zlib CFLAGS='-O2 -g' CXXFLAGS='-O2 -g' --target=m68k-linux --with-sysroot --disable-multilib --enable-clocale=gnu
More information about the Gcc-testresults
mailing list