Results for 6.0.0 20151111 (experimental) [trunk revision 230193] (GCC) testsuite on powerpc-ibm-aix7.1.0.0
David Edelsohn
edelsohn@p7curie.watson.ibm.com
Thu Nov 12 04:17:00 GMT 2015
LAST_UPDATED: Wed Nov 11 21:26:43 UTC 2015 (revision 230193)
Native configuration is powerpc-ibm-aix7.1.0.0
=== g++ tests ===
Running target unix
FAIL: g++.dg/compat/eh/new1 cp_compat_x_tst.o-cp_compat_y_tst.o execute
XPASS: g++.dg/debug/pr56294.C -gdwarf-2 (test for excess errors)
XPASS: g++.dg/debug/pr56294.C -gdwarf-2 -g1 (test for excess errors)
XPASS: g++.dg/debug/pr56294.C -gdwarf-2 -g3 (test for excess errors)
XPASS: g++.dg/debug/pr56294.C -gxcoff (test for excess errors)
XPASS: g++.dg/debug/pr56294.C -gxcoff+ (test for excess errors)
XPASS: g++.dg/debug/pr56294.C -gxcoff+1 (test for excess errors)
XPASS: g++.dg/debug/pr56294.C -gxcoff+3 (test for excess errors)
XPASS: g++.dg/debug/pr56294.C -gxcoff1 (test for excess errors)
XPASS: g++.dg/debug/pr56294.C -gxcoff3 (test for excess errors)
XPASS: g++.dg/debug/pr56819.C -gdwarf-2 (test for excess errors)
XPASS: g++.dg/debug/pr56819.C -gdwarf-2 -g1 (test for excess errors)
XPASS: g++.dg/debug/pr56819.C -gdwarf-2 -g3 (test for excess errors)
XPASS: g++.dg/debug/pr56819.C -gxcoff (test for excess errors)
XPASS: g++.dg/debug/pr56819.C -gxcoff+ (test for excess errors)
XPASS: g++.dg/debug/pr56819.C -gxcoff+1 (test for excess errors)
XPASS: g++.dg/debug/pr56819.C -gxcoff+3 (test for excess errors)
XPASS: g++.dg/debug/pr56819.C -gxcoff1 (test for excess errors)
XPASS: g++.dg/debug/pr56819.C -gxcoff3 (test for excess errors)
XPASS: g++.dg/debug/dwarf2/imported-decl-2.C -std=gnu++11 scan-assembler-not ascii "BBBB\\\\\\\\0".*ascii "AAAA\\\\\\\\0".*DW_TAG_imported_declaration
XPASS: g++.dg/debug/dwarf2/imported-decl-2.C -std=gnu++14 scan-assembler-not ascii "BBBB\\\\\\\\0".*ascii "AAAA\\\\\\\\0".*DW_TAG_imported_declaration
XPASS: g++.dg/debug/dwarf2/imported-decl-2.C -std=gnu++98 scan-assembler-not ascii "BBBB\\\\\\\\0".*ascii "AAAA\\\\\\\\0".*DW_TAG_imported_declaration
XPASS: g++.dg/debug/dwarf2/pr46123-2.C -std=gnu++11 broken -feliminate-dwarf2-dups (test for bogus messages, line 1)
XPASS: g++.dg/debug/dwarf2/pr46123-2.C -std=gnu++14 broken -feliminate-dwarf2-dups (test for bogus messages, line 1)
XPASS: g++.dg/debug/dwarf2/pr46123-2.C -std=gnu++98 broken -feliminate-dwarf2-dups (test for bogus messages, line 1)
FAIL: g++.dg/abi/anon1.C -std=c++11 scan-assembler-not globl
FAIL: g++.dg/abi/anon1.C -std=c++14 scan-assembler-not globl
FAIL: g++.dg/abi/anon1.C -std=c++98 scan-assembler-not globl
FAIL: g++.dg/cpp/ucn-1.C -std=gnu++11 (test for excess errors)
FAIL: g++.dg/cpp/ucn-1.C -std=gnu++14 (test for excess errors)
FAIL: g++.dg/cpp1y/pr58708.C -std=c++14 (test for excess errors)
WARNING: g++.dg/cpp1y/pr58708.C -std=c++14 compilation failed to produce executable
FAIL: g++.dg/eh/new1.C -std=c++14 execution test
FAIL: g++.dg/init/new40.C execution test
FAIL: g++.dg/init/vbase1.C -std=gnu++11 scan-rtl-dump expand "set [^\\n]*\\n[^\\n]*this[^\\n]*\\n[^\\n]*const_int 0"
FAIL: g++.dg/init/vbase1.C -std=gnu++14 scan-rtl-dump expand "set [^\\n]*\\n[^\\n]*this[^\\n]*\\n[^\\n]*const_int 0"
FAIL: g++.dg/init/vbase1.C -std=gnu++98 scan-rtl-dump expand "set [^\\n]*\\n[^\\n]*this[^\\n]*\\n[^\\n]*const_int 0"
XPASS: g++.dg/template/linkage1.C -std=c++98 scan-assembler-not (weak|glob)[^\\n]*_Z3fooIXadL_ZL11static_funcvEEEvv
FAIL: g++.dg/tree-ssa/pr61034.C -std=gnu++11 scan-tree-dump-times fre2 "free" 10
FAIL: g++.dg/tree-ssa/pr61034.C -std=gnu++14 scan-tree-dump-times fre2 "free" 10
FAIL: g++.dg/tree-ssa/pr61034.C -std=gnu++98 scan-tree-dump-times fre2 "free" 10
XPASS: g++.dg/tls/thread_local-order2.C -std=c++11 execution test
XPASS: g++.dg/tls/thread_local-order2.C -std=c++14 execution test
FAIL: g++.dg/tree-prof/pr57451.C compilation, -fprofile-use -D_PROFILE_USE
UNRESOLVED: g++.dg/tree-prof/pr57451.C execution, -fprofile-use -D_PROFILE_USE
FAIL: g++.dg/vect/pr21734_1.cc -std=c++11 (internal compiler error)
FAIL: g++.dg/vect/pr21734_1.cc -std=c++11 (test for excess errors)
FAIL: g++.dg/vect/pr21734_1.cc -std=c++14 (internal compiler error)
FAIL: g++.dg/vect/pr21734_1.cc -std=c++14 (test for excess errors)
FAIL: g++.dg/vect/pr21734_1.cc -std=c++98 (internal compiler error)
FAIL: g++.dg/vect/pr21734_1.cc -std=c++98 (test for excess errors)
FAIL: g++.dg/vect/pr21734_2.cc -std=c++11 (internal compiler error)
FAIL: g++.dg/vect/pr21734_2.cc -std=c++11 (test for excess errors)
FAIL: g++.dg/vect/pr21734_2.cc -std=c++14 (internal compiler error)
FAIL: g++.dg/vect/pr21734_2.cc -std=c++14 (test for excess errors)
FAIL: g++.dg/vect/pr21734_2.cc -std=c++98 (internal compiler error)
FAIL: g++.dg/vect/pr21734_2.cc -std=c++98 (test for excess errors)
FAIL: g++.dg/vect/pr22543.cc -std=c++11 (internal compiler error)
FAIL: g++.dg/vect/pr22543.cc -std=c++11 (test for excess errors)
FAIL: g++.dg/vect/pr22543.cc -std=c++14 (internal compiler error)
FAIL: g++.dg/vect/pr22543.cc -std=c++14 (test for excess errors)
FAIL: g++.dg/vect/pr22543.cc -std=c++98 (internal compiler error)
FAIL: g++.dg/vect/pr22543.cc -std=c++98 (test for excess errors)
FAIL: g++.dg/vect/pr36648.cc -std=c++11 scan-tree-dump-times vect "vectorized 1 loops" 1
FAIL: g++.dg/vect/pr36648.cc -std=c++11 scan-tree-dump-times vect "vectorizing stmts using SLP" 1
FAIL: g++.dg/vect/pr36648.cc -std=c++14 scan-tree-dump-times vect "vectorized 1 loops" 1
FAIL: g++.dg/vect/pr36648.cc -std=c++14 scan-tree-dump-times vect "vectorizing stmts using SLP" 1
FAIL: g++.dg/vect/pr36648.cc -std=c++98 scan-tree-dump-times vect "vectorized 1 loops" 1
FAIL: g++.dg/vect/pr36648.cc -std=c++98 scan-tree-dump-times vect "vectorizing stmts using SLP" 1
FAIL: g++.dg/vect/pr37174.cc -std=c++11 (internal compiler error)
FAIL: g++.dg/vect/pr37174.cc -std=c++11 (test for excess errors)
FAIL: g++.dg/vect/pr37174.cc -std=c++14 (internal compiler error)
FAIL: g++.dg/vect/pr37174.cc -std=c++14 (test for excess errors)
FAIL: g++.dg/vect/pr37174.cc -std=c++98 (internal compiler error)
FAIL: g++.dg/vect/pr37174.cc -std=c++98 (test for excess errors)
FAIL: g++.dg/vect/pr64410.cc -std=c++11 scan-tree-dump vect "vectorized 1 loops in function"
FAIL: g++.dg/vect/pr64410.cc -std=c++11 (internal compiler error)
FAIL: g++.dg/vect/pr64410.cc -std=c++11 (test for excess errors)
FAIL: g++.dg/vect/pr64410.cc -std=c++14 scan-tree-dump vect "vectorized 1 loops in function"
FAIL: g++.dg/vect/pr64410.cc -std=c++14 (internal compiler error)
FAIL: g++.dg/vect/pr64410.cc -std=c++14 (test for excess errors)
FAIL: g++.dg/vect/pr64410.cc -std=c++98 (internal compiler error)
FAIL: g++.dg/vect/pr64410.cc -std=c++98 (test for excess errors)
FAIL: g++.old-deja/g++.eh/new2.C -std=gnu++14 execution test
XPASS: g++.old-deja/g++.mike/p755a.C -std=c++11 execution test
XPASS: g++.old-deja/g++.mike/p755a.C -std=c++98 execution test
=== g++ Summary ===
# of expected passes 84251
# of unexpected failures 55
# of unexpected successes 29
# of expected failures 424
# of unresolved testcases 1
# of unsupported tests 3785
/tmp/20151111/gcc/testsuite/g++/../../xg++ version 6.0.0 20151111 (experimental) [trunk revision 230193] (GCC)
=== gcc tests ===
Running target unix
FAIL: gcc.c-torture/compile/pr40797.c -O3 -g (internal compiler error)
FAIL: gcc.c-torture/compile/pr40797.c -O3 -g (test for excess errors)
FAIL: gcc.c-torture/execute/20010518-2.c -O3 -g (internal compiler error)
FAIL: gcc.c-torture/execute/20010518-2.c -O3 -g (test for excess errors)
WARNING: gcc.c-torture/execute/20010518-2.c -O3 -g compilation failed to produce executable
FAIL: gcc.c-torture/execute/20040709-1.c -O3 -fomit-frame-pointer -funroll-loops -fpeel-loops -ftracer -finline-functions (internal compiler error)
FAIL: gcc.c-torture/execute/20040709-1.c -O3 -fomit-frame-pointer -funroll-loops -fpeel-loops -ftracer -finline-functions (test for excess errors)
WARNING: gcc.c-torture/execute/20040709-1.c -O3 -fomit-frame-pointer -funroll-loops -fpeel-loops -ftracer -finline-functions compilation failed to produce executable
FAIL: gcc.c-torture/execute/20040709-1.c -O3 -g (internal compiler error)
FAIL: gcc.c-torture/execute/20040709-1.c -O3 -g (test for excess errors)
WARNING: gcc.c-torture/execute/20040709-1.c -O3 -g compilation failed to produce executable
FAIL: gcc.c-torture/execute/20040709-2.c -O3 -fomit-frame-pointer -funroll-loops -fpeel-loops -ftracer -finline-functions (internal compiler error)
FAIL: gcc.c-torture/execute/20040709-2.c -O3 -fomit-frame-pointer -funroll-loops -fpeel-loops -ftracer -finline-functions (test for excess errors)
WARNING: gcc.c-torture/execute/20040709-2.c -O3 -fomit-frame-pointer -funroll-loops -fpeel-loops -ftracer -finline-functions compilation failed to produce executable
FAIL: gcc.c-torture/execute/20040709-2.c -O3 -g (internal compiler error)
FAIL: gcc.c-torture/execute/20040709-2.c -O3 -g (test for excess errors)
WARNING: gcc.c-torture/execute/20040709-2.c -O3 -g compilation failed to produce executable
FAIL: gcc.c-torture/execute/920411-1.c -O3 -fomit-frame-pointer -funroll-loops -fpeel-loops -ftracer -finline-functions (internal compiler error)
FAIL: gcc.c-torture/execute/920411-1.c -O3 -fomit-frame-pointer -funroll-loops -fpeel-loops -ftracer -finline-functions (test for excess errors)
WARNING: gcc.c-torture/execute/920411-1.c -O3 -fomit-frame-pointer -funroll-loops -fpeel-loops -ftracer -finline-functions compilation failed to produce executable
FAIL: gcc.c-torture/execute/920411-1.c -O3 -g (internal compiler error)
FAIL: gcc.c-torture/execute/920411-1.c -O3 -g (test for excess errors)
WARNING: gcc.c-torture/execute/920411-1.c -O3 -g compilation failed to produce executable
FAIL: gcc.c-torture/execute/pr27285.c -O3 -fomit-frame-pointer -funroll-loops -fpeel-loops -ftracer -finline-functions (internal compiler error)
FAIL: gcc.c-torture/execute/pr27285.c -O3 -fomit-frame-pointer -funroll-loops -fpeel-loops -ftracer -finline-functions (test for excess errors)
WARNING: gcc.c-torture/execute/pr27285.c -O3 -fomit-frame-pointer -funroll-loops -fpeel-loops -ftracer -finline-functions compilation failed to produce executable
FAIL: gcc.c-torture/execute/pr27285.c -O3 -g (internal compiler error)
FAIL: gcc.c-torture/execute/pr27285.c -O3 -g (test for excess errors)
WARNING: gcc.c-torture/execute/pr27285.c -O3 -g compilation failed to produce executable
FAIL: gcc.c-torture/execute/strncmp-1.c -O3 -fomit-frame-pointer -funroll-loops -fpeel-loops -ftracer -finline-functions (internal compiler error)
FAIL: gcc.c-torture/execute/strncmp-1.c -O3 -fomit-frame-pointer -funroll-loops -fpeel-loops -ftracer -finline-functions (test for excess errors)
WARNING: gcc.c-torture/execute/strncmp-1.c -O3 -fomit-frame-pointer -funroll-loops -fpeel-loops -ftracer -finline-functions compilation failed to produce executable
FAIL: gcc.c-torture/execute/strncmp-1.c -O3 -g (internal compiler error)
FAIL: gcc.c-torture/execute/strncmp-1.c -O3 -g (test for excess errors)
WARNING: gcc.c-torture/execute/strncmp-1.c -O3 -g compilation failed to produce executable
FAIL: gcc.dg/cpp/trad/include.c (test for excess errors)
FAIL: gcc.dg/addr_equal-1.c (test for excess errors)
WARNING: gcc.dg/addr_equal-1.c compilation failed to produce executable
FAIL: gcc.dg/asm-names.c scan-assembler-not ____frob14
FAIL: gcc.dg/ifcvt-4.c scan-rtl-dump ce1 "2 true changes made"
XPASS: gcc.dg/pr64935-1.c (test for excess errors)
FAIL: gcc.dg/sms-8.c scan-rtl-dump-times sms "SMS succeeded" 0
FAIL: gcc.dg/ipa/iinline-attr.c scan-ipa-dump inline "hooray[^\\\\n]*inline copy in test"
FAIL: gcc.dg/torture/pr56157.c -O1 (internal compiler error)
FAIL: gcc.dg/torture/pr56157.c -O1 (test for excess errors)
FAIL: gcc.dg/torture/pr56157.c -O2 (internal compiler error)
FAIL: gcc.dg/torture/pr56157.c -O2 (test for excess errors)
FAIL: gcc.dg/torture/pr56157.c -O3 -fomit-frame-pointer -funroll-loops -fpeel-loops -ftracer -finline-functions (internal compiler error)
FAIL: gcc.dg/torture/pr56157.c -O3 -fomit-frame-pointer -funroll-loops -fpeel-loops -ftracer -finline-functions (test for excess errors)
FAIL: gcc.dg/torture/pr56157.c -O3 -g (internal compiler error)
FAIL: gcc.dg/torture/pr56157.c -O3 -g (test for excess errors)
FAIL: gcc.dg/torture/pr56157.c -Os (internal compiler error)
FAIL: gcc.dg/torture/pr56157.c -Os (test for excess errors)
XPASS: gcc.dg/torture/pr59166.c -O0 (test for excess errors)
FAIL: gcc.dg/tree-ssa/ivopts-lt-2.c scan-tree-dump-times ivopts "PHI <p_" 1
FAIL: gcc.dg/tree-ssa/ivopts-lt-2.c scan-tree-dump-times ivopts "PHI" 1
FAIL: gcc.dg/tree-ssa/ivopts-lt-2.c scan-tree-dump-times ivopts "p_[0-9]* <" 1
FAIL: gcc.dg/tree-ssa/pr45122.c execution test
FAIL: gcc.dg/tree-ssa/scev-1.c (test for excess errors)
WARNING: gcc.dg/tree-ssa/scev-1.c compilation failed to produce executable
FAIL: gcc.dg/tree-ssa/ssa-dom-thread-4.c scan-tree-dump-times dom1 "Threaded" 4
FAIL: gcc.dg/vect/costmodel/ppc/costmodel-bb-slp-9a-pr63175.c scan-assembler-not \\tlwz?u?x?
FAIL: gcc.dg/vect/costmodel/ppc/costmodel-vect-31a.c scan-tree-dump-times vect "vectorization not profitable" 1
FAIL: gcc.dg/vect/costmodel/ppc/costmodel-vect-33.c scan-tree-dump-times vect "vectorization not profitable" 1
FAIL: gcc.dg/vect/bb-slp-10.c (internal compiler error)
FAIL: gcc.dg/vect/bb-slp-10.c (test for excess errors)
WARNING: gcc.dg/vect/bb-slp-10.c compilation failed to produce executable
FAIL: gcc.dg/vect/bb-slp-10.c scan-tree-dump slp2 "unsupported alignment in basic block."
FAIL: gcc.dg/vect/bb-slp-24.c (internal compiler error)
FAIL: gcc.dg/vect/bb-slp-24.c (test for excess errors)
WARNING: gcc.dg/vect/bb-slp-24.c compilation failed to produce executable
FAIL: gcc.dg/vect/bb-slp-25.c (internal compiler error)
FAIL: gcc.dg/vect/bb-slp-25.c (test for excess errors)
WARNING: gcc.dg/vect/bb-slp-25.c compilation failed to produce executable
FAIL: gcc.dg/vect/bb-slp-29.c (internal compiler error)
FAIL: gcc.dg/vect/bb-slp-29.c (test for excess errors)
WARNING: gcc.dg/vect/bb-slp-29.c compilation failed to produce executable
FAIL: gcc.dg/vect/bb-slp-33.c (internal compiler error)
FAIL: gcc.dg/vect/bb-slp-33.c (test for excess errors)
WARNING: gcc.dg/vect/bb-slp-33.c compilation failed to produce executable
FAIL: gcc.dg/vect/bb-slp-35.c (internal compiler error)
FAIL: gcc.dg/vect/bb-slp-35.c (test for excess errors)
FAIL: gcc.dg/vect/bb-slp-8.c (internal compiler error)
FAIL: gcc.dg/vect/bb-slp-8.c (test for excess errors)
WARNING: gcc.dg/vect/bb-slp-8.c compilation failed to produce executable
FAIL: gcc.dg/vect/bb-slp-cond-1.c (internal compiler error)
FAIL: gcc.dg/vect/bb-slp-cond-1.c (test for excess errors)
WARNING: gcc.dg/vect/bb-slp-cond-1.c compilation failed to produce executable
FAIL: gcc.dg/vect/bb-slp-pattern-2.c (internal compiler error)
FAIL: gcc.dg/vect/bb-slp-pattern-2.c (test for excess errors)
WARNING: gcc.dg/vect/bb-slp-pattern-2.c compilation failed to produce executable
FAIL: gcc.dg/vect/bb-slp-pr65935.c (internal compiler error)
FAIL: gcc.dg/vect/bb-slp-pr65935.c (test for excess errors)
WARNING: gcc.dg/vect/bb-slp-pr65935.c compilation failed to produce executable
FAIL: gcc.dg/vect/bb-slp-pr65935.c scan-tree-dump-times slp1 "basic block vectorized" 1
FAIL: gcc.dg/vect/fast-math-bb-slp-call-3.c (internal compiler error)
FAIL: gcc.dg/vect/fast-math-bb-slp-call-3.c (test for excess errors)
WARNING: gcc.dg/vect/fast-math-bb-slp-call-3.c compilation failed to produce executable
FAIL: gcc.dg/vect/no-tree-sra-bb-slp-pr50730.c (internal compiler error)
FAIL: gcc.dg/vect/no-tree-sra-bb-slp-pr50730.c (test for excess errors)
FAIL: gcc.dg/vect/no-tree-sra-bb-slp-pr50730.c scan-tree-dump-times slp2 "basic block vectorized" 1
FAIL: gcc.dg/vect/no-vfa-vect-49.c (internal compiler error)
FAIL: gcc.dg/vect/no-vfa-vect-49.c (test for excess errors)
WARNING: gcc.dg/vect/no-vfa-vect-49.c compilation failed to produce executable
FAIL: gcc.dg/vect/no-vfa-vect-53.c (internal compiler error)
FAIL: gcc.dg/vect/no-vfa-vect-53.c (test for excess errors)
WARNING: gcc.dg/vect/no-vfa-vect-53.c compilation failed to produce executable
FAIL: gcc.dg/vect/no-vfa-vect-depend-2.c scan-tree-dump-times vect "vectorized 1 loops" 1
FAIL: gcc.dg/vect/no-vfa-vect-depend-3.c scan-tree-dump-times vect "vectorized 1 loops" 4
FAIL: gcc.dg/vect/no-vfa-vect-dv-2.c (internal compiler error)
FAIL: gcc.dg/vect/no-vfa-vect-dv-2.c (test for excess errors)
WARNING: gcc.dg/vect/no-vfa-vect-dv-2.c compilation failed to produce executable
FAIL: gcc.dg/vect/nodump-pr23073.c (internal compiler error)
FAIL: gcc.dg/vect/nodump-pr23073.c (test for excess errors)
FAIL: gcc.dg/vect/pr30843.c (internal compiler error)
FAIL: gcc.dg/vect/pr30843.c (test for excess errors)
FAIL: gcc.dg/vect/pr58508.c (internal compiler error)
FAIL: gcc.dg/vect/pr58508.c (test for excess errors)
FAIL: gcc.dg/vect/pr62171.c scan-tree-dump-times vect "vectorized 1 loops" 1
FAIL: gcc.dg/vect/slp-16.c (internal compiler error)
FAIL: gcc.dg/vect/slp-16.c (test for excess errors)
WARNING: gcc.dg/vect/slp-16.c compilation failed to produce executable
FAIL: gcc.dg/vect/slp-cond-3.c (internal compiler error)
FAIL: gcc.dg/vect/slp-cond-3.c (test for excess errors)
WARNING: gcc.dg/vect/slp-cond-3.c compilation failed to produce executable
FAIL: gcc.dg/vect/slp-cond-4.c (internal compiler error)
FAIL: gcc.dg/vect/slp-cond-4.c (test for excess errors)
WARNING: gcc.dg/vect/slp-cond-4.c compilation failed to produce executable
FAIL: gcc.dg/vect/slp-cond-5.c (internal compiler error)
FAIL: gcc.dg/vect/slp-cond-5.c (test for excess errors)
WARNING: gcc.dg/vect/slp-cond-5.c compilation failed to produce executable
FAIL: gcc.dg/vect/slp-multitypes-4.c scan-tree-dump-times vect "vectorized 1 loops" 1
FAIL: gcc.dg/vect/slp-multitypes-4.c scan-tree-dump-times vect "vectorizing stmts using SLP" 1
FAIL: gcc.dg/vect/slp-multitypes-5.c scan-tree-dump-times vect "vectorized 1 loops" 1
FAIL: gcc.dg/vect/slp-multitypes-5.c scan-tree-dump-times vect "vectorizing stmts using SLP" 1
FAIL: gcc.dg/vect/slp-perm-3.c (internal compiler error)
FAIL: gcc.dg/vect/slp-perm-3.c (test for excess errors)
WARNING: gcc.dg/vect/slp-perm-3.c compilation failed to produce executable
FAIL: gcc.dg/vect/slp-perm-8.c scan-tree-dump-times vect "vectorized 1 loops" 1
FAIL: gcc.dg/vect/vect-125.c scan-tree-dump vect "vectorized 1 loops"
FAIL: gcc.dg/vect/vect-31.c scan-tree-dump-times vect "vectorized 4 loops" 1
FAIL: gcc.dg/vect/vect-48.c (internal compiler error)
FAIL: gcc.dg/vect/vect-48.c (test for excess errors)
WARNING: gcc.dg/vect/vect-48.c compilation failed to produce executable
FAIL: gcc.dg/vect/vect-52.c (internal compiler error)
FAIL: gcc.dg/vect/vect-52.c (test for excess errors)
WARNING: gcc.dg/vect/vect-52.c compilation failed to produce executable
FAIL: gcc.dg/vect/vect-cond-reduc-1.c (internal compiler error)
FAIL: gcc.dg/vect/vect-cond-reduc-1.c (test for excess errors)
FAIL: gcc.dg/vect/vect-sdivmod-1.c (internal compiler error)
FAIL: gcc.dg/vect/vect-sdivmod-1.c (test for excess errors)
WARNING: gcc.dg/vect/vect-sdivmod-1.c compilation failed to produce executable
FAIL: gcc.dg/vect/vect-sdivmod-1.c scan-tree-dump-times vect "vectorized 1 loops" 4
FAIL: gcc.dg/vect/vect-widen-shift-s16.c (internal compiler error)
FAIL: gcc.dg/vect/vect-widen-shift-s16.c (test for excess errors)
WARNING: gcc.dg/vect/vect-widen-shift-s16.c compilation failed to produce executable
FAIL: gcc.target/powerpc/pr67808.c scan-assembler xxlxor
=== gcc Summary ===
# of expected passes 70446
# of unexpected failures 120
# of unexpected successes 2
# of expected failures 241
# of unsupported tests 1588
/tmp/20151111/gcc/xgcc version 6.0.0 20151111 (experimental) [trunk revision 230193] (GCC)
=== gfortran tests ===
Running target unix
FAIL: gfortran.dg/bind_c_array_params_2.f90 -O scan-assembler-times [ \\t][\$,_0-9]*myBindC 1
FAIL: gfortran.dg/intent_out_2.f90 -O3 -fomit-frame-pointer -funroll-loops -fpeel-loops -ftracer -finline-functions (internal compiler error)
FAIL: gfortran.dg/intent_out_2.f90 -O3 -fomit-frame-pointer -funroll-loops -fpeel-loops -ftracer -finline-functions (test for excess errors)
WARNING: gfortran.dg/intent_out_2.f90 -O3 -fomit-frame-pointer -funroll-loops -fpeel-loops -ftracer -finline-functions compilation failed to produce executable
FAIL: gfortran.dg/intent_out_2.f90 -O3 -g (internal compiler error)
FAIL: gfortran.dg/intent_out_2.f90 -O3 -g (test for excess errors)
WARNING: gfortran.dg/intent_out_2.f90 -O3 -g compilation failed to produce executable
FAIL: gfortran.dg/internal_pack_1.f90 -O3 -fomit-frame-pointer -funroll-loops -fpeel-loops -ftracer -finline-functions (internal compiler error)
FAIL: gfortran.dg/internal_pack_1.f90 -O3 -fomit-frame-pointer -funroll-loops -fpeel-loops -ftracer -finline-functions (test for excess errors)
WARNING: gfortran.dg/internal_pack_1.f90 -O3 -fomit-frame-pointer -funroll-loops -fpeel-loops -ftracer -finline-functions compilation failed to produce executable
FAIL: gfortran.dg/internal_pack_1.f90 -O3 -g (internal compiler error)
FAIL: gfortran.dg/internal_pack_1.f90 -O3 -g (test for excess errors)
WARNING: gfortran.dg/internal_pack_1.f90 -O3 -g compilation failed to produce executable
FAIL: gfortran.dg/vect/fast-math-pr37021.f90 -O scan-tree-dump vect "vectorized 2 loops"
FAIL: gfortran.dg/vect/fast-math-pr37021.f90 -O (internal compiler error)
FAIL: gfortran.dg/vect/fast-math-pr37021.f90 -O (test for excess errors)
FAIL: gfortran.dg/vect/pr33301.f -O (internal compiler error)
FAIL: gfortran.dg/vect/pr33301.f -O (test for excess errors)
FAIL: gfortran.dg/vect/pr52580.f -O scan-tree-dump-times vect "LOOP VECTORIZED" 1
FAIL: gfortran.dg/vect/pr62283-2.f -O scan-tree-dump slp2 "basic block vectorized"
FAIL: gfortran.dg/vect/pr62283-2.f -O (internal compiler error)
FAIL: gfortran.dg/vect/pr62283-2.f -O (test for excess errors)
FAIL: gfortran.dg/vect/vect-6.f -O (internal compiler error)
FAIL: gfortran.dg/vect/vect-6.f -O (test for excess errors)
FAIL: gfortran.dg/vect/vect-8.f90 -O scan-tree-dump-times vect "vectorized 20 loops" 1
FAIL: gfortran.dg/vect/vect-8.f90 -O (internal compiler error)
FAIL: gfortran.dg/vect/vect-8.f90 -O (test for excess errors)
FAIL: gfortran.dg/vect/vect-gems.f90 -O scan-tree-dump-times vect "vectorized 1 loops" 1
FAIL: gfortran.fortran-torture/compile/arrayio.f90, -O2 -ftree-vectorize -maltivec (internal compiler error)
FAIL: gfortran.fortran-torture/compile/nested.f90, -O2 -ftree-vectorize -maltivec (internal compiler error)
FAIL: gfortran.fortran-torture/compile/pr36078.f90, -O2 -ftree-vectorize -maltivec (internal compiler error)
FAIL: gfortran.fortran-torture/compile/shape_reshape.f90, -O2 -ftree-vectorize -maltivec (internal compiler error)
FAIL: gfortran.fortran-torture/execute/arrayarg.f90, -O2 -ftree-vectorize -maltivec (internal compiler error)
FAIL: gfortran.fortran-torture/execute/assumed_size.f90, -O2 -ftree-vectorize -maltivec (internal compiler error)
FAIL: gfortran.fortran-torture/execute/der_type.f90, -O2 -ftree-vectorize -maltivec (internal compiler error)
FAIL: gfortran.fortran-torture/execute/entry_6.f90, -O2 -ftree-vectorize -maltivec (internal compiler error)
FAIL: gfortran.fortran-torture/execute/forall_3.f90, -O2 -ftree-vectorize -maltivec (internal compiler error)
FAIL: gfortran.fortran-torture/execute/intrinsic_anyall.f90, -O2 -ftree-vectorize -maltivec (internal compiler error)
FAIL: gfortran.fortran-torture/execute/intrinsic_associated.f90, -O2 -ftree-vectorize -maltivec (internal compiler error)
FAIL: gfortran.fortran-torture/execute/intrinsic_associated_2.f90, -O2 -ftree-vectorize -maltivec (internal compiler error)
FAIL: gfortran.fortran-torture/execute/intrinsic_count.f90, -O2 -ftree-vectorize -maltivec (internal compiler error)
FAIL: gfortran.fortran-torture/execute/intrinsic_mmloc.f90, -O2 -ftree-vectorize -maltivec (internal compiler error)
FAIL: gfortran.fortran-torture/execute/intrinsic_mmloc_3.f90, -O2 -ftree-vectorize -maltivec (internal compiler error)
FAIL: gfortran.fortran-torture/execute/intrinsic_mmloc_4.f90, -O2 -ftree-vectorize -maltivec (internal compiler error)
FAIL: gfortran.fortran-torture/execute/intrinsic_mmval.f90, -O2 -ftree-vectorize -maltivec (internal compiler error)
FAIL: gfortran.fortran-torture/execute/intrinsic_pack.f90, -O2 -ftree-vectorize -maltivec (internal compiler error)
FAIL: gfortran.fortran-torture/execute/intrinsic_shape.f90, -O2 -ftree-vectorize -maltivec (internal compiler error)
FAIL: gfortran.fortran-torture/execute/intrinsic_size.f90, -O2 -ftree-vectorize -maltivec (internal compiler error)
FAIL: gfortran.fortran-torture/execute/intrinsic_spread.f90, -O2 -ftree-vectorize -maltivec (internal compiler error)
FAIL: gfortran.fortran-torture/execute/intrinsic_unpack.f90, -O2 -ftree-vectorize -maltivec (internal compiler error)
FAIL: gfortran.fortran-torture/execute/pr32604.f90, -O2 -ftree-vectorize -maltivec (internal compiler error)
FAIL: gfortran.fortran-torture/execute/where_7.f90, -O2 -ftree-vectorize -maltivec (internal compiler error)
=== gfortran Summary ===
# of expected passes 39759
# of unexpected failures 48
# of expected failures 79
# of unsupported tests 385
/tmp/20151111/gcc/testsuite/gfortran/../../gfortran version 6.0.0 20151111 (experimental) [trunk revision 230193] (GCC)
=== objc tests ===
Running target unix
FAIL: objc.dg-struct-layout-encoding-1/t026_main.m execution test
=== objc Summary ===
# of expected passes 2663
# of unexpected failures 1
# of expected failures 10
# of unsupported tests 59
/tmp/20151111/gcc/xgcc version 6.0.0 20151111 (experimental) [trunk revision 230193] (GCC)
=== libatomic tests ===
Running target unix
=== libatomic Summary ===
# of expected passes 44
# of unsupported tests 5
=== libgomp tests ===
Running target unix
FAIL: libgomp.fortran/omp_workshare1.f -O execution test
FAIL: libgomp.fortran/omp_workshare2.f -O execution test
FAIL: libgomp.fortran/recursion1.f90 -O0 execution test
FAIL: libgomp.fortran/recursion1.f90 -O1 execution test
WARNING: program timed out.
FAIL: libgomp.fortran/recursion1.f90 -O2 execution test
FAIL: libgomp.fortran/recursion1.f90 -O3 -fomit-frame-pointer -funroll-loops -fpeel-loops -ftracer -finline-functions execution test
WARNING: program timed out.
FAIL: libgomp.fortran/recursion1.f90 -O3 -g execution test
WARNING: program timed out.
FAIL: libgomp.fortran/recursion1.f90 -Os execution test
FAIL: libgomp.oacc-c/../libgomp.oacc-c-c++-common/atomic_update-1.c -DACC_DEVICE_TYPE_host=1 -DACC_MEM_SHARED=1 execution test
FAIL: libgomp.oacc-c++/../libgomp.oacc-c-c++-common/atomic_update-1.c -DACC_DEVICE_TYPE_host=1 -DACC_MEM_SHARED=1 execution test
=== libgomp Summary ===
# of expected passes 4438
# of unexpected failures 10
# of expected failures 4
# of unsupported tests 257
=== libstdc++ tests ===
Running target unix
FAIL: 18_support/50594.cc execution test
FAIL: 21_strings/basic_string/capacity/wchar_t/18654.cc execution test
FAIL: 21_strings/basic_string/inserters_extractors/wchar_t/28277.cc execution test
FAIL: 23_containers/vector/profile/vector.cc execution test
FAIL: 25_algorithms/remove/requirements/explicit_instantiation/2.cc (test for excess errors)
FAIL: 27_io/basic_ostream/inserters_character/wchar_t/28277-3.cc execution test
FAIL: 27_io/basic_ostream/inserters_character/wchar_t/28277-4.cc execution test
FAIL: 27_io/ios_base/storage/11584.cc execution test
FAIL: ext/mt_allocator/check_new.cc execution test
FAIL: ext/pool_allocator/check_new.cc execution test
FAIL: ext/vstring/inserters_extractors/wchar_t/28277.cc execution test
=== libstdc++ Summary ===
# of expected passes 9118
# of unexpected failures 11
# of expected failures 66
# of unsupported tests 693
Compiler version: 6.0.0 20151111 (experimental) [trunk revision 230193] (GCC)
Platform: powerpc-ibm-aix7.1.0.0
configure flags: --prefix=/gsa/yktgsa/home/e/d/edelsohn/install/powerpc-ibm-aix7.1.0.0-20151111 --disable-werror --enable-languages=c,c++,fortran,objc --with-gmp=/gsa/yktgsa/home/e/d/edelsohn/install --with-mpfr=/gsa/yktgsa/home/e/d/edelsohn/install --with-libiconv-prefix=/gsa/yktgsa/home/e/d/edelsohn/install --disable-libstdcxx-pch
More information about the Gcc-testresults
mailing list