Results for 6.0.0 20151107 (experimental) [trunk revision 229910] (GCC) testsuite on sparcv9-sun-solaris2.12

Rainer Orth ro@CeBiTec.Uni-Bielefeld.DE
Wed Nov 11 09:33:00 GMT 2015


LAST_UPDATED: Sat Nov  7 02:02:50 UTC 2015 (revision 229910)

		=== acats tests ===

		=== acats Summary ===
# of expected passes		2320
# of unexpected failures	0
Native configuration is sparcv9-sun-solaris2.12

		=== g++ tests ===


Running target unix
FAIL: g++.dg/concepts/auto1.C    (test for errors, line 16)
FAIL: g++.dg/concepts/auto1.C    (test for errors, line 27)
FAIL: g++.dg/concepts/auto1.C   (internal compiler error)
FAIL: g++.dg/concepts/auto1.C   (test for excess errors)
FAIL: g++.dg/tree-ssa/pr61034.C  -std=gnu++11  scan-tree-dump-times fre2 "free" 10
FAIL: g++.dg/tree-ssa/pr61034.C  -std=gnu++14  scan-tree-dump-times fre2 "free" 10
FAIL: g++.dg/tree-ssa/pr61034.C  -std=gnu++98  scan-tree-dump-times fre2 "free" 10
FAIL: g++.dg/lto/pr68057 cp_lto_pr68057_0.o-cp_lto_pr68057_1.o execute -O0 -flto 
FAIL: g++.dg/lto/pr68057 cp_lto_pr68057_0.o-cp_lto_pr68057_1.o execute -O0 -flto -flto-partition=1to1 
FAIL: g++.dg/lto/pr68057 cp_lto_pr68057_0.o-cp_lto_pr68057_1.o execute -O0 -flto -flto-partition=none 
FAIL: g++.dg/lto/pr68057 cp_lto_pr68057_0.o-cp_lto_pr68057_1.o execute -O2 -flto
FAIL: g++.dg/lto/pr68057 cp_lto_pr68057_0.o-cp_lto_pr68057_1.o execute -O2 -flto -flto-partition=1to1 
FAIL: g++.dg/lto/pr68057 cp_lto_pr68057_0.o-cp_lto_pr68057_1.o execute -O2 -flto -flto-partition=none 
WARNING: lto.exp does not support dg-lto-do compile

		=== g++ Summary for unix ===

# of expected passes		88197
# of unexpected failures	13
# of expected failures		279
# of unsupported tests		3628

Running target unix/-m32
FAIL: c-c++-common/opaque-vector.c  -std=c++11 (internal compiler error)
FAIL: c-c++-common/opaque-vector.c  -std=c++11 (test for excess errors)
FAIL: c-c++-common/opaque-vector.c  -std=c++14 (internal compiler error)
FAIL: c-c++-common/opaque-vector.c  -std=c++14 (test for excess errors)
FAIL: c-c++-common/opaque-vector.c  -std=c++98 (internal compiler error)
FAIL: c-c++-common/opaque-vector.c  -std=c++98 (test for excess errors)
FAIL: g++.dg/tree-ssa/pr61034.C  -std=gnu++11  scan-tree-dump-times fre2 "free" 10
FAIL: g++.dg/tree-ssa/pr61034.C  -std=gnu++14  scan-tree-dump-times fre2 "free" 10
FAIL: g++.dg/tree-ssa/pr61034.C  -std=gnu++98  scan-tree-dump-times fre2 "free" 10
FAIL: g++.dg/warn/Wplacement-new-size.C  -std=gnu++11 (test for excess errors)
FAIL: g++.dg/warn/Wplacement-new-size.C  -std=gnu++14 (test for excess errors)
FAIL: g++.dg/warn/Wplacement-new-size.C  -std=gnu++98 (test for excess errors)
FAIL: g++.dg/lto/pr68057 cp_lto_pr68057_0.o-cp_lto_pr68057_1.o execute -O0 -flto 
FAIL: g++.dg/lto/pr68057 cp_lto_pr68057_0.o-cp_lto_pr68057_1.o execute -O0 -flto -flto-partition=1to1 
FAIL: g++.dg/lto/pr68057 cp_lto_pr68057_0.o-cp_lto_pr68057_1.o execute -O0 -flto -flto-partition=none 
FAIL: g++.dg/lto/pr68057 cp_lto_pr68057_0.o-cp_lto_pr68057_1.o execute -O2 -flto
FAIL: g++.dg/lto/pr68057 cp_lto_pr68057_0.o-cp_lto_pr68057_1.o execute -O2 -flto -flto-partition=1to1 
FAIL: g++.dg/lto/pr68057 cp_lto_pr68057_0.o-cp_lto_pr68057_1.o execute -O2 -flto -flto-partition=none 
WARNING: lto.exp does not support dg-lto-do compile

		=== g++ Summary for unix/-m32 ===

# of expected passes		86322
# of unexpected failures	18
# of expected failures		279
# of unsupported tests		3651

		=== g++ Summary ===

# of expected passes		174519
# of unexpected failures	31
# of expected failures		558
# of unsupported tests		7279
/var/gcc/regression/trunk/12-gcc-gas-64/build/gcc/testsuite/g++/../../xg++  version 6.0.0 20151107 (experimental) [trunk revision 229910] (GCC) 

		=== gcc tests ===


Running target unix
FAIL: gcc.c-torture/compile/pr39928-1.c   -O2  (internal compiler error)
FAIL: gcc.c-torture/compile/pr39928-1.c   -O2  (test for excess errors)
FAIL: gcc.c-torture/compile/pr39928-1.c   -O2 -flto  (internal compiler error)
FAIL: gcc.c-torture/compile/pr39928-1.c   -O2 -flto  (test for excess errors)
FAIL: gcc.c-torture/compile/pr39928-1.c   -O2 -flto -flto-partition=none  (internal compiler error)
FAIL: gcc.c-torture/compile/pr39928-1.c   -O2 -flto -flto-partition=none  (test for excess errors)
FAIL: gcc.c-torture/compile/pr39928-1.c   -O3 -g  (internal compiler error)
FAIL: gcc.c-torture/compile/pr39928-1.c   -O3 -g  (test for excess errors)
FAIL: gcc.c-torture/compile/pr39928-1.c   -Os  (internal compiler error)
FAIL: gcc.c-torture/compile/pr39928-1.c   -Os  (test for excess errors)
FAIL: gcc.dg/debug/dwarf2/stacked-qualified-types-3.c scan-assembler-times DIE \\\\([^\\n]*\\\\) DW_TAG_(?:const|volatile|atomic|restrict)_type 8
FAIL: gcc.dg/ifcvt-4.c scan-rtl-dump ce1 "2 true changes made"
FAIL: gcc.dg/pr63594-1.c (internal compiler error)
FAIL: gcc.dg/pr63594-1.c (test for excess errors)
FAIL: gcc.dg/pr63594-2.c (internal compiler error)
FAIL: gcc.dg/pr63594-2.c (test for excess errors)
WARNING: gcc.dg/pr63594-2.c compilation failed to produce executable
FAIL: gcc.dg/graphite/fuse-1.c scan-tree-dump-times forwprop4 "gimple_simplified to[^\\\\n]*\\\\^ 12" 1
UNRESOLVED: gcc.dg/graphite/fuse-1.c scan-tree-dump-times graphite "ISL AST generated by ISL:.*for (int c0 = 0; c0 <= 99; c0 += 1) {.*S_.*(c0);.*S_.*(c0);.*S_.*(c0);.*}" 1
UNRESOLVED: gcc.dg/graphite/fuse-2.c scan-tree-dump-times graphite "ISL AST generated by ISL:.*for (int c0 = 0; c0 <= 99; c0 += 1) {.*S_.*(c0);.*S_.*(c0);.*S_.*(c0);.*}" 1
FAIL: gcc.dg/tree-ssa/vector-5.c scan-tree-dump-times optimized " * 3;" 1
FAIL: gcc.dg/vect/pr20122.c -flto -ffat-lto-objects  scan-tree-dump-times vect "Alignment of access forced using versioning" 2
FAIL: gcc.dg/vect/pr20122.c scan-tree-dump-times vect "Alignment of access forced using versioning" 2
FAIL: compiler driver --help=c++ option(s): "^ +-.*[^:.]\$" absent from output: "  -Wplacement-new             Warn for placement new expressions with undefined behavior"
FAIL: compiler driver --help=target option(s): "^ +-.*[^:.]\$" absent from output: "  -mfix-at697f                Enable workaround for single erratum of AT697F processor (corresponding to erratum #13 of AT697E processor)"
FAIL: compiler driver --help=warnings option(s): "^ +-.*[^:.]\$" absent from output: "  -Wplacement-new             Warn for placement new expressions with undefined behavior"

		=== gcc Summary for unix ===

# of expected passes		84461
# of unexpected failures	23
# of expected failures		325
# of unresolved testcases	2
# of unsupported tests		1943

Running target unix/-m32
FAIL: gcc.dg/atomic/c11-atomic-exec-2.c   -O2 -flto  (test for excess errors)
FAIL: gcc.dg/atomic/c11-atomic-exec-2.c   -O2 -flto -flto-partition=none  (test for excess errors)
FAIL: gcc.dg/atomic/c11-atomic-exec-2.c   -O3 -fomit-frame-pointer -funroll-loops -fpeel-loops -ftracer -finline-functions  (test for excess errors)
WARNING: gcc.dg/atomic/c11-atomic-exec-2.c   -O3 -fomit-frame-pointer -funroll-loops -fpeel-loops -ftracer -finline-functions  compilation failed to produce executable
FAIL: gcc.dg/atomic/c11-atomic-exec-2.c   -O3 -g  (test for excess errors)
WARNING: gcc.dg/atomic/c11-atomic-exec-2.c   -O3 -g  compilation failed to produce executable
FAIL: gcc.dg/atomic/c11-atomic-exec-3.c   -O3 -g  (test for excess errors)
WARNING: gcc.dg/atomic/c11-atomic-exec-3.c   -O3 -g  compilation failed to produce executable
WARNING: program timed out.
WARNING: program timed out.
WARNING: program timed out.
WARNING: program timed out.
WARNING: program timed out.
FAIL: gcc.dg/debug/dwarf2/stacked-qualified-types-3.c scan-assembler-times DIE \\\\([^\\n]*\\\\) DW_TAG_(?:const|volatile|atomic|restrict)_type 8
FAIL: gcc.dg/c11-atomic-2.c (test for excess errors)
WARNING: program timed out.
FAIL: gcc.dg/graphite/fuse-1.c scan-tree-dump-times forwprop4 "gimple_simplified to[^\\\\n]*\\\\^ 12" 1
UNRESOLVED: gcc.dg/graphite/fuse-1.c scan-tree-dump-times graphite "ISL AST generated by ISL:.*for (int c0 = 0; c0 <= 99; c0 += 1) {.*S_.*(c0);.*S_.*(c0);.*S_.*(c0);.*}" 1
UNRESOLVED: gcc.dg/graphite/fuse-2.c scan-tree-dump-times graphite "ISL AST generated by ISL:.*for (int c0 = 0; c0 <= 99; c0 += 1) {.*S_.*(c0);.*S_.*(c0);.*S_.*(c0);.*}" 1
FAIL: gcc.dg/simulate-thread/atomic-other-int.c   -O2 -g  thread simulation test
FAIL: gcc.dg/simulate-thread/atomic-other-int.c   -O3 -g  thread simulation test
FAIL: gcc.dg/simulate-thread/atomic-other-short.c   -O0 -g  thread simulation test
FAIL: gcc.dg/simulate-thread/speculative-store-4.c   -O0 -g  thread simulation test
FAIL: gcc.dg/simulate-thread/speculative-store-4.c   -O2 -g  thread simulation test
FAIL: gcc.dg/simulate-thread/speculative-store-4.c   -O3 -g  thread simulation test
FAIL: gcc.dg/simulate-thread/speculative-store.c   -O0 -g  thread simulation test
FAIL: gcc.dg/vect/pr20122.c -flto -ffat-lto-objects  scan-tree-dump-times vect "Alignment of access forced using versioning" 2
FAIL: gcc.dg/vect/pr20122.c scan-tree-dump-times vect "Alignment of access forced using versioning" 2
FAIL: compiler driver --help=c++ option(s): "^ +-.*[^:.]\$" absent from output: "  -Wplacement-new             Warn for placement new expressions with undefined behavior"
FAIL: compiler driver --help=target option(s): "^ +-.*[^:.]\$" absent from output: "  -mfix-at697f                Enable workaround for single erratum of AT697F processor (corresponding to erratum #13 of AT697E processor)"
FAIL: compiler driver --help=warnings option(s): "^ +-.*[^:.]\$" absent from output: "  -Wplacement-new             Warn for placement new expressions with undefined behavior"

		=== gcc Summary for unix/-m32 ===

# of expected passes		83660
# of unexpected failures	20
# of expected failures		338
# of unresolved testcases	2
# of unsupported tests		2016

		=== gcc Summary ===

# of expected passes		168121
# of unexpected failures	43
# of expected failures		663
# of unresolved testcases	4
# of unsupported tests		3959
/var/gcc/regression/trunk/12-gcc-gas-64/build/gcc/xgcc  version 6.0.0 20151107 (experimental) [trunk revision 229910] (GCC) 

		=== gfortran tests ===


Running target unix
FAIL: gfortran.dg/large_real_kind_2.F90   -O0  execution test
FAIL: gfortran.dg/norm2_3.f90   -O0  execution test
FAIL: gfortran.dg/norm2_3.f90   -O1  execution test
FAIL: gfortran.dg/norm2_3.f90   -O2  execution test
FAIL: gfortran.dg/norm2_3.f90   -O3 -fomit-frame-pointer -funroll-loops -fpeel-loops -ftracer -finline-functions  execution test
FAIL: gfortran.dg/norm2_3.f90   -O3 -g  execution test
FAIL: gfortran.dg/norm2_3.f90   -Os  execution test

		=== gfortran Summary for unix ===

# of expected passes		40952
# of unexpected failures	7
# of expected failures		77
# of unsupported tests		104

Running target unix/-m32
FAIL: gfortran.dg/large_real_kind_2.F90   -O0  execution test
FAIL: gfortran.dg/minlocval_3.f90   -O3 -fomit-frame-pointer -funroll-loops -fpeel-loops -ftracer -finline-functions  (test for excess errors)
WARNING: gfortran.dg/minlocval_3.f90   -O3 -fomit-frame-pointer -funroll-loops -fpeel-loops -ftracer -finline-functions  compilation failed to produce executable
FAIL: gfortran.dg/minlocval_3.f90   -O3 -g  (test for excess errors)
WARNING: gfortran.dg/minlocval_3.f90   -O3 -g  compilation failed to produce executable
FAIL: gfortran.dg/norm2_3.f90   -O0  execution test
FAIL: gfortran.dg/norm2_3.f90   -O1  execution test
FAIL: gfortran.dg/norm2_3.f90   -O2  execution test
FAIL: gfortran.dg/norm2_3.f90   -O3 -fomit-frame-pointer -funroll-loops -fpeel-loops -ftracer -finline-functions  execution test
FAIL: gfortran.dg/norm2_3.f90   -O3 -g  execution test
FAIL: gfortran.dg/norm2_3.f90   -Os  execution test
WARNING: program timed out.
WARNING: program timed out.

		=== gfortran Summary for unix/-m32 ===

# of expected passes		40701
# of unexpected failures	9
# of expected failures		77
# of unsupported tests		225

		=== gfortran Summary ===

# of expected passes		81653
# of unexpected failures	16
# of expected failures		154
# of unsupported tests		329
/var/gcc/regression/trunk/12-gcc-gas-64/build/gcc/testsuite/gfortran/../../gfortran  version 6.0.0 20151107 (experimental) [trunk revision 229910] (GCC) 

		=== gnat tests ===


Running target unix/-m32

		=== gnat Summary for unix/-m32 ===

# of expected passes		1382
# of expected failures		21
# of unsupported tests		22

Running target unix

		=== gnat Summary for unix ===

# of expected passes		1382
# of expected failures		21
# of unsupported tests		22

		=== gnat Summary ===

# of expected passes		2764
# of expected failures		42
# of unsupported tests		44
/var/gcc/regression/trunk/12-gcc-gas-64/build/gcc/gnatmake version 6.0.0 20151107 (experimental) [trunk revision 229910]

		=== go tests ===


Running target unix

		=== go Summary for unix ===

# of expected passes		7243
# of expected failures		1
# of untested testcases		11
# of unsupported tests		3

Running target unix/-m32
FAIL: ./64bit-out.go compilation,  -O0 -g -fno-var-tracking-assignments 
FAIL: ./index0-out.go compilation,  -O0 -g -fno-var-tracking-assignments 
FAIL: ./slice3-out.go compilation,  -O0 -g -fno-var-tracking-assignments 
FAIL: go.test/test/cmplxdivide.go
WARNING: program timed out.
WARNING: program timed out.
WARNING: program timed out.
WARNING: program timed out.

		=== go Summary for unix/-m32 ===

# of expected passes		7356
# of unexpected failures	4
# of expected failures		1
# of untested testcases		14
# of unsupported tests		3

		=== go Summary ===

# of expected passes		14599
# of unexpected failures	4
# of expected failures		2
# of untested testcases		25
# of unsupported tests		6
		=== obj-c++ tests ===


Running target unix/-m32

		=== obj-c++ Summary for unix/-m32 ===

# of expected passes		1439
# of expected failures		2
# of unsupported tests		77

Running target unix

		=== obj-c++ Summary for unix ===

# of expected passes		1431
# of expected failures		10
# of unsupported tests		77

		=== obj-c++ Summary ===

# of expected passes		2870
# of expected failures		12
# of unsupported tests		154
/var/gcc/regression/trunk/12-gcc-gas-64/build/gcc/testsuite/obj-c++/../../xg++  version 6.0.0 20151107 (experimental) [trunk revision 229910] (GCC) 

		=== objc tests ===


Running target unix

		=== objc Summary for unix ===

# of expected passes		2772
# of unsupported tests		68

Running target unix/-m32

		=== objc Summary for unix/-m32 ===

# of expected passes		2772
# of unsupported tests		68

		=== objc Summary ===

# of expected passes		5544
# of unsupported tests		136
/var/gcc/regression/trunk/12-gcc-gas-64/build/gcc/xgcc  version 6.0.0 20151107 (experimental) [trunk revision 229910] (GCC) 

		=== boehm-gc tests ===


Running target unix/-m32

		=== boehm-gc Summary for unix/-m32 ===

# of expected passes		12
# of unsupported tests		1

Running target unix

		=== boehm-gc Summary for unix ===

# of expected passes		12
# of unsupported tests		1

		=== boehm-gc Summary ===

# of expected passes		24
# of unsupported tests		2
		=== libatomic tests ===


Running target unix/-m32

		=== libatomic Summary for unix/-m32 ===

# of expected passes		44
# of unsupported tests		5

Running target unix

		=== libatomic Summary for unix ===

# of expected passes		54

		=== libatomic Summary ===

# of expected passes		98
# of unsupported tests		5
		=== libffi tests ===


Running target unix/-m32

		=== libffi Summary for unix/-m32 ===

# of expected passes		1914
# of unsupported tests		30

Running target unix

		=== libffi Summary for unix ===

# of expected passes		1914
# of unsupported tests		30

		=== libffi Summary ===

# of expected passes		3828
# of unsupported tests		60
		=== libgo tests ===


Running target unix
FAIL: go/build
FAIL: net/http
FAIL: runtime/pprof

		=== libgo Summary for unix ===

# of expected passes		130
# of unexpected failures	3

Running target unix/-m32
FAIL: reflect
FAIL: go/build
FAIL: net/http
FAIL: runtime/pprof

		=== libgo Summary for unix/-m32 ===

# of expected passes		129
# of unexpected failures	4

		=== libgo Summary ===

# of expected passes		259
# of unexpected failures	7
/var/gcc/regression/trunk/12-gcc-gas-64/build/./gcc/gccgo version 6.0.0 20151107 (experimental) [trunk revision 229910] (GCC)

		=== libgomp tests ===


Running target unix/-m32
WARNING: program timed out.
FAIL: libgomp.c/for-2.c (test for excess errors)
WARNING: program timed out.
FAIL: libgomp.c/for-3.c (test for excess errors)
WARNING: libgomp.c/for-3.c compilation failed to produce executable
WARNING: program timed out.
FAIL: libgomp.c/for-5.c (test for excess errors)
WARNING: libgomp.c/for-5.c compilation failed to produce executable
WARNING: program timed out.
FAIL: libgomp.c/for-6.c (test for excess errors)
WARNING: libgomp.c/for-6.c compilation failed to produce executable
WARNING: program timed out.
FAIL: libgomp.c++/for-11.C (test for excess errors)
WARNING: libgomp.c++/for-11.C compilation failed to produce executable
WARNING: program timed out.
FAIL: libgomp.c++/for-13.C (test for excess errors)
WARNING: libgomp.c++/for-13.C compilation failed to produce executable
WARNING: program timed out.
FAIL: libgomp.c++/for-14.C (test for excess errors)
WARNING: libgomp.c++/for-14.C compilation failed to produce executable
WARNING: program timed out.
FAIL: libgomp.fortran/alloc-comp-2.f90   -O2  (test for excess errors)
WARNING: libgomp.fortran/alloc-comp-2.f90   -O2  compilation failed to produce executable
WARNING: libgomp.oacc-c/../libgomp.oacc-c-c++-common/loop-red-v-2.c -DACC_DEVICE_TYPE_host=1 -DACC_MEM_SHARED=1 compilation failed to produce executable
WARNING: libgomp.oacc-c/../libgomp.oacc-c-c++-common/loop-red-w-2.c -DACC_DEVICE_TYPE_host=1 -DACC_MEM_SHARED=1 compilation failed to produce executable
WARNING: libgomp.oacc-c++/../libgomp.oacc-c-c++-common/loop-red-v-2.c -DACC_DEVICE_TYPE_host=1 -DACC_MEM_SHARED=1 compilation failed to produce executable
WARNING: libgomp.oacc-c++/../libgomp.oacc-c-c++-common/loop-red-w-2.c -DACC_DEVICE_TYPE_host=1 -DACC_MEM_SHARED=1 compilation failed to produce executable

		=== libgomp Summary for unix/-m32 ===

# of expected passes		4443
# of unexpected failures	8
# of expected failures		8
# of unsupported tests		257

Running target unix
XPASS: libgomp.c/reduction-11.c execution test
XPASS: libgomp.c/reduction-12.c execution test
XPASS: libgomp.c++/reduction-11.C execution test
XPASS: libgomp.c++/reduction-12.C execution test
WARNING: libgomp.oacc-c/../libgomp.oacc-c-c++-common/loop-red-v-2.c -DACC_DEVICE_TYPE_host=1 -DACC_MEM_SHARED=1 compilation failed to produce executable
WARNING: libgomp.oacc-c/../libgomp.oacc-c-c++-common/loop-red-w-2.c -DACC_DEVICE_TYPE_host=1 -DACC_MEM_SHARED=1 compilation failed to produce executable
WARNING: libgomp.oacc-c++/../libgomp.oacc-c-c++-common/loop-red-v-2.c -DACC_DEVICE_TYPE_host=1 -DACC_MEM_SHARED=1 compilation failed to produce executable
WARNING: libgomp.oacc-c++/../libgomp.oacc-c-c++-common/loop-red-w-2.c -DACC_DEVICE_TYPE_host=1 -DACC_MEM_SHARED=1 compilation failed to produce executable

		=== libgomp Summary for unix ===

# of expected passes		4458
# of unexpected successes	4
# of expected failures		4
# of unsupported tests		257

		=== libgomp Summary ===

# of expected passes		8901
# of unexpected failures	8
# of unexpected successes	4
# of expected failures		12
# of unsupported tests		514
		=== libitm tests ===


Running target unix/-m32

		=== libitm Summary for unix/-m32 ===

# of expected passes		32
# of expected failures		3
# of unsupported tests		1

Running target unix

		=== libitm Summary for unix ===

# of expected passes		32
# of expected failures		3
# of unsupported tests		1

		=== libitm Summary ===

# of expected passes		64
# of expected failures		6
# of unsupported tests		2
		=== libjava tests ===


Running target unix/-m32
WARNING: program timed out.
FAIL: Throw_3 -findirect-dispatch compilation from source
WARNING: program timed out.
FAIL: pr21844 -O3 compilation from source

		=== libjava Summary for unix/-m32 ===

# of expected passes		2576
# of unexpected failures	2
# of expected failures		4
# of untested testcases		4

Running target unix

		=== libjava Summary for unix ===

# of expected passes		2582
# of expected failures		4

		=== libjava Summary ===

# of expected passes		5158
# of unexpected failures	2
# of expected failures		8
# of untested testcases		4
		=== libstdc++ tests ===


Running target unix
FAIL: libstdc++-abi/abi_check
FAIL: 20_util/scoped_allocator/1.cc (test for excess errors)
WARNING: 20_util/scoped_allocator/1.cc compilation failed to produce executable
FAIL: 23_containers/list/allocator/move_assign.cc (test for excess errors)
WARNING: 23_containers/list/allocator/move_assign.cc compilation failed to produce executable
FAIL: 23_containers/multiset/modifiers/swap/2.cc (test for excess errors)
WARNING: 23_containers/multiset/modifiers/swap/2.cc compilation failed to produce executable
FAIL: 23_containers/set/requirements/exception/basic.cc (test for excess errors)
WARNING: 23_containers/set/requirements/exception/basic.cc compilation failed to produce executable
FAIL: 23_containers/unordered_multiset/insert/multiset_single_move.cc (test for excess errors)
WARNING: 23_containers/unordered_multiset/insert/multiset_single_move.cc compilation failed to produce executable
FAIL: 23_containers/unordered_set/requirements/exception/generation_prohibited.cc (test for excess errors)
WARNING: 23_containers/unordered_set/requirements/exception/generation_prohibited.cc compilation failed to produce executable
FAIL: 23_containers/vector/requirements/exception/basic.cc (test for excess errors)
WARNING: 23_containers/vector/requirements/exception/basic.cc compilation failed to produce executable
FAIL: 25_algorithms/copy/streambuf_iterators/char/1.cc (test for excess errors)
WARNING: 25_algorithms/copy/streambuf_iterators/char/1.cc compilation failed to produce executable
FAIL: 26_numerics/complex/inserters_extractors/char/1.cc (test for excess errors)
WARNING: 26_numerics/complex/inserters_extractors/char/1.cc compilation failed to produce executable
FAIL: 27_io/basic_stringbuf/sync/char/1057.cc (test for excess errors)
WARNING: 27_io/basic_stringbuf/sync/char/1057.cc compilation failed to produce executable
FAIL: 28_regex/algorithms/regex_match/awk/cstring_01.cc (test for excess errors)
WARNING: 28_regex/algorithms/regex_match/awk/cstring_01.cc compilation failed to produce executable
FAIL: 28_regex/algorithms/regex_match/basic/string_01.cc (test for excess errors)
WARNING: 28_regex/algorithms/regex_match/basic/string_01.cc compilation failed to produce executable
FAIL: 28_regex/algorithms/regex_match/basic/string_range_00_03.cc (test for excess errors)
WARNING: 28_regex/algorithms/regex_match/basic/string_range_00_03.cc compilation failed to produce executable
FAIL: 28_regex/algorithms/regex_match/ecma/wchar_t/hex.cc (test for excess errors)
WARNING: 28_regex/algorithms/regex_match/ecma/wchar_t/hex.cc compilation failed to produce executable
FAIL: 28_regex/algorithms/regex_match/extended/cstring_plus.cc (test for excess errors)
WARNING: 28_regex/algorithms/regex_match/extended/cstring_plus.cc compilation failed to produce executable
FAIL: 28_regex/algorithms/regex_replace/char/basic_replace.cc (test for excess errors)
WARNING: 28_regex/algorithms/regex_replace/char/basic_replace.cc compilation failed to produce executable
FAIL: 28_regex/algorithms/regex_replace/char/dr2213.cc (test for excess errors)
WARNING: 28_regex/algorithms/regex_replace/char/dr2213.cc compilation failed to produce executable
FAIL: 28_regex/basic_regex/ctors/47724.cc (test for excess errors)
WARNING: 28_regex/basic_regex/ctors/47724.cc compilation failed to produce executable
FAIL: 28_regex/basic_regex/ctors/basic/string_range_01_02_03.cc (test for excess errors)
WARNING: 28_regex/basic_regex/ctors/basic/string_range_01_02_03.cc compilation failed to produce executable
FAIL: 28_regex/basic_regex/ctors/extended/string_range_01_02_03.cc (test for excess errors)
WARNING: 28_regex/basic_regex/ctors/extended/string_range_01_02_03.cc compilation failed to produce executable
FAIL: 28_regex/basic_regex/ctors/move_char.cc (test for excess errors)
WARNING: 28_regex/basic_regex/ctors/move_char.cc compilation failed to produce executable
FAIL: 28_regex/init-list.cc (test for excess errors)
WARNING: 28_regex/init-list.cc compilation failed to produce executable
FAIL: 28_regex/iterators/regex_iterator/wchar_t/string_01.cc (test for excess errors)
WARNING: 28_regex/iterators/regex_iterator/wchar_t/string_01.cc compilation failed to produce executable
FAIL: 28_regex/iterators/regex_token_iterator/64303.cc (test for excess errors)
WARNING: 28_regex/iterators/regex_token_iterator/64303.cc compilation failed to produce executable
FAIL: 28_regex/iterators/regex_token_iterator/wchar_t/string_01.cc (test for excess errors)
WARNING: 28_regex/iterators/regex_token_iterator/wchar_t/string_01.cc compilation failed to produce executable
FAIL: 28_regex/regression.cc (test for excess errors)
WARNING: 28_regex/regression.cc compilation failed to produce executable
FAIL: 28_regex/traits/char/lookup_classname.cc (test for excess errors)
WARNING: 28_regex/traits/char/lookup_classname.cc compilation failed to produce executable
FAIL: 29_atomics/atomic/cons/direct_list.cc (test for excess errors)
WARNING: 29_atomics/atomic/cons/direct_list.cc compilation failed to produce executable
FAIL: 30_threads/condition_variable_any/members/2.cc (test for excess errors)
FAIL: 30_threads/packaged_task/members/reset2.cc (test for excess errors)
WARNING: 30_threads/packaged_task/members/reset2.cc compilation failed to produce executable
FAIL: experimental/filesystem/operations/temp_directory_path.cc (test for excess errors)
WARNING: experimental/filesystem/operations/temp_directory_path.cc compilation failed to produce executable
FAIL: ext/pb_ds/regression/tree_map_rand.cc (test for excess errors)
WARNING: ext/pb_ds/regression/tree_map_rand.cc compilation failed to produce executable
FAIL: ext/pb_ds/regression/tree_set_rand.cc (test for excess errors)
WARNING: ext/pb_ds/regression/tree_set_rand.cc compilation failed to produce executable
WARNING: program timed out.
WARNING: program timed out.
WARNING: program timed out.
WARNING: program timed out.
WARNING: program timed out.
WARNING: program timed out.
WARNING: program timed out.
WARNING: program timed out.
WARNING: program timed out.
WARNING: program timed out.
WARNING: program timed out.
WARNING: program timed out.
WARNING: program timed out.
WARNING: program timed out.
WARNING: program timed out.
WARNING: program timed out.
WARNING: program timed out.
WARNING: program timed out.
WARNING: program timed out.
WARNING: program timed out.
WARNING: program timed out.
WARNING: program timed out.
WARNING: program timed out.
WARNING: program timed out.
WARNING: program timed out.
WARNING: program timed out.
WARNING: program timed out.
WARNING: program timed out.
WARNING: program timed out.
WARNING: program timed out.
WARNING: program timed out.
WARNING: program timed out.
WARNING: program timed out.

		=== libstdc++ Summary for unix ===

# of expected passes		9755
# of unexpected failures	34
# of expected failures		66
# of unsupported tests		614

Running target unix/-m32
FAIL: libstdc++-abi/abi_check
FAIL: 20_util/scoped_allocator/1.cc (test for excess errors)
WARNING: 20_util/scoped_allocator/1.cc compilation failed to produce executable
FAIL: 21_strings/basic_string/requirements/exception/propagation_consistent.cc (test for excess errors)
WARNING: 21_strings/basic_string/requirements/exception/propagation_consistent.cc compilation failed to produce executable
FAIL: 22_locale/num_get/get/wchar_t/2.cc (test for excess errors)
FAIL: 23_containers/deque/allocator/copy_assign.cc (test for excess errors)
WARNING: 23_containers/deque/allocator/copy_assign.cc compilation failed to produce executable
FAIL: 23_containers/forward_list/allocator/move_assign.cc (test for excess errors)
WARNING: 23_containers/forward_list/allocator/move_assign.cc compilation failed to produce executable
FAIL: 23_containers/list/allocator/minimal.cc (test for excess errors)
WARNING: 23_containers/list/allocator/minimal.cc compilation failed to produce executable
FAIL: 23_containers/map/modifiers/insert/5.cc (test for excess errors)
FAIL: 23_containers/multimap/requirements/exception/propagation_consistent.cc (test for excess errors)
WARNING: 23_containers/multimap/requirements/exception/propagation_consistent.cc compilation failed to produce executable
FAIL: 23_containers/multiset/debug/invalidation/1.cc (test for excess errors)
WARNING: 23_containers/multiset/debug/invalidation/1.cc compilation failed to produce executable
FAIL: 23_containers/unordered_multimap/modifiers/emplace.cc (test for excess errors)
WARNING: 23_containers/unordered_multimap/modifiers/emplace.cc compilation failed to produce executable
FAIL: 23_containers/unordered_multimap/operations/count.cc (test for excess errors)
WARNING: 23_containers/unordered_multimap/operations/count.cc compilation failed to produce executable
FAIL: 23_containers/unordered_set/erase/24061-set.cc (test for excess errors)
WARNING: 23_containers/unordered_set/erase/24061-set.cc compilation failed to produce executable
FAIL: 23_containers/unordered_set/requirements/exception/basic.cc (test for excess errors)
WARNING: 23_containers/unordered_set/requirements/exception/basic.cc compilation failed to produce executable
FAIL: 23_containers/vector/ext_pointer/types/1.cc (test for excess errors)
WARNING: 23_containers/vector/ext_pointer/types/1.cc compilation failed to produce executable
FAIL: 28_regex/algorithms/regex_match/basic/string_range_00_03.cc (test for excess errors)
WARNING: 28_regex/algorithms/regex_match/basic/string_range_00_03.cc compilation failed to produce executable
FAIL: 28_regex/algorithms/regex_match/ecma/char/anymatcher.cc (test for excess errors)
WARNING: 28_regex/algorithms/regex_match/ecma/char/anymatcher.cc compilation failed to produce executable
FAIL: 28_regex/algorithms/regex_match/ecma/wchar_t/63199.cc (test for excess errors)
WARNING: 28_regex/algorithms/regex_match/ecma/wchar_t/63199.cc compilation failed to produce executable
FAIL: 28_regex/algorithms/regex_match/ecma/wchar_t/anymatcher.cc (test for excess errors)
WARNING: 28_regex/algorithms/regex_match/ecma/wchar_t/anymatcher.cc compilation failed to produce executable
FAIL: 28_regex/algorithms/regex_match/ecma/wchar_t/cjk_match.cc (test for excess errors)
WARNING: 28_regex/algorithms/regex_match/ecma/wchar_t/cjk_match.cc compilation failed to produce executable
FAIL: 28_regex/algorithms/regex_match/ecma/wchar_t/hex.cc (test for excess errors)
WARNING: 28_regex/algorithms/regex_match/ecma/wchar_t/hex.cc compilation failed to produce executable
FAIL: 28_regex/algorithms/regex_match/extended/string_range_02_03.cc (test for excess errors)
WARNING: 28_regex/algorithms/regex_match/extended/string_range_02_03.cc compilation failed to produce executable
FAIL: 28_regex/traits/wchar_t/user_defined.cc (test for excess errors)
WARNING: 28_regex/traits/wchar_t/user_defined.cc compilation failed to produce executable
FAIL: 29_atomics/atomic_integral/operators/integral_conversion.cc (test for excess errors)
WARNING: 29_atomics/atomic_integral/operators/integral_conversion.cc compilation failed to produce executable
FAIL: 30_threads/condition_variable_any/50862.cc (test for excess errors)
WARNING: 30_threads/condition_variable_any/50862.cc compilation failed to produce executable
FAIL: 30_threads/promise/cons/move_assign.cc (test for excess errors)
WARNING: 30_threads/promise/cons/move_assign.cc compilation failed to produce executable
FAIL: ext/pb_ds/regression/tree_set_rand.cc (test for excess errors)
WARNING: ext/pb_ds/regression/tree_set_rand.cc compilation failed to produce executable
FAIL: ext/pb_ds/regression/trie_set_rand.cc (test for excess errors)
WARNING: ext/pb_ds/regression/trie_set_rand.cc compilation failed to produce executable
WARNING: program timed out.
WARNING: program timed out.
WARNING: program timed out.
WARNING: program timed out.
WARNING: program timed out.
WARNING: program timed out.
WARNING: program timed out.
WARNING: program timed out.
WARNING: program timed out.
WARNING: program timed out.
WARNING: program timed out.
WARNING: program timed out.
WARNING: program timed out.
WARNING: program timed out.
WARNING: program timed out.
WARNING: program timed out.
WARNING: program timed out.
WARNING: program timed out.
WARNING: program timed out.
WARNING: program timed out.
WARNING: program timed out.
WARNING: program timed out.
WARNING: program timed out.
WARNING: program timed out.
WARNING: program timed out.
WARNING: program timed out.
WARNING: program timed out.

		=== libstdc++ Summary for unix/-m32 ===

# of expected passes		9768
# of unexpected failures	28
# of expected failures		66
# of unsupported tests		614

		=== libstdc++ Summary ===

# of expected passes		19523
# of unexpected failures	62
# of expected failures		132
# of unsupported tests		1228

Compiler version: 6.0.0 20151107 (experimental) [trunk revision 229910] (GCC) 
Platform: sparcv9-sun-solaris2.12
configure flags: --prefix=/vol/gcc --target=sparcv9-sun-solaris2.12 --enable-objc-gc --with-as=/vol/gcc/bin/sparcv9/gas-2.25 --with-gnu-as --with-gmp-include=/vol/gcc/include --with-gmp-lib=/vol/gcc/lib/sparcv9 --with-mpfr-include=/vol/gcc/include --with-mpfr-lib=/vol/gcc/lib/sparcv9 --with-mpc-include=/vol/gcc/include --with-mpc-lib=/vol/gcc/lib/sparcv9 --enable-languages=all,ada,obj-c++,go --with-isl-include=/vol/gcc/include --with-isl-lib=/vol/gcc/lib/sparcv9 --with-cloog-include=/vol/gcc/include --with-cloog-lib=/vol/gcc/lib/sparcv9 --enable-cloog-backend=isl --build=sparcv9-sun-solaris2.12 --host=sparcv9-sun-solaris2.12
BOOT_CFLAGS=-g -O2



More information about the Gcc-testresults mailing list