Results for 6.0.0 20151109 (experimental) [trunk revision 230050] (GCC) testsuite on x86_64-pc-linux-gnu
H.J. Lu Intel64 -fpic -mcmodel=medium -mcmodel=large
intel64@gnu-5.sc.intel.com
Tue Nov 10 06:14:00 GMT 2015
Native configuration is x86_64-pc-linux-gnu
=== g++ tests ===
Running target unix/-fpic
FAIL: g++.dg/ipa/devirt-40.C -std=gnu++11 scan-tree-dump-not fre2 "\\\\n OBJ_TYPE_REF"
FAIL: g++.dg/ipa/devirt-40.C -std=gnu++14 scan-tree-dump-not fre2 "\\\\n OBJ_TYPE_REF"
FAIL: g++.dg/ipa/devirt-40.C -std=gnu++98 scan-tree-dump-not fre2 "\\\\n OBJ_TYPE_REF"
FAIL: g++.dg/ipa/devirt-42.C -std=gnu++11 scan-ipa-dump-times inline "Discovered a virtual call to a known target" 2
FAIL: g++.dg/ipa/devirt-42.C -std=gnu++11 scan-tree-dump-times optimized "return 2" 3
FAIL: g++.dg/ipa/devirt-42.C -std=gnu++14 scan-ipa-dump-times inline "Discovered a virtual call to a known target" 2
FAIL: g++.dg/ipa/devirt-42.C -std=gnu++14 scan-tree-dump-times optimized "return 2" 3
FAIL: g++.dg/ipa/devirt-42.C -std=gnu++98 scan-ipa-dump-times inline "Discovered a virtual call to a known target" 2
FAIL: g++.dg/ipa/devirt-42.C -std=gnu++98 scan-tree-dump-times optimized "return 2" 3
FAIL: g++.dg/ipa/devirt-c-8.C -std=gnu++11 scan-ipa-dump cp "Discovered a virtual call to a known target.*A::foo"
FAIL: g++.dg/ipa/devirt-c-8.C -std=gnu++11 scan-tree-dump-times optimized "OBJ_TYPE_REF" 0
FAIL: g++.dg/ipa/devirt-c-8.C -std=gnu++14 scan-ipa-dump cp "Discovered a virtual call to a known target.*A::foo"
FAIL: g++.dg/ipa/devirt-c-8.C -std=gnu++14 scan-tree-dump-times optimized "OBJ_TYPE_REF" 0
FAIL: g++.dg/ipa/devirt-c-8.C -std=gnu++98 scan-ipa-dump cp "Discovered a virtual call to a known target.*A::foo"
FAIL: g++.dg/ipa/devirt-c-8.C -std=gnu++98 scan-tree-dump-times optimized "OBJ_TYPE_REF" 0
FAIL: g++.dg/ipa/ipa-icf-3.C -std=gnu++11 scan-ipa-dump icf "Equal symbols: 2"
FAIL: g++.dg/ipa/ipa-icf-3.C -std=gnu++11 scan-ipa-dump icf "Semantic equality hit:.*bar.*->.*foo.*"
FAIL: g++.dg/ipa/ipa-icf-3.C -std=gnu++14 scan-ipa-dump icf "Equal symbols: 2"
FAIL: g++.dg/ipa/ipa-icf-3.C -std=gnu++14 scan-ipa-dump icf "Semantic equality hit:.*bar.*->.*foo.*"
FAIL: g++.dg/ipa/ipa-icf-3.C -std=gnu++98 scan-ipa-dump icf "Equal symbols: 2"
FAIL: g++.dg/ipa/ipa-icf-3.C -std=gnu++98 scan-ipa-dump icf "Semantic equality hit:.*bar.*->.*foo.*"
XPASS: g++.dg/tls/thread_local-order2.C -std=c++11 execution test
XPASS: g++.dg/tls/thread_local-order2.C -std=c++14 execution test
=== g++ Summary for unix/-fpic ===
# of expected passes 98053
# of unexpected failures 21
# of unexpected successes 2
# of expected failures 320
# of unsupported tests 3524
Running target unix/-fpic -mcmodel=medium
FAIL: g++.dg/ipa/devirt-40.C -std=gnu++11 scan-tree-dump-not fre2 "\\\\n OBJ_TYPE_REF"
FAIL: g++.dg/ipa/devirt-40.C -std=gnu++14 scan-tree-dump-not fre2 "\\\\n OBJ_TYPE_REF"
FAIL: g++.dg/ipa/devirt-40.C -std=gnu++98 scan-tree-dump-not fre2 "\\\\n OBJ_TYPE_REF"
FAIL: g++.dg/ipa/devirt-42.C -std=gnu++11 scan-ipa-dump-times inline "Discovered a virtual call to a known target" 2
FAIL: g++.dg/ipa/devirt-42.C -std=gnu++11 scan-tree-dump-times optimized "return 2" 3
FAIL: g++.dg/ipa/devirt-42.C -std=gnu++14 scan-ipa-dump-times inline "Discovered a virtual call to a known target" 2
FAIL: g++.dg/ipa/devirt-42.C -std=gnu++14 scan-tree-dump-times optimized "return 2" 3
FAIL: g++.dg/ipa/devirt-42.C -std=gnu++98 scan-ipa-dump-times inline "Discovered a virtual call to a known target" 2
FAIL: g++.dg/ipa/devirt-42.C -std=gnu++98 scan-tree-dump-times optimized "return 2" 3
FAIL: g++.dg/ipa/devirt-c-8.C -std=gnu++11 scan-ipa-dump cp "Discovered a virtual call to a known target.*A::foo"
FAIL: g++.dg/ipa/devirt-c-8.C -std=gnu++11 scan-tree-dump-times optimized "OBJ_TYPE_REF" 0
FAIL: g++.dg/ipa/devirt-c-8.C -std=gnu++14 scan-ipa-dump cp "Discovered a virtual call to a known target.*A::foo"
FAIL: g++.dg/ipa/devirt-c-8.C -std=gnu++14 scan-tree-dump-times optimized "OBJ_TYPE_REF" 0
FAIL: g++.dg/ipa/devirt-c-8.C -std=gnu++98 scan-ipa-dump cp "Discovered a virtual call to a known target.*A::foo"
FAIL: g++.dg/ipa/devirt-c-8.C -std=gnu++98 scan-tree-dump-times optimized "OBJ_TYPE_REF" 0
FAIL: g++.dg/ipa/ipa-icf-3.C -std=gnu++11 scan-ipa-dump icf "Equal symbols: 2"
FAIL: g++.dg/ipa/ipa-icf-3.C -std=gnu++11 scan-ipa-dump icf "Semantic equality hit:.*bar.*->.*foo.*"
FAIL: g++.dg/ipa/ipa-icf-3.C -std=gnu++14 scan-ipa-dump icf "Equal symbols: 2"
FAIL: g++.dg/ipa/ipa-icf-3.C -std=gnu++14 scan-ipa-dump icf "Semantic equality hit:.*bar.*->.*foo.*"
FAIL: g++.dg/ipa/ipa-icf-3.C -std=gnu++98 scan-ipa-dump icf "Equal symbols: 2"
FAIL: g++.dg/ipa/ipa-icf-3.C -std=gnu++98 scan-ipa-dump icf "Semantic equality hit:.*bar.*->.*foo.*"
XPASS: g++.dg/tls/thread_local-order2.C -std=c++11 execution test
XPASS: g++.dg/tls/thread_local-order2.C -std=c++14 execution test
=== g++ Summary for unix/-fpic -mcmodel=medium ===
# of expected passes 98050
# of unexpected failures 21
# of unexpected successes 2
# of expected failures 320
# of unsupported tests 3527
Running target unix/-mcmodel=medium
FAIL: g++.dg/opt/typeinfo1.C -std=gnu++11 (test for excess errors)
UNRESOLVED: g++.dg/opt/typeinfo1.C -std=gnu++11 compilation failed to produce executable
FAIL: g++.dg/opt/typeinfo1.C -std=gnu++14 (test for excess errors)
UNRESOLVED: g++.dg/opt/typeinfo1.C -std=gnu++14 compilation failed to produce executable
FAIL: g++.dg/opt/typeinfo1.C -std=gnu++98 (test for excess errors)
UNRESOLVED: g++.dg/opt/typeinfo1.C -std=gnu++98 compilation failed to produce executable
FAIL: g++.dg/guality/pr55665.C -O2 line 23 p == 40
FAIL: g++.dg/guality/pr55665.C -O3 -g line 23 p == 40
XPASS: g++.dg/tls/thread_local-order2.C -std=c++11 execution test
XPASS: g++.dg/tls/thread_local-order2.C -std=c++14 execution test
=== g++ Summary for unix/-mcmodel=medium ===
# of expected passes 98161
# of unexpected failures 5
# of unexpected successes 2
# of expected failures 326
# of unresolved testcases 3
# of unsupported tests 3495
=== g++ Summary ===
# of expected passes 294264
# of unexpected failures 47
# of unexpected successes 6
# of expected failures 966
# of unresolved testcases 3
# of unsupported tests 10546
/export/gnu/import/git/gcc-test-intel64/bld/gcc/testsuite/g++/../../xg++ version 6.0.0 20151109 (experimental) [trunk revision 230050] (GCC)
=== gcc tests ===
Running target unix/-fpic
FAIL: gcc.dg/debug/dwarf2/stacked-qualified-types-3.c scan-assembler-times DIE \\\\([^\\n]*\\\\) DW_TAG_(?:const|volatile|atomic|restrict)_type 8
FAIL: gcc.dg/graphite/fuse-1.c scan-tree-dump-times forwprop4 "gimple_simplified to[^\\\\n]*\\\\^ 12" 1
UNRESOLVED: gcc.dg/graphite/fuse-1.c scan-tree-dump-times graphite "ISL AST generated by ISL:.*for (int c0 = 0; c0 <= 99; c0 += 1) {.*S_.*(c0);.*S_.*(c0);.*S_.*(c0);.*}" 1
UNRESOLVED: gcc.dg/graphite/fuse-2.c scan-tree-dump-times graphite "ISL AST generated by ISL:.*for (int c0 = 0; c0 <= 99; c0 += 1) {.*S_.*(c0);.*S_.*(c0);.*S_.*(c0);.*}" 1
XPASS: gcc.dg/guality/example.c -O0 execution test
XPASS: gcc.dg/guality/example.c -O1 execution test
XPASS: gcc.dg/guality/guality.c -O0 execution test
XPASS: gcc.dg/guality/guality.c -O1 execution test
XPASS: gcc.dg/guality/guality.c -O2 execution test
XPASS: gcc.dg/guality/guality.c -O2 -flto -fno-use-linker-plugin -flto-partition=none execution test
XPASS: gcc.dg/guality/guality.c -O2 -flto -fuse-linker-plugin -fno-fat-lto-objects execution test
XPASS: gcc.dg/guality/guality.c -O3 -g execution test
XPASS: gcc.dg/guality/guality.c -Os execution test
XPASS: gcc.dg/guality/inline-params.c -O2 execution test
XPASS: gcc.dg/guality/inline-params.c -O2 -flto -fno-use-linker-plugin -flto-partition=none execution test
XPASS: gcc.dg/guality/inline-params.c -O3 -g execution test
XPASS: gcc.dg/guality/inline-params.c -Os execution test
FAIL: gcc.dg/guality/pr36728-2.c -O1 line 18 *x == (char) 25
FAIL: gcc.dg/guality/pr36728-2.c -O2 line 18 *x == (char) 25
FAIL: gcc.dg/guality/pr36728-2.c -O2 -flto -fno-use-linker-plugin -flto-partition=none line 18 *x == (char) 25
FAIL: gcc.dg/guality/pr36728-2.c -O3 -g line 18 *x == (char) 25
FAIL: gcc.dg/guality/pr36728-2.c -Os line 18 *x == (char) 25
XPASS: gcc.dg/guality/pr41353-1.c -O0 line 28 j == 28 + 37
XPASS: gcc.dg/guality/pr41353-1.c -O1 line 28 j == 28 + 37
XPASS: gcc.dg/guality/pr41353-1.c -O2 line 28 j == 28 + 37
XPASS: gcc.dg/guality/pr41353-1.c -O2 -flto -fno-use-linker-plugin -flto-partition=none line 28 j == 28 + 37
XPASS: gcc.dg/guality/pr41353-1.c -O2 -flto -fuse-linker-plugin -fno-fat-lto-objects line 28 j == 28 + 37
XPASS: gcc.dg/guality/pr41353-1.c -O3 -g line 28 j == 28 + 37
XPASS: gcc.dg/guality/pr41353-1.c -Os line 28 j == 28 + 37
FAIL: gcc.dg/guality/pr41447-1.c -O2 execution test
FAIL: gcc.dg/guality/pr41447-1.c -O2 -flto -fno-use-linker-plugin -flto-partition=none execution test
FAIL: gcc.dg/guality/pr41447-1.c -O3 -g execution test
FAIL: gcc.dg/guality/pr41447-1.c -Os execution test
FAIL: gcc.dg/guality/pr41616-1.c -O2 -flto -fuse-linker-plugin -fno-fat-lto-objects execution test
FAIL: gcc.dg/guality/pr45882.c -O2 -flto -fuse-linker-plugin -fno-fat-lto-objects line 16 d == 112
FAIL: gcc.dg/guality/pr45882.c -O2 -flto -fuse-linker-plugin -fno-fat-lto-objects line 16 e == 142
FAIL: gcc.dg/guality/pr54200.c -Os line 20 z == 3
FAIL: gcc.dg/guality/pr54519-1.c -O2 -flto -fno-use-linker-plugin -flto-partition=none line 20 y == 25
FAIL: gcc.dg/guality/pr54519-1.c -O2 -flto -fno-use-linker-plugin -flto-partition=none line 20 z == 6
FAIL: gcc.dg/guality/pr54519-1.c -O2 -flto -fno-use-linker-plugin -flto-partition=none line 23 y == 117
FAIL: gcc.dg/guality/pr54519-1.c -O2 -flto -fno-use-linker-plugin -flto-partition=none line 23 z == 8
FAIL: gcc.dg/guality/pr54519-2.c -O2 -flto -fno-use-linker-plugin -flto-partition=none line 17 y == 25
FAIL: gcc.dg/guality/pr54519-2.c -O2 -flto -fuse-linker-plugin -fno-fat-lto-objects line 17 y == 25
FAIL: gcc.dg/guality/pr54519-3.c -O2 -flto -fno-use-linker-plugin -flto-partition=none line 20 y == 25
FAIL: gcc.dg/guality/pr54519-3.c -O2 -flto -fno-use-linker-plugin -flto-partition=none line 20 z == 6
FAIL: gcc.dg/guality/pr54519-3.c -O2 -flto -fno-use-linker-plugin -flto-partition=none line 23 y == 117
FAIL: gcc.dg/guality/pr54519-3.c -O2 -flto -fno-use-linker-plugin -flto-partition=none line 23 z == 8
FAIL: gcc.dg/guality/pr54519-3.c -O2 -flto -fuse-linker-plugin -fno-fat-lto-objects line 20 y == 25
FAIL: gcc.dg/guality/pr54519-3.c -O2 -flto -fuse-linker-plugin -fno-fat-lto-objects line 20 z == 6
FAIL: gcc.dg/guality/pr54519-3.c -O2 -flto -fuse-linker-plugin -fno-fat-lto-objects line 23 y == 117
FAIL: gcc.dg/guality/pr54519-3.c -O2 -flto -fuse-linker-plugin -fno-fat-lto-objects line 23 z == 8
FAIL: gcc.dg/guality/pr54519-4.c -O2 -flto -fno-use-linker-plugin -flto-partition=none line 17 y == 25
FAIL: gcc.dg/guality/pr54519-4.c -O2 -flto -fuse-linker-plugin -fno-fat-lto-objects line 17 y == 25
FAIL: gcc.dg/guality/pr54519-5.c -O2 -flto -fno-use-linker-plugin -flto-partition=none line 17 y == 25
FAIL: gcc.dg/guality/pr54519-5.c -O2 -flto -fuse-linker-plugin -fno-fat-lto-objects line 17 y == 25
FAIL: gcc.dg/guality/vla-1.c -O1 line 17 sizeof (a) == 6
FAIL: gcc.dg/guality/vla-1.c -O2 line 17 sizeof (a) == 6
FAIL: gcc.dg/guality/vla-1.c -O2 -flto -fno-use-linker-plugin -flto-partition=none line 17 sizeof (a) == 6
FAIL: gcc.dg/guality/vla-1.c -O2 -flto -fuse-linker-plugin -fno-fat-lto-objects line 17 sizeof (a) == 6
FAIL: gcc.dg/guality/vla-1.c -O3 -g line 17 sizeof (a) == 6
FAIL: gcc.dg/guality/vla-1.c -Os line 17 sizeof (a) == 6
FAIL: gcc.dg/ipa/inline-7.c scan-tree-dump-times einline "Inlining a into m" 1
FAIL: gcc.dg/tree-prof/inliner-1.c scan-tree-dump optimized "cold_function ..;"
FAIL: gcc.dg/tree-ssa/inline-10.c scan-tree-dump-not optimized "do_something \\\\(70\\\\)"
FAIL: gcc.dg/tree-ssa/inline-10.c scan-tree-dump-times optimized "do_something2" 1
FAIL: gcc.dg/tree-ssa/inline-10.c scan-tree-dump-times optimized "do_something3" 1
FAIL: gcc.dg/tree-ssa/inline-8.c scan-tree-dump-times einline "Inlining" 5
FAIL: gcc.dg/tree-ssa/inline-9.c scan-tree-dump-times optimized "q \\\\(15\\\\)" 1
FAIL: gcc.dg/tree-ssa/ipa-split-6.c scan-tree-dump optimized "part"
FAIL: gcc.dg/vect/costmodel/i386/costmodel-vect-31.c scan-tree-dump-times vect "vectorized 4 loops" 1
FAIL: gcc.dg/vect/costmodel/x86_64/costmodel-vect-31.c scan-tree-dump-times vect "vectorized 4 loops" 1
FAIL: gcc.target/i386/avx256-unaligned-load-4.c scan-assembler (avx_loadups256|vmovups[^\\n\\r]*movv8sf_internal)
FAIL: gcc.target/i386/pr61403.c scan-assembler blend
FAIL: gcc.target/i386/sse-13.c (test for excess errors)
FAIL: gcc.target/i386/thunk-retbnd.c scan-tree-dump-times optimized "return &glob," 2
=== gcc Summary for unix/-fpic ===
# of expected passes 115959
# of unexpected failures 53
# of unexpected successes 20
# of expected failures 300
# of unresolved testcases 2
# of unsupported tests 1784
Running target unix/-fpic -mcmodel=medium
FAIL: gcc.dg/debug/dwarf2/stacked-qualified-types-3.c scan-assembler-times DIE \\\\([^\\n]*\\\\) DW_TAG_(?:const|volatile|atomic|restrict)_type 8
FAIL: gcc.dg/ira-shrinkwrap-prep-2.c scan-rtl-dump pro_and_epilogue "Performing shrink-wrapping"
FAIL: gcc.dg/graphite/fuse-1.c scan-tree-dump-times forwprop4 "gimple_simplified to[^\\\\n]*\\\\^ 12" 1
UNRESOLVED: gcc.dg/graphite/fuse-1.c scan-tree-dump-times graphite "ISL AST generated by ISL:.*for (int c0 = 0; c0 <= 99; c0 += 1) {.*S_.*(c0);.*S_.*(c0);.*S_.*(c0);.*}" 1
UNRESOLVED: gcc.dg/graphite/fuse-2.c scan-tree-dump-times graphite "ISL AST generated by ISL:.*for (int c0 = 0; c0 <= 99; c0 += 1) {.*S_.*(c0);.*S_.*(c0);.*S_.*(c0);.*}" 1
XPASS: gcc.dg/guality/example.c -O0 execution test
XPASS: gcc.dg/guality/example.c -O1 execution test
XPASS: gcc.dg/guality/guality.c -O0 execution test
XPASS: gcc.dg/guality/guality.c -O1 execution test
XPASS: gcc.dg/guality/guality.c -O2 execution test
XPASS: gcc.dg/guality/guality.c -O2 -flto -fno-use-linker-plugin -flto-partition=none execution test
XPASS: gcc.dg/guality/guality.c -O2 -flto -fuse-linker-plugin -fno-fat-lto-objects execution test
XPASS: gcc.dg/guality/guality.c -O3 -g execution test
XPASS: gcc.dg/guality/guality.c -Os execution test
XPASS: gcc.dg/guality/inline-params.c -O2 execution test
XPASS: gcc.dg/guality/inline-params.c -O2 -flto -fno-use-linker-plugin -flto-partition=none execution test
XPASS: gcc.dg/guality/inline-params.c -O3 -g execution test
XPASS: gcc.dg/guality/inline-params.c -Os execution test
FAIL: gcc.dg/guality/pr36728-2.c -O1 line 18 *x == (char) 25
FAIL: gcc.dg/guality/pr36728-2.c -O2 line 18 *x == (char) 25
FAIL: gcc.dg/guality/pr36728-2.c -O2 -flto -fno-use-linker-plugin -flto-partition=none line 18 *x == (char) 25
FAIL: gcc.dg/guality/pr36728-2.c -O3 -g line 18 *x == (char) 25
FAIL: gcc.dg/guality/pr36728-2.c -Os line 18 *x == (char) 25
XPASS: gcc.dg/guality/pr41353-1.c -O0 line 28 j == 28 + 37
XPASS: gcc.dg/guality/pr41353-1.c -O1 line 28 j == 28 + 37
XPASS: gcc.dg/guality/pr41353-1.c -O2 line 28 j == 28 + 37
XPASS: gcc.dg/guality/pr41353-1.c -O2 -flto -fno-use-linker-plugin -flto-partition=none line 28 j == 28 + 37
XPASS: gcc.dg/guality/pr41353-1.c -O2 -flto -fuse-linker-plugin -fno-fat-lto-objects line 28 j == 28 + 37
XPASS: gcc.dg/guality/pr41353-1.c -O3 -g line 28 j == 28 + 37
XPASS: gcc.dg/guality/pr41353-1.c -Os line 28 j == 28 + 37
FAIL: gcc.dg/guality/pr41447-1.c -O2 execution test
FAIL: gcc.dg/guality/pr41447-1.c -O2 -flto -fno-use-linker-plugin -flto-partition=none execution test
FAIL: gcc.dg/guality/pr41447-1.c -O3 -g execution test
FAIL: gcc.dg/guality/pr41447-1.c -Os execution test
FAIL: gcc.dg/guality/pr41616-1.c -O2 -flto -fuse-linker-plugin -fno-fat-lto-objects execution test
FAIL: gcc.dg/guality/pr45882.c -O2 -flto -fuse-linker-plugin -fno-fat-lto-objects line 16 d == 112
FAIL: gcc.dg/guality/pr45882.c -O2 -flto -fuse-linker-plugin -fno-fat-lto-objects line 16 e == 142
FAIL: gcc.dg/guality/pr54200.c -Os line 20 z == 3
FAIL: gcc.dg/guality/pr54519-1.c -O2 -flto -fno-use-linker-plugin -flto-partition=none line 20 y == 25
FAIL: gcc.dg/guality/pr54519-1.c -O2 -flto -fno-use-linker-plugin -flto-partition=none line 20 z == 6
FAIL: gcc.dg/guality/pr54519-1.c -O2 -flto -fno-use-linker-plugin -flto-partition=none line 23 y == 117
FAIL: gcc.dg/guality/pr54519-1.c -O2 -flto -fno-use-linker-plugin -flto-partition=none line 23 z == 8
FAIL: gcc.dg/guality/pr54519-2.c -O2 -flto -fno-use-linker-plugin -flto-partition=none line 17 y == 25
FAIL: gcc.dg/guality/pr54519-2.c -O2 -flto -fuse-linker-plugin -fno-fat-lto-objects line 17 y == 25
FAIL: gcc.dg/guality/pr54519-3.c -O2 -flto -fno-use-linker-plugin -flto-partition=none line 20 y == 25
FAIL: gcc.dg/guality/pr54519-3.c -O2 -flto -fno-use-linker-plugin -flto-partition=none line 20 z == 6
FAIL: gcc.dg/guality/pr54519-3.c -O2 -flto -fno-use-linker-plugin -flto-partition=none line 23 y == 117
FAIL: gcc.dg/guality/pr54519-3.c -O2 -flto -fno-use-linker-plugin -flto-partition=none line 23 z == 8
FAIL: gcc.dg/guality/pr54519-3.c -O2 -flto -fuse-linker-plugin -fno-fat-lto-objects line 20 y == 25
FAIL: gcc.dg/guality/pr54519-3.c -O2 -flto -fuse-linker-plugin -fno-fat-lto-objects line 20 z == 6
FAIL: gcc.dg/guality/pr54519-3.c -O2 -flto -fuse-linker-plugin -fno-fat-lto-objects line 23 y == 117
FAIL: gcc.dg/guality/pr54519-3.c -O2 -flto -fuse-linker-plugin -fno-fat-lto-objects line 23 z == 8
FAIL: gcc.dg/guality/pr54519-4.c -O2 -flto -fno-use-linker-plugin -flto-partition=none line 17 y == 25
FAIL: gcc.dg/guality/pr54519-4.c -O2 -flto -fuse-linker-plugin -fno-fat-lto-objects line 17 y == 25
FAIL: gcc.dg/guality/pr54519-5.c -O2 -flto -fno-use-linker-plugin -flto-partition=none line 17 y == 25
FAIL: gcc.dg/guality/pr54519-5.c -O2 -flto -fuse-linker-plugin -fno-fat-lto-objects line 17 y == 25
FAIL: gcc.dg/guality/vla-1.c -O1 line 17 sizeof (a) == 6
FAIL: gcc.dg/guality/vla-1.c -O2 line 17 sizeof (a) == 6
FAIL: gcc.dg/guality/vla-1.c -O2 -flto -fno-use-linker-plugin -flto-partition=none line 17 sizeof (a) == 6
FAIL: gcc.dg/guality/vla-1.c -O2 -flto -fuse-linker-plugin -fno-fat-lto-objects line 17 sizeof (a) == 6
FAIL: gcc.dg/guality/vla-1.c -O3 -g line 17 sizeof (a) == 6
FAIL: gcc.dg/guality/vla-1.c -Os line 17 sizeof (a) == 6
FAIL: gcc.dg/ipa/inline-7.c scan-tree-dump-times einline "Inlining a into m" 1
FAIL: gcc.dg/tree-prof/inliner-1.c scan-tree-dump optimized "cold_function ..;"
FAIL: gcc.dg/tree-ssa/inline-10.c scan-tree-dump-not optimized "do_something \\\\(70\\\\)"
FAIL: gcc.dg/tree-ssa/inline-10.c scan-tree-dump-times optimized "do_something2" 1
FAIL: gcc.dg/tree-ssa/inline-10.c scan-tree-dump-times optimized "do_something3" 1
FAIL: gcc.dg/tree-ssa/inline-8.c scan-tree-dump-times einline "Inlining" 5
FAIL: gcc.dg/tree-ssa/inline-9.c scan-tree-dump-times optimized "q \\\\(15\\\\)" 1
FAIL: gcc.dg/tree-ssa/ipa-split-6.c scan-tree-dump optimized "part"
FAIL: gcc.dg/vect/costmodel/i386/costmodel-vect-31.c scan-tree-dump-times vect "vectorized 4 loops" 1
FAIL: gcc.dg/vect/costmodel/x86_64/costmodel-vect-31.c scan-tree-dump-times vect "vectorized 4 loops" 1
FAIL: gcc.target/i386/avx256-unaligned-load-4.c scan-assembler (avx_loadups256|vmovups[^\\n\\r]*movv8sf_internal)
FAIL: gcc.target/i386/fuse-caller-save-rec.c scan-assembler-not pop
FAIL: gcc.target/i386/fuse-caller-save-rec.c scan-assembler-not push
FAIL: gcc.target/i386/fuse-caller-save-rec.c scan-assembler-times addl\\t%[re]?dx, %[re]?ax 1
FAIL: gcc.target/i386/fuse-caller-save-xmm.c scan-assembler-times addpd\\t%xmm1, %xmm0 1
FAIL: gcc.target/i386/fuse-caller-save-xmm.c scan-assembler-times movapd\\t%xmm0, %xmm1 1
FAIL: gcc.target/i386/fuse-caller-save.c scan-assembler-not pop
FAIL: gcc.target/i386/fuse-caller-save.c scan-assembler-not push
FAIL: gcc.target/i386/pr52146.c (test for excess errors)
UNRESOLVED: gcc.target/i386/pr52146.c scan-assembler-not [,\\\\t ]+-18874240
FAIL: gcc.target/i386/pr52698.c (test for excess errors)
FAIL: gcc.target/i386/pr52857-1.c (test for excess errors)
FAIL: gcc.target/i386/pr52857-2.c (test for excess errors)
FAIL: gcc.target/i386/pr53698.c (test for excess errors)
FAIL: gcc.target/i386/pr54157.c (test for excess errors)
FAIL: gcc.target/i386/pr55049-1.c (test for excess errors)
FAIL: gcc.target/i386/pr55093.c (test for excess errors)
FAIL: gcc.target/i386/pr55116-1.c (test for excess errors)
FAIL: gcc.target/i386/pr55116-2.c (test for excess errors)
FAIL: gcc.target/i386/pr55597.c (test for excess errors)
FAIL: gcc.target/i386/pr61403.c scan-assembler blend
FAIL: gcc.target/i386/pr66470.c (test for excess errors)
FAIL: gcc.target/i386/sse-13.c (test for excess errors)
FAIL: gcc.target/i386/thunk-retbnd.c scan-tree-dump-times optimized "return &glob," 2
=== gcc Summary for unix/-fpic -mcmodel=medium ===
# of expected passes 115922
# of unexpected failures 73
# of unexpected successes 20
# of expected failures 300
# of unresolved testcases 3
# of unsupported tests 1796
Running target unix/-mcmodel=medium
FAIL: gcc.c-torture/compile/pr41634.c -O3 -fomit-frame-pointer -funroll-loops -fpeel-loops -ftracer -finline-functions (test for excess errors)
FAIL: gcc.c-torture/compile/pr46388.c -O1 (test for excess errors)
FAIL: gcc.c-torture/compile/pr46388.c -O2 (test for excess errors)
FAIL: gcc.c-torture/compile/pr46388.c -O2 -flto -fno-use-linker-plugin -flto-partition=none (test for excess errors)
FAIL: gcc.c-torture/compile/pr46388.c -O3 -g (test for excess errors)
FAIL: gcc.c-torture/compile/pr46388.c -Os (test for excess errors)
FAIL: gcc.c-torture/compile/pr53409.c -O2 (test for excess errors)
FAIL: gcc.c-torture/compile/pr53409.c -O2 -flto -fno-use-linker-plugin -flto-partition=none (test for excess errors)
FAIL: gcc.c-torture/compile/pr53409.c -O3 -fomit-frame-pointer -funroll-loops -fpeel-loops -ftracer -finline-functions (test for excess errors)
FAIL: gcc.c-torture/compile/pr53409.c -O3 -g (test for excess errors)
FAIL: gcc.c-torture/execute/builtins/memcpy-chk.c compilation, -O2
FAIL: gcc.c-torture/execute/builtins/memcpy-chk.c compilation, -O2 -flto -fno-use-linker-plugin -flto-partition=none
FAIL: gcc.c-torture/execute/builtins/memcpy-chk.c compilation, -O3 -fomit-frame-pointer -funroll-loops -fpeel-loops -ftracer -finline-functions
FAIL: gcc.c-torture/execute/builtins/memcpy-chk.c compilation, -O3 -g
FAIL: gcc.c-torture/execute/builtins/memcpy-chk.c compilation, -Os
UNRESOLVED: gcc.c-torture/execute/builtins/memcpy-chk.c execution, -O2
UNRESOLVED: gcc.c-torture/execute/builtins/memcpy-chk.c execution, -O2 -flto -fno-use-linker-plugin -flto-partition=none
UNRESOLVED: gcc.c-torture/execute/builtins/memcpy-chk.c execution, -O3 -fomit-frame-pointer -funroll-loops -fpeel-loops -ftracer -finline-functions
UNRESOLVED: gcc.c-torture/execute/builtins/memcpy-chk.c execution, -O3 -g
UNRESOLVED: gcc.c-torture/execute/builtins/memcpy-chk.c execution, -Os
FAIL: gcc.c-torture/execute/builtins/memmove-chk.c compilation, -O2
FAIL: gcc.c-torture/execute/builtins/memmove-chk.c compilation, -O2 -flto -fno-use-linker-plugin -flto-partition=none
FAIL: gcc.c-torture/execute/builtins/memmove-chk.c compilation, -O3 -fomit-frame-pointer -funroll-loops -fpeel-loops -ftracer -finline-functions
FAIL: gcc.c-torture/execute/builtins/memmove-chk.c compilation, -O3 -g
FAIL: gcc.c-torture/execute/builtins/memmove-chk.c compilation, -Os
UNRESOLVED: gcc.c-torture/execute/builtins/memmove-chk.c execution, -O2
UNRESOLVED: gcc.c-torture/execute/builtins/memmove-chk.c execution, -O2 -flto -fno-use-linker-plugin -flto-partition=none
UNRESOLVED: gcc.c-torture/execute/builtins/memmove-chk.c execution, -O3 -fomit-frame-pointer -funroll-loops -fpeel-loops -ftracer -finline-functions
UNRESOLVED: gcc.c-torture/execute/builtins/memmove-chk.c execution, -O3 -g
UNRESOLVED: gcc.c-torture/execute/builtins/memmove-chk.c execution, -Os
FAIL: gcc.c-torture/execute/builtins/mempcpy-chk.c compilation, -O2
FAIL: gcc.c-torture/execute/builtins/mempcpy-chk.c compilation, -O2 -flto -fno-use-linker-plugin -flto-partition=none
FAIL: gcc.c-torture/execute/builtins/mempcpy-chk.c compilation, -O3 -fomit-frame-pointer -funroll-loops -fpeel-loops -ftracer -finline-functions
FAIL: gcc.c-torture/execute/builtins/mempcpy-chk.c compilation, -O3 -g
FAIL: gcc.c-torture/execute/builtins/mempcpy-chk.c compilation, -Os
UNRESOLVED: gcc.c-torture/execute/builtins/mempcpy-chk.c execution, -O2
UNRESOLVED: gcc.c-torture/execute/builtins/mempcpy-chk.c execution, -O2 -flto -fno-use-linker-plugin -flto-partition=none
UNRESOLVED: gcc.c-torture/execute/builtins/mempcpy-chk.c execution, -O3 -fomit-frame-pointer -funroll-loops -fpeel-loops -ftracer -finline-functions
UNRESOLVED: gcc.c-torture/execute/builtins/mempcpy-chk.c execution, -O3 -g
UNRESOLVED: gcc.c-torture/execute/builtins/mempcpy-chk.c execution, -Os
FAIL: gcc.c-torture/execute/builtins/memset-chk.c compilation, -O2
FAIL: gcc.c-torture/execute/builtins/memset-chk.c compilation, -O2 -flto -fno-use-linker-plugin -flto-partition=none
FAIL: gcc.c-torture/execute/builtins/memset-chk.c compilation, -O3 -fomit-frame-pointer -funroll-loops -fpeel-loops -ftracer -finline-functions
FAIL: gcc.c-torture/execute/builtins/memset-chk.c compilation, -O3 -g
FAIL: gcc.c-torture/execute/builtins/memset-chk.c compilation, -Os
UNRESOLVED: gcc.c-torture/execute/builtins/memset-chk.c execution, -O2
UNRESOLVED: gcc.c-torture/execute/builtins/memset-chk.c execution, -O2 -flto -fno-use-linker-plugin -flto-partition=none
UNRESOLVED: gcc.c-torture/execute/builtins/memset-chk.c execution, -O3 -fomit-frame-pointer -funroll-loops -fpeel-loops -ftracer -finline-functions
UNRESOLVED: gcc.c-torture/execute/builtins/memset-chk.c execution, -O3 -g
UNRESOLVED: gcc.c-torture/execute/builtins/memset-chk.c execution, -Os
FAIL: gcc.c-torture/execute/builtins/snprintf-chk.c compilation, -O2
FAIL: gcc.c-torture/execute/builtins/snprintf-chk.c compilation, -O2 -flto -fno-use-linker-plugin -flto-partition=none
FAIL: gcc.c-torture/execute/builtins/snprintf-chk.c compilation, -O3 -fomit-frame-pointer -funroll-loops -fpeel-loops -ftracer -finline-functions
FAIL: gcc.c-torture/execute/builtins/snprintf-chk.c compilation, -O3 -g
FAIL: gcc.c-torture/execute/builtins/snprintf-chk.c compilation, -Os
UNRESOLVED: gcc.c-torture/execute/builtins/snprintf-chk.c execution, -O2
UNRESOLVED: gcc.c-torture/execute/builtins/snprintf-chk.c execution, -O2 -flto -fno-use-linker-plugin -flto-partition=none
UNRESOLVED: gcc.c-torture/execute/builtins/snprintf-chk.c execution, -O3 -fomit-frame-pointer -funroll-loops -fpeel-loops -ftracer -finline-functions
UNRESOLVED: gcc.c-torture/execute/builtins/snprintf-chk.c execution, -O3 -g
UNRESOLVED: gcc.c-torture/execute/builtins/snprintf-chk.c execution, -Os
FAIL: gcc.c-torture/execute/builtins/sprintf-chk.c compilation, -O2
FAIL: gcc.c-torture/execute/builtins/sprintf-chk.c compilation, -O2 -flto -fno-use-linker-plugin -flto-partition=none
FAIL: gcc.c-torture/execute/builtins/sprintf-chk.c compilation, -O3 -fomit-frame-pointer -funroll-loops -fpeel-loops -ftracer -finline-functions
FAIL: gcc.c-torture/execute/builtins/sprintf-chk.c compilation, -O3 -g
FAIL: gcc.c-torture/execute/builtins/sprintf-chk.c compilation, -Os
UNRESOLVED: gcc.c-torture/execute/builtins/sprintf-chk.c execution, -O2
UNRESOLVED: gcc.c-torture/execute/builtins/sprintf-chk.c execution, -O2 -flto -fno-use-linker-plugin -flto-partition=none
UNRESOLVED: gcc.c-torture/execute/builtins/sprintf-chk.c execution, -O3 -fomit-frame-pointer -funroll-loops -fpeel-loops -ftracer -finline-functions
UNRESOLVED: gcc.c-torture/execute/builtins/sprintf-chk.c execution, -O3 -g
UNRESOLVED: gcc.c-torture/execute/builtins/sprintf-chk.c execution, -Os
FAIL: gcc.c-torture/execute/builtins/stpcpy-chk.c compilation, -O2
FAIL: gcc.c-torture/execute/builtins/stpcpy-chk.c compilation, -O2 -flto -fno-use-linker-plugin -flto-partition=none
FAIL: gcc.c-torture/execute/builtins/stpcpy-chk.c compilation, -O3 -fomit-frame-pointer -funroll-loops -fpeel-loops -ftracer -finline-functions
FAIL: gcc.c-torture/execute/builtins/stpcpy-chk.c compilation, -O3 -g
FAIL: gcc.c-torture/execute/builtins/stpcpy-chk.c compilation, -Os
UNRESOLVED: gcc.c-torture/execute/builtins/stpcpy-chk.c execution, -O2
UNRESOLVED: gcc.c-torture/execute/builtins/stpcpy-chk.c execution, -O2 -flto -fno-use-linker-plugin -flto-partition=none
UNRESOLVED: gcc.c-torture/execute/builtins/stpcpy-chk.c execution, -O3 -fomit-frame-pointer -funroll-loops -fpeel-loops -ftracer -finline-functions
UNRESOLVED: gcc.c-torture/execute/builtins/stpcpy-chk.c execution, -O3 -g
UNRESOLVED: gcc.c-torture/execute/builtins/stpcpy-chk.c execution, -Os
FAIL: gcc.c-torture/execute/builtins/stpncpy-chk.c compilation, -O2
FAIL: gcc.c-torture/execute/builtins/stpncpy-chk.c compilation, -O2 -flto -fno-use-linker-plugin -flto-partition=none
FAIL: gcc.c-torture/execute/builtins/stpncpy-chk.c compilation, -O3 -fomit-frame-pointer -funroll-loops -fpeel-loops -ftracer -finline-functions
FAIL: gcc.c-torture/execute/builtins/stpncpy-chk.c compilation, -O3 -g
FAIL: gcc.c-torture/execute/builtins/stpncpy-chk.c compilation, -Os
UNRESOLVED: gcc.c-torture/execute/builtins/stpncpy-chk.c execution, -O2
UNRESOLVED: gcc.c-torture/execute/builtins/stpncpy-chk.c execution, -O2 -flto -fno-use-linker-plugin -flto-partition=none
UNRESOLVED: gcc.c-torture/execute/builtins/stpncpy-chk.c execution, -O3 -fomit-frame-pointer -funroll-loops -fpeel-loops -ftracer -finline-functions
UNRESOLVED: gcc.c-torture/execute/builtins/stpncpy-chk.c execution, -O3 -g
UNRESOLVED: gcc.c-torture/execute/builtins/stpncpy-chk.c execution, -Os
FAIL: gcc.c-torture/execute/builtins/strcat-chk.c compilation, -O2
FAIL: gcc.c-torture/execute/builtins/strcat-chk.c compilation, -O2 -flto -fno-use-linker-plugin -flto-partition=none
FAIL: gcc.c-torture/execute/builtins/strcat-chk.c compilation, -O3 -fomit-frame-pointer -funroll-loops -fpeel-loops -ftracer -finline-functions
FAIL: gcc.c-torture/execute/builtins/strcat-chk.c compilation, -O3 -g
FAIL: gcc.c-torture/execute/builtins/strcat-chk.c compilation, -Os
UNRESOLVED: gcc.c-torture/execute/builtins/strcat-chk.c execution, -O2
UNRESOLVED: gcc.c-torture/execute/builtins/strcat-chk.c execution, -O2 -flto -fno-use-linker-plugin -flto-partition=none
UNRESOLVED: gcc.c-torture/execute/builtins/strcat-chk.c execution, -O3 -fomit-frame-pointer -funroll-loops -fpeel-loops -ftracer -finline-functions
UNRESOLVED: gcc.c-torture/execute/builtins/strcat-chk.c execution, -O3 -g
UNRESOLVED: gcc.c-torture/execute/builtins/strcat-chk.c execution, -Os
FAIL: gcc.c-torture/execute/builtins/strcpy-chk.c compilation, -O2
FAIL: gcc.c-torture/execute/builtins/strcpy-chk.c compilation, -O2 -flto -fno-use-linker-plugin -flto-partition=none
FAIL: gcc.c-torture/execute/builtins/strcpy-chk.c compilation, -O3 -fomit-frame-pointer -funroll-loops -fpeel-loops -ftracer -finline-functions
FAIL: gcc.c-torture/execute/builtins/strcpy-chk.c compilation, -O3 -g
FAIL: gcc.c-torture/execute/builtins/strcpy-chk.c compilation, -Os
UNRESOLVED: gcc.c-torture/execute/builtins/strcpy-chk.c execution, -O2
UNRESOLVED: gcc.c-torture/execute/builtins/strcpy-chk.c execution, -O2 -flto -fno-use-linker-plugin -flto-partition=none
UNRESOLVED: gcc.c-torture/execute/builtins/strcpy-chk.c execution, -O3 -fomit-frame-pointer -funroll-loops -fpeel-loops -ftracer -finline-functions
UNRESOLVED: gcc.c-torture/execute/builtins/strcpy-chk.c execution, -O3 -g
UNRESOLVED: gcc.c-torture/execute/builtins/strcpy-chk.c execution, -Os
FAIL: gcc.c-torture/execute/builtins/strncat-chk.c compilation, -O2
FAIL: gcc.c-torture/execute/builtins/strncat-chk.c compilation, -O2 -flto -fno-use-linker-plugin -flto-partition=none
FAIL: gcc.c-torture/execute/builtins/strncat-chk.c compilation, -O3 -fomit-frame-pointer -funroll-loops -fpeel-loops -ftracer -finline-functions
FAIL: gcc.c-torture/execute/builtins/strncat-chk.c compilation, -O3 -g
FAIL: gcc.c-torture/execute/builtins/strncat-chk.c compilation, -Os
UNRESOLVED: gcc.c-torture/execute/builtins/strncat-chk.c execution, -O2
UNRESOLVED: gcc.c-torture/execute/builtins/strncat-chk.c execution, -O2 -flto -fno-use-linker-plugin -flto-partition=none
UNRESOLVED: gcc.c-torture/execute/builtins/strncat-chk.c execution, -O3 -fomit-frame-pointer -funroll-loops -fpeel-loops -ftracer -finline-functions
UNRESOLVED: gcc.c-torture/execute/builtins/strncat-chk.c execution, -O3 -g
UNRESOLVED: gcc.c-torture/execute/builtins/strncat-chk.c execution, -Os
FAIL: gcc.c-torture/execute/builtins/strncpy-chk.c compilation, -O2
FAIL: gcc.c-torture/execute/builtins/strncpy-chk.c compilation, -O2 -flto -fno-use-linker-plugin -flto-partition=none
FAIL: gcc.c-torture/execute/builtins/strncpy-chk.c compilation, -O3 -fomit-frame-pointer -funroll-loops -fpeel-loops -ftracer -finline-functions
FAIL: gcc.c-torture/execute/builtins/strncpy-chk.c compilation, -O3 -g
FAIL: gcc.c-torture/execute/builtins/strncpy-chk.c compilation, -Os
UNRESOLVED: gcc.c-torture/execute/builtins/strncpy-chk.c execution, -O2
UNRESOLVED: gcc.c-torture/execute/builtins/strncpy-chk.c execution, -O2 -flto -fno-use-linker-plugin -flto-partition=none
UNRESOLVED: gcc.c-torture/execute/builtins/strncpy-chk.c execution, -O3 -fomit-frame-pointer -funroll-loops -fpeel-loops -ftracer -finline-functions
UNRESOLVED: gcc.c-torture/execute/builtins/strncpy-chk.c execution, -O3 -g
UNRESOLVED: gcc.c-torture/execute/builtins/strncpy-chk.c execution, -Os
FAIL: gcc.c-torture/execute/builtins/vsnprintf-chk.c compilation, -O2
FAIL: gcc.c-torture/execute/builtins/vsnprintf-chk.c compilation, -O2 -flto -fno-use-linker-plugin -flto-partition=none
FAIL: gcc.c-torture/execute/builtins/vsnprintf-chk.c compilation, -O3 -fomit-frame-pointer -funroll-loops -fpeel-loops -ftracer -finline-functions
FAIL: gcc.c-torture/execute/builtins/vsnprintf-chk.c compilation, -O3 -g
FAIL: gcc.c-torture/execute/builtins/vsnprintf-chk.c compilation, -Os
UNRESOLVED: gcc.c-torture/execute/builtins/vsnprintf-chk.c execution, -O2
UNRESOLVED: gcc.c-torture/execute/builtins/vsnprintf-chk.c execution, -O2 -flto -fno-use-linker-plugin -flto-partition=none
UNRESOLVED: gcc.c-torture/execute/builtins/vsnprintf-chk.c execution, -O3 -fomit-frame-pointer -funroll-loops -fpeel-loops -ftracer -finline-functions
UNRESOLVED: gcc.c-torture/execute/builtins/vsnprintf-chk.c execution, -O3 -g
UNRESOLVED: gcc.c-torture/execute/builtins/vsnprintf-chk.c execution, -Os
FAIL: gcc.c-torture/execute/builtins/vsprintf-chk.c compilation, -O2
FAIL: gcc.c-torture/execute/builtins/vsprintf-chk.c compilation, -O2 -flto -fno-use-linker-plugin -flto-partition=none
FAIL: gcc.c-torture/execute/builtins/vsprintf-chk.c compilation, -O3 -fomit-frame-pointer -funroll-loops -fpeel-loops -ftracer -finline-functions
FAIL: gcc.c-torture/execute/builtins/vsprintf-chk.c compilation, -O3 -g
FAIL: gcc.c-torture/execute/builtins/vsprintf-chk.c compilation, -Os
UNRESOLVED: gcc.c-torture/execute/builtins/vsprintf-chk.c execution, -O2
UNRESOLVED: gcc.c-torture/execute/builtins/vsprintf-chk.c execution, -O2 -flto -fno-use-linker-plugin -flto-partition=none
UNRESOLVED: gcc.c-torture/execute/builtins/vsprintf-chk.c execution, -O3 -fomit-frame-pointer -funroll-loops -fpeel-loops -ftracer -finline-functions
UNRESOLVED: gcc.c-torture/execute/builtins/vsprintf-chk.c execution, -O3 -g
UNRESOLVED: gcc.c-torture/execute/builtins/vsprintf-chk.c execution, -Os
FAIL: gcc.c-torture/execute/20030811-1.c -O1 (test for excess errors)
UNRESOLVED: gcc.c-torture/execute/20030811-1.c -O1 compilation failed to produce executable
FAIL: gcc.c-torture/execute/20030811-1.c -O2 (test for excess errors)
UNRESOLVED: gcc.c-torture/execute/20030811-1.c -O2 compilation failed to produce executable
FAIL: gcc.c-torture/execute/20030811-1.c -O2 -flto -fno-use-linker-plugin -flto-partition=none (test for excess errors)
UNRESOLVED: gcc.c-torture/execute/20030811-1.c -O2 -flto -fno-use-linker-plugin -flto-partition=none compilation failed to produce executable
FAIL: gcc.c-torture/execute/20030811-1.c -O3 -g (test for excess errors)
UNRESOLVED: gcc.c-torture/execute/20030811-1.c -O3 -g compilation failed to produce executable
FAIL: gcc.c-torture/execute/20030811-1.c -Os (test for excess errors)
UNRESOLVED: gcc.c-torture/execute/20030811-1.c -Os compilation failed to produce executable
FAIL: gcc.dg/debug/dwarf2/stacked-qualified-types-3.c scan-assembler-times DIE \\\\([^\\n]*\\\\) DW_TAG_(?:const|volatile|atomic|restrict)_type 8
FAIL: gcc.dg/graphite/fuse-1.c scan-tree-dump-times forwprop4 "gimple_simplified to[^\\\\n]*\\\\^ 12" 1
UNRESOLVED: gcc.dg/graphite/fuse-1.c scan-tree-dump-times graphite "ISL AST generated by ISL:.*for (int c0 = 0; c0 <= 99; c0 += 1) {.*S_.*(c0);.*S_.*(c0);.*S_.*(c0);.*}" 1
UNRESOLVED: gcc.dg/graphite/fuse-2.c scan-tree-dump-times graphite "ISL AST generated by ISL:.*for (int c0 = 0; c0 <= 99; c0 += 1) {.*S_.*(c0);.*S_.*(c0);.*S_.*(c0);.*}" 1
FAIL: gcc.dg/graphite/interchange-0.c (test for excess errors)
UNRESOLVED: gcc.dg/graphite/interchange-0.c compilation failed to produce executable
FAIL: gcc.dg/graphite/interchange-12.c (test for excess errors)
UNRESOLVED: gcc.dg/graphite/interchange-12.c compilation failed to produce executable
FAIL: gcc.dg/graphite/interchange-5.c (test for excess errors)
UNRESOLVED: gcc.dg/graphite/interchange-5.c compilation failed to produce executable
FAIL: gcc.dg/graphite/uns-interchange-12.c (test for excess errors)
UNRESOLVED: gcc.dg/graphite/uns-interchange-12.c compilation failed to produce executable
XPASS: gcc.dg/guality/example.c -O0 execution test
XPASS: gcc.dg/guality/example.c -O1 execution test
XPASS: gcc.dg/guality/example.c -O2 execution test
XPASS: gcc.dg/guality/example.c -O2 -flto -fno-use-linker-plugin -flto-partition=none execution test
XPASS: gcc.dg/guality/guality.c -O0 execution test
XPASS: gcc.dg/guality/guality.c -O1 execution test
XPASS: gcc.dg/guality/guality.c -O2 execution test
XPASS: gcc.dg/guality/guality.c -O2 -flto -fno-use-linker-plugin -flto-partition=none execution test
XPASS: gcc.dg/guality/guality.c -O2 -flto -fuse-linker-plugin -fno-fat-lto-objects execution test
XPASS: gcc.dg/guality/guality.c -O3 -g execution test
XPASS: gcc.dg/guality/guality.c -Os execution test
XPASS: gcc.dg/guality/inline-params.c -O2 execution test
XPASS: gcc.dg/guality/inline-params.c -O2 -flto -fno-use-linker-plugin -flto-partition=none execution test
XPASS: gcc.dg/guality/inline-params.c -O3 -g execution test
XPASS: gcc.dg/guality/inline-params.c -Os execution test
XPASS: gcc.dg/guality/pr41353-1.c -O0 line 28 j == 28 + 37
XPASS: gcc.dg/guality/pr41353-1.c -O1 line 28 j == 28 + 37
XPASS: gcc.dg/guality/pr41353-1.c -O2 line 28 j == 28 + 37
XPASS: gcc.dg/guality/pr41353-1.c -O2 -flto -fno-use-linker-plugin -flto-partition=none line 28 j == 28 + 37
XPASS: gcc.dg/guality/pr41353-1.c -O2 -flto -fuse-linker-plugin -fno-fat-lto-objects line 28 j == 28 + 37
XPASS: gcc.dg/guality/pr41353-1.c -O3 -g line 28 j == 28 + 37
XPASS: gcc.dg/guality/pr41353-1.c -Os line 28 j == 28 + 37
FAIL: gcc.dg/guality/pr41616-1.c -O2 -flto -fuse-linker-plugin -fno-fat-lto-objects execution test
FAIL: gcc.dg/guality/pr45882.c -O2 -flto -fuse-linker-plugin -fno-fat-lto-objects line 16 d == 112
FAIL: gcc.dg/guality/pr45882.c -O2 -flto -fuse-linker-plugin -fno-fat-lto-objects line 16 e == 142
FAIL: gcc.dg/guality/pr54200.c -Os line 20 z == 3
FAIL: gcc.dg/guality/pr54519-1.c -O2 -flto -fno-use-linker-plugin -flto-partition=none line 20 y == 25
FAIL: gcc.dg/guality/pr54519-1.c -O2 -flto -fno-use-linker-plugin -flto-partition=none line 20 z == 6
FAIL: gcc.dg/guality/pr54519-1.c -O2 -flto -fno-use-linker-plugin -flto-partition=none line 23 y == 117
FAIL: gcc.dg/guality/pr54519-1.c -O2 -flto -fno-use-linker-plugin -flto-partition=none line 23 z == 8
FAIL: gcc.dg/guality/pr54519-2.c -O2 -flto -fno-use-linker-plugin -flto-partition=none line 17 y == 25
FAIL: gcc.dg/guality/pr54519-2.c -O2 -flto -fuse-linker-plugin -fno-fat-lto-objects line 17 y == 25
FAIL: gcc.dg/guality/pr54519-3.c -O2 -flto -fno-use-linker-plugin -flto-partition=none line 20 y == 25
FAIL: gcc.dg/guality/pr54519-3.c -O2 -flto -fno-use-linker-plugin -flto-partition=none line 20 z == 6
FAIL: gcc.dg/guality/pr54519-3.c -O2 -flto -fno-use-linker-plugin -flto-partition=none line 23 y == 117
FAIL: gcc.dg/guality/pr54519-3.c -O2 -flto -fno-use-linker-plugin -flto-partition=none line 23 z == 8
FAIL: gcc.dg/guality/pr54519-3.c -O2 -flto -fuse-linker-plugin -fno-fat-lto-objects line 20 y == 25
FAIL: gcc.dg/guality/pr54519-3.c -O2 -flto -fuse-linker-plugin -fno-fat-lto-objects line 20 z == 6
FAIL: gcc.dg/guality/pr54519-3.c -O2 -flto -fuse-linker-plugin -fno-fat-lto-objects line 23 y == 117
FAIL: gcc.dg/guality/pr54519-3.c -O2 -flto -fuse-linker-plugin -fno-fat-lto-objects line 23 z == 8
FAIL: gcc.dg/guality/pr54519-4.c -O2 -flto -fno-use-linker-plugin -flto-partition=none line 17 y == 25
FAIL: gcc.dg/guality/pr54519-4.c -O2 -flto -fuse-linker-plugin -fno-fat-lto-objects line 17 y == 25
FAIL: gcc.dg/guality/pr54519-5.c -O2 -flto -fno-use-linker-plugin -flto-partition=none line 17 y == 25
FAIL: gcc.dg/guality/pr54519-5.c -O2 -flto -fuse-linker-plugin -fno-fat-lto-objects line 17 y == 25
FAIL: gcc.dg/guality/vla-1.c -O1 line 17 sizeof (a) == 6
FAIL: gcc.dg/guality/vla-1.c -O2 line 17 sizeof (a) == 6
FAIL: gcc.dg/guality/vla-1.c -O2 -flto -fno-use-linker-plugin -flto-partition=none line 17 sizeof (a) == 6
FAIL: gcc.dg/guality/vla-1.c -O2 -flto -fuse-linker-plugin -fno-fat-lto-objects line 17 sizeof (a) == 6
FAIL: gcc.dg/guality/vla-1.c -O3 -g line 17 sizeof (a) == 6
FAIL: gcc.dg/guality/vla-1.c -Os line 17 sizeof (a) == 6
FAIL: gcc.target/i386/387-12.c scan-assembler fld1
FAIL: gcc.target/i386/387-12.c scan-assembler fldz
FAIL: gcc.target/i386/avxfp-1.c scan-assembler vmaxsd
FAIL: gcc.target/i386/avxfp-1.c scan-assembler vminsd
FAIL: gcc.target/i386/avxfp-2.c scan-assembler vmaxsd
FAIL: gcc.target/i386/avxfp-2.c scan-assembler vminsd
FAIL: gcc.target/i386/pr52146.c (test for excess errors)
UNRESOLVED: gcc.target/i386/pr52146.c scan-assembler-not [,\\\\t ]+-18874240
FAIL: gcc.target/i386/pr52698.c (test for excess errors)
FAIL: gcc.target/i386/pr52857-1.c (test for excess errors)
FAIL: gcc.target/i386/pr52857-2.c (test for excess errors)
FAIL: gcc.target/i386/pr53698.c (test for excess errors)
FAIL: gcc.target/i386/pr54157.c (test for excess errors)
FAIL: gcc.target/i386/pr55049-1.c (test for excess errors)
FAIL: gcc.target/i386/pr55093.c (test for excess errors)
FAIL: gcc.target/i386/pr55116-1.c (test for excess errors)
FAIL: gcc.target/i386/pr55116-2.c (test for excess errors)
FAIL: gcc.target/i386/pr55597.c (test for excess errors)
FAIL: gcc.target/i386/pr61403.c scan-assembler blend
FAIL: gcc.target/i386/pr66470.c (test for excess errors)
FAIL: gcc.target/i386/ssefp-1.c scan-assembler maxsd
FAIL: gcc.target/i386/ssefp-1.c scan-assembler minsd
FAIL: gcc.target/i386/ssefp-2.c scan-assembler maxsd
FAIL: gcc.target/i386/ssefp-2.c scan-assembler minsd
=== gcc Summary for unix/-mcmodel=medium ===
# of expected passes 115935
# of unexpected failures 142
# of unexpected successes 22
# of expected failures 298
# of unresolved testcases 82
# of unsupported tests 1751
=== gcc Summary ===
# of expected passes 347816
# of unexpected failures 268
# of unexpected successes 62
# of expected failures 898
# of unresolved testcases 87
# of unsupported tests 5331
/export/gnu/import/git/gcc-test-intel64/bld/gcc/xgcc version 6.0.0 20151109 (experimental) [trunk revision 230050] (GCC)
=== gfortran tests ===
Running target unix/-fpic
FAIL: gfortran.dg/pr48636-2.f90 -O scan-ipa-dump cp "Creating a specialized node of [^\\n\\r]*bar/[0-9]*\\\\."
FAIL: gfortran.dg/pr48636-2.f90 -O scan-ipa-dump-times cp "Aggregate replacements[^=]*=[^=]*=[^=]*=[^=]*=[^=]*=[^=]*=[^=]*=[^=]*=[^=]*=" 2
FAIL: gfortran.dg/pr48636.f90 -O scan-ipa-dump inline "bar[^\\\\n]*inline copy in MAIN"
FAIL: gfortran.dg/pr48636.f90 -O scan-ipa-dump inline "inline hints: loop_iterations"
=== gfortran Summary for unix/-fpic ===
# of expected passes 41133
# of unexpected failures 4
# of expected failures 75
# of unsupported tests 63
Running target unix/-fpic -mcmodel=medium
FAIL: gfortran.dg/pr48636-2.f90 -O scan-ipa-dump cp "Creating a specialized node of [^\\n\\r]*bar/[0-9]*\\\\."
FAIL: gfortran.dg/pr48636-2.f90 -O scan-ipa-dump-times cp "Aggregate replacements[^=]*=[^=]*=[^=]*=[^=]*=[^=]*=[^=]*=[^=]*=[^=]*=[^=]*=" 2
FAIL: gfortran.dg/pr48636.f90 -O scan-ipa-dump inline "bar[^\\\\n]*inline copy in MAIN"
FAIL: gfortran.dg/pr48636.f90 -O scan-ipa-dump inline "inline hints: loop_iterations"
=== gfortran Summary for unix/-fpic -mcmodel=medium ===
# of expected passes 41133
# of unexpected failures 4
# of expected failures 75
# of unsupported tests 63
Running target unix/-mcmodel=medium
FAIL: gfortran.fortran-torture/compile/pr32663.f, -O1
FAIL: gfortran.fortran-torture/compile/pr32663.f, -O2
FAIL: gfortran.fortran-torture/compile/pr32663.f, -O2 -fbounds-check
FAIL: gfortran.fortran-torture/compile/pr32663.f, -O2 -fomit-frame-pointer -finline-functions
FAIL: gfortran.fortran-torture/compile/pr32663.f, -O2 -fomit-frame-pointer -finline-functions -funroll-loops
FAIL: gfortran.fortran-torture/compile/pr32663.f, -O3 -g
FAIL: gfortran.fortran-torture/compile/pr32663.f, -Os
FAIL: gfortran.fortran-torture/compile/pr32663.f, -O2 -ftree-vectorize -msse2
=== gfortran Summary for unix/-mcmodel=medium ===
# of expected passes 41129
# of unexpected failures 8
# of expected failures 75
# of unsupported tests 63
=== gfortran Summary ===
# of expected passes 123395
# of unexpected failures 16
# of expected failures 225
# of unsupported tests 189
/export/gnu/import/git/gcc-test-intel64/bld/gcc/testsuite/gfortran/../../gfortran version 6.0.0 20151109 (experimental) [trunk revision 230050] (GCC)
=== objc tests ===
Running target unix/-fpic
=== objc Summary for unix/-fpic ===
# of expected passes 2766
# of expected failures 6
# of unsupported tests 68
Running target unix/-fpic -mcmodel=medium
=== objc Summary for unix/-fpic -mcmodel=medium ===
# of expected passes 2766
# of expected failures 6
# of unsupported tests 68
Running target unix/-mcmodel=medium
=== objc Summary for unix/-mcmodel=medium ===
# of expected passes 2766
# of expected failures 6
# of unsupported tests 68
=== objc Summary ===
# of expected passes 8298
# of expected failures 18
# of unsupported tests 204
/export/gnu/import/git/gcc-test-intel64/bld/gcc/xgcc version 6.0.0 20151109 (experimental) [trunk revision 230050] (GCC)
=== boehm-gc tests ===
Running target unix/-fpic
=== boehm-gc Summary for unix/-fpic ===
# of expected passes 12
# of unsupported tests 1
Running target unix/-mcmodel=medium
FAIL: boehm-gc.c/gctest.c -O2 (test for excess errors)
UNRESOLVED: boehm-gc.c/gctest.c -O2 compilation failed to produce executable
=== boehm-gc Summary for unix/-mcmodel=medium ===
# of expected passes 10
# of unexpected failures 1
# of unresolved testcases 1
# of unsupported tests 1
Running target unix/-fpic -mcmodel=medium
=== boehm-gc Summary for unix/-fpic -mcmodel=medium ===
# of expected passes 12
# of unsupported tests 1
=== boehm-gc Summary ===
# of expected passes 34
# of unexpected failures 1
# of unresolved testcases 1
# of unsupported tests 3
=== libatomic tests ===
Running target unix/-fpic
=== libatomic Summary for unix/-fpic ===
# of expected passes 54
Running target unix/-mcmodel=medium
=== libatomic Summary for unix/-mcmodel=medium ===
# of expected passes 54
Running target unix/-fpic -mcmodel=medium
=== libatomic Summary for unix/-fpic -mcmodel=medium ===
# of expected passes 54
=== libatomic Summary ===
# of expected passes 162
=== libffi tests ===
Running target unix/-fpic
=== libffi Summary for unix/-fpic ===
# of expected passes 1914
# of unsupported tests 30
Running target unix/-mcmodel=medium
=== libffi Summary for unix/-mcmodel=medium ===
# of expected passes 1914
# of unsupported tests 30
Running target unix/-fpic -mcmodel=medium
=== libffi Summary for unix/-fpic -mcmodel=medium ===
# of expected passes 1914
# of unsupported tests 30
=== libffi Summary ===
# of expected passes 5742
# of unsupported tests 90
=== libgomp tests ===
Running target unix/-fpic
XPASS: libgomp.c/reduction-11.c execution test
XPASS: libgomp.c/reduction-12.c execution test
XPASS: libgomp.c++/reduction-11.C execution test
XPASS: libgomp.c++/reduction-12.C execution test
UNRESOLVED: libgomp.oacc-c/../libgomp.oacc-c-c++-common/loop-red-v-2.c -DACC_DEVICE_TYPE_host=1 -DACC_MEM_SHARED=1 compilation failed to produce executable
UNRESOLVED: libgomp.oacc-c/../libgomp.oacc-c-c++-common/loop-red-w-2.c -DACC_DEVICE_TYPE_host=1 -DACC_MEM_SHARED=1 compilation failed to produce executable
UNRESOLVED: libgomp.oacc-c++/../libgomp.oacc-c-c++-common/loop-red-v-2.c -DACC_DEVICE_TYPE_host=1 -DACC_MEM_SHARED=1 compilation failed to produce executable
UNRESOLVED: libgomp.oacc-c++/../libgomp.oacc-c-c++-common/loop-red-w-2.c -DACC_DEVICE_TYPE_host=1 -DACC_MEM_SHARED=1 compilation failed to produce executable
=== libgomp Summary for unix/-fpic ===
# of expected passes 4548
# of unexpected successes 4
# of expected failures 4
# of unresolved testcases 4
# of unsupported tests 212
Running target unix/-mcmodel=medium
XPASS: libgomp.c/reduction-11.c execution test
XPASS: libgomp.c/reduction-12.c execution test
XPASS: libgomp.c++/reduction-11.C execution test
XPASS: libgomp.c++/reduction-12.C execution test
FAIL: libgomp.graphite/force-parallel-6.c (test for excess errors)
UNRESOLVED: libgomp.graphite/force-parallel-6.c compilation failed to produce executable
FAIL: libgomp.graphite/force-parallel-8.c (test for excess errors)
UNRESOLVED: libgomp.graphite/force-parallel-8.c compilation failed to produce executable
UNRESOLVED: libgomp.oacc-c/../libgomp.oacc-c-c++-common/loop-red-v-2.c -DACC_DEVICE_TYPE_host=1 -DACC_MEM_SHARED=1 compilation failed to produce executable
UNRESOLVED: libgomp.oacc-c/../libgomp.oacc-c-c++-common/loop-red-w-2.c -DACC_DEVICE_TYPE_host=1 -DACC_MEM_SHARED=1 compilation failed to produce executable
UNRESOLVED: libgomp.oacc-c++/../libgomp.oacc-c-c++-common/loop-red-v-2.c -DACC_DEVICE_TYPE_host=1 -DACC_MEM_SHARED=1 compilation failed to produce executable
UNRESOLVED: libgomp.oacc-c++/../libgomp.oacc-c-c++-common/loop-red-w-2.c -DACC_DEVICE_TYPE_host=1 -DACC_MEM_SHARED=1 compilation failed to produce executable
=== libgomp Summary for unix/-mcmodel=medium ===
# of expected passes 4544
# of unexpected failures 2
# of unexpected successes 4
# of expected failures 4
# of unresolved testcases 6
# of unsupported tests 212
Running target unix/-fpic -mcmodel=medium
XPASS: libgomp.c/reduction-11.c execution test
XPASS: libgomp.c/reduction-12.c execution test
XPASS: libgomp.c++/reduction-11.C execution test
XPASS: libgomp.c++/reduction-12.C execution test
UNRESOLVED: libgomp.oacc-c/../libgomp.oacc-c-c++-common/loop-red-v-2.c -DACC_DEVICE_TYPE_host=1 -DACC_MEM_SHARED=1 compilation failed to produce executable
UNRESOLVED: libgomp.oacc-c/../libgomp.oacc-c-c++-common/loop-red-w-2.c -DACC_DEVICE_TYPE_host=1 -DACC_MEM_SHARED=1 compilation failed to produce executable
UNRESOLVED: libgomp.oacc-c++/../libgomp.oacc-c-c++-common/loop-red-v-2.c -DACC_DEVICE_TYPE_host=1 -DACC_MEM_SHARED=1 compilation failed to produce executable
UNRESOLVED: libgomp.oacc-c++/../libgomp.oacc-c-c++-common/loop-red-w-2.c -DACC_DEVICE_TYPE_host=1 -DACC_MEM_SHARED=1 compilation failed to produce executable
=== libgomp Summary for unix/-fpic -mcmodel=medium ===
# of expected passes 4548
# of unexpected successes 4
# of expected failures 4
# of unresolved testcases 4
# of unsupported tests 212
=== libgomp Summary ===
# of expected passes 13640
# of unexpected failures 2
# of unexpected successes 12
# of expected failures 12
# of unresolved testcases 14
# of unsupported tests 636
=== libitm tests ===
Running target unix/-fpic
=== libitm Summary for unix/-fpic ===
# of expected passes 34
# of expected failures 3
# of unsupported tests 1
Running target unix/-mcmodel=medium
=== libitm Summary for unix/-mcmodel=medium ===
# of expected passes 34
# of expected failures 3
# of unsupported tests 1
Running target unix/-fpic -mcmodel=medium
=== libitm Summary for unix/-fpic -mcmodel=medium ===
# of expected passes 34
# of expected failures 3
# of unsupported tests 1
=== libitm Summary ===
# of expected passes 102
# of expected failures 9
# of unsupported tests 3
=== libjava tests ===
Running target unix/-fpic
=== libjava Summary for unix/-fpic ===
# of expected passes 2582
# of expected failures 4
Running target unix/-mcmodel=medium
=== libjava Summary for unix/-mcmodel=medium ===
# of expected passes 2582
# of expected failures 4
Running target unix/-fpic -mcmodel=medium
=== libjava Summary for unix/-fpic -mcmodel=medium ===
# of expected passes 2582
# of expected failures 4
=== libjava Summary ===
# of expected passes 7746
# of expected failures 12
=== libstdc++ tests ===
Running target unix/-fpic
=== libstdc++ Summary for unix/-fpic ===
# of expected passes 11011
# of expected failures 66
# of unsupported tests 233
Running target unix/-fpic -mcmodel=medium
XPASS: 26_numerics/headers/cmath/c_math.cc execution test
=== libstdc++ Summary for unix/-fpic -mcmodel=medium ===
# of expected passes 4888
# of unexpected successes 1
# of expected failures 62
# of unsupported tests 233
Running target unix/-mcmodel=medium
XPASS: 26_numerics/headers/cmath/c_math.cc execution test
=== libstdc++ Summary for unix/-mcmodel=medium ===
# of expected passes 4888
# of unexpected successes 1
# of expected failures 62
# of unsupported tests 233
=== libstdc++ Summary ===
# of expected passes 20787
# of unexpected successes 2
# of expected failures 190
# of unsupported tests 699
Compiler version: 6.0.0 20151109 (experimental) [trunk revision 230050] (GCC)
Platform: x86_64-pc-linux-gnu
configure flags: --prefix=/usr/6.0.0 --enable-clocale=gnu --with-system-zlib --enable-shared --with-demangler-in-ld --enable-libmpx --with-fpmath=sse --enable-languages=c,c++,fortran,java,lto,objc
More information about the Gcc-testresults
mailing list