Results for 6.0.0 20151109 (experimental) [trunk revision 230034] (GCC) testsuite on x86_64-pc-linux-gnu

Intel Automatic Testing System [Intel64 Core AVX2] i64corei7avx2@ecsmtp.ims.intel.com
Tue Nov 10 04:53:00 GMT 2015


LAST_UPDATED: Mon Nov  9 18:10:41 UTC 2015 (revision 230034)

Native configuration is x86_64-pc-linux-gnu

		=== gfortran tests ===


Running target unix
FAIL: gfortran.dg/vect/fast-math-mgrid-resid.f   -O   scan-tree-dump-times pcom "Executing predictive commoning without unrolling" 1
FAIL: gfortran.dg/vect/fast-math-mgrid-resid.f   -O   scan-tree-dump-times pcom "Predictive commoning failed: no suitable chains" 0

		=== gfortran Summary for unix ===

# of expected passes		4050

Running target unix/-m32
FAIL: gfortran.dg/vect/fast-math-mgrid-resid.f   -O   scan-tree-dump-times pcom "Executing predictive commoning without unrolling" 2
FAIL: gfortran.dg/vect/fast-math-mgrid-resid.f   -O   scan-tree-dump-times pcom "Predictive commoning failed: no suitable chains" 0

		=== gfortran Summary for unix/-m32 ===

# of expected passes		4050

		=== gfortran Summary ===

# of expected passes		8100
/export/users1/nightly/gcc.svn/test-intel64corei7avx2/gcc-build-trunk/bld/gcc/testsuite/gfortran/../../gfortran  version 6.0.0 20151109 (experimental) [trunk revision 230034] (GCC) 

		=== g++ tests ===


Running target unix
FAIL: g++.dg/cilk-plus/CK/pr66326.cc  -O1 -fcilkplus (test for excess errors)
UNRESOLVED: g++.dg/cilk-plus/CK/pr66326.cc  -O1 -fcilkplus compilation failed to produce executable
FAIL: g++.dg/cilk-plus/CK/pr66326.cc  -O3 -fcilkplus (test for excess errors)
UNRESOLVED: g++.dg/cilk-plus/CK/pr66326.cc  -O3 -fcilkplus compilation failed to produce executable
FAIL: g++.dg/cilk-plus/CK/pr66326.cc  -g -O2 -fcilkplus (test for excess errors)
UNRESOLVED: g++.dg/cilk-plus/CK/pr66326.cc  -g -O2 -fcilkplus compilation failed to produce executable
FAIL: g++.dg/cilk-plus/CK/pr66326.cc  -g -fcilkplus (test for excess errors)
UNRESOLVED: g++.dg/cilk-plus/CK/pr66326.cc  -g -fcilkplus compilation failed to produce executable
FAIL: g++.dg/guality/pr55665.C   -O2  line 23 p == 40
FAIL: g++.dg/guality/pr55665.C   -O3 -g  line 23 p == 40
XPASS: g++.dg/tls/thread_local-order2.C  -std=c++11 execution test
XPASS: g++.dg/tls/thread_local-order2.C  -std=c++14 execution test
FAIL: g++.dg/vect/slp-pr56812.cc  -std=c++11  scan-tree-dump-times slp1 "basic block vectorized" 1
FAIL: g++.dg/vect/slp-pr56812.cc  -std=c++14  scan-tree-dump-times slp1 "basic block vectorized" 1
FAIL: g++.dg/vect/slp-pr56812.cc  -std=c++98  scan-tree-dump-times slp1 "basic block vectorized" 1

		=== g++ Summary for unix ===

# of expected passes		20204
# of expected failures		61
# of unsupported tests		74

Running target unix/-m32
FAIL: g++.dg/cilk-plus/CK/pr66326.cc  -O1 -fcilkplus (test for excess errors)
UNRESOLVED: g++.dg/cilk-plus/CK/pr66326.cc  -O1 -fcilkplus compilation failed to produce executable
FAIL: g++.dg/cilk-plus/CK/pr66326.cc  -O3 -fcilkplus (test for excess errors)
UNRESOLVED: g++.dg/cilk-plus/CK/pr66326.cc  -O3 -fcilkplus compilation failed to produce executable
FAIL: g++.dg/cilk-plus/CK/pr66326.cc  -g -O2 -fcilkplus (test for excess errors)
UNRESOLVED: g++.dg/cilk-plus/CK/pr66326.cc  -g -O2 -fcilkplus compilation failed to produce executable
FAIL: g++.dg/cilk-plus/CK/pr66326.cc  -g -fcilkplus (test for excess errors)
UNRESOLVED: g++.dg/cilk-plus/CK/pr66326.cc  -g -fcilkplus compilation failed to produce executable
FAIL: g++.dg/guality/pr55665.C   -O2  line 23 p == 40
FAIL: g++.dg/guality/pr55665.C   -O3 -g  line 23 p == 40
XPASS: g++.dg/tls/thread_local-order2.C  -std=c++11 execution test
XPASS: g++.dg/tls/thread_local-order2.C  -std=c++14 execution test
FAIL: g++.dg/vect/slp-pr56812.cc  -std=c++11  scan-tree-dump-times slp1 "basic block vectorized" 1
FAIL: g++.dg/vect/slp-pr56812.cc  -std=c++14  scan-tree-dump-times slp1 "basic block vectorized" 1
FAIL: g++.dg/vect/slp-pr56812.cc  -std=c++98  scan-tree-dump-times slp1 "basic block vectorized" 1

		=== g++ Summary for unix/-m32 ===

# of expected passes		20345
# of expected failures		61
# of unsupported tests		44

		=== g++ Summary ===

# of expected passes		40549
# of expected failures		122
# of unsupported tests		118
/export/users1/nightly/gcc.svn/test-intel64corei7avx2/gcc-build-trunk/bld/gcc/testsuite/g++/../../xg++  version 6.0.0 20151109 (experimental) [trunk revision 230034] (GCC) 

		=== objc tests ===


Running target unix

		=== objc Summary for unix ===

# of expected passes		56

Running target unix/-m32

		=== objc Summary for unix/-m32 ===

# of expected passes		56

		=== objc Summary ===

# of expected passes		112
/export/users1/nightly/gcc.svn/test-intel64corei7avx2/gcc-build-trunk/bld/gcc/xgcc  version 6.0.0 20151109 (experimental) [trunk revision 230034] (GCC) 

		=== boehm-gc tests ===


Running target unix/-m32

		=== boehm-gc Summary for unix/-m32 ===

# of expected passes		4

Running target unix

		=== boehm-gc Summary for unix ===

# of expected passes		4

		=== boehm-gc Summary ===

# of expected passes		24
# of unsupported tests		2
		=== libatomic tests ===


Running target unix/-m32

		=== libatomic Summary for unix/-m32 ===

# of expected passes		44
# of unsupported tests		5

Running target unix

		=== libatomic Summary for unix ===

# of expected passes		54

		=== libatomic Summary ===

# of expected passes		98
# of unsupported tests		5
		=== libffi tests ===


Running target unix/-m32

		=== libffi Summary for unix/-m32 ===

# of expected passes		24

Running target unix

		=== libffi Summary for unix ===

# of expected passes		24

		=== libffi Summary ===

# of expected passes		4353
# of unsupported tests		60
		=== libgomp tests ===


Running target unix/-m32
UNRESOLVED: libgomp.oacc-c/../libgomp.oacc-c-c++-common/loop-red-v-2.c -DACC_DEVICE_TYPE_host=1 -DACC_MEM_SHARED=1 compilation failed to produce executable
UNRESOLVED: libgomp.oacc-c/../libgomp.oacc-c-c++-common/loop-red-w-2.c -DACC_DEVICE_TYPE_host=1 -DACC_MEM_SHARED=1 compilation failed to produce executable
UNRESOLVED: libgomp.oacc-c++/../libgomp.oacc-c-c++-common/loop-red-v-2.c -DACC_DEVICE_TYPE_host=1 -DACC_MEM_SHARED=1 compilation failed to produce executable
UNRESOLVED: libgomp.oacc-c++/../libgomp.oacc-c-c++-common/loop-red-w-2.c -DACC_DEVICE_TYPE_host=1 -DACC_MEM_SHARED=1 compilation failed to produce executable

		=== libgomp Summary for unix/-m32 ===

# of expected passes		493
# of unsupported tests		8

Running target unix
XPASS: libgomp.c/reduction-11.c execution test
XPASS: libgomp.c/reduction-12.c execution test
XPASS: libgomp.c++/reduction-11.C execution test
XPASS: libgomp.c++/reduction-12.C execution test
UNRESOLVED: libgomp.oacc-c/../libgomp.oacc-c-c++-common/loop-red-v-2.c -DACC_DEVICE_TYPE_host=1 -DACC_MEM_SHARED=1 compilation failed to produce executable
UNRESOLVED: libgomp.oacc-c/../libgomp.oacc-c-c++-common/loop-red-w-2.c -DACC_DEVICE_TYPE_host=1 -DACC_MEM_SHARED=1 compilation failed to produce executable
UNRESOLVED: libgomp.oacc-c++/../libgomp.oacc-c-c++-common/loop-red-v-2.c -DACC_DEVICE_TYPE_host=1 -DACC_MEM_SHARED=1 compilation failed to produce executable
UNRESOLVED: libgomp.oacc-c++/../libgomp.oacc-c-c++-common/loop-red-w-2.c -DACC_DEVICE_TYPE_host=1 -DACC_MEM_SHARED=1 compilation failed to produce executable

		=== libgomp Summary for unix ===

# of expected passes		493
# of unsupported tests		8

		=== libgomp Summary ===

# of expected passes		9004
# of unexpected successes	4
# of expected failures		12
# of unresolved testcases	8
# of unsupported tests		424
		=== libitm tests ===


Running target unix/-m32

		=== libitm Summary for unix/-m32 ===

# of expected passes		10
# of expected failures		1
# of unsupported tests		1

Running target unix

		=== libitm Summary for unix ===

# of expected passes		10
# of expected failures		1
# of unsupported tests		1

		=== libitm Summary ===

# of expected passes		64
# of expected failures		6
# of unsupported tests		2
		=== libjava tests ===


Running target unix/-m32

		=== libjava Summary for unix/-m32 ===


Running target unix

		=== libjava Summary for unix ===


		=== libjava Summary ===

# of expected passes		5164
# of expected failures		8
		=== libstdc++ tests ===


Running target unix
XPASS: 26_numerics/headers/cmath/c_math.cc execution test

		=== libstdc++ Summary for unix ===

# of unsupported tests		1

Running target unix/-m32

		=== libstdc++ Summary for unix/-m32 ===

# of unsupported tests		1

		=== libstdc++ Summary ===

# of unsupported tests		2

Compiler version: 6.0.0 20151109 (experimental) [trunk revision 230034] (GCC) 
Platform: x86_64-pc-linux-gnu
configure flags: --with-arch=core-avx2 --with-cpu=core-avx2 --prefix=/usr/local --enable-clocale=gnu --with-system-zlib --enable-shared --with-demangler-in-ld --enable-cloog-backend=isl --with-ppl-include=/opt/gnu/include --with-ppl-lib=/opt/gnu/lib64 --with-cloog-include=/opt/gnu/include --with-cloog-lib=/opt/gnu/lib64 --with-fpmath=sse --enable-languages=c,c++,fortran,java,lto,objc



More information about the Gcc-testresults mailing list