Results for 6.0.0 20151108 (experimental) (GCC) testsuite on arm-none-linux-gnueabi
CodeSourcery Automatic Testing System
gcc@codesourcery.com
Mon Nov 9 12:21:00 GMT 2015
LAST_UPDATED: Sun Nov 8 08:09:09 UTC 2015 (/trunk revision 229946)
Target is arm-none-linux-gnueabi
Host is i686-pc-linux-gnu
=== g++ tests ===
Running target qemu-wheezy
FAIL: g++.dg/init/vbase1.C -std=gnu++98 scan-rtl-dump expand "set [^\\n]*\\n[^\\n]*this[^\\n]*\\n[^\\n]*const_int 0"
FAIL: g++.dg/init/vbase1.C -std=gnu++11 scan-rtl-dump expand "set [^\\n]*\\n[^\\n]*this[^\\n]*\\n[^\\n]*const_int 0"
FAIL: g++.dg/init/vbase1.C -std=gnu++14 scan-rtl-dump expand "set [^\\n]*\\n[^\\n]*this[^\\n]*\\n[^\\n]*const_int 0"
FAIL: g++.dg/tree-ssa/pr61034.C -std=gnu++98 scan-tree-dump-times fre2 "free" 10
FAIL: g++.dg/tree-ssa/pr61034.C -std=gnu++11 scan-tree-dump-times fre2 "free" 10
FAIL: g++.dg/tree-ssa/pr61034.C -std=gnu++14 scan-tree-dump-times fre2 "free" 10
FAIL: g++.dg/warn/Wplacement-new-size.C -std=gnu++98 (test for excess errors)
FAIL: g++.dg/warn/Wplacement-new-size.C -std=gnu++11 (test for excess errors)
FAIL: g++.dg/warn/Wplacement-new-size.C -std=gnu++14 (test for excess errors)
FAIL: g++.dg/lto/pr65276 cp_lto_pr65276_0.o-cp_lto_pr65276_1.o link, -flto -O0 -std=c++11
UNRESOLVED: g++.dg/lto/pr65276 cp_lto_pr65276_0.o-cp_lto_pr65276_1.o execute -flto -O0 -std=c++11
WARNING: lto.exp does not support dg-lto-do compile
FAIL: g++.dg/lto/pr68057 cp_lto_pr68057_0.o-cp_lto_pr68057_1.o execute -O0 -flto -flto-partition=none -fuse-linker-plugin
FAIL: g++.dg/lto/pr68057 cp_lto_pr68057_0.o-cp_lto_pr68057_1.o execute -O2 -flto -flto-partition=none -fuse-linker-plugin -fno-fat-lto-objects
FAIL: g++.dg/lto/pr68057 cp_lto_pr68057_0.o-cp_lto_pr68057_1.o execute -O0 -flto -flto-partition=1to1 -fno-use-linker-plugin
FAIL: g++.dg/lto/pr68057 cp_lto_pr68057_0.o-cp_lto_pr68057_1.o execute -O2 -flto -flto-partition=1to1 -fno-use-linker-plugin
FAIL: g++.dg/lto/pr68057 cp_lto_pr68057_0.o-cp_lto_pr68057_1.o execute -O0 -flto -fuse-linker-plugin -fno-fat-lto-objects
FAIL: g++.dg/lto/pr68057 cp_lto_pr68057_0.o-cp_lto_pr68057_1.o execute -O2 -flto -fuse-linker-plugin
XPASS: g++.dg/tls/thread_local-order2.C -std=c++11 execution test
XPASS: g++.dg/tls/thread_local-order2.C -std=c++14 execution test
FAIL: c-c++-common/ubsan/object-size-1.c -O2 output pattern test, is [1mc-c++-common/ubsan/object-size-1.c:16:15:[1m[31m runtime error: [1m[0m[1mload of address 0x00babf24 with insufficient space for an object of type 'char'[1m[0m
FAIL: c-c++-common/ubsan/object-size-1.c -O2 -flto -fno-use-linker-plugin -flto-partition=none output pattern test, is [1mc-c++-common/ubsan/object-size-1.c:16:15:[1m[31m runtime error: [1m[0m[1mload of address 0x005f9f24 with insufficient space for an object of type 'char'[1m[0m
FAIL: c-c++-common/ubsan/object-size-1.c -O2 -flto -fuse-linker-plugin -fno-fat-lto-objects output pattern test, is [1mc-c++-common/ubsan/object-size-1.c:16:15:[1m[31m runtime error: [1m[0m[1mload of address 0x00097f24 with insufficient space for an object of type 'char'[1m[0m
FAIL: c-c++-common/ubsan/object-size-10.c -O2 output pattern test, is [1mc-c++-common/ubsan/object-size-10.c:19:19:[1m[31m runtime error: [1m[0m[1mindex 128 out of bounds for type 'char [128]'[1m[0m
FAIL: c-c++-common/ubsan/object-size-10.c -O2 -flto -fno-use-linker-plugin -flto-partition=none output pattern test, is [1mc-c++-common/ubsan/object-size-10.c:19:19:[1m[31m runtime error: [1m[0m[1mindex 128 out of bounds for type 'char [128]'[1m[0m
FAIL: c-c++-common/ubsan/object-size-10.c -O2 -flto -fuse-linker-plugin -fno-fat-lto-objects output pattern test, is [1mc-c++-common/ubsan/object-size-10.c:19:19:[1m[31m runtime error: [1m[0m[1mindex 128 out of bounds for type 'char [128]'[1m[0m
FAIL: c-c++-common/ubsan/object-size-4.c -O2 output pattern test, is [1mc-c++-common/ubsan/object-size-4.c:16:13:[1m[31m runtime error: [1m[0m[1mload of address 0x01a04f18 with insufficient space for an object of type 'int'[1m[0m
FAIL: c-c++-common/ubsan/object-size-4.c -O2 -flto -fno-use-linker-plugin -flto-partition=none output pattern test, is [1mc-c++-common/ubsan/object-size-4.c:16:13:[1m[31m runtime error: [1m[0m[1mload of address 0x00a57f18 with insufficient space for an object of type 'int'[1m[0m
FAIL: c-c++-common/ubsan/object-size-4.c -O2 -flto -fuse-linker-plugin -fno-fat-lto-objects output pattern test, is [1mc-c++-common/ubsan/object-size-4.c:16:13:[1m[31m runtime error: [1m[0m[1mload of address 0x01f8df18 with insufficient space for an object of type 'int'[1m[0m
FAIL: c-c++-common/ubsan/object-size-5.c -O2 output pattern test, is [1mc-c++-common/ubsan/object-size-5.c:18:12:[1m[31m runtime error: [1m[0m[1mload of address 0x00f63f24 with insufficient space for an object of type 'char'[1m[0m
FAIL: c-c++-common/ubsan/object-size-5.c -O2 -flto -fno-use-linker-plugin -flto-partition=none output pattern test, is [1mc-c++-common/ubsan/object-size-5.c:18:12:[1m[31m runtime error: [1m[0m[1mload of address 0x00ce2f24 with insufficient space for an object of type 'char'[1m[0m
FAIL: c-c++-common/ubsan/object-size-5.c -O2 -flto -fuse-linker-plugin -fno-fat-lto-objects output pattern test, is [1mc-c++-common/ubsan/object-size-5.c:18:12:[1m[31m runtime error: [1m[0m[1mload of address 0x01b8ff24 with insufficient space for an object of type 'char'[1m[0m
FAIL: c-c++-common/ubsan/object-size-7.c -O2 output pattern test, is [1mc-c++-common/ubsan/object-size-7.c:15:11:[1m[31m runtime error: [1m[0m[1mload of address 0xbec249f8 with insufficient space for an object of type 'struct S'[1m[0m
FAIL: c-c++-common/ubsan/object-size-7.c -O2 -flto -fno-use-linker-plugin -flto-partition=none output pattern test, is [1mc-c++-common/ubsan/object-size-7.c:15:11:[1m[31m runtime error: [1m[0m[1mload of address 0xbec159f8 with insufficient space for an object of type 'struct S'[1m[0m
FAIL: c-c++-common/ubsan/object-size-7.c -O2 -flto -fuse-linker-plugin -fno-fat-lto-objects output pattern test, is [1mc-c++-common/ubsan/object-size-7.c:15:11:[1m[31m runtime error: [1m[0m[1mload of address 0xbe9009f8 with insufficient space for an object of type 'struct S'[1m[0m
FAIL: c-c++-common/ubsan/object-size-8.c -O2 output pattern test, is [1mc-c++-common/ubsan/object-size-8.c:12:13:[1m[31m runtime error: [1m[0m[1mload of address 0x0140cf14 with insufficient space for an object of type 'int'[1m[0m
FAIL: c-c++-common/ubsan/object-size-8.c -O2 -flto -fno-use-linker-plugin -flto-partition=none output pattern test, is [1mc-c++-common/ubsan/object-size-8.c:12:13:[1m[31m runtime error: [1m[0m[1mload of address 0x009aff14 with insufficient space for an object of type 'int'[1m[0m
FAIL: c-c++-common/ubsan/object-size-8.c -O2 -flto -fuse-linker-plugin -fno-fat-lto-objects output pattern test, is [1mc-c++-common/ubsan/object-size-8.c:12:13:[1m[31m runtime error: [1m[0m[1mload of address 0x00e72f14 with insufficient space for an object of type 'int'[1m[0m
FAIL: c-c++-common/ubsan/object-size-9.c -O2 output pattern test, is [1mc-c++-common/ubsan/object-size-9.c:21:11:[1m[31m runtime error: [1m[0m[1mload of address 0xbe82d9e8 with insufficient space for an object of type 'char'[1m[0m
FAIL: c-c++-common/ubsan/object-size-9.c -O2 -flto -fno-use-linker-plugin -flto-partition=none output pattern test, is [1mc-c++-common/ubsan/object-size-9.c:21:11:[1m[31m runtime error: [1m[0m[1mload of address 0xbe8a19e8 with insufficient space for an object of type 'char'[1m[0m
FAIL: c-c++-common/ubsan/object-size-9.c -O2 -flto -fuse-linker-plugin -fno-fat-lto-objects output pattern test, is [1mc-c++-common/ubsan/object-size-9.c:21:11:[1m[31m runtime error: [1m[0m[1mload of address 0xbeba29f0 with insufficient space for an object of type 'char'[1m[0m
FAIL: g++.dg/ubsan/null-1.C -O0 output pattern test, is [1mg++.dg/ubsan/null-1.C:12:13:[1m[31m runtime error: [1m[0m[1mreference binding to null pointer of type 'int'[1m[0m
FAIL: g++.dg/ubsan/null-1.C -O1 output pattern test, is [1mg++.dg/ubsan/null-1.C:12:13:[1m[31m runtime error: [1m[0m[1mreference binding to null pointer of type 'int'[1m[0m
FAIL: g++.dg/ubsan/null-1.C -O2 output pattern test, is [1mg++.dg/ubsan/null-1.C:12:13:[1m[31m runtime error: [1m[0m[1mreference binding to null pointer of type 'int'[1m[0m
FAIL: g++.dg/ubsan/null-1.C -O3 -g output pattern test, is [1mg++.dg/ubsan/null-1.C:12:13:[1m[31m runtime error: [1m[0m[1mreference binding to null pointer of type 'int'[1m[0m
FAIL: g++.dg/ubsan/null-1.C -Os output pattern test, is [1mg++.dg/ubsan/null-1.C:12:13:[1m[31m runtime error: [1m[0m[1mreference binding to null pointer of type 'int'[1m[0m
FAIL: g++.dg/ubsan/null-1.C -O2 -flto -fno-use-linker-plugin -flto-partition=none output pattern test, is [1mg++.dg/ubsan/null-1.C:12:13:[1m[31m runtime error: [1m[0m[1mreference binding to null pointer of type 'int'[1m[0m
FAIL: g++.dg/ubsan/null-1.C -O2 -flto -fuse-linker-plugin -fno-fat-lto-objects output pattern test, is [1mg++.dg/ubsan/null-1.C:12:13:[1m[31m runtime error: [1m[0m[1mreference binding to null pointer of type 'int'[1m[0m
FAIL: g++.dg/ubsan/null-3.C -O0 output pattern test, is [1mg++.dg/ubsan/null-3.C:9:14:[1m[31m runtime error: [1m[0m[1mreference binding to null pointer of type 'int'[1m[0m
FAIL: g++.dg/ubsan/null-3.C -O1 output pattern test, is [1mg++.dg/ubsan/null-3.C:9:14:[1m[31m runtime error: [1m[0m[1mreference binding to null pointer of type 'int'[1m[0m
FAIL: g++.dg/ubsan/null-3.C -O2 output pattern test, is [1mg++.dg/ubsan/null-3.C:9:14:[1m[31m runtime error: [1m[0m[1mreference binding to null pointer of type 'int'[1m[0m
FAIL: g++.dg/ubsan/null-3.C -O3 -g output pattern test, is [1mg++.dg/ubsan/null-3.C:9:14:[1m[31m runtime error: [1m[0m[1mreference binding to null pointer of type 'int'[1m[0m
FAIL: g++.dg/ubsan/null-3.C -Os output pattern test, is [1mg++.dg/ubsan/null-3.C:9:14:[1m[31m runtime error: [1m[0m[1mreference binding to null pointer of type 'int'[1m[0m
FAIL: g++.dg/ubsan/null-3.C -O2 -flto -fno-use-linker-plugin -flto-partition=none output pattern test, is [1mg++.dg/ubsan/null-3.C:9:14:[1m[31m runtime error: [1m[0m[1mreference binding to null pointer of type 'int'[1m[0m
FAIL: g++.dg/ubsan/null-3.C -O2 -flto -fuse-linker-plugin -fno-fat-lto-objects output pattern test, is [1mg++.dg/ubsan/null-3.C:9:14:[1m[31m runtime error: [1m[0m[1mreference binding to null pointer of type 'int'[1m[0m
FAIL: g++.dg/ubsan/static-init-2.C -O0 output pattern test, is [1mg++.dg/ubsan/static-init-2.C:9:20:[1m[31m runtime error: [1m[0m[1mreference binding to null pointer of type 'int'[1m[0m
FAIL: g++.dg/ubsan/static-init-2.C -O1 output pattern test, is [1mg++.dg/ubsan/static-init-2.C:9:20:[1m[31m runtime error: [1m[0m[1mreference binding to null pointer of type 'int'[1m[0m
FAIL: g++.dg/ubsan/static-init-2.C -O2 output pattern test, is [1mg++.dg/ubsan/static-init-2.C:9:20:[1m[31m runtime error: [1m[0m[1mreference binding to null pointer of type 'int'[1m[0m
FAIL: g++.dg/ubsan/static-init-2.C -O3 -g output pattern test, is [1mg++.dg/ubsan/static-init-2.C:9:20:[1m[31m runtime error: [1m[0m[1mreference binding to null pointer of type 'int'[1m[0m
FAIL: g++.dg/ubsan/static-init-2.C -Os output pattern test, is [1mg++.dg/ubsan/static-init-2.C:9:20:[1m[31m runtime error: [1m[0m[1mreference binding to null pointer of type 'int'[1m[0m
FAIL: g++.dg/ubsan/static-init-2.C -O2 -flto -fno-use-linker-plugin -flto-partition=none output pattern test, is [1mg++.dg/ubsan/static-init-2.C:9:20:[1m[31m runtime error: [1m[0m[1mreference binding to null pointer of type 'int'[1m[0m
FAIL: g++.dg/ubsan/static-init-2.C -O2 -flto -fuse-linker-plugin -fno-fat-lto-objects output pattern test, is [1mg++.dg/ubsan/static-init-2.C:9:20:[1m[31m runtime error: [1m[0m[1mreference binding to null pointer of type 'int'[1m[0m
FAIL: g++.dg/ubsan/static-init-3.C -O0 output pattern test, is [1mg++.dg/ubsan/static-init-3.C:11:24:[1m[31m runtime error: [1m[0m[1mreference binding to null pointer of type 'int'[1m[0m
FAIL: g++.dg/ubsan/static-init-3.C -O1 output pattern test, is [1mg++.dg/ubsan/static-init-3.C:11:24:[1m[31m runtime error: [1m[0m[1mreference binding to null pointer of type 'int'[1m[0m
FAIL: g++.dg/ubsan/static-init-3.C -O2 output pattern test, is [1mg++.dg/ubsan/static-init-3.C:11:24:[1m[31m runtime error: [1m[0m[1mreference binding to null pointer of type 'int'[1m[0m
FAIL: g++.dg/ubsan/static-init-3.C -O3 -g output pattern test, is [1mg++.dg/ubsan/static-init-3.C:11:24:[1m[31m runtime error: [1m[0m[1mreference binding to null pointer of type 'int'[1m[0m
FAIL: g++.dg/ubsan/static-init-3.C -Os output pattern test, is [1mg++.dg/ubsan/static-init-3.C:11:24:[1m[31m runtime error: [1m[0m[1mreference binding to null pointer of type 'int'[1m[0m
FAIL: g++.dg/ubsan/static-init-3.C -O2 -flto -fno-use-linker-plugin -flto-partition=none output pattern test, is [1mg++.dg/ubsan/static-init-3.C:11:24:[1m[31m runtime error: [1m[0m[1mreference binding to null pointer of type 'int'[1m[0m
FAIL: g++.dg/ubsan/static-init-3.C -O2 -flto -fuse-linker-plugin -fno-fat-lto-objects output pattern test, is [1mg++.dg/ubsan/static-init-3.C:11:24:[1m[31m runtime error: [1m[0m[1mreference binding to null pointer of type 'int'[1m[0m
FAIL: g++.dg/ubsan/vptr-1.C -O0 output pattern test, is [1mg++.dg/ubsan/vptr-1.C:75:17:[1m[31m runtime error: [1m[0m[1mmember access within address 0x013a4f10 which does not point to an object of type 'T'[1m[0m
FAIL: g++.dg/ubsan/vptr-1.C -O1 output pattern test, is [1mg++.dg/ubsan/vptr-1.C:75:17:[1m[31m runtime error: [1m[0m[1mmember access within address 0x00d9bf10 which does not point to an object of type 'T'[1m[0m
FAIL: g++.dg/ubsan/vptr-1.C -O2 output pattern test, is [1mg++.dg/ubsan/vptr-1.C:75:17:[1m[31m runtime error: [1m[0m[1mmember access within address 0x01773f10 which does not point to an object of type 'T'[1m[0m
FAIL: g++.dg/ubsan/vptr-1.C -O3 -fomit-frame-pointer -funroll-loops -fpeel-loops -ftracer -finline-functions output pattern test, is [1mg++.dg/ubsan/vptr-1.C:75:17:[1m[31m runtime error: [1m[0m[1mmember access within address 0x0063ef10 which does not point to an object of type 'T'[1m[0m
FAIL: g++.dg/ubsan/vptr-1.C -O3 -g output pattern test, is [1mg++.dg/ubsan/vptr-1.C:75:17:[1m[31m runtime error: [1m[0m[1mmember access within address 0x00857f10 which does not point to an object of type 'T'[1m[0m
FAIL: g++.dg/ubsan/vptr-1.C -Os output pattern test, is [1mg++.dg/ubsan/vptr-1.C:75:17:[1m[31m runtime error: [1m[0m[1mmember access within address 0x005e3f10 which does not point to an object of type 'T'[1m[0m
FAIL: g++.dg/ubsan/vptr-1.C -O2 -flto -fno-use-linker-plugin -flto-partition=none output pattern test, is [1mg++.dg/ubsan/vptr-1.C:75:17:[1m[31m runtime error: [1m[0m[1mmember access within address 0x0201bf10 which does not point to an object of type 'T'[1m[0m
FAIL: g++.dg/ubsan/vptr-1.C -O2 -flto -fuse-linker-plugin -fno-fat-lto-objects output pattern test, is [1mg++.dg/ubsan/vptr-1.C:75:17:[1m[31m runtime error: [1m[0m[1mmember access within address 0x00373f10 which does not point to an object of type 'T'[1m[0m
FAIL: g++.dg/ubsan/vptr-2.C -O0 output pattern test, is [1mg++.dg/ubsan/vptr-2.C:75:17:[1m[31m runtime error: [1m[0m[1mmember access within address 0x01a01f10 which does not point to an object of type 'T'[1m[0m
FAIL: g++.dg/ubsan/vptr-2.C -O1 output pattern test, is [1mg++.dg/ubsan/vptr-2.C:75:17:[1m[31m runtime error: [1m[0m[1mmember access within address 0x00851f10 which does not point to an object of type 'T'[1m[0m
FAIL: g++.dg/ubsan/vptr-2.C -O2 output pattern test, is [1mg++.dg/ubsan/vptr-2.C:75:17:[1m[31m runtime error: [1m[0m[1mmember access within address 0x000cdf10 which does not point to an object of type 'T'[1m[0m
FAIL: g++.dg/ubsan/vptr-2.C -O3 -fomit-frame-pointer -funroll-loops -fpeel-loops -ftracer -finline-functions output pattern test, is [1mg++.dg/ubsan/vptr-2.C:75:17:[1m[31m runtime error: [1m[0m[1mmember access within address 0x001f0f10 which does not point to an object of type 'T'[1m[0m
FAIL: g++.dg/ubsan/vptr-2.C -O3 -g output pattern test, is [1mg++.dg/ubsan/vptr-2.C:75:17:[1m[31m runtime error: [1m[0m[1mmember access within address 0x013e2f10 which does not point to an object of type 'T'[1m[0m
FAIL: g++.dg/ubsan/vptr-2.C -Os output pattern test, is [1mg++.dg/ubsan/vptr-2.C:75:17:[1m[31m runtime error: [1m[0m[1mmember access within address 0x01575f10 which does not point to an object of type 'T'[1m[0m
FAIL: g++.dg/ubsan/vptr-2.C -O2 -flto -fno-use-linker-plugin -flto-partition=none output pattern test, is [1mg++.dg/ubsan/vptr-2.C:75:17:[1m[31m runtime error: [1m[0m[1mmember access within address 0x01c66f10 which does not point to an object of type 'T'[1m[0m
FAIL: g++.dg/ubsan/vptr-2.C -O2 -flto -fuse-linker-plugin -fno-fat-lto-objects output pattern test, is [1mg++.dg/ubsan/vptr-2.C:75:17:[1m[31m runtime error: [1m[0m[1mmember access within address 0x00c1ff10 which does not point to an object of type 'T'[1m[0m
FAIL: g++.dg/ubsan/vptr-3.C -O0 output pattern test, is [1mg++.dg/ubsan/vptr-3.C:75:17:[1m[31m runtime error: [1m[0m[1mmember access within address 0x01317f10 which does not point to an object of type 'T'[1m[0m
FAIL: g++.dg/ubsan/vptr-3.C -O1 output pattern test, is [1mg++.dg/ubsan/vptr-3.C:75:17:[1m[31m runtime error: [1m[0m[1mmember access within address 0x0032bf10 which does not point to an object of type 'T'[1m[0m
FAIL: g++.dg/ubsan/vptr-3.C -O2 output pattern test, is [1mg++.dg/ubsan/vptr-3.C:75:17:[1m[31m runtime error: [1m[0m[1mmember access within address 0x01694f10 which does not point to an object of type 'T'[1m[0m
FAIL: g++.dg/ubsan/vptr-3.C -O3 -fomit-frame-pointer -funroll-loops -fpeel-loops -ftracer -finline-functions output pattern test, is [1mg++.dg/ubsan/vptr-3.C:75:17:[1m[31m runtime error: [1m[0m[1mmember access within address 0x0104af10 which does not point to an object of type 'T'[1m[0m
FAIL: g++.dg/ubsan/vptr-3.C -O3 -g output pattern test, is [1mg++.dg/ubsan/vptr-3.C:75:17:[1m[31m runtime error: [1m[0m[1mmember access within address 0x01b9ff10 which does not point to an object of type 'T'[1m[0m
FAIL: g++.dg/ubsan/vptr-3.C -Os output pattern test, is [1mg++.dg/ubsan/vptr-3.C:75:17:[1m[31m runtime error: [1m[0m[1mmember access within address 0x00da2f10 which does not point to an object of type 'T'[1m[0m
FAIL: g++.dg/ubsan/vptr-3.C -O2 -flto -fno-use-linker-plugin -flto-partition=none output pattern test, is [1mg++.dg/ubsan/vptr-3.C:75:17:[1m[31m runtime error: [1m[0m[1mmember access within address 0x01ccff10 which does not point to an object of type 'T'[1m[0m
FAIL: g++.dg/ubsan/vptr-3.C -O2 -flto -fuse-linker-plugin -fno-fat-lto-objects output pattern test, is [1mg++.dg/ubsan/vptr-3.C:75:17:[1m[31m runtime error: [1m[0m[1mmember access within address 0x00a9ff10 which does not point to an object of type 'T'[1m[0m
FAIL: g++.dg/ubsan/vptr-8.C -O0 output pattern test, is [1mg++.dg/ubsan/vptr-8.C:24:13:[1m[31m runtime error: [1m[0m[1mcast to virtual base of address 0xbeb58a00 which does not point to an object of type 'V'[1m[0m
FAIL: g++.dg/ubsan/vptr-8.C -O1 output pattern test, is [1mg++.dg/ubsan/vptr-8.C:24:13:[1m[31m runtime error: [1m[0m[1mcast to virtual base of address 0xbee79a08 which does not point to an object of type 'V'[1m[0m
FAIL: g++.dg/ubsan/vptr-8.C -O2 output pattern test, is [1mg++.dg/ubsan/vptr-8.C:24:13:[1m[31m runtime error: [1m[0m[1mcast to virtual base of address 0xbecb5a00 which does not point to an object of type 'V'[1m[0m
FAIL: g++.dg/ubsan/vptr-8.C -O3 -g output pattern test, is [1mg++.dg/ubsan/vptr-8.C:24:13:[1m[31m runtime error: [1m[0m[1mcast to virtual base of address 0xbe9daa00 which does not point to an object of type 'V'[1m[0m
FAIL: g++.dg/ubsan/vptr-8.C -Os output pattern test, is [1mg++.dg/ubsan/vptr-8.C:24:13:[1m[31m runtime error: [1m[0m[1mcast to virtual base of address 0xbeda0a00 which does not point to an object of type 'V'[1m[0m
FAIL: g++.dg/ubsan/vptr-8.C -O2 -flto -fno-use-linker-plugin -flto-partition=none output pattern test, is [1mg++.dg/ubsan/vptr-8.C:24:13:[1m[31m runtime error: [1m[0m[1mcast to virtual base of address 0xbefeca00 which does not point to an object of type 'V'[1m[0m
FAIL: g++.dg/ubsan/vptr-8.C -O2 -flto -fuse-linker-plugin -fno-fat-lto-objects output pattern test, is [1mg++.dg/ubsan/vptr-8.C:24:13:[1m[31m runtime error: [1m[0m[1mcast to virtual base of address 0xbecbaa18 which does not point to an object of type 'V'[1m[0m
FAIL: g++.dg/ubsan/vptr-9.C -O0 output pattern test, is [1mg++.dg/ubsan/vptr-9.C:14:10:[1m[31m runtime error: [1m[0m[1mcast to virtual base of address 0xbebb69f4 which does not point to an object of type 'T'[1m[0m
FAIL: g++.dg/ubsan/vptr-9.C -O1 output pattern test, is [1mg++.dg/ubsan/vptr-9.C:14:10:[1m[31m runtime error: [1m[0m[1mcast to virtual base of address 0xbe855a0c which does not point to an object of type 'T'[1m[0m
FAIL: g++.dg/ubsan/vptr-9.C -O2 output pattern test, is [1mg++.dg/ubsan/vptr-9.C:14:10:[1m[31m runtime error: [1m[0m[1mcast to virtual base of address 0xbef24a04 which does not point to an object of type 'T'[1m[0m
FAIL: g++.dg/ubsan/vptr-9.C -O3 -g output pattern test, is [1mg++.dg/ubsan/vptr-9.C:14:10:[1m[31m runtime error: [1m[0m[1mcast to virtual base of address 0xbee6aa04 which does not point to an object of type 'T'[1m[0m
FAIL: g++.dg/ubsan/vptr-9.C -Os output pattern test, is [1mg++.dg/ubsan/vptr-9.C:14:10:[1m[31m runtime error: [1m[0m[1mcast to virtual base of address 0xbeebf9fc which does not point to an object of type 'T'[1m[0m
FAIL: g++.dg/ubsan/vptr-9.C -O2 -flto -fno-use-linker-plugin -flto-partition=none output pattern test, is [1mg++.dg/ubsan/vptr-9.C:14:10:[1m[31m runtime error: [1m[0m[1mcast to virtual base of address 0xbe87ea1c which does not point to an object of type 'T'[1m[0m
FAIL: g++.dg/ubsan/vptr-9.C -O2 -flto -fuse-linker-plugin -fno-fat-lto-objects output pattern test, is [1mg++.dg/ubsan/vptr-9.C:14:10:[1m[31m runtime error: [1m[0m[1mcast to virtual base of address 0xbe9fda1c which does not point to an object of type 'T'[1m[0m
=== g++ Summary ===
# of expected passes 89905
# of unexpected failures 103
# of unexpected successes 2
# of expected failures 325
# of unresolved testcases 1
# of unsupported tests 3925
/scratch/gcc/nightly-2015-11-08-mainline/arm-none-linux-gnueabi/obj/test-mainline-0-arm-none-linux-gnueabi/host-i686-pc-linux-gnu/fsf-mainline/bin/arm-none-linux-gnueabi-g++ version 6.0.0 20151108 (experimental) (GCC)
=== Summary adjusted for local xfails ===
# of unexpected failures 103
# of expected passes 89905
# of unexpected successes 2
# of expected failures 325
# of unresolved testcases 1
# of unsupported tests 3925
Host is i686-pc-linux-gnu
=== gcc tests ===
Running target qemu-wheezy
FAIL: gcc.dg/debug/dwarf2/stacked-qualified-types-3.c scan-assembler-times DIE \\\\([^\\n]*\\\\) DW_TAG_(?:const|volatile|atomic|restrict)_type 8
UNRESOLVED: gcc.dg/graphite/fuse-1.c scan-tree-dump-times graphite "ISL AST generated by ISL:.*for (int c0 = 0; c0 <= 99; c0 += 1) {.*S_.*(c0);.*S_.*(c0);.*S_.*(c0);.*}" 1
UNRESOLVED: gcc.dg/graphite/fuse-2.c scan-tree-dump-times graphite "ISL AST generated by ISL:.*for (int c0 = 0; c0 <= 99; c0 += 1) {.*S_.*(c0);.*S_.*(c0);.*S_.*(c0);.*}" 1
FAIL: gcc.dg/tree-prof/cold_partition_label.c scan-assembler foo[._]+cold[._]+0
FAIL: gcc.dg/tree-prof/cold_partition_label.c scan-assembler size[ \\ta-zA-Z0-0]+foo[._]+cold[._]+0
FAIL: gcc.dg/tree-ssa/ssa-dom-cse-2.c scan-tree-dump optimized "return 28;"
FAIL: c-c++-common/ubsan/object-size-1.c -O2 output pattern test, is [1mc-c++-common/ubsan/object-size-1.c:16:7:[1m[31m runtime error: [1m[0m[1mload of address 0x00667f24 with insufficient space for an object of type 'char'[1m[0m
FAIL: c-c++-common/ubsan/object-size-1.c -O2 -flto -fno-use-linker-plugin -flto-partition=none output pattern test, is [1mc-c++-common/ubsan/object-size-1.c:16:7:[1m[31m runtime error: [1m[0m[1mload of address 0x00f8ef24 with insufficient space for an object of type 'char'[1m[0m
FAIL: c-c++-common/ubsan/object-size-1.c -O2 -flto -fuse-linker-plugin -fno-fat-lto-objects output pattern test, is [1mc-c++-common/ubsan/object-size-1.c:16:7:[1m[31m runtime error: [1m[0m[1mload of address 0x01e88f24 with insufficient space for an object of type 'char'[1m[0m
FAIL: c-c++-common/ubsan/object-size-10.c -O2 output pattern test, is [1mc-c++-common/ubsan/object-size-10.c:19:11:[1m[31m runtime error: [1m[0m[1mindex 128 out of bounds for type 'char [128]'[1m[0m
FAIL: c-c++-common/ubsan/object-size-10.c -O2 -flto -fno-use-linker-plugin -flto-partition=none output pattern test, is [1mc-c++-common/ubsan/object-size-10.c:19:11:[1m[31m runtime error: [1m[0m[1mindex 128 out of bounds for type 'char [128]'[1m[0m
FAIL: c-c++-common/ubsan/object-size-10.c -O2 -flto -fuse-linker-plugin -fno-fat-lto-objects output pattern test, is [1mc-c++-common/ubsan/object-size-10.c:19:11:[1m[31m runtime error: [1m[0m[1mindex 128 out of bounds for type 'char [128]'[1m[0m
FAIL: c-c++-common/ubsan/object-size-4.c -O2 output pattern test, is [1mc-c++-common/ubsan/object-size-4.c:16:11:[1m[31m runtime error: [1m[0m[1mload of address 0x01cfef18 with insufficient space for an object of type 'int'[1m[0m
FAIL: c-c++-common/ubsan/object-size-4.c -O2 -flto -fno-use-linker-plugin -flto-partition=none output pattern test, is [1mc-c++-common/ubsan/object-size-4.c:16:11:[1m[31m runtime error: [1m[0m[1mload of address 0x01b12f18 with insufficient space for an object of type 'int'[1m[0m
FAIL: c-c++-common/ubsan/object-size-4.c -O2 -flto -fuse-linker-plugin -fno-fat-lto-objects output pattern test, is [1mc-c++-common/ubsan/object-size-4.c:16:11:[1m[31m runtime error: [1m[0m[1mload of address 0x002f4f18 with insufficient space for an object of type 'int'[1m[0m
FAIL: c-c++-common/ubsan/object-size-5.c -O2 output pattern test, is [1mc-c++-common/ubsan/object-size-5.c:18:10:[1m[31m runtime error: [1m[0m[1mload of address 0x01cc6f24 with insufficient space for an object of type 'char'[1m[0m
FAIL: c-c++-common/ubsan/object-size-5.c -O2 -flto -fno-use-linker-plugin -flto-partition=none output pattern test, is [1mc-c++-common/ubsan/object-size-5.c:18:10:[1m[31m runtime error: [1m[0m[1mload of address 0x01bb5f24 with insufficient space for an object of type 'char'[1m[0m
FAIL: c-c++-common/ubsan/object-size-5.c -O2 -flto -fuse-linker-plugin -fno-fat-lto-objects output pattern test, is [1mc-c++-common/ubsan/object-size-5.c:18:10:[1m[31m runtime error: [1m[0m[1mload of address 0x00bfff24 with insufficient space for an object of type 'char'[1m[0m
FAIL: c-c++-common/ubsan/object-size-7.c -O2 output pattern test, is [1mc-c++-common/ubsan/object-size-7.c:15:5:[1m[31m runtime error: [1m[0m[1mload of address 0xbe88f9f8 with insufficient space for an object of type 'struct S'[1m[0m
FAIL: c-c++-common/ubsan/object-size-7.c -O2 -flto -fno-use-linker-plugin -flto-partition=none output pattern test, is [1mc-c++-common/ubsan/object-size-7.c:15:5:[1m[31m runtime error: [1m[0m[1mload of address 0xbeb389f8 with insufficient space for an object of type 'struct S'[1m[0m
FAIL: c-c++-common/ubsan/object-size-7.c -O2 -flto -fuse-linker-plugin -fno-fat-lto-objects output pattern test, is [1mc-c++-common/ubsan/object-size-7.c:15:5:[1m[31m runtime error: [1m[0m[1mload of address 0xbebbc9f8 with insufficient space for an object of type 'struct S'[1m[0m
FAIL: c-c++-common/ubsan/object-size-8.c -O2 output pattern test, is [1mc-c++-common/ubsan/object-size-8.c:12:10:[1m[31m runtime error: [1m[0m[1mload of address 0x00dc1f14 with insufficient space for an object of type 'int'[1m[0m
FAIL: c-c++-common/ubsan/object-size-8.c -O2 -flto -fno-use-linker-plugin -flto-partition=none output pattern test, is [1mc-c++-common/ubsan/object-size-8.c:12:10:[1m[31m runtime error: [1m[0m[1mload of address 0x007b8f14 with insufficient space for an object of type 'int'[1m[0m
FAIL: c-c++-common/ubsan/object-size-8.c -O2 -flto -fuse-linker-plugin -fno-fat-lto-objects output pattern test, is [1mc-c++-common/ubsan/object-size-8.c:12:10:[1m[31m runtime error: [1m[0m[1mload of address 0x01d6af14 with insufficient space for an object of type 'int'[1m[0m
FAIL: c-c++-common/ubsan/object-size-9.c -O2 output pattern test, is [1mc-c++-common/ubsan/object-size-9.c:21:10:[1m[31m runtime error: [1m[0m[1mload of address 0xbec66a00 with insufficient space for an object of type 'char'[1m[0m
FAIL: c-c++-common/ubsan/object-size-9.c -O2 -flto -fno-use-linker-plugin -flto-partition=none output pattern test, is [1mc-c++-common/ubsan/object-size-9.c:21:10:[1m[31m runtime error: [1m[0m[1mload of address 0xbea0ba00 with insufficient space for an object of type 'char'[1m[0m
FAIL: c-c++-common/ubsan/object-size-9.c -O2 -flto -fuse-linker-plugin -fno-fat-lto-objects output pattern test, is [1mc-c++-common/ubsan/object-size-9.c:21:10:[1m[31m runtime error: [1m[0m[1mload of address 0xbeab3a00 with insufficient space for an object of type 'char'[1m[0m
FAIL: gcc.dg/ubsan/object-size-9.c -O2 output pattern test, is [1mgcc.dg/ubsan/object-size-9.c:11:13:[1m[31m runtime error: [1m[0m[1mload of address 0x00020a5a with insufficient space for an object of type 'char'[1m[0m
FAIL: gcc.dg/ubsan/object-size-9.c -O2 -flto -fno-use-linker-plugin -flto-partition=none output pattern test, is [1mgcc.dg/ubsan/object-size-9.c:11:13:[1m[31m runtime error: [1m[0m[1mload of address 0x00020a5a with insufficient space for an object of type 'char'[1m[0m
FAIL: gcc.dg/ubsan/object-size-9.c -O2 -flto -fuse-linker-plugin -fno-fat-lto-objects output pattern test, is [1mgcc.dg/ubsan/object-size-9.c:11:13:[1m[31m runtime error: [1m[0m[1mload of address 0x00020a16 with insufficient space for an object of type 'char'[1m[0m
FAIL: compiler driver --help=c++ option(s): "^ +-.*[^:.]\$" absent from output: " -Wplacement-new Warn for placement new expressions with undefined behavior"
FAIL: compiler driver --help=warnings option(s): "^ +-.*[^:.]\$" absent from output: " -Wplacement-new Warn for placement new expressions with undefined behavior"
FAIL: gcc.target/arm/bics_4.c scan-assembler-times bics\\tr[0-9]+, r[0-9]+, r[0-9]+ 2
FAIL: gcc.target/arm/builtin-bswap-1.c scan-assembler-times revshne\\\\t 1
FAIL: gcc.target/arm/builtin-bswap-1.c scan-assembler-times rev16ne\\\\t 1
FAIL: gcc.target/arm/memcpy-aligned-1.c scan-assembler-times str\\t 1
FAIL: gcc.target/arm/memcpy-aligned-1.c scan-assembler-not ldr\\t
FAIL: gcc.target/arm/mmx-1.c scan-assembler ldmfd[ \\t]sp!.*ip,[ ]*pc
FAIL: gcc.target/arm/neon-vfma-1.c scan-assembler vfma\\\\.f32[\\t]+[dDqQ]
FAIL: gcc.target/arm/neon-vfms-1.c scan-assembler vfms\\\\.f32[\\t]+[dDqQ]
FAIL: gcc.target/arm/pr42575.c scan-assembler-not mov
FAIL: gcc.target/arm/pr45701-1.c scan-assembler push\\t{r3
FAIL: gcc.target/arm/reg_equal_test.c scan-rtl-dump expand "expr_list:REG_EQUAL \\\\(const_int -942519458"
FAIL: gcc.target/arm/thumb-ltu.c scan-assembler-not uxtb
=== gcc Summary ===
# of expected passes 86248
# of unexpected failures 42
# of expected failures 123
# of unresolved testcases 2
# of unsupported tests 3854
/scratch/gcc/nightly-2015-11-08-mainline/arm-none-linux-gnueabi/obj/test-mainline-0-arm-none-linux-gnueabi/host-i686-pc-linux-gnu/fsf-mainline/bin/arm-none-linux-gnueabi-gcc version 6.0.0 20151108 (experimental) (GCC)
=== Summary adjusted for local xfails ===
# of unexpected failures 42
# of expected passes 86248
# of expected failures 123
# of unresolved testcases 2
# of unsupported tests 3854
Host is i686-pc-linux-gnu
=== gfortran tests ===
Running target qemu-wheezy
FAIL: gfortran.dg/ieee/ieee_1.F90 -O0 execution test
FAIL: gfortran.dg/ieee/ieee_1.F90 -O1 execution test
FAIL: gfortran.dg/ieee/ieee_1.F90 -O2 execution test
FAIL: gfortran.dg/ieee/ieee_1.F90 -O3 -fomit-frame-pointer -funroll-loops -fpeel-loops -ftracer -finline-functions execution test
FAIL: gfortran.dg/ieee/ieee_1.F90 -O3 -g execution test
FAIL: gfortran.dg/ieee/ieee_1.F90 -Os execution test
FAIL: gfortran.dg/ieee/ieee_2.f90 -O0 execution test
FAIL: gfortran.dg/ieee/ieee_2.f90 -O1 execution test
FAIL: gfortran.dg/ieee/ieee_2.f90 -O2 execution test
FAIL: gfortran.dg/ieee/ieee_2.f90 -O3 -fomit-frame-pointer -funroll-loops -fpeel-loops -ftracer -finline-functions execution test
FAIL: gfortran.dg/ieee/ieee_2.f90 -O3 -g execution test
FAIL: gfortran.dg/ieee/ieee_2.f90 -Os execution test
FAIL: gfortran.dg/ieee/ieee_6.f90 -O0 execution test
FAIL: gfortran.dg/ieee/ieee_6.f90 -O1 execution test
FAIL: gfortran.dg/ieee/ieee_6.f90 -O2 execution test
FAIL: gfortran.dg/ieee/ieee_6.f90 -O3 -fomit-frame-pointer -funroll-loops -fpeel-loops -ftracer -finline-functions execution test
FAIL: gfortran.dg/ieee/ieee_6.f90 -O3 -g execution test
FAIL: gfortran.dg/ieee/ieee_6.f90 -Os execution test
FAIL: gfortran.dg/ieee/large_2.f90 -O0 execution test
FAIL: gfortran.dg/ieee/large_2.f90 -O1 execution test
FAIL: gfortran.dg/ieee/large_2.f90 -O2 execution test
FAIL: gfortran.dg/ieee/large_2.f90 -O3 -fomit-frame-pointer -funroll-loops -fpeel-loops -ftracer -finline-functions execution test
FAIL: gfortran.dg/ieee/large_2.f90 -O3 -g execution test
FAIL: gfortran.dg/ieee/large_2.f90 -Os execution test
FAIL: gfortran.dg/ieee/large_3.F90 -O0 execution test
FAIL: gfortran.dg/ieee/large_3.F90 -O1 execution test
FAIL: gfortran.dg/ieee/large_3.F90 -O2 execution test
FAIL: gfortran.dg/ieee/large_3.F90 -O3 -fomit-frame-pointer -funroll-loops -fpeel-loops -ftracer -finline-functions execution test
FAIL: gfortran.dg/ieee/large_3.F90 -O3 -g execution test
FAIL: gfortran.dg/ieee/large_3.F90 -Os execution test
FAIL: gfortran.dg/ieee/rounding_1.f90 -O0 execution test
FAIL: gfortran.dg/ieee/rounding_1.f90 -O1 execution test
FAIL: gfortran.dg/ieee/rounding_1.f90 -O2 execution test
FAIL: gfortran.dg/ieee/rounding_1.f90 -O3 -fomit-frame-pointer -funroll-loops -fpeel-loops -ftracer -finline-functions execution test
FAIL: gfortran.dg/ieee/rounding_1.f90 -O3 -g execution test
FAIL: gfortran.dg/ieee/rounding_1.f90 -Os execution test
=== gfortran Summary ===
# of expected passes 39896
# of unexpected failures 36
# of expected failures 75
# of unsupported tests 320
/scratch/gcc/nightly-2015-11-08-mainline/arm-none-linux-gnueabi/obj/test-mainline-0-arm-none-linux-gnueabi/host-i686-pc-linux-gnu/fsf-mainline/bin/arm-none-linux-gnueabi-gfortran version 6.0.0 20151108 (experimental) (GCC)
=== Summary adjusted for local xfails ===
# of unexpected failures 36
# of expected passes 39896
# of expected failures 75
# of unsupported tests 320
Host is i686-pc-linux-gnu
=== libatomic tests ===
Running target qemu-wheezy
=== libatomic Summary ===
# of expected passes 44
# of unsupported tests 5
=== Summary adjusted for local xfails ===
# of expected passes 44
# of unsupported tests 5
Host is i686-pc-linux-gnu
=== libgomp tests ===
Running target qemu-wheezy
FAIL: libgomp.c++/target-6.C execution test
WARNING: program timed out.
FAIL: libgomp.fortran/strassen.f90 -O execution test
FAIL: libgomp.graphite/force-parallel-7.c execution test
UNRESOLVED: libgomp.oacc-c/../libgomp.oacc-c-c++-common/loop-red-v-2.c -DACC_DEVICE_TYPE_host=1 -DACC_MEM_SHARED=1 compilation failed to produce executable
UNRESOLVED: libgomp.oacc-c/../libgomp.oacc-c-c++-common/loop-red-w-2.c -DACC_DEVICE_TYPE_host=1 -DACC_MEM_SHARED=1 compilation failed to produce executable
UNRESOLVED: libgomp.oacc-c++/../libgomp.oacc-c-c++-common/loop-red-v-2.c -DACC_DEVICE_TYPE_host=1 -DACC_MEM_SHARED=1 compilation failed to produce executable
UNRESOLVED: libgomp.oacc-c++/../libgomp.oacc-c-c++-common/loop-red-w-2.c -DACC_DEVICE_TYPE_host=1 -DACC_MEM_SHARED=1 compilation failed to produce executable
=== libgomp Summary ===
# of expected passes 4394
# of unexpected failures 3
# of expected failures 8
# of unresolved testcases 4
# of unsupported tests 320
=== Summary adjusted for local xfails ===
# of unexpected failures 3
# of expected passes 4394
# of expected failures 8
# of unresolved testcases 4
# of unsupported tests 320
Host is i686-pc-linux-gnu
=== libitm tests ===
Running target qemu-wheezy
=== libitm Summary ===
# of expected passes 32
# of expected failures 3
# of unsupported tests 1
=== Summary adjusted for local xfails ===
# of expected passes 32
# of expected failures 3
# of unsupported tests 1
Host is i686-pc-linux-gnu
=== libstdc++ tests ===
Running target qemu-wheezy
FAIL: 22_locale/messages/13631.cc execution test
FAIL: 22_locale/messages/members/char/1.cc execution test
FAIL: 22_locale/messages/members/char/2.cc execution test
FAIL: 22_locale/messages/members/char/wrapped_locale.cc execution test
FAIL: 22_locale/messages_byname/named_equivalence.cc execution test
FAIL: 25_algorithms/remove/requirements/explicit_instantiation/2.cc (test for excess errors)
=== libstdc++ Summary ===
# of expected passes 10305
# of unexpected failures 6
# of expected failures 66
# of unsupported tests 378
=== Summary adjusted for local xfails ===
# of unexpected failures 6
# of expected passes 10305
# of expected failures 66
# of unsupported tests 378
Host is i686-pc-linux-gnu
=== g++ tests ===
Running target qemu-wheezy-thumb/-mthumb
FAIL: c-c++-common/asan/null-deref-1.c -O2 output pattern test, is ASAN:DEADLYSIGNAL
FAIL: c-c++-common/asan/null-deref-1.c -O3 -g output pattern test, is ASAN:DEADLYSIGNAL
FAIL: c-c++-common/asan/null-deref-1.c -Os output pattern test, is ASAN:DEADLYSIGNAL
FAIL: c-c++-common/asan/null-deref-1.c -O2 -flto -fno-use-linker-plugin -flto-partition=none output pattern test, is ASAN:DEADLYSIGNAL
FAIL: c-c++-common/asan/null-deref-1.c -O2 -flto -fuse-linker-plugin -fno-fat-lto-objects output pattern test, is ASAN:DEADLYSIGNAL
FAIL: g++.dg/init/vbase1.C -std=gnu++98 scan-rtl-dump expand "set [^\\n]*\\n[^\\n]*this[^\\n]*\\n[^\\n]*const_int 0"
FAIL: g++.dg/init/vbase1.C -std=gnu++11 scan-rtl-dump expand "set [^\\n]*\\n[^\\n]*this[^\\n]*\\n[^\\n]*const_int 0"
FAIL: g++.dg/init/vbase1.C -std=gnu++14 scan-rtl-dump expand "set [^\\n]*\\n[^\\n]*this[^\\n]*\\n[^\\n]*const_int 0"
FAIL: g++.dg/tree-ssa/pr61034.C -std=gnu++98 scan-tree-dump-times fre2 "free" 10
FAIL: g++.dg/tree-ssa/pr61034.C -std=gnu++11 scan-tree-dump-times fre2 "free" 10
FAIL: g++.dg/tree-ssa/pr61034.C -std=gnu++14 scan-tree-dump-times fre2 "free" 10
FAIL: g++.dg/warn/Wplacement-new-size.C -std=gnu++98 (test for excess errors)
FAIL: g++.dg/warn/Wplacement-new-size.C -std=gnu++11 (test for excess errors)
FAIL: g++.dg/warn/Wplacement-new-size.C -std=gnu++14 (test for excess errors)
FAIL: g++.dg/lto/pr65276 cp_lto_pr65276_0.o-cp_lto_pr65276_1.o link, -flto -O0 -std=c++11
UNRESOLVED: g++.dg/lto/pr65276 cp_lto_pr65276_0.o-cp_lto_pr65276_1.o execute -flto -O0 -std=c++11
WARNING: lto.exp does not support dg-lto-do compile
FAIL: g++.dg/lto/pr68057 cp_lto_pr68057_0.o-cp_lto_pr68057_1.o execute -O0 -flto -flto-partition=none -fuse-linker-plugin
FAIL: g++.dg/lto/pr68057 cp_lto_pr68057_0.o-cp_lto_pr68057_1.o execute -O2 -flto -flto-partition=none -fuse-linker-plugin -fno-fat-lto-objects
FAIL: g++.dg/lto/pr68057 cp_lto_pr68057_0.o-cp_lto_pr68057_1.o execute -O0 -flto -flto-partition=1to1 -fno-use-linker-plugin
FAIL: g++.dg/lto/pr68057 cp_lto_pr68057_0.o-cp_lto_pr68057_1.o execute -O2 -flto -flto-partition=1to1 -fno-use-linker-plugin
FAIL: g++.dg/lto/pr68057 cp_lto_pr68057_0.o-cp_lto_pr68057_1.o execute -O0 -flto -fuse-linker-plugin -fno-fat-lto-objects
FAIL: g++.dg/lto/pr68057 cp_lto_pr68057_0.o-cp_lto_pr68057_1.o execute -O2 -flto -fuse-linker-plugin
XPASS: g++.dg/tls/thread_local-order2.C -std=c++11 execution test
XPASS: g++.dg/tls/thread_local-order2.C -std=c++14 execution test
FAIL: g++.dg/torture/vshuf-v2di.C -O2 execution test
FAIL: g++.dg/torture/vshuf-v2di.C -O2 -flto -fno-use-linker-plugin -flto-partition=none execution test
FAIL: g++.dg/torture/vshuf-v2di.C -O2 -flto -fuse-linker-plugin -fno-fat-lto-objects execution test
FAIL: g++.dg/torture/vshuf-v4si.C -O2 execution test
FAIL: g++.dg/torture/vshuf-v4si.C -O2 -flto -fno-use-linker-plugin -flto-partition=none execution test
FAIL: g++.dg/torture/vshuf-v4si.C -O2 -flto -fuse-linker-plugin -fno-fat-lto-objects execution test
FAIL: g++.dg/torture/vshuf-v8hi.C -O2 execution test
FAIL: g++.dg/torture/vshuf-v8hi.C -O2 -flto -fno-use-linker-plugin -flto-partition=none execution test
FAIL: g++.dg/torture/vshuf-v8hi.C -O2 -flto -fuse-linker-plugin -fno-fat-lto-objects execution test
FAIL: c-c++-common/ubsan/object-size-1.c -O2 output pattern test, is [1mc-c++-common/ubsan/object-size-1.c:16:15:[1m[31m runtime error: [1m[0m[1mload of address 0x019a2f24 with insufficient space for an object of type 'char'[1m[0m
FAIL: c-c++-common/ubsan/object-size-1.c -O2 -flto -fno-use-linker-plugin -flto-partition=none output pattern test, is [1mc-c++-common/ubsan/object-size-1.c:16:15:[1m[31m runtime error: [1m[0m[1mload of address 0x001d8f24 with insufficient space for an object of type 'char'[1m[0m
FAIL: c-c++-common/ubsan/object-size-1.c -O2 -flto -fuse-linker-plugin -fno-fat-lto-objects output pattern test, is [1mc-c++-common/ubsan/object-size-1.c:16:15:[1m[31m runtime error: [1m[0m[1mload of address 0x0175af24 with insufficient space for an object of type 'char'[1m[0m
FAIL: c-c++-common/ubsan/object-size-10.c -O2 output pattern test, is [1mc-c++-common/ubsan/object-size-10.c:19:19:[1m[31m runtime error: [1m[0m[1mindex 128 out of bounds for type 'char [128]'[1m[0m
FAIL: c-c++-common/ubsan/object-size-10.c -O2 -flto -fno-use-linker-plugin -flto-partition=none output pattern test, is [1mc-c++-common/ubsan/object-size-10.c:19:19:[1m[31m runtime error: [1m[0m[1mindex 128 out of bounds for type 'char [128]'[1m[0m
FAIL: c-c++-common/ubsan/object-size-10.c -O2 -flto -fuse-linker-plugin -fno-fat-lto-objects output pattern test, is [1mc-c++-common/ubsan/object-size-10.c:19:19:[1m[31m runtime error: [1m[0m[1mindex 128 out of bounds for type 'char [128]'[1m[0m
FAIL: c-c++-common/ubsan/object-size-4.c -O2 output pattern test, is [1mc-c++-common/ubsan/object-size-4.c:16:13:[1m[31m runtime error: [1m[0m[1mload of address 0x009d5f18 with insufficient space for an object of type 'int'[1m[0m
FAIL: c-c++-common/ubsan/object-size-4.c -O2 -flto -fno-use-linker-plugin -flto-partition=none output pattern test, is [1mc-c++-common/ubsan/object-size-4.c:16:13:[1m[31m runtime error: [1m[0m[1mload of address 0x002bbf18 with insufficient space for an object of type 'int'[1m[0m
FAIL: c-c++-common/ubsan/object-size-4.c -O2 -flto -fuse-linker-plugin -fno-fat-lto-objects output pattern test, is [1mc-c++-common/ubsan/object-size-4.c:16:13:[1m[31m runtime error: [1m[0m[1mload of address 0x001acf18 with insufficient space for an object of type 'int'[1m[0m
FAIL: c-c++-common/ubsan/object-size-5.c -O2 output pattern test, is [1mc-c++-common/ubsan/object-size-5.c:18:12:[1m[31m runtime error: [1m[0m[1mload of address 0x017e6f24 with insufficient space for an object of type 'char'[1m[0m
FAIL: c-c++-common/ubsan/object-size-5.c -O2 -flto -fno-use-linker-plugin -flto-partition=none output pattern test, is [1mc-c++-common/ubsan/object-size-5.c:18:12:[1m[31m runtime error: [1m[0m[1mload of address 0x008dcf24 with insufficient space for an object of type 'char'[1m[0m
FAIL: c-c++-common/ubsan/object-size-5.c -O2 -flto -fuse-linker-plugin -fno-fat-lto-objects output pattern test, is [1mc-c++-common/ubsan/object-size-5.c:18:12:[1m[31m runtime error: [1m[0m[1mload of address 0x00b9af24 with insufficient space for an object of type 'char'[1m[0m
FAIL: c-c++-common/ubsan/object-size-7.c -O2 output pattern test, is [1mc-c++-common/ubsan/object-size-7.c:15:11:[1m[31m runtime error: [1m[0m[1mload of address 0xbed099f8 with insufficient space for an object of type 'struct S'[1m[0m
FAIL: c-c++-common/ubsan/object-size-7.c -O2 -flto -fno-use-linker-plugin -flto-partition=none output pattern test, is [1mc-c++-common/ubsan/object-size-7.c:15:11:[1m[31m runtime error: [1m[0m[1mload of address 0xbed609f8 with insufficient space for an object of type 'struct S'[1m[0m
FAIL: c-c++-common/ubsan/object-size-7.c -O2 -flto -fuse-linker-plugin -fno-fat-lto-objects output pattern test, is [1mc-c++-common/ubsan/object-size-7.c:15:11:[1m[31m runtime error: [1m[0m[1mload of address 0xbe95e9f8 with insufficient space for an object of type 'struct S'[1m[0m
FAIL: c-c++-common/ubsan/object-size-8.c -O2 output pattern test, is [1mc-c++-common/ubsan/object-size-8.c:12:13:[1m[31m runtime error: [1m[0m[1mload of address 0x01f64f14 with insufficient space for an object of type 'int'[1m[0m
FAIL: c-c++-common/ubsan/object-size-8.c -O2 -flto -fno-use-linker-plugin -flto-partition=none output pattern test, is [1mc-c++-common/ubsan/object-size-8.c:12:13:[1m[31m runtime error: [1m[0m[1mload of address 0x004e4f14 with insufficient space for an object of type 'int'[1m[0m
FAIL: c-c++-common/ubsan/object-size-8.c -O2 -flto -fuse-linker-plugin -fno-fat-lto-objects output pattern test, is [1mc-c++-common/ubsan/object-size-8.c:12:13:[1m[31m runtime error: [1m[0m[1mload of address 0x00d40f14 with insufficient space for an object of type 'int'[1m[0m
FAIL: c-c++-common/ubsan/object-size-9.c -O2 output pattern test, is [1mc-c++-common/ubsan/object-size-9.c:21:11:[1m[31m runtime error: [1m[0m[1mload of address 0xbef169e8 with insufficient space for an object of type 'char'[1m[0m
FAIL: c-c++-common/ubsan/object-size-9.c -O2 -flto -fno-use-linker-plugin -flto-partition=none output pattern test, is [1mc-c++-common/ubsan/object-size-9.c:21:11:[1m[31m runtime error: [1m[0m[1mload of address 0xbec439e8 with insufficient space for an object of type 'char'[1m[0m
FAIL: c-c++-common/ubsan/object-size-9.c -O2 -flto -fuse-linker-plugin -fno-fat-lto-objects output pattern test, is [1mc-c++-common/ubsan/object-size-9.c:21:11:[1m[31m runtime error: [1m[0m[1mload of address 0xbea979e8 with insufficient space for an object of type 'char'[1m[0m
FAIL: g++.dg/ubsan/null-1.C -O0 output pattern test, is [1mg++.dg/ubsan/null-1.C:12:13:[1m[31m runtime error: [1m[0m[1mreference binding to null pointer of type 'int'[1m[0m
FAIL: g++.dg/ubsan/null-1.C -O1 output pattern test, is [1mg++.dg/ubsan/null-1.C:12:13:[1m[31m runtime error: [1m[0m[1mreference binding to null pointer of type 'int'[1m[0m
FAIL: g++.dg/ubsan/null-1.C -O2 output pattern test, is [1mg++.dg/ubsan/null-1.C:12:13:[1m[31m runtime error: [1m[0m[1mreference binding to null pointer of type 'int'[1m[0m
FAIL: g++.dg/ubsan/null-1.C -O3 -g output pattern test, is [1mg++.dg/ubsan/null-1.C:12:13:[1m[31m runtime error: [1m[0m[1mreference binding to null pointer of type 'int'[1m[0m
FAIL: g++.dg/ubsan/null-1.C -Os output pattern test, is [1mg++.dg/ubsan/null-1.C:12:13:[1m[31m runtime error: [1m[0m[1mreference binding to null pointer of type 'int'[1m[0m
FAIL: g++.dg/ubsan/null-1.C -O2 -flto -fno-use-linker-plugin -flto-partition=none output pattern test, is [1mg++.dg/ubsan/null-1.C:12:13:[1m[31m runtime error: [1m[0m[1mreference binding to null pointer of type 'int'[1m[0m
FAIL: g++.dg/ubsan/null-1.C -O2 -flto -fuse-linker-plugin -fno-fat-lto-objects output pattern test, is [1mg++.dg/ubsan/null-1.C:12:13:[1m[31m runtime error: [1m[0m[1mreference binding to null pointer of type 'int'[1m[0m
FAIL: g++.dg/ubsan/null-3.C -O0 output pattern test, is [1mg++.dg/ubsan/null-3.C:9:14:[1m[31m runtime error: [1m[0m[1mreference binding to null pointer of type 'int'[1m[0m
FAIL: g++.dg/ubsan/null-3.C -O1 output pattern test, is [1mg++.dg/ubsan/null-3.C:9:14:[1m[31m runtime error: [1m[0m[1mreference binding to null pointer of type 'int'[1m[0m
FAIL: g++.dg/ubsan/null-3.C -O2 output pattern test, is [1mg++.dg/ubsan/null-3.C:9:14:[1m[31m runtime error: [1m[0m[1mreference binding to null pointer of type 'int'[1m[0m
FAIL: g++.dg/ubsan/null-3.C -O3 -g output pattern test, is [1mg++.dg/ubsan/null-3.C:9:14:[1m[31m runtime error: [1m[0m[1mreference binding to null pointer of type 'int'[1m[0m
FAIL: g++.dg/ubsan/null-3.C -Os output pattern test, is [1mg++.dg/ubsan/null-3.C:9:14:[1m[31m runtime error: [1m[0m[1mreference binding to null pointer of type 'int'[1m[0m
FAIL: g++.dg/ubsan/null-3.C -O2 -flto -fno-use-linker-plugin -flto-partition=none output pattern test, is [1mg++.dg/ubsan/null-3.C:9:14:[1m[31m runtime error: [1m[0m[1mreference binding to null pointer of type 'int'[1m[0m
FAIL: g++.dg/ubsan/null-3.C -O2 -flto -fuse-linker-plugin -fno-fat-lto-objects output pattern test, is [1mg++.dg/ubsan/null-3.C:9:14:[1m[31m runtime error: [1m[0m[1mreference binding to null pointer of type 'int'[1m[0m
FAIL: g++.dg/ubsan/static-init-2.C -O0 output pattern test, is [1mg++.dg/ubsan/static-init-2.C:9:20:[1m[31m runtime error: [1m[0m[1mreference binding to null pointer of type 'int'[1m[0m
FAIL: g++.dg/ubsan/static-init-2.C -O1 output pattern test, is [1mg++.dg/ubsan/static-init-2.C:9:20:[1m[31m runtime error: [1m[0m[1mreference binding to null pointer of type 'int'[1m[0m
FAIL: g++.dg/ubsan/static-init-2.C -O2 output pattern test, is [1mg++.dg/ubsan/static-init-2.C:9:20:[1m[31m runtime error: [1m[0m[1mreference binding to null pointer of type 'int'[1m[0m
FAIL: g++.dg/ubsan/static-init-2.C -O3 -g output pattern test, is [1mg++.dg/ubsan/static-init-2.C:9:20:[1m[31m runtime error: [1m[0m[1mreference binding to null pointer of type 'int'[1m[0m
FAIL: g++.dg/ubsan/static-init-2.C -Os output pattern test, is [1mg++.dg/ubsan/static-init-2.C:9:20:[1m[31m runtime error: [1m[0m[1mreference binding to null pointer of type 'int'[1m[0m
FAIL: g++.dg/ubsan/static-init-2.C -O2 -flto -fno-use-linker-plugin -flto-partition=none output pattern test, is [1mg++.dg/ubsan/static-init-2.C:9:20:[1m[31m runtime error: [1m[0m[1mreference binding to null pointer of type 'int'[1m[0m
FAIL: g++.dg/ubsan/static-init-2.C -O2 -flto -fuse-linker-plugin -fno-fat-lto-objects output pattern test, is [1mg++.dg/ubsan/static-init-2.C:9:20:[1m[31m runtime error: [1m[0m[1mreference binding to null pointer of type 'int'[1m[0m
FAIL: g++.dg/ubsan/static-init-3.C -O0 output pattern test, is [1mg++.dg/ubsan/static-init-3.C:11:24:[1m[31m runtime error: [1m[0m[1mreference binding to null pointer of type 'int'[1m[0m
FAIL: g++.dg/ubsan/static-init-3.C -O1 output pattern test, is [1mg++.dg/ubsan/static-init-3.C:11:24:[1m[31m runtime error: [1m[0m[1mreference binding to null pointer of type 'int'[1m[0m
FAIL: g++.dg/ubsan/static-init-3.C -O2 output pattern test, is [1mg++.dg/ubsan/static-init-3.C:11:24:[1m[31m runtime error: [1m[0m[1mreference binding to null pointer of type 'int'[1m[0m
FAIL: g++.dg/ubsan/static-init-3.C -O3 -g output pattern test, is [1mg++.dg/ubsan/static-init-3.C:11:24:[1m[31m runtime error: [1m[0m[1mreference binding to null pointer of type 'int'[1m[0m
FAIL: g++.dg/ubsan/static-init-3.C -Os output pattern test, is [1mg++.dg/ubsan/static-init-3.C:11:24:[1m[31m runtime error: [1m[0m[1mreference binding to null pointer of type 'int'[1m[0m
FAIL: g++.dg/ubsan/static-init-3.C -O2 -flto -fno-use-linker-plugin -flto-partition=none output pattern test, is [1mg++.dg/ubsan/static-init-3.C:11:24:[1m[31m runtime error: [1m[0m[1mreference binding to null pointer of type 'int'[1m[0m
FAIL: g++.dg/ubsan/static-init-3.C -O2 -flto -fuse-linker-plugin -fno-fat-lto-objects output pattern test, is [1mg++.dg/ubsan/static-init-3.C:11:24:[1m[31m runtime error: [1m[0m[1mreference binding to null pointer of type 'int'[1m[0m
FAIL: g++.dg/ubsan/vptr-1.C -O0 output pattern test, is [1mg++.dg/ubsan/vptr-1.C:75:17:[1m[31m runtime error: [1m[0m[1mmember access within address 0x011b6f10 which does not point to an object of type 'T'[1m[0m
FAIL: g++.dg/ubsan/vptr-1.C -O1 output pattern test, is [1mg++.dg/ubsan/vptr-1.C:75:17:[1m[31m runtime error: [1m[0m[1mmember access within address 0x004b1f10 which does not point to an object of type 'T'[1m[0m
FAIL: g++.dg/ubsan/vptr-1.C -O2 output pattern test, is [1mg++.dg/ubsan/vptr-1.C:75:17:[1m[31m runtime error: [1m[0m[1mmember access within address 0x0105bf10 which does not point to an object of type 'T'[1m[0m
FAIL: g++.dg/ubsan/vptr-1.C -O3 -fomit-frame-pointer -funroll-loops -fpeel-loops -ftracer -finline-functions output pattern test, is [1mg++.dg/ubsan/vptr-1.C:75:17:[1m[31m runtime error: [1m[0m[1mmember access within address 0x00542f10 which does not point to an object of type 'T'[1m[0m
FAIL: g++.dg/ubsan/vptr-1.C -O3 -g output pattern test, is [1mg++.dg/ubsan/vptr-1.C:75:17:[1m[31m runtime error: [1m[0m[1mmember access within address 0x015a3f10 which does not point to an object of type 'T'[1m[0m
FAIL: g++.dg/ubsan/vptr-1.C -Os output pattern test, is [1mg++.dg/ubsan/vptr-1.C:75:17:[1m[31m runtime error: [1m[0m[1mmember access within address 0x01618f10 which does not point to an object of type 'T'[1m[0m
FAIL: g++.dg/ubsan/vptr-1.C -O2 -flto -fno-use-linker-plugin -flto-partition=none output pattern test, is [1mg++.dg/ubsan/vptr-1.C:75:17:[1m[31m runtime error: [1m[0m[1mmember access within address 0x01095f10 which does not point to an object of type 'T'[1m[0m
FAIL: g++.dg/ubsan/vptr-1.C -O2 -flto -fuse-linker-plugin -fno-fat-lto-objects output pattern test, is [1mg++.dg/ubsan/vptr-1.C:75:17:[1m[31m runtime error: [1m[0m[1mmember access within address 0x01164f10 which does not point to an object of type 'T'[1m[0m
FAIL: g++.dg/ubsan/vptr-2.C -O0 output pattern test, is [1mg++.dg/ubsan/vptr-2.C:75:17:[1m[31m runtime error: [1m[0m[1mmember access within address 0x01dfcf10 which does not point to an object of type 'T'[1m[0m
FAIL: g++.dg/ubsan/vptr-2.C -O1 output pattern test, is [1mg++.dg/ubsan/vptr-2.C:75:17:[1m[31m runtime error: [1m[0m[1mmember access within address 0x01de9f10 which does not point to an object of type 'T'[1m[0m
FAIL: g++.dg/ubsan/vptr-2.C -O2 output pattern test, is [1mg++.dg/ubsan/vptr-2.C:75:17:[1m[31m runtime error: [1m[0m[1mmember access within address 0x01691f10 which does not point to an object of type 'T'[1m[0m
FAIL: g++.dg/ubsan/vptr-2.C -O3 -fomit-frame-pointer -funroll-loops -fpeel-loops -ftracer -finline-functions output pattern test, is [1mg++.dg/ubsan/vptr-2.C:75:17:[1m[31m runtime error: [1m[0m[1mmember access within address 0x00b16f10 which does not point to an object of type 'T'[1m[0m
FAIL: g++.dg/ubsan/vptr-2.C -O3 -g output pattern test, is [1mg++.dg/ubsan/vptr-2.C:75:17:[1m[31m runtime error: [1m[0m[1mmember access within address 0x002e7f10 which does not point to an object of type 'T'[1m[0m
FAIL: g++.dg/ubsan/vptr-2.C -Os output pattern test, is [1mg++.dg/ubsan/vptr-2.C:75:17:[1m[31m runtime error: [1m[0m[1mmember access within address 0x0164df10 which does not point to an object of type 'T'[1m[0m
FAIL: g++.dg/ubsan/vptr-2.C -O2 -flto -fno-use-linker-plugin -flto-partition=none output pattern test, is [1mg++.dg/ubsan/vptr-2.C:75:17:[1m[31m runtime error: [1m[0m[1mmember access within address 0x0103df10 which does not point to an object of type 'T'[1m[0m
FAIL: g++.dg/ubsan/vptr-2.C -O2 -flto -fuse-linker-plugin -fno-fat-lto-objects output pattern test, is [1mg++.dg/ubsan/vptr-2.C:75:17:[1m[31m runtime error: [1m[0m[1mmember access within address 0x017aaf10 which does not point to an object of type 'T'[1m[0m
FAIL: g++.dg/ubsan/vptr-3.C -O0 output pattern test, is [1mg++.dg/ubsan/vptr-3.C:75:17:[1m[31m runtime error: [1m[0m[1mmember access within address 0x00cb1f10 which does not point to an object of type 'T'[1m[0m
FAIL: g++.dg/ubsan/vptr-3.C -O1 output pattern test, is [1mg++.dg/ubsan/vptr-3.C:75:17:[1m[31m runtime error: [1m[0m[1mmember access within address 0x01bbff10 which does not point to an object of type 'T'[1m[0m
FAIL: g++.dg/ubsan/vptr-3.C -O2 output pattern test, is [1mg++.dg/ubsan/vptr-3.C:75:17:[1m[31m runtime error: [1m[0m[1mmember access within address 0x018c0f10 which does not point to an object of type 'T'[1m[0m
FAIL: g++.dg/ubsan/vptr-3.C -O3 -fomit-frame-pointer -funroll-loops -fpeel-loops -ftracer -finline-functions output pattern test, is [1mg++.dg/ubsan/vptr-3.C:75:17:[1m[31m runtime error: [1m[0m[1mmember access within address 0x00cdef10 which does not point to an object of type 'T'[1m[0m
FAIL: g++.dg/ubsan/vptr-3.C -O3 -g output pattern test, is [1mg++.dg/ubsan/vptr-3.C:75:17:[1m[31m runtime error: [1m[0m[1mmember access within address 0x01ec8f10 which does not point to an object of type 'T'[1m[0m
FAIL: g++.dg/ubsan/vptr-3.C -Os output pattern test, is [1mg++.dg/ubsan/vptr-3.C:75:17:[1m[31m runtime error: [1m[0m[1mmember access within address 0x01c5bf10 which does not point to an object of type 'T'[1m[0m
FAIL: g++.dg/ubsan/vptr-3.C -O2 -flto -fno-use-linker-plugin -flto-partition=none output pattern test, is [1mg++.dg/ubsan/vptr-3.C:75:17:[1m[31m runtime error: [1m[0m[1mmember access within address 0x0062cf10 which does not point to an object of type 'T'[1m[0m
FAIL: g++.dg/ubsan/vptr-3.C -O2 -flto -fuse-linker-plugin -fno-fat-lto-objects output pattern test, is [1mg++.dg/ubsan/vptr-3.C:75:17:[1m[31m runtime error: [1m[0m[1mmember access within address 0x013dff10 which does not point to an object of type 'T'[1m[0m
FAIL: g++.dg/ubsan/vptr-8.C -O0 output pattern test, is [1mg++.dg/ubsan/vptr-8.C:24:13:[1m[31m runtime error: [1m[0m[1mcast to virtual base of address 0xbe8a9a08 which does not point to an object of type 'V'[1m[0m
FAIL: g++.dg/ubsan/vptr-8.C -O1 output pattern test, is [1mg++.dg/ubsan/vptr-8.C:24:13:[1m[31m runtime error: [1m[0m[1mcast to virtual base of address 0xbebe6a18 which does not point to an object of type 'V'[1m[0m
FAIL: g++.dg/ubsan/vptr-8.C -O2 output pattern test, is [1mg++.dg/ubsan/vptr-8.C:24:13:[1m[31m runtime error: [1m[0m[1mcast to virtual base of address 0xbebfaa10 which does not point to an object of type 'V'[1m[0m
FAIL: g++.dg/ubsan/vptr-8.C -O3 -g output pattern test, is [1mg++.dg/ubsan/vptr-8.C:24:13:[1m[31m runtime error: [1m[0m[1mcast to virtual base of address 0xbee19a10 which does not point to an object of type 'V'[1m[0m
FAIL: g++.dg/ubsan/vptr-8.C -Os output pattern test, is [1mg++.dg/ubsan/vptr-8.C:24:13:[1m[31m runtime error: [1m[0m[1mcast to virtual base of address 0xbe823a10 which does not point to an object of type 'V'[1m[0m
FAIL: g++.dg/ubsan/vptr-8.C -O2 -flto -fno-use-linker-plugin -flto-partition=none output pattern test, is [1mg++.dg/ubsan/vptr-8.C:24:13:[1m[31m runtime error: [1m[0m[1mcast to virtual base of address 0xbe942a10 which does not point to an object of type 'V'[1m[0m
FAIL: g++.dg/ubsan/vptr-8.C -O2 -flto -fuse-linker-plugin -fno-fat-lto-objects output pattern test, is [1mg++.dg/ubsan/vptr-8.C:24:13:[1m[31m runtime error: [1m[0m[1mcast to virtual base of address 0xbe9f4a08 which does not point to an object of type 'V'[1m[0m
FAIL: g++.dg/ubsan/vptr-9.C -O0 output pattern test, is [1mg++.dg/ubsan/vptr-9.C:14:10:[1m[31m runtime error: [1m[0m[1mcast to virtual base of address 0xbeb60a04 which does not point to an object of type 'T'[1m[0m
FAIL: g++.dg/ubsan/vptr-9.C -O1 output pattern test, is [1mg++.dg/ubsan/vptr-9.C:14:10:[1m[31m runtime error: [1m[0m[1mcast to virtual base of address 0xbe80ca1c which does not point to an object of type 'T'[1m[0m
FAIL: g++.dg/ubsan/vptr-9.C -O2 output pattern test, is [1mg++.dg/ubsan/vptr-9.C:14:10:[1m[31m runtime error: [1m[0m[1mcast to virtual base of address 0xbed0ea14 which does not point to an object of type 'T'[1m[0m
FAIL: g++.dg/ubsan/vptr-9.C -O3 -g output pattern test, is [1mg++.dg/ubsan/vptr-9.C:14:10:[1m[31m runtime error: [1m[0m[1mcast to virtual base of address 0xbebf9a14 which does not point to an object of type 'T'[1m[0m
FAIL: g++.dg/ubsan/vptr-9.C -Os output pattern test, is [1mg++.dg/ubsan/vptr-9.C:14:10:[1m[31m runtime error: [1m[0m[1mcast to virtual base of address 0xbefc1a14 which does not point to an object of type 'T'[1m[0m
FAIL: g++.dg/ubsan/vptr-9.C -O2 -flto -fno-use-linker-plugin -flto-partition=none output pattern test, is [1mg++.dg/ubsan/vptr-9.C:14:10:[1m[31m runtime error: [1m[0m[1mcast to virtual base of address 0xbee72a14 which does not point to an object of type 'T'[1m[0m
FAIL: g++.dg/ubsan/vptr-9.C -O2 -flto -fuse-linker-plugin -fno-fat-lto-objects output pattern test, is [1mg++.dg/ubsan/vptr-9.C:14:10:[1m[31m runtime error: [1m[0m[1mcast to virtual base of address 0xbebf0a14 which does not point to an object of type 'T'[1m[0m
=== g++ Summary ===
# of expected passes 89828
# of unexpected failures 117
# of unexpected successes 2
# of expected failures 325
# of unresolved testcases 1
# of unsupported tests 3943
/scratch/gcc/nightly-2015-11-08-mainline/arm-none-linux-gnueabi/obj/test-mainline-0-arm-none-linux-gnueabi/host-i686-pc-linux-gnu/fsf-mainline/bin/arm-none-linux-gnueabi-g++ version 6.0.0 20151108 (experimental) (GCC)
=== Summary adjusted for local xfails ===
# of unexpected failures 117
# of expected passes 89828
# of unexpected successes 2
# of expected failures 325
# of unresolved testcases 1
# of unsupported tests 3943
Host is i686-pc-linux-gnu
=== gcc tests ===
Running target qemu-wheezy-thumb/-mthumb
FAIL: c-c++-common/asan/null-deref-1.c -O2 output pattern test, is ASAN:DEADLYSIGNAL
FAIL: c-c++-common/asan/null-deref-1.c -O3 -g output pattern test, is ASAN:DEADLYSIGNAL
FAIL: c-c++-common/asan/null-deref-1.c -Os output pattern test, is ASAN:DEADLYSIGNAL
FAIL: c-c++-common/asan/null-deref-1.c -O2 -flto -fno-use-linker-plugin -flto-partition=none output pattern test, is ASAN:DEADLYSIGNAL
FAIL: c-c++-common/asan/null-deref-1.c -O2 -flto -fuse-linker-plugin -fno-fat-lto-objects output pattern test, is ASAN:DEADLYSIGNAL
FAIL: gcc.dg/debug/dwarf2/stacked-qualified-types-3.c scan-assembler-times DIE \\\\([^\\n]*\\\\) DW_TAG_(?:const|volatile|atomic|restrict)_type 8
FAIL: gcc.dg/ifcvt-4.c scan-rtl-dump ce1 "2 true changes made"
FAIL: gcc.dg/loop-8.c scan-rtl-dump-times loop2_invariant "Decided" 1
FAIL: gcc.dg/loop-8.c scan-rtl-dump-not loop2_invariant "without introducing a new temporary register"
FAIL: gcc.dg/pr48134.c (test for excess errors)
XPASS: gcc.dg/sibcall-3.c execution test
XPASS: gcc.dg/sibcall-4.c execution test
UNRESOLVED: gcc.dg/graphite/fuse-1.c scan-tree-dump-times graphite "ISL AST generated by ISL:.*for (int c0 = 0; c0 <= 99; c0 += 1) {.*S_.*(c0);.*S_.*(c0);.*S_.*(c0);.*}" 1
UNRESOLVED: gcc.dg/graphite/fuse-2.c scan-tree-dump-times graphite "ISL AST generated by ISL:.*for (int c0 = 0; c0 <= 99; c0 += 1) {.*S_.*(c0);.*S_.*(c0);.*S_.*(c0);.*}" 1
FAIL: gcc.dg/ipa/iinline-attr.c scan-ipa-dump inline "hooray[^\\\\n]*inline copy in test"
FAIL: gcc.dg/tree-prof/cold_partition_label.c scan-assembler foo[._]+cold[._]+0
FAIL: gcc.dg/tree-prof/cold_partition_label.c scan-assembler size[ \\ta-zA-Z0-0]+foo[._]+cold[._]+0
FAIL: gcc.dg/tree-ssa/ssa-dom-cse-2.c scan-tree-dump optimized "return 28;"
FAIL: c-c++-common/ubsan/object-size-1.c -O2 output pattern test, is [1mc-c++-common/ubsan/object-size-1.c:16:7:[1m[31m runtime error: [1m[0m[1mload of address 0x0096ff24 with insufficient space for an object of type 'char'[1m[0m
FAIL: c-c++-common/ubsan/object-size-1.c -O2 -flto -fno-use-linker-plugin -flto-partition=none output pattern test, is [1mc-c++-common/ubsan/object-size-1.c:16:7:[1m[31m runtime error: [1m[0m[1mload of address 0x00fe6f24 with insufficient space for an object of type 'char'[1m[0m
FAIL: c-c++-common/ubsan/object-size-1.c -O2 -flto -fuse-linker-plugin -fno-fat-lto-objects output pattern test, is [1mc-c++-common/ubsan/object-size-1.c:16:7:[1m[31m runtime error: [1m[0m[1mload of address 0x006e4f24 with insufficient space for an object of type 'char'[1m[0m
FAIL: c-c++-common/ubsan/object-size-10.c -O2 output pattern test, is [1mc-c++-common/ubsan/object-size-10.c:19:11:[1m[31m runtime error: [1m[0m[1mindex 128 out of bounds for type 'char [128]'[1m[0m
FAIL: c-c++-common/ubsan/object-size-10.c -O2 -flto -fno-use-linker-plugin -flto-partition=none output pattern test, is [1mc-c++-common/ubsan/object-size-10.c:19:11:[1m[31m runtime error: [1m[0m[1mindex 128 out of bounds for type 'char [128]'[1m[0m
FAIL: c-c++-common/ubsan/object-size-10.c -O2 -flto -fuse-linker-plugin -fno-fat-lto-objects output pattern test, is [1mc-c++-common/ubsan/object-size-10.c:19:11:[1m[31m runtime error: [1m[0m[1mindex 128 out of bounds for type 'char [128]'[1m[0m
FAIL: c-c++-common/ubsan/object-size-4.c -O2 output pattern test, is [1mc-c++-common/ubsan/object-size-4.c:16:11:[1m[31m runtime error: [1m[0m[1mload of address 0x014cbf18 with insufficient space for an object of type 'int'[1m[0m
FAIL: c-c++-common/ubsan/object-size-4.c -O2 -flto -fno-use-linker-plugin -flto-partition=none output pattern test, is [1mc-c++-common/ubsan/object-size-4.c:16:11:[1m[31m runtime error: [1m[0m[1mload of address 0x0108ef18 with insufficient space for an object of type 'int'[1m[0m
FAIL: c-c++-common/ubsan/object-size-4.c -O2 -flto -fuse-linker-plugin -fno-fat-lto-objects output pattern test, is [1mc-c++-common/ubsan/object-size-4.c:16:11:[1m[31m runtime error: [1m[0m[1mload of address 0x011edf18 with insufficient space for an object of type 'int'[1m[0m
FAIL: c-c++-common/ubsan/object-size-5.c -O2 output pattern test, is [1mc-c++-common/ubsan/object-size-5.c:18:10:[1m[31m runtime error: [1m[0m[1mload of address 0x00992f24 with insufficient space for an object of type 'char'[1m[0m
FAIL: c-c++-common/ubsan/object-size-5.c -O2 -flto -fno-use-linker-plugin -flto-partition=none output pattern test, is [1mc-c++-common/ubsan/object-size-5.c:18:10:[1m[31m runtime error: [1m[0m[1mload of address 0x00c91f24 with insufficient space for an object of type 'char'[1m[0m
FAIL: c-c++-common/ubsan/object-size-5.c -O2 -flto -fuse-linker-plugin -fno-fat-lto-objects output pattern test, is [1mc-c++-common/ubsan/object-size-5.c:18:10:[1m[31m runtime error: [1m[0m[1mload of address 0x003fbf24 with insufficient space for an object of type 'char'[1m[0m
FAIL: c-c++-common/ubsan/object-size-7.c -O2 output pattern test, is [1mc-c++-common/ubsan/object-size-7.c:15:5:[1m[31m runtime error: [1m[0m[1mload of address 0xbee4c9f8 with insufficient space for an object of type 'struct S'[1m[0m
FAIL: c-c++-common/ubsan/object-size-7.c -O2 -flto -fno-use-linker-plugin -flto-partition=none output pattern test, is [1mc-c++-common/ubsan/object-size-7.c:15:5:[1m[31m runtime error: [1m[0m[1mload of address 0xbef6c9f8 with insufficient space for an object of type 'struct S'[1m[0m
FAIL: c-c++-common/ubsan/object-size-7.c -O2 -flto -fuse-linker-plugin -fno-fat-lto-objects output pattern test, is [1mc-c++-common/ubsan/object-size-7.c:15:5:[1m[31m runtime error: [1m[0m[1mload of address 0xbe90d9f8 with insufficient space for an object of type 'struct S'[1m[0m
FAIL: c-c++-common/ubsan/object-size-8.c -O2 output pattern test, is [1mc-c++-common/ubsan/object-size-8.c:12:10:[1m[31m runtime error: [1m[0m[1mload of address 0x00b64f14 with insufficient space for an object of type 'int'[1m[0m
FAIL: c-c++-common/ubsan/object-size-8.c -O2 -flto -fno-use-linker-plugin -flto-partition=none output pattern test, is [1mc-c++-common/ubsan/object-size-8.c:12:10:[1m[31m runtime error: [1m[0m[1mload of address 0x00bdef14 with insufficient space for an object of type 'int'[1m[0m
FAIL: c-c++-common/ubsan/object-size-8.c -O2 -flto -fuse-linker-plugin -fno-fat-lto-objects output pattern test, is [1mc-c++-common/ubsan/object-size-8.c:12:10:[1m[31m runtime error: [1m[0m[1mload of address 0x0019af14 with insufficient space for an object of type 'int'[1m[0m
FAIL: c-c++-common/ubsan/object-size-9.c -O2 output pattern test, is [1mc-c++-common/ubsan/object-size-9.c:21:10:[1m[31m runtime error: [1m[0m[1mload of address 0xbed709f8 with insufficient space for an object of type 'char'[1m[0m
FAIL: c-c++-common/ubsan/object-size-9.c -O2 -flto -fno-use-linker-plugin -flto-partition=none output pattern test, is [1mc-c++-common/ubsan/object-size-9.c:21:10:[1m[31m runtime error: [1m[0m[1mload of address 0xbee499f8 with insufficient space for an object of type 'char'[1m[0m
FAIL: c-c++-common/ubsan/object-size-9.c -O2 -flto -fuse-linker-plugin -fno-fat-lto-objects output pattern test, is [1mc-c++-common/ubsan/object-size-9.c:21:10:[1m[31m runtime error: [1m[0m[1mload of address 0xbe85a9f8 with insufficient space for an object of type 'char'[1m[0m
FAIL: gcc.dg/ubsan/object-size-9.c -O2 output pattern test, is [1mgcc.dg/ubsan/object-size-9.c:11:13:[1m[31m runtime error: [1m[0m[1mload of address 0x00020a3a with insufficient space for an object of type 'char'[1m[0m
FAIL: gcc.dg/ubsan/object-size-9.c -O2 -flto -fno-use-linker-plugin -flto-partition=none output pattern test, is [1mgcc.dg/ubsan/object-size-9.c:11:13:[1m[31m runtime error: [1m[0m[1mload of address 0x00020a3a with insufficient space for an object of type 'char'[1m[0m
FAIL: gcc.dg/ubsan/object-size-9.c -O2 -flto -fuse-linker-plugin -fno-fat-lto-objects output pattern test, is [1mgcc.dg/ubsan/object-size-9.c:11:13:[1m[31m runtime error: [1m[0m[1mload of address 0x00020a0e with insufficient space for an object of type 'char'[1m[0m
FAIL: compiler driver --help=c++ option(s): "^ +-.*[^:.]\$" absent from output: " -Wplacement-new Warn for placement new expressions with undefined behavior"
FAIL: compiler driver --help=warnings option(s): "^ +-.*[^:.]\$" absent from output: " -Wplacement-new Warn for placement new expressions with undefined behavior"
FAIL: gcc.target/arm/builtin-bswap-1.c scan-assembler-times revsh\\\\t 2
FAIL: gcc.target/arm/builtin-bswap-1.c scan-assembler-times rev16\\\\t 2
FAIL: gcc.target/arm/pr40457-1.c scan-assembler ldrd|ldm
FAIL: gcc.target/arm/pr45701-1.c scan-assembler push\\t{r3
FAIL: gcc.target/arm/reg_equal_test.c scan-rtl-dump expand "expr_list:REG_EQUAL \\\\(const_int -942519458"
FAIL: gcc.target/arm/thumb-ltu.c scan-assembler-not uxtb
=== gcc Summary ===
# of expected passes 85394
# of unexpected failures 46
# of unexpected successes 2
# of expected failures 125
# of unresolved testcases 2
# of unsupported tests 4132
/scratch/gcc/nightly-2015-11-08-mainline/arm-none-linux-gnueabi/obj/test-mainline-0-arm-none-linux-gnueabi/host-i686-pc-linux-gnu/fsf-mainline/bin/arm-none-linux-gnueabi-gcc version 6.0.0 20151108 (experimental) (GCC)
=== Summary adjusted for local xfails ===
# of unexpected failures 46
# of expected passes 85394
# of unexpected successes 2
# of expected failures 125
# of unresolved testcases 2
# of unsupported tests 4132
Host is i686-pc-linux-gnu
=== gfortran tests ===
Running target qemu-wheezy-thumb/-mthumb
FAIL: gfortran.dg/ieee/ieee_1.F90 -O0 execution test
FAIL: gfortran.dg/ieee/ieee_1.F90 -O1 execution test
FAIL: gfortran.dg/ieee/ieee_1.F90 -O2 execution test
FAIL: gfortran.dg/ieee/ieee_1.F90 -O3 -fomit-frame-pointer -funroll-loops -fpeel-loops -ftracer -finline-functions execution test
FAIL: gfortran.dg/ieee/ieee_1.F90 -O3 -g execution test
FAIL: gfortran.dg/ieee/ieee_1.F90 -Os execution test
FAIL: gfortran.dg/ieee/ieee_2.f90 -O0 execution test
FAIL: gfortran.dg/ieee/ieee_2.f90 -O1 execution test
FAIL: gfortran.dg/ieee/ieee_2.f90 -O2 execution test
FAIL: gfortran.dg/ieee/ieee_2.f90 -O3 -fomit-frame-pointer -funroll-loops -fpeel-loops -ftracer -finline-functions execution test
FAIL: gfortran.dg/ieee/ieee_2.f90 -O3 -g execution test
FAIL: gfortran.dg/ieee/ieee_2.f90 -Os execution test
FAIL: gfortran.dg/ieee/ieee_6.f90 -O0 execution test
FAIL: gfortran.dg/ieee/ieee_6.f90 -O1 execution test
FAIL: gfortran.dg/ieee/ieee_6.f90 -O2 execution test
FAIL: gfortran.dg/ieee/ieee_6.f90 -O3 -fomit-frame-pointer -funroll-loops -fpeel-loops -ftracer -finline-functions execution test
FAIL: gfortran.dg/ieee/ieee_6.f90 -O3 -g execution test
FAIL: gfortran.dg/ieee/ieee_6.f90 -Os execution test
FAIL: gfortran.dg/ieee/large_2.f90 -O0 execution test
FAIL: gfortran.dg/ieee/large_2.f90 -O1 execution test
FAIL: gfortran.dg/ieee/large_2.f90 -O2 execution test
FAIL: gfortran.dg/ieee/large_2.f90 -O3 -fomit-frame-pointer -funroll-loops -fpeel-loops -ftracer -finline-functions execution test
FAIL: gfortran.dg/ieee/large_2.f90 -O3 -g execution test
FAIL: gfortran.dg/ieee/large_2.f90 -Os execution test
FAIL: gfortran.dg/ieee/large_3.F90 -O0 execution test
FAIL: gfortran.dg/ieee/large_3.F90 -O1 execution test
FAIL: gfortran.dg/ieee/large_3.F90 -O2 execution test
FAIL: gfortran.dg/ieee/large_3.F90 -O3 -fomit-frame-pointer -funroll-loops -fpeel-loops -ftracer -finline-functions execution test
FAIL: gfortran.dg/ieee/large_3.F90 -O3 -g execution test
FAIL: gfortran.dg/ieee/large_3.F90 -Os execution test
FAIL: gfortran.dg/ieee/rounding_1.f90 -O0 execution test
FAIL: gfortran.dg/ieee/rounding_1.f90 -O1 execution test
FAIL: gfortran.dg/ieee/rounding_1.f90 -O2 execution test
FAIL: gfortran.dg/ieee/rounding_1.f90 -O3 -fomit-frame-pointer -funroll-loops -fpeel-loops -ftracer -finline-functions execution test
FAIL: gfortran.dg/ieee/rounding_1.f90 -O3 -g execution test
FAIL: gfortran.dg/ieee/rounding_1.f90 -Os execution test
=== gfortran Summary ===
# of expected passes 39896
# of unexpected failures 36
# of expected failures 75
# of unsupported tests 320
/scratch/gcc/nightly-2015-11-08-mainline/arm-none-linux-gnueabi/obj/test-mainline-0-arm-none-linux-gnueabi/host-i686-pc-linux-gnu/fsf-mainline/bin/arm-none-linux-gnueabi-gfortran version 6.0.0 20151108 (experimental) (GCC)
=== Summary adjusted for local xfails ===
# of unexpected failures 36
# of expected passes 39896
# of expected failures 75
# of unsupported tests 320
Host is i686-pc-linux-gnu
=== libatomic tests ===
Running target qemu-wheezy-thumb/-mthumb
=== libatomic Summary ===
# of expected passes 44
# of unsupported tests 5
=== Summary adjusted for local xfails ===
# of expected passes 44
# of unsupported tests 5
Host is i686-pc-linux-gnu
=== libgomp tests ===
Running target qemu-wheezy-thumb/-mthumb
FAIL: libgomp.c++/target-6.C execution test
WARNING: program timed out.
FAIL: libgomp.fortran/strassen.f90 -O execution test
FAIL: libgomp.graphite/force-parallel-7.c execution test
UNRESOLVED: libgomp.oacc-c/../libgomp.oacc-c-c++-common/loop-red-v-2.c -DACC_DEVICE_TYPE_host=1 -DACC_MEM_SHARED=1 compilation failed to produce executable
UNRESOLVED: libgomp.oacc-c/../libgomp.oacc-c-c++-common/loop-red-w-2.c -DACC_DEVICE_TYPE_host=1 -DACC_MEM_SHARED=1 compilation failed to produce executable
UNRESOLVED: libgomp.oacc-c++/../libgomp.oacc-c-c++-common/loop-red-v-2.c -DACC_DEVICE_TYPE_host=1 -DACC_MEM_SHARED=1 compilation failed to produce executable
UNRESOLVED: libgomp.oacc-c++/../libgomp.oacc-c-c++-common/loop-red-w-2.c -DACC_DEVICE_TYPE_host=1 -DACC_MEM_SHARED=1 compilation failed to produce executable
=== libgomp Summary ===
# of expected passes 4394
# of unexpected failures 3
# of expected failures 8
# of unresolved testcases 4
# of unsupported tests 320
=== Summary adjusted for local xfails ===
# of unexpected failures 3
# of expected passes 4394
# of expected failures 8
# of unresolved testcases 4
# of unsupported tests 320
Host is i686-pc-linux-gnu
=== libitm tests ===
Running target qemu-wheezy-thumb/-mthumb
=== libitm Summary ===
# of expected passes 32
# of expected failures 3
# of unsupported tests 1
=== Summary adjusted for local xfails ===
# of expected passes 32
# of expected failures 3
# of unsupported tests 1
Host is i686-pc-linux-gnu
=== libstdc++ tests ===
Running target qemu-wheezy-thumb/-mthumb
FAIL: 22_locale/messages/13631.cc execution test
FAIL: 22_locale/messages/members/char/1.cc execution test
FAIL: 22_locale/messages/members/char/2.cc execution test
FAIL: 22_locale/messages/members/char/wrapped_locale.cc execution test
FAIL: 22_locale/messages_byname/named_equivalence.cc execution test
FAIL: 25_algorithms/remove/requirements/explicit_instantiation/2.cc (test for excess errors)
WARNING: program timed out.
FAIL: ext/vstring/requirements/exception/basic.cc execution test
=== libstdc++ Summary ===
# of expected passes 10304
# of unexpected failures 7
# of expected failures 66
# of unsupported tests 378
=== Summary adjusted for local xfails ===
# of unexpected failures 7
# of expected passes 10304
# of expected failures 66
# of unsupported tests 378
Compiler version: 6.0.0 20151108 (experimental) (GCC)
Platform: arm-none-linux-gnueabi
configure flags: --build=i686-pc-linux-gnu --host=i686-pc-linux-gnu --target=arm-none-linux-gnueabi --enable-threads --disable-libmudflap --disable-libssp --disable-libstdcxx-pch --with-gnu-as --with-gnu-ld --enable-languages=c,c++,fortran --enable-shared --enable-lto --enable-symvers=gnu --enable-__cxa_atexit --with-glibc-version=2.21 --disable-nls --prefix=/scratch/gcc/nightly-2015-11-08-mainline/arm-none-linux-gnueabi/install --with-sysroot=/scratch/gcc/nightly-2015-11-08-mainline/arm-none-linux-gnueabi/install/arm-none-linux-gnueabi/libc --with-gmp=/scratch/gcc/nightly-2015-11-08-mainline/arm-none-linux-gnueabi/obj/pkg-mainline-0-arm-none-linux-gnueabi/fsf-mainline-0-arm-none-linux-gnueabi.extras/host-libs-i686-pc-linux-gnu/usr --with-mpfr=/scratch/gcc/nightly-2015-11-08-mainline/arm-none-linux-gnueabi/obj/pkg-mainline-0-arm-none-linux-gnueabi/fsf-mainline-0-arm-none-linux-gnueabi.extras/host-libs-i686-pc-linux-gnu/usr --with-mpc=/scratch/gcc/nightly-2015-11-08-mainline/a
rm-none-linux-gnueabi/obj/pkg-mainline-0-arm-none-linux-gnueabi/fsf-mainline-0-arm-none-linux-gnueabi.extras/host-libs-i686-pc-linux-gnu/usr --with-isl=/scratch/gcc/nightly-2015-11-08-mainline/arm-none-linux-gnueabi/obj/pkg-mainline-0-arm-none-linux-gnueabi/fsf-mainline-0-arm-none-linux-gnueabi.extras/host-libs-i686-pc-linux-gnu/usr --enable-libgomp --enable-libitm --enable-libatomic --disable-libssp --disable-libcc1 --enable-poison-system-directories --with-python-dir=arm-none-linux-gnueabi/share/gdb/python --with-build-time-tools=/scratch/gcc/nightly-2015-11-08-mainline/arm-none-linux-gnueabi/install/arm-none-linux-gnueabi/bin --with-build-time-tools=/scratch/gcc/nightly-2015-11-08-mainline/arm-none-linux-gnueabi/install/arm-none-linux-gnueabi/bin SED=sed
More information about the Gcc-testresults
mailing list