Results for 6.0.0 20151107 (experimental) [trunk revision 229910] (GCC) testsuite on i686-pc-linux-gnu
H.J. Lu ia32 Core i7
ia32corei7@gnu-34.sc.intel.com
Sat Nov 7 04:17:00 GMT 2015
Native configuration is i686-pc-linux-gnu
=== gcc tests ===
Running target unix
FAIL: gcc.dg/debug/dwarf2/stacked-qualified-types-3.c scan-assembler-times DIE \\\\([^\\n]*\\\\) DW_TAG_(?:const|volatile|atomic|restrict)_type 8
FAIL: gcc.dg/graphite/fuse-1.c scan-tree-dump-times forwprop4 "gimple_simplified to[^\\\\n]*\\\\^ 12" 1
UNRESOLVED: gcc.dg/graphite/fuse-1.c scan-tree-dump-times graphite "ISL AST generated by ISL:.*for (int c0 = 0; c0 <= 99; c0 += 1) {.*S_.*(c0);.*S_.*(c0);.*S_.*(c0);.*}" 1
UNRESOLVED: gcc.dg/graphite/fuse-2.c scan-tree-dump-times graphite "ISL AST generated by ISL:.*for (int c0 = 0; c0 <= 99; c0 += 1) {.*S_.*(c0);.*S_.*(c0);.*S_.*(c0);.*}" 1
XPASS: gcc.dg/guality/example.c -O0 execution test
XPASS: gcc.dg/guality/example.c -O1 execution test
XPASS: gcc.dg/guality/guality.c -O0 execution test
XPASS: gcc.dg/guality/guality.c -O1 execution test
XPASS: gcc.dg/guality/guality.c -O2 execution test
XPASS: gcc.dg/guality/guality.c -O2 -flto -fno-use-linker-plugin -flto-partition=none execution test
XPASS: gcc.dg/guality/guality.c -O2 -flto -fuse-linker-plugin -fno-fat-lto-objects execution test
XPASS: gcc.dg/guality/guality.c -O3 -g execution test
XPASS: gcc.dg/guality/guality.c -Os execution test
XPASS: gcc.dg/guality/inline-params.c -O2 execution test
XPASS: gcc.dg/guality/inline-params.c -O2 -flto -fno-use-linker-plugin -flto-partition=none execution test
XPASS: gcc.dg/guality/inline-params.c -O3 -g execution test
XPASS: gcc.dg/guality/inline-params.c -Os execution test
XPASS: gcc.dg/guality/pr41353-1.c -O0 line 28 j == 28 + 37
XPASS: gcc.dg/guality/pr41353-1.c -O1 line 28 j == 28 + 37
XPASS: gcc.dg/guality/pr41353-1.c -O2 line 28 j == 28 + 37
XPASS: gcc.dg/guality/pr41353-1.c -O2 -flto -fno-use-linker-plugin -flto-partition=none line 28 j == 28 + 37
XPASS: gcc.dg/guality/pr41353-1.c -O2 -flto -fuse-linker-plugin -fno-fat-lto-objects line 28 j == 28 + 37
XPASS: gcc.dg/guality/pr41353-1.c -O3 -g line 28 j == 28 + 37
XPASS: gcc.dg/guality/pr41353-1.c -Os line 28 j == 28 + 37
FAIL: gcc.dg/guality/pr41447-1.c -O2 execution test
FAIL: gcc.dg/guality/pr41447-1.c -O2 -flto -fno-use-linker-plugin -flto-partition=none execution test
FAIL: gcc.dg/guality/pr41447-1.c -O3 -g execution test
FAIL: gcc.dg/guality/pr41616-1.c -O2 -flto -fuse-linker-plugin -fno-fat-lto-objects execution test
FAIL: gcc.dg/guality/pr45882.c -O2 -flto -fuse-linker-plugin -fno-fat-lto-objects line 16 d == 112
FAIL: gcc.dg/guality/pr45882.c -O2 -flto -fuse-linker-plugin -fno-fat-lto-objects line 16 e == 142
FAIL: gcc.dg/guality/pr54200.c -O2 -flto -fuse-linker-plugin -fno-fat-lto-objects line 20 z == 3
FAIL: gcc.dg/guality/pr54519-1.c -O2 -flto -fno-use-linker-plugin -flto-partition=none line 20 y == 25
FAIL: gcc.dg/guality/pr54519-1.c -O2 -flto -fno-use-linker-plugin -flto-partition=none line 20 z == 6
FAIL: gcc.dg/guality/pr54519-1.c -O2 -flto -fno-use-linker-plugin -flto-partition=none line 23 y == 117
FAIL: gcc.dg/guality/pr54519-1.c -O2 -flto -fno-use-linker-plugin -flto-partition=none line 23 z == 8
FAIL: gcc.dg/guality/pr54519-2.c -O2 -flto -fno-use-linker-plugin -flto-partition=none line 17 y == 25
FAIL: gcc.dg/guality/pr54519-2.c -O2 -flto -fuse-linker-plugin -fno-fat-lto-objects line 17 y == 25
FAIL: gcc.dg/guality/pr54519-3.c -O2 -flto -fno-use-linker-plugin -flto-partition=none line 20 y == 25
FAIL: gcc.dg/guality/pr54519-3.c -O2 -flto -fno-use-linker-plugin -flto-partition=none line 20 z == 6
FAIL: gcc.dg/guality/pr54519-3.c -O2 -flto -fno-use-linker-plugin -flto-partition=none line 23 y == 117
FAIL: gcc.dg/guality/pr54519-3.c -O2 -flto -fno-use-linker-plugin -flto-partition=none line 23 z == 8
FAIL: gcc.dg/guality/pr54519-3.c -O2 -flto -fuse-linker-plugin -fno-fat-lto-objects line 20 y == 25
FAIL: gcc.dg/guality/pr54519-3.c -O2 -flto -fuse-linker-plugin -fno-fat-lto-objects line 20 z == 6
FAIL: gcc.dg/guality/pr54519-3.c -O2 -flto -fuse-linker-plugin -fno-fat-lto-objects line 23 y == 117
FAIL: gcc.dg/guality/pr54519-3.c -O2 -flto -fuse-linker-plugin -fno-fat-lto-objects line 23 z == 8
FAIL: gcc.dg/guality/pr54519-4.c -O2 -flto -fno-use-linker-plugin -flto-partition=none line 17 y == 25
FAIL: gcc.dg/guality/pr54519-4.c -O2 -flto -fuse-linker-plugin -fno-fat-lto-objects line 17 y == 25
FAIL: gcc.dg/guality/pr54519-5.c -O2 -flto -fno-use-linker-plugin -flto-partition=none line 17 y == 25
FAIL: gcc.dg/guality/pr54519-5.c -O2 -flto -fuse-linker-plugin -fno-fat-lto-objects line 17 y == 25
FAIL: gcc.dg/guality/vla-1.c -O1 line 17 sizeof (a) == 6
FAIL: gcc.dg/guality/vla-1.c -O2 line 17 sizeof (a) == 6
FAIL: gcc.dg/guality/vla-1.c -O2 -flto -fno-use-linker-plugin -flto-partition=none line 17 sizeof (a) == 6
FAIL: gcc.dg/guality/vla-1.c -O2 -flto -fuse-linker-plugin -fno-fat-lto-objects line 17 sizeof (a) == 6
FAIL: gcc.dg/guality/vla-1.c -O3 -g line 17 sizeof (a) == 6
FAIL: gcc.dg/guality/vla-1.c -Os line 17 sizeof (a) == 6
FAIL: compiler driver --help=c++ option(s): "^ +-.*[^:.]\$" absent from output: " -Wplacement-new Warn for placement new expressions with undefined behavior"
FAIL: compiler driver --help=warnings option(s): "^ +-.*[^:.]\$" absent from output: " -Wplacement-new Warn for placement new expressions with undefined behavior"
FAIL: gcc.target/i386/pr61403.c scan-assembler blend
FAIL: gcc.target/i386/iamcu/test_passing_floats.c execution, -O3 -g
=== gcc Summary ===
# of expected passes 113932
# of unexpected failures 37
# of unexpected successes 20
# of expected failures 301
# of unresolved testcases 2
# of unsupported tests 1600
/export/gnu/import/git/gcc-test-ia32corei7/bld/gcc/xgcc version 6.0.0 20151107 (experimental) [trunk revision 229910] (GCC)
=== gfortran tests ===
Running target unix
=== gfortran Summary ===
# of expected passes 40869
# of expected failures 75
# of unsupported tests 165
/export/gnu/import/git/gcc-test-ia32corei7/bld/gcc/testsuite/gfortran/../../gfortran version 6.0.0 20151107 (experimental) [trunk revision 229910] (GCC)
=== g++ tests ===
Running target unix
FAIL: g++.dg/warn/Wplacement-new-size.C -std=gnu++11 (test for excess errors)
FAIL: g++.dg/warn/Wplacement-new-size.C -std=gnu++14 (test for excess errors)
FAIL: g++.dg/warn/Wplacement-new-size.C -std=gnu++98 (test for excess errors)
FAIL: g++.dg/guality/pr55665.C -O2 line 23 p == 40
FAIL: g++.dg/guality/pr55665.C -O3 -g line 23 p == 40
FAIL: g++.dg/lto/pr68057 cp_lto_pr68057_0.o-cp_lto_pr68057_1.o execute -O0 -flto -flto-partition=1to1 -fno-use-linker-plugin
FAIL: g++.dg/lto/pr68057 cp_lto_pr68057_0.o-cp_lto_pr68057_1.o execute -O0 -flto -flto-partition=none -fuse-linker-plugin
FAIL: g++.dg/lto/pr68057 cp_lto_pr68057_0.o-cp_lto_pr68057_1.o execute -O0 -flto -fuse-linker-plugin -fno-fat-lto-objects
FAIL: g++.dg/lto/pr68057 cp_lto_pr68057_0.o-cp_lto_pr68057_1.o execute -O2 -flto -flto-partition=1to1 -fno-use-linker-plugin
FAIL: g++.dg/lto/pr68057 cp_lto_pr68057_0.o-cp_lto_pr68057_1.o execute -O2 -flto -flto-partition=none -fuse-linker-plugin -fno-fat-lto-objects
FAIL: g++.dg/lto/pr68057 cp_lto_pr68057_0.o-cp_lto_pr68057_1.o execute -O2 -flto -fuse-linker-plugin
WARNING: lto.exp does not support dg-lto-do compile
XPASS: g++.dg/tls/thread_local-order2.C -std=c++11 execution test
XPASS: g++.dg/tls/thread_local-order2.C -std=c++14 execution test
=== g++ Summary ===
# of expected passes 96577
# of unexpected failures 11
# of unexpected successes 2
# of expected failures 326
# of unsupported tests 3253
/export/gnu/import/git/gcc-test-ia32corei7/bld/gcc/testsuite/g++/../../xg++ version 6.0.0 20151107 (experimental) [trunk revision 229910] (GCC)
=== objc tests ===
Running target unix
=== objc Summary ===
# of expected passes 2766
# of expected failures 6
# of unsupported tests 68
/export/gnu/import/git/gcc-test-ia32corei7/bld/gcc/xgcc version 6.0.0 20151107 (experimental) [trunk revision 229910] (GCC)
=== boehm-gc tests ===
Running target unix
=== boehm-gc Summary ===
# of expected passes 12
# of unsupported tests 1
=== libatomic tests ===
Running target unix
=== libatomic Summary ===
# of expected passes 44
# of unsupported tests 5
=== libffi tests ===
Running target unix
=== libffi Summary ===
# of expected passes 2439
# of unsupported tests 30
=== libgomp tests ===
Running target unix
UNRESOLVED: libgomp.oacc-c/../libgomp.oacc-c-c++-common/loop-red-v-2.c -DACC_DEVICE_TYPE_host=1 -DACC_MEM_SHARED=1 compilation failed to produce executable
UNRESOLVED: libgomp.oacc-c/../libgomp.oacc-c-c++-common/loop-red-w-2.c -DACC_DEVICE_TYPE_host=1 -DACC_MEM_SHARED=1 compilation failed to produce executable
UNRESOLVED: libgomp.oacc-c++/../libgomp.oacc-c-c++-common/loop-red-v-2.c -DACC_DEVICE_TYPE_host=1 -DACC_MEM_SHARED=1 compilation failed to produce executable
UNRESOLVED: libgomp.oacc-c++/../libgomp.oacc-c-c++-common/loop-red-w-2.c -DACC_DEVICE_TYPE_host=1 -DACC_MEM_SHARED=1 compilation failed to produce executable
=== libgomp Summary ===
# of expected passes 4548
# of expected failures 8
# of unresolved testcases 4
# of unsupported tests 212
=== libitm tests ===
Running target unix
=== libitm Summary ===
# of expected passes 32
# of expected failures 3
# of unsupported tests 1
=== libjava tests ===
Running target unix
=== libjava Summary ===
# of expected passes 2582
# of expected failures 4
=== libstdc++ tests ===
Running target unix
=== libstdc++ Summary ===
# of expected passes 11017
# of expected failures 66
# of unsupported tests 230
Compiler version: 6.0.0 20151107 (experimental) [trunk revision 229910] (GCC)
Platform: i686-pc-linux-gnu
configure flags: --with-arch=corei7 --with-cpu=corei7 --prefix=/usr/6.0.0 --enable-clocale=gnu --with-system-zlib --enable-shared --with-demangler-in-ld --enable-libmpx i686-linux --with-fpmath=sse --enable-languages=c,c++,fortran,java,lto,objc
More information about the Gcc-testresults
mailing list