Results for 5.2.1 20151103 (GCC) testsuite on x86_64-unknown-netbsd7.0.0

宋冬生 songdongsheng@live.cn
Fri Nov 6 09:34:00 GMT 2015


LAST_UPDATED: Obtained from SVN: branches/gcc-5-branch revision 229725

With patches in
    http://cvsweb.netbsd.org/bsdweb.cgi/pkgsrc/lang/gcc5/patches/
expect patch-gcc_Makefile.in

Native configuration is x86_64-unknown-netbsd7.0.0.

		=== g++ tests ===


Running target unix
FAIL: g++.dg/cdce3.C  -std=gnu++98 (test for excess errors)
UNRESOLVED: g++.dg/cdce3.C  -std=gnu++98 compilation failed to produce executable
FAIL: g++.dg/cdce3.C  -std=gnu++11 (test for excess errors)
UNRESOLVED: g++.dg/cdce3.C  -std=gnu++11 compilation failed to produce executable
FAIL: g++.dg/cdce3.C  -std=gnu++14 (test for excess errors)
UNRESOLVED: g++.dg/cdce3.C  -std=gnu++14 compilation failed to produce executable
FAIL: g++.dg/guality/pr55665.C   -O2  line 23 p == 40
FAIL: g++.dg/guality/pr55665.C   -O3 -fomit-frame-pointer  line 23 p == 40
FAIL: g++.dg/guality/pr55665.C   -O3 -g  line 23 p == 40
FAIL: g++.old-deja/g++.eh/badalloc1.C  -std=c++98 execution test
FAIL: g++.old-deja/g++.eh/badalloc1.C  -std=c++11 execution test
FAIL: g++.old-deja/g++.eh/badalloc1.C  -std=c++14 execution test

		=== g++ Summary ===

# of expected passes		85900
# of unexpected failures	9
# of expected failures		288
# of unresolved testcases	3
# of unsupported tests		3695
/home/builder/obj/gcc/testsuite/g++/../../xg++  version 5.2.1 20151103 (GCC) 

		=== gcc tests ===


Running target unix
FAIL: gcc.c-torture/execute/20030125-1.c   -O1  execution test
FAIL: gcc.c-torture/execute/20030125-1.c   -O2  execution test
FAIL: gcc.c-torture/execute/20030125-1.c   -O3 -fomit-frame-pointer  execution test
FAIL: gcc.c-torture/execute/20030125-1.c   -O3 -g  execution test
FAIL: gcc.c-torture/execute/20030125-1.c   -Os  execution test
FAIL: gcc.c-torture/execute/20030125-1.c   -O2 -flto -fno-use-linker-plugin -flto-partition=none  execution test
FAIL: gcc.c-torture/execute/20030125-1.c   -O2 -flto -fuse-linker-plugin -fno-fat-lto-objects  execution test
FAIL: gcc.dg/builtins-20.c (test for excess errors)
FAIL: gcc.dg/builtins-57.c (test for excess errors)
FAIL: gcc.dg/builtins-58.c scan-assembler-not pow\\\\M
FAIL: gcc.dg/builtins-59.c scan-tree-dump gimple "__builtin_cexpi"
FAIL: gcc.dg/builtins-59.c scan-tree-dump-not gimple "sincos"
FAIL: gcc.dg/builtins-61.c scan-tree-dump optimized "cexpi"
FAIL: gcc.dg/builtins-61.c scan-tree-dump optimized "sin"
FAIL: gcc.dg/builtins-61.c scan-tree-dump optimized "cos"
FAIL: gcc.dg/builtins-61.c scan-tree-dump optimized "return 0.0"
FAIL: gcc.dg/builtins-62.c scan-tree-dump-times optimized "cexpi" 3
FAIL: gcc.dg/builtins-65.c (test for excess errors)
FAIL: gcc.dg/utf-array-short-wchar.c  (test for errors, line 39)
FAIL: gcc.dg/utf-array-short-wchar.c  (test for errors, line 41)
FAIL: gcc.dg/utf-array-short-wchar.c (test for excess errors)
XPASS: gcc.dg/guality/example.c   -O0  execution test
XPASS: gcc.dg/guality/example.c   -O1  execution test
XPASS: gcc.dg/guality/example.c   -O2  execution test
XPASS: gcc.dg/guality/example.c   -O2 -flto -fno-use-linker-plugin -flto-partition=none  execution test
XPASS: gcc.dg/guality/guality.c   -O0  execution test
XPASS: gcc.dg/guality/guality.c   -O1  execution test
XPASS: gcc.dg/guality/guality.c   -O2  execution test
XPASS: gcc.dg/guality/guality.c   -O3 -fomit-frame-pointer  execution test
XPASS: gcc.dg/guality/guality.c   -O3 -g  execution test
XPASS: gcc.dg/guality/guality.c   -Os  execution test
XPASS: gcc.dg/guality/guality.c   -O2 -flto -fno-use-linker-plugin -flto-partition=none  execution test
XPASS: gcc.dg/guality/guality.c   -O2 -flto -fuse-linker-plugin -fno-fat-lto-objects  execution test
XPASS: gcc.dg/guality/inline-params.c   -O2  execution test
XPASS: gcc.dg/guality/inline-params.c   -O3 -fomit-frame-pointer  execution test
XPASS: gcc.dg/guality/inline-params.c   -O3 -g  execution test
XPASS: gcc.dg/guality/inline-params.c   -Os  execution test
XPASS: gcc.dg/guality/inline-params.c   -O2 -flto -fno-use-linker-plugin -flto-partition=none  execution test
XPASS: gcc.dg/guality/pr41353-1.c   -O0  line 28 j == 28 + 37
FAIL: gcc.dg/guality/pr41616-1.c   -O2 -flto -fuse-linker-plugin -fno-fat-lto-objects  execution test
FAIL: gcc.dg/guality/pr43051-1.c   -O2  line 35 v == 1
FAIL: gcc.dg/guality/pr43051-1.c   -O2  line 36 e == &a[1]
FAIL: gcc.dg/guality/pr43051-1.c   -O2  line 39 c == &a[0]
FAIL: gcc.dg/guality/pr43051-1.c   -O2  line 40 v == 1
FAIL: gcc.dg/guality/pr43051-1.c   -O2  line 41 e == &a[1]
FAIL: gcc.dg/guality/pr43051-1.c   -O3 -fomit-frame-pointer  line 35 v == 1
FAIL: gcc.dg/guality/pr43051-1.c   -O3 -fomit-frame-pointer  line 36 e == &a[1]
FAIL: gcc.dg/guality/pr43051-1.c   -O3 -fomit-frame-pointer  line 39 c == &a[0]
FAIL: gcc.dg/guality/pr43051-1.c   -O3 -fomit-frame-pointer  line 40 v == 1
FAIL: gcc.dg/guality/pr43051-1.c   -O3 -fomit-frame-pointer  line 41 e == &a[1]
FAIL: gcc.dg/guality/pr43051-1.c   -O3 -fomit-frame-pointer -funroll-loops  line 35 v == 1
FAIL: gcc.dg/guality/pr43051-1.c   -O3 -fomit-frame-pointer -funroll-loops  line 36 e == &a[1]
FAIL: gcc.dg/guality/pr43051-1.c   -O3 -fomit-frame-pointer -funroll-loops  line 39 c == &a[0]
FAIL: gcc.dg/guality/pr43051-1.c   -O3 -fomit-frame-pointer -funroll-loops  line 40 v == 1
FAIL: gcc.dg/guality/pr43051-1.c   -O3 -fomit-frame-pointer -funroll-loops  line 41 e == &a[1]
FAIL: gcc.dg/guality/pr43051-1.c   -O3 -fomit-frame-pointer -funroll-all-loops -finline-functions  line 35 v == 1
FAIL: gcc.dg/guality/pr43051-1.c   -O3 -fomit-frame-pointer -funroll-all-loops -finline-functions  line 36 e == &a[1]
FAIL: gcc.dg/guality/pr43051-1.c   -O3 -fomit-frame-pointer -funroll-all-loops -finline-functions  line 39 c == &a[0]
FAIL: gcc.dg/guality/pr43051-1.c   -O3 -fomit-frame-pointer -funroll-all-loops -finline-functions  line 40 v == 1
FAIL: gcc.dg/guality/pr43051-1.c   -O3 -fomit-frame-pointer -funroll-all-loops -finline-functions  line 41 e == &a[1]
FAIL: gcc.dg/guality/pr43051-1.c   -O3 -g  line 35 v == 1
FAIL: gcc.dg/guality/pr43051-1.c   -O3 -g  line 36 e == &a[1]
FAIL: gcc.dg/guality/pr43051-1.c   -O3 -g  line 39 c == &a[0]
FAIL: gcc.dg/guality/pr43051-1.c   -O3 -g  line 40 v == 1
FAIL: gcc.dg/guality/pr43051-1.c   -O3 -g  line 41 e == &a[1]
FAIL: gcc.dg/guality/pr43051-1.c   -Os  line 35 v == 1
FAIL: gcc.dg/guality/pr43051-1.c   -Os  line 36 e == &a[1]
FAIL: gcc.dg/guality/pr43051-1.c   -Os  line 39 c == &a[0]
FAIL: gcc.dg/guality/pr43051-1.c   -Os  line 40 v == 1
FAIL: gcc.dg/guality/pr43051-1.c   -Os  line 41 e == &a[1]
FAIL: gcc.dg/guality/pr43051-1.c   -O2 -flto -fno-use-linker-plugin -flto-partition=none  line 35 v == 1
FAIL: gcc.dg/guality/pr43051-1.c   -O2 -flto -fno-use-linker-plugin -flto-partition=none  line 36 e == &a[1]
FAIL: gcc.dg/guality/pr43051-1.c   -O2 -flto -fno-use-linker-plugin -flto-partition=none  line 39 c == &a[0]
FAIL: gcc.dg/guality/pr43051-1.c   -O2 -flto -fno-use-linker-plugin -flto-partition=none  line 40 v == 1
FAIL: gcc.dg/guality/pr43051-1.c   -O2 -flto -fno-use-linker-plugin -flto-partition=none  line 41 e == &a[1]
FAIL: gcc.dg/guality/pr43051-1.c   -O2 -flto -fuse-linker-plugin -fno-fat-lto-objects  line 35 v == 1
FAIL: gcc.dg/guality/pr43051-1.c   -O2 -flto -fuse-linker-plugin -fno-fat-lto-objects  line 36 e == &a[1]
FAIL: gcc.dg/guality/pr43051-1.c   -O2 -flto -fuse-linker-plugin -fno-fat-lto-objects  line 39 c == &a[0]
FAIL: gcc.dg/guality/pr43051-1.c   -O2 -flto -fuse-linker-plugin -fno-fat-lto-objects  line 40 v == 1
FAIL: gcc.dg/guality/pr43051-1.c   -O2 -flto -fuse-linker-plugin -fno-fat-lto-objects  line 41 e == &a[1]
FAIL: gcc.dg/guality/pr43177.c   -O2  line 15 l == 10
FAIL: gcc.dg/guality/pr43177.c   -O2  line 15 x == 7
FAIL: gcc.dg/guality/pr43177.c   -O2  line 24 l == 10
FAIL: gcc.dg/guality/pr43177.c   -O2  line 24 x == 7
FAIL: gcc.dg/guality/pr43177.c   -O3 -fomit-frame-pointer  line 15 l == 10
FAIL: gcc.dg/guality/pr43177.c   -O3 -fomit-frame-pointer  line 15 x == 7
FAIL: gcc.dg/guality/pr43177.c   -O3 -fomit-frame-pointer  line 24 l == 10
FAIL: gcc.dg/guality/pr43177.c   -O3 -fomit-frame-pointer  line 24 x == 7
FAIL: gcc.dg/guality/pr43177.c   -O3 -g  line 15 l == 10
FAIL: gcc.dg/guality/pr43177.c   -O3 -g  line 15 x == 7
FAIL: gcc.dg/guality/pr43177.c   -O3 -g  line 24 l == 10
FAIL: gcc.dg/guality/pr43177.c   -O3 -g  line 24 x == 7
FAIL: gcc.dg/guality/pr43177.c   -Os  line 15 l == 10
FAIL: gcc.dg/guality/pr43177.c   -Os  line 15 x == 7
FAIL: gcc.dg/guality/pr43177.c   -Os  line 24 l == 10
FAIL: gcc.dg/guality/pr43177.c   -Os  line 24 x == 7
FAIL: gcc.dg/guality/pr43177.c   -O2 -flto -fno-use-linker-plugin -flto-partition=none  line 15 l == 10
FAIL: gcc.dg/guality/pr43177.c   -O2 -flto -fno-use-linker-plugin -flto-partition=none  line 15 x == 7
FAIL: gcc.dg/guality/pr43177.c   -O2 -flto -fno-use-linker-plugin -flto-partition=none  line 24 l == 10
FAIL: gcc.dg/guality/pr43177.c   -O2 -flto -fno-use-linker-plugin -flto-partition=none  line 24 x == 7
FAIL: gcc.dg/guality/pr43177.c   -O2 -flto -fuse-linker-plugin -fno-fat-lto-objects  line 15 l == 10
FAIL: gcc.dg/guality/pr43177.c   -O2 -flto -fuse-linker-plugin -fno-fat-lto-objects  line 15 x == 7
FAIL: gcc.dg/guality/pr43177.c   -O2 -flto -fuse-linker-plugin -fno-fat-lto-objects  line 24 l == 10
FAIL: gcc.dg/guality/pr43177.c   -O2 -flto -fuse-linker-plugin -fno-fat-lto-objects  line 24 x == 7
FAIL: gcc.dg/guality/pr45003-2.c   -O2 -flto -fuse-linker-plugin -fno-fat-lto-objects  line 10 a == 0x8078
FAIL: gcc.dg/guality/pr45882.c   -O2 -flto -fuse-linker-plugin -fno-fat-lto-objects  line 16 d == 112
FAIL: gcc.dg/guality/pr45882.c   -O2 -flto -fuse-linker-plugin -fno-fat-lto-objects  line 16 e == 142
FAIL: gcc.dg/guality/pr54200.c   -Os  line 20 z == 3
FAIL: gcc.dg/guality/pr54519-1.c   -O2 -flto -fno-use-linker-plugin -flto-partition=none  line 20 y == 25
FAIL: gcc.dg/guality/pr54519-1.c   -O2 -flto -fno-use-linker-plugin -flto-partition=none  line 20 z == 6
FAIL: gcc.dg/guality/pr54519-1.c   -O2 -flto -fno-use-linker-plugin -flto-partition=none  line 23 y == 117
FAIL: gcc.dg/guality/pr54519-1.c   -O2 -flto -fno-use-linker-plugin -flto-partition=none  line 23 z == 8
FAIL: gcc.dg/guality/pr54519-2.c   -O2 -flto -fno-use-linker-plugin -flto-partition=none  line 17 y == 25
FAIL: gcc.dg/guality/pr54519-2.c   -O2 -flto -fuse-linker-plugin -fno-fat-lto-objects  line 17 y == 25
FAIL: gcc.dg/guality/pr54519-3.c   -O2 -flto -fno-use-linker-plugin -flto-partition=none  line 20 y == 25
FAIL: gcc.dg/guality/pr54519-3.c   -O2 -flto -fno-use-linker-plugin -flto-partition=none  line 20 z == 6
FAIL: gcc.dg/guality/pr54519-3.c   -O2 -flto -fno-use-linker-plugin -flto-partition=none  line 23 y == 117
FAIL: gcc.dg/guality/pr54519-3.c   -O2 -flto -fno-use-linker-plugin -flto-partition=none  line 23 z == 8
FAIL: gcc.dg/guality/pr54519-3.c   -O2 -flto -fuse-linker-plugin -fno-fat-lto-objects  line 20 x == 36
FAIL: gcc.dg/guality/pr54519-3.c   -O2 -flto -fuse-linker-plugin -fno-fat-lto-objects  line 20 y == 25
FAIL: gcc.dg/guality/pr54519-3.c   -O2 -flto -fuse-linker-plugin -fno-fat-lto-objects  line 20 z == 6
FAIL: gcc.dg/guality/pr54519-3.c   -O2 -flto -fuse-linker-plugin -fno-fat-lto-objects  line 23 x == 98
FAIL: gcc.dg/guality/pr54519-3.c   -O2 -flto -fuse-linker-plugin -fno-fat-lto-objects  line 23 y == 117
FAIL: gcc.dg/guality/pr54519-3.c   -O2 -flto -fuse-linker-plugin -fno-fat-lto-objects  line 23 z == 8
FAIL: gcc.dg/guality/pr54519-4.c   -O2 -flto -fno-use-linker-plugin -flto-partition=none  line 17 y == 25
FAIL: gcc.dg/guality/pr54519-4.c   -O2 -flto -fuse-linker-plugin -fno-fat-lto-objects  line 17 x == 6
FAIL: gcc.dg/guality/pr54519-4.c   -O2 -flto -fuse-linker-plugin -fno-fat-lto-objects  line 17 y == 25
FAIL: gcc.dg/guality/pr54519-5.c   -O2 -flto -fno-use-linker-plugin -flto-partition=none  line 17 y == 25
FAIL: gcc.dg/guality/pr54519-5.c   -O2 -flto -fuse-linker-plugin -fno-fat-lto-objects  line 17 y == 25
FAIL: gcc.dg/guality/sra-1.c   -O2  line 21 a.i == 4
FAIL: gcc.dg/guality/sra-1.c   -O2  line 21 a.j == 14
FAIL: gcc.dg/guality/sra-1.c   -O2  line 43 a.i == 4
FAIL: gcc.dg/guality/sra-1.c   -O2  line 43 a.j == 14
FAIL: gcc.dg/guality/sra-1.c   -O3 -fomit-frame-pointer  line 21 a.i == 4
FAIL: gcc.dg/guality/sra-1.c   -O3 -fomit-frame-pointer  line 21 a.j == 14
FAIL: gcc.dg/guality/sra-1.c   -O3 -fomit-frame-pointer  line 43 a.i == 4
FAIL: gcc.dg/guality/sra-1.c   -O3 -fomit-frame-pointer  line 43 a.j == 14
FAIL: gcc.dg/guality/sra-1.c   -O3 -g  line 21 a.i == 4
FAIL: gcc.dg/guality/sra-1.c   -O3 -g  line 21 a.j == 14
FAIL: gcc.dg/guality/sra-1.c   -O3 -g  line 43 a.i == 4
FAIL: gcc.dg/guality/sra-1.c   -O3 -g  line 43 a.j == 14
FAIL: gcc.dg/guality/sra-1.c   -Os  line 21 a.i == 4
FAIL: gcc.dg/guality/sra-1.c   -Os  line 21 a.j == 14
FAIL: gcc.dg/guality/sra-1.c   -Os  line 43 a.i == 4
FAIL: gcc.dg/guality/sra-1.c   -Os  line 43 a.j == 14
FAIL: gcc.dg/guality/sra-1.c   -O2 -flto -fno-use-linker-plugin -flto-partition=none  line 21 a.i == 4
FAIL: gcc.dg/guality/sra-1.c   -O2 -flto -fno-use-linker-plugin -flto-partition=none  line 21 a.j == 14
FAIL: gcc.dg/guality/sra-1.c   -O2 -flto -fno-use-linker-plugin -flto-partition=none  line 43 a.i == 4
FAIL: gcc.dg/guality/sra-1.c   -O2 -flto -fno-use-linker-plugin -flto-partition=none  line 43 a.j == 14
FAIL: gcc.dg/guality/sra-1.c   -O2 -flto -fuse-linker-plugin -fno-fat-lto-objects  line 21 a.i == 4
FAIL: gcc.dg/guality/sra-1.c   -O2 -flto -fuse-linker-plugin -fno-fat-lto-objects  line 21 a.j == 14
FAIL: gcc.dg/guality/sra-1.c   -O2 -flto -fuse-linker-plugin -fno-fat-lto-objects  line 43 a.i == 4
FAIL: gcc.dg/guality/sra-1.c   -O2 -flto -fuse-linker-plugin -fno-fat-lto-objects  line 43 a.j == 14
FAIL: gcc.dg/guality/vla-1.c   -O0  line 17 sizeof (a) == 6
FAIL: gcc.dg/guality/vla-1.c   -O0  line 24 sizeof (a) == 17 * sizeof (short)
FAIL: gcc.dg/guality/vla-1.c   -O1  line 17 sizeof (a) == 6
FAIL: gcc.dg/guality/vla-1.c   -O1  line 24 sizeof (a) == 17 * sizeof (short)
FAIL: gcc.dg/guality/vla-1.c   -O2  line 17 sizeof (a) == 6
FAIL: gcc.dg/guality/vla-1.c   -O2  line 24 sizeof (a) == 17 * sizeof (short)
FAIL: gcc.dg/guality/vla-1.c   -O3 -fomit-frame-pointer  line 17 sizeof (a) == 6
FAIL: gcc.dg/guality/vla-1.c   -O3 -fomit-frame-pointer  line 24 sizeof (a) == 17 * sizeof (short)
FAIL: gcc.dg/guality/vla-1.c   -O3 -g  line 17 sizeof (a) == 6
FAIL: gcc.dg/guality/vla-1.c   -O3 -g  line 24 sizeof (a) == 17 * sizeof (short)
FAIL: gcc.dg/guality/vla-1.c   -Os  line 17 sizeof (a) == 6
FAIL: gcc.dg/guality/vla-1.c   -Os  line 24 sizeof (a) == 17 * sizeof (short)
FAIL: gcc.dg/guality/vla-1.c   -O2 -flto -fno-use-linker-plugin -flto-partition=none  line 17 sizeof (a) == 6
FAIL: gcc.dg/guality/vla-1.c   -O2 -flto -fno-use-linker-plugin -flto-partition=none  line 24 sizeof (a) == 17 * sizeof (short)
FAIL: gcc.dg/guality/vla-1.c   -O2 -flto -fuse-linker-plugin -fno-fat-lto-objects  line 17 sizeof (a) == 6
FAIL: gcc.dg/guality/vla-1.c   -O2 -flto -fuse-linker-plugin -fno-fat-lto-objects  line 24 sizeof (a) == 17 * sizeof (short)
FAIL: gcc.dg/guality/vla-2.c   -O0  line 16 sizeof (a) == 5 * sizeof (int)
FAIL: gcc.dg/guality/vla-2.c   -O0  line 25 sizeof (a) == 6 * sizeof (int)
FAIL: gcc.dg/guality/vla-2.c   -O1  line 16 sizeof (a) == 5 * sizeof (int)
FAIL: gcc.dg/guality/vla-2.c   -O1  line 25 sizeof (a) == 6 * sizeof (int)
FAIL: gcc.dg/guality/vla-2.c   -O2  line 16 sizeof (a) == 5 * sizeof (int)
FAIL: gcc.dg/guality/vla-2.c   -O2  line 25 sizeof (a) == 6 * sizeof (int)
FAIL: gcc.dg/guality/vla-2.c   -O3 -fomit-frame-pointer  line 16 sizeof (a) == 5 * sizeof (int)
FAIL: gcc.dg/guality/vla-2.c   -O3 -fomit-frame-pointer  line 25 sizeof (a) == 6 * sizeof (int)
FAIL: gcc.dg/guality/vla-2.c   -O3 -g  line 16 sizeof (a) == 5 * sizeof (int)
FAIL: gcc.dg/guality/vla-2.c   -O3 -g  line 25 sizeof (a) == 6 * sizeof (int)
FAIL: gcc.dg/guality/vla-2.c   -Os  line 16 sizeof (a) == 5 * sizeof (int)
FAIL: gcc.dg/guality/vla-2.c   -Os  line 25 sizeof (a) == 6 * sizeof (int)
FAIL: gcc.dg/guality/vla-2.c   -O2 -flto -fno-use-linker-plugin -flto-partition=none  line 16 sizeof (a) == 5 * sizeof (int)
FAIL: gcc.dg/guality/vla-2.c   -O2 -flto -fno-use-linker-plugin -flto-partition=none  line 25 sizeof (a) == 6 * sizeof (int)
FAIL: gcc.dg/guality/vla-2.c   -O2 -flto -fuse-linker-plugin -fno-fat-lto-objects  line 16 sizeof (a) == 5 * sizeof (int)
FAIL: gcc.dg/guality/vla-2.c   -O2 -flto -fuse-linker-plugin -fno-fat-lto-objects  line 25 sizeof (a) == 6 * sizeof (int)
FAIL: gcc.dg/lto/pr60449 c_lto_pr60449_0.o-c_lto_pr60449_1.o link, -O0 -flto -flto-partition=none -fuse-linker-plugin
UNRESOLVED: gcc.dg/lto/pr60449 c_lto_pr60449_0.o-c_lto_pr60449_1.o execute -O0 -flto -flto-partition=none -fuse-linker-plugin
FAIL: gcc.dg/lto/pr60449 c_lto_pr60449_0.o-c_lto_pr60449_1.o link, -O2 -flto -flto-partition=none -fuse-linker-plugin -fno-fat-lto-objects 
UNRESOLVED: gcc.dg/lto/pr60449 c_lto_pr60449_0.o-c_lto_pr60449_1.o execute -O2 -flto -flto-partition=none -fuse-linker-plugin -fno-fat-lto-objects 
FAIL: gcc.dg/lto/pr60449 c_lto_pr60449_0.o-c_lto_pr60449_1.o link, -O0 -flto -flto-partition=1to1 -fno-use-linker-plugin 
UNRESOLVED: gcc.dg/lto/pr60449 c_lto_pr60449_0.o-c_lto_pr60449_1.o execute -O0 -flto -flto-partition=1to1 -fno-use-linker-plugin 
FAIL: gcc.dg/lto/pr60449 c_lto_pr60449_0.o-c_lto_pr60449_1.o link, -O2 -flto -flto-partition=1to1 -fno-use-linker-plugin 
UNRESOLVED: gcc.dg/lto/pr60449 c_lto_pr60449_0.o-c_lto_pr60449_1.o execute -O2 -flto -flto-partition=1to1 -fno-use-linker-plugin 
FAIL: gcc.dg/lto/pr60449 c_lto_pr60449_0.o-c_lto_pr60449_1.o link, -O0 -flto -fuse-linker-plugin -fno-fat-lto-objects 
UNRESOLVED: gcc.dg/lto/pr60449 c_lto_pr60449_0.o-c_lto_pr60449_1.o execute -O0 -flto -fuse-linker-plugin -fno-fat-lto-objects 
FAIL: gcc.dg/lto/pr60449 c_lto_pr60449_0.o-c_lto_pr60449_1.o link, -O2 -flto -fuse-linker-plugin
UNRESOLVED: gcc.dg/lto/pr60449 c_lto_pr60449_0.o-c_lto_pr60449_1.o execute -O2 -flto -fuse-linker-plugin
FAIL: gcc.dg/torture/builtin-convert-1.c   -O1  (test for excess errors)
FAIL: gcc.dg/torture/builtin-convert-1.c   -O2  (test for excess errors)
FAIL: gcc.dg/torture/builtin-convert-1.c   -O3 -fomit-frame-pointer  (test for excess errors)
FAIL: gcc.dg/torture/builtin-convert-1.c   -O3 -g  (test for excess errors)
FAIL: gcc.dg/torture/builtin-convert-1.c   -Os  (test for excess errors)
FAIL: gcc.dg/torture/builtin-convert-1.c   -O2 -flto -fno-use-linker-plugin -flto-partition=none  (test for excess errors)
FAIL: gcc.dg/torture/builtin-convert-2.c   -O1  (test for excess errors)
FAIL: gcc.dg/torture/builtin-convert-2.c   -O2  (test for excess errors)
FAIL: gcc.dg/torture/builtin-convert-2.c   -O3 -fomit-frame-pointer  (test for excess errors)
FAIL: gcc.dg/torture/builtin-convert-2.c   -O3 -g  (test for excess errors)
FAIL: gcc.dg/torture/builtin-convert-2.c   -Os  (test for excess errors)
FAIL: gcc.dg/torture/builtin-convert-2.c   -O2 -flto -fno-use-linker-plugin -flto-partition=none  (test for excess errors)
FAIL: gcc.dg/torture/builtin-convert-3.c   -O1  (test for excess errors)
FAIL: gcc.dg/torture/builtin-convert-3.c   -O2  (test for excess errors)
FAIL: gcc.dg/torture/builtin-convert-3.c   -O3 -fomit-frame-pointer  (test for excess errors)
FAIL: gcc.dg/torture/builtin-convert-3.c   -O3 -g  (test for excess errors)
FAIL: gcc.dg/torture/builtin-convert-3.c   -Os  (test for excess errors)
FAIL: gcc.dg/torture/builtin-convert-3.c   -O2 -flto -fno-use-linker-plugin -flto-partition=none  (test for excess errors)
FAIL: gcc.dg/torture/builtin-math-7.c   -O0  execution test
FAIL: gcc.dg/torture/builtin-math-7.c   -O1  execution test
FAIL: gcc.dg/torture/builtin-math-7.c   -O2  execution test
FAIL: gcc.dg/torture/builtin-math-7.c   -O3 -fomit-frame-pointer  execution test
FAIL: gcc.dg/torture/builtin-math-7.c   -O3 -fomit-frame-pointer -funroll-loops  execution test
FAIL: gcc.dg/torture/builtin-math-7.c   -O3 -fomit-frame-pointer -funroll-all-loops -finline-functions  execution test
FAIL: gcc.dg/torture/builtin-math-7.c   -O3 -g  execution test
FAIL: gcc.dg/torture/builtin-math-7.c   -Os  execution test
FAIL: gcc.dg/torture/builtin-math-7.c   -O2 -flto -fno-use-linker-plugin -flto-partition=none  execution test
FAIL: gcc.dg/torture/builtin-math-7.c   -O2 -flto -fuse-linker-plugin -fno-fat-lto-objects  execution test
FAIL: gcc.dg/torture/builtin-power-1.c   -O2 -flto -fno-use-linker-plugin -flto-partition=none  (test for excess errors)
FAIL: gcc.dg/torture/float128-cmp-invalid.c   -O0  (test for excess errors)
UNRESOLVED: gcc.dg/torture/float128-cmp-invalid.c   -O0  compilation failed to produce executable
FAIL: gcc.dg/torture/float128-cmp-invalid.c   -O1  (test for excess errors)
UNRESOLVED: gcc.dg/torture/float128-cmp-invalid.c   -O1  compilation failed to produce executable
FAIL: gcc.dg/torture/float128-cmp-invalid.c   -O2  (test for excess errors)
UNRESOLVED: gcc.dg/torture/float128-cmp-invalid.c   -O2  compilation failed to produce executable
FAIL: gcc.dg/torture/float128-cmp-invalid.c   -O3 -fomit-frame-pointer  (test for excess errors)
UNRESOLVED: gcc.dg/torture/float128-cmp-invalid.c   -O3 -fomit-frame-pointer  compilation failed to produce executable
FAIL: gcc.dg/torture/float128-cmp-invalid.c   -O3 -g  (test for excess errors)
UNRESOLVED: gcc.dg/torture/float128-cmp-invalid.c   -O3 -g  compilation failed to produce executable
FAIL: gcc.dg/torture/float128-cmp-invalid.c   -Os  (test for excess errors)
UNRESOLVED: gcc.dg/torture/float128-cmp-invalid.c   -Os  compilation failed to produce executable
FAIL: gcc.dg/torture/float128-cmp-invalid.c   -O2 -flto -fno-use-linker-plugin -flto-partition=none  (test for excess errors)
UNRESOLVED: gcc.dg/torture/float128-cmp-invalid.c   -O2 -flto -fno-use-linker-plugin -flto-partition=none  compilation failed to produce executable
FAIL: gcc.dg/torture/float128-cmp-invalid.c   -O2 -flto -fuse-linker-plugin -fno-fat-lto-objects  (test for excess errors)
UNRESOLVED: gcc.dg/torture/float128-cmp-invalid.c   -O2 -flto -fuse-linker-plugin -fno-fat-lto-objects  compilation failed to produce executable
FAIL: gcc.dg/torture/float128-div-underflow.c   -O0  (test for excess errors)
UNRESOLVED: gcc.dg/torture/float128-div-underflow.c   -O0  compilation failed to produce executable
FAIL: gcc.dg/torture/float128-div-underflow.c   -O1  (test for excess errors)
UNRESOLVED: gcc.dg/torture/float128-div-underflow.c   -O1  compilation failed to produce executable
FAIL: gcc.dg/torture/float128-div-underflow.c   -O2  (test for excess errors)
UNRESOLVED: gcc.dg/torture/float128-div-underflow.c   -O2  compilation failed to produce executable
FAIL: gcc.dg/torture/float128-div-underflow.c   -O3 -fomit-frame-pointer  (test for excess errors)
UNRESOLVED: gcc.dg/torture/float128-div-underflow.c   -O3 -fomit-frame-pointer  compilation failed to produce executable
FAIL: gcc.dg/torture/float128-div-underflow.c   -O3 -g  (test for excess errors)
UNRESOLVED: gcc.dg/torture/float128-div-underflow.c   -O3 -g  compilation failed to produce executable
FAIL: gcc.dg/torture/float128-div-underflow.c   -Os  (test for excess errors)
UNRESOLVED: gcc.dg/torture/float128-div-underflow.c   -Os  compilation failed to produce executable
FAIL: gcc.dg/torture/float128-div-underflow.c   -O2 -flto -fno-use-linker-plugin -flto-partition=none  (test for excess errors)
UNRESOLVED: gcc.dg/torture/float128-div-underflow.c   -O2 -flto -fno-use-linker-plugin -flto-partition=none  compilation failed to produce executable
FAIL: gcc.dg/torture/float128-div-underflow.c   -O2 -flto -fuse-linker-plugin -fno-fat-lto-objects  (test for excess errors)
UNRESOLVED: gcc.dg/torture/float128-div-underflow.c   -O2 -flto -fuse-linker-plugin -fno-fat-lto-objects  compilation failed to produce executable
FAIL: gcc.dg/torture/float128-extend-nan.c   -O0  (test for excess errors)
UNRESOLVED: gcc.dg/torture/float128-extend-nan.c   -O0  compilation failed to produce executable
FAIL: gcc.dg/torture/float128-extend-nan.c   -O1  (test for excess errors)
UNRESOLVED: gcc.dg/torture/float128-extend-nan.c   -O1  compilation failed to produce executable
FAIL: gcc.dg/torture/float128-extend-nan.c   -O2  (test for excess errors)
UNRESOLVED: gcc.dg/torture/float128-extend-nan.c   -O2  compilation failed to produce executable
FAIL: gcc.dg/torture/float128-extend-nan.c   -O3 -fomit-frame-pointer  (test for excess errors)
UNRESOLVED: gcc.dg/torture/float128-extend-nan.c   -O3 -fomit-frame-pointer  compilation failed to produce executable
FAIL: gcc.dg/torture/float128-extend-nan.c   -O3 -g  (test for excess errors)
UNRESOLVED: gcc.dg/torture/float128-extend-nan.c   -O3 -g  compilation failed to produce executable
FAIL: gcc.dg/torture/float128-extend-nan.c   -Os  (test for excess errors)
UNRESOLVED: gcc.dg/torture/float128-extend-nan.c   -Os  compilation failed to produce executable
FAIL: gcc.dg/torture/float128-extend-nan.c   -O2 -flto -fno-use-linker-plugin -flto-partition=none  (test for excess errors)
UNRESOLVED: gcc.dg/torture/float128-extend-nan.c   -O2 -flto -fno-use-linker-plugin -flto-partition=none  compilation failed to produce executable
FAIL: gcc.dg/torture/float128-extend-nan.c   -O2 -flto -fuse-linker-plugin -fno-fat-lto-objects  (test for excess errors)
UNRESOLVED: gcc.dg/torture/float128-extend-nan.c   -O2 -flto -fuse-linker-plugin -fno-fat-lto-objects  compilation failed to produce executable
FAIL: gcc.dg/torture/float128-mul-underflow.c   -O0  (test for excess errors)
UNRESOLVED: gcc.dg/torture/float128-mul-underflow.c   -O0  compilation failed to produce executable
FAIL: gcc.dg/torture/float128-mul-underflow.c   -O1  (test for excess errors)
UNRESOLVED: gcc.dg/torture/float128-mul-underflow.c   -O1  compilation failed to produce executable
FAIL: gcc.dg/torture/float128-mul-underflow.c   -O2  (test for excess errors)
UNRESOLVED: gcc.dg/torture/float128-mul-underflow.c   -O2  compilation failed to produce executable
FAIL: gcc.dg/torture/float128-mul-underflow.c   -O3 -fomit-frame-pointer  (test for excess errors)
UNRESOLVED: gcc.dg/torture/float128-mul-underflow.c   -O3 -fomit-frame-pointer  compilation failed to produce executable
FAIL: gcc.dg/torture/float128-mul-underflow.c   -O3 -g  (test for excess errors)
UNRESOLVED: gcc.dg/torture/float128-mul-underflow.c   -O3 -g  compilation failed to produce executable
FAIL: gcc.dg/torture/float128-mul-underflow.c   -Os  (test for excess errors)
UNRESOLVED: gcc.dg/torture/float128-mul-underflow.c   -Os  compilation failed to produce executable
FAIL: gcc.dg/torture/float128-mul-underflow.c   -O2 -flto -fno-use-linker-plugin -flto-partition=none  (test for excess errors)
UNRESOLVED: gcc.dg/torture/float128-mul-underflow.c   -O2 -flto -fno-use-linker-plugin -flto-partition=none  compilation failed to produce executable
FAIL: gcc.dg/torture/float128-mul-underflow.c   -O2 -flto -fuse-linker-plugin -fno-fat-lto-objects  (test for excess errors)
UNRESOLVED: gcc.dg/torture/float128-mul-underflow.c   -O2 -flto -fuse-linker-plugin -fno-fat-lto-objects  compilation failed to produce executable
FAIL: gcc.dg/torture/float128-truncdf-underflow.c   -O0  (test for excess errors)
UNRESOLVED: gcc.dg/torture/float128-truncdf-underflow.c   -O0  compilation failed to produce executable
FAIL: gcc.dg/torture/float128-truncdf-underflow.c   -O1  (test for excess errors)
UNRESOLVED: gcc.dg/torture/float128-truncdf-underflow.c   -O1  compilation failed to produce executable
FAIL: gcc.dg/torture/float128-truncdf-underflow.c   -O2  (test for excess errors)
UNRESOLVED: gcc.dg/torture/float128-truncdf-underflow.c   -O2  compilation failed to produce executable
FAIL: gcc.dg/torture/float128-truncdf-underflow.c   -O3 -fomit-frame-pointer  (test for excess errors)
UNRESOLVED: gcc.dg/torture/float128-truncdf-underflow.c   -O3 -fomit-frame-pointer  compilation failed to produce executable
FAIL: gcc.dg/torture/float128-truncdf-underflow.c   -O3 -g  (test for excess errors)
UNRESOLVED: gcc.dg/torture/float128-truncdf-underflow.c   -O3 -g  compilation failed to produce executable
FAIL: gcc.dg/torture/float128-truncdf-underflow.c   -Os  (test for excess errors)
UNRESOLVED: gcc.dg/torture/float128-truncdf-underflow.c   -Os  compilation failed to produce executable
FAIL: gcc.dg/torture/float128-truncdf-underflow.c   -O2 -flto -fno-use-linker-plugin -flto-partition=none  (test for excess errors)
UNRESOLVED: gcc.dg/torture/float128-truncdf-underflow.c   -O2 -flto -fno-use-linker-plugin -flto-partition=none  compilation failed to produce executable
FAIL: gcc.dg/torture/float128-truncdf-underflow.c   -O2 -flto -fuse-linker-plugin -fno-fat-lto-objects  (test for excess errors)
UNRESOLVED: gcc.dg/torture/float128-truncdf-underflow.c   -O2 -flto -fuse-linker-plugin -fno-fat-lto-objects  compilation failed to produce executable
FAIL: gcc.dg/torture/float128-truncsf-underflow.c   -O0  (test for excess errors)
UNRESOLVED: gcc.dg/torture/float128-truncsf-underflow.c   -O0  compilation failed to produce executable
FAIL: gcc.dg/torture/float128-truncsf-underflow.c   -O1  (test for excess errors)
UNRESOLVED: gcc.dg/torture/float128-truncsf-underflow.c   -O1  compilation failed to produce executable
FAIL: gcc.dg/torture/float128-truncsf-underflow.c   -O2  (test for excess errors)
UNRESOLVED: gcc.dg/torture/float128-truncsf-underflow.c   -O2  compilation failed to produce executable
FAIL: gcc.dg/torture/float128-truncsf-underflow.c   -O3 -fomit-frame-pointer  (test for excess errors)
UNRESOLVED: gcc.dg/torture/float128-truncsf-underflow.c   -O3 -fomit-frame-pointer  compilation failed to produce executable
FAIL: gcc.dg/torture/float128-truncsf-underflow.c   -O3 -g  (test for excess errors)
UNRESOLVED: gcc.dg/torture/float128-truncsf-underflow.c   -O3 -g  compilation failed to produce executable
FAIL: gcc.dg/torture/float128-truncsf-underflow.c   -Os  (test for excess errors)
UNRESOLVED: gcc.dg/torture/float128-truncsf-underflow.c   -Os  compilation failed to produce executable
FAIL: gcc.dg/torture/float128-truncsf-underflow.c   -O2 -flto -fno-use-linker-plugin -flto-partition=none  (test for excess errors)
UNRESOLVED: gcc.dg/torture/float128-truncsf-underflow.c   -O2 -flto -fno-use-linker-plugin -flto-partition=none  compilation failed to produce executable
FAIL: gcc.dg/torture/float128-truncsf-underflow.c   -O2 -flto -fuse-linker-plugin -fno-fat-lto-objects  (test for excess errors)
UNRESOLVED: gcc.dg/torture/float128-truncsf-underflow.c   -O2 -flto -fuse-linker-plugin -fno-fat-lto-objects  compilation failed to produce executable
FAIL: gcc.dg/torture/fp-int-convert-float128-timode-2.c   -O0  (test for excess errors)
UNRESOLVED: gcc.dg/torture/fp-int-convert-float128-timode-2.c   -O0  compilation failed to produce executable
FAIL: gcc.dg/torture/fp-int-convert-float128-timode-2.c   -O1  (test for excess errors)
UNRESOLVED: gcc.dg/torture/fp-int-convert-float128-timode-2.c   -O1  compilation failed to produce executable
FAIL: gcc.dg/torture/fp-int-convert-float128-timode-2.c   -O2  (test for excess errors)
UNRESOLVED: gcc.dg/torture/fp-int-convert-float128-timode-2.c   -O2  compilation failed to produce executable
FAIL: gcc.dg/torture/fp-int-convert-float128-timode-2.c   -O3 -fomit-frame-pointer  (test for excess errors)
UNRESOLVED: gcc.dg/torture/fp-int-convert-float128-timode-2.c   -O3 -fomit-frame-pointer  compilation failed to produce executable
FAIL: gcc.dg/torture/fp-int-convert-float128-timode-2.c   -O3 -g  (test for excess errors)
UNRESOLVED: gcc.dg/torture/fp-int-convert-float128-timode-2.c   -O3 -g  compilation failed to produce executable
FAIL: gcc.dg/torture/fp-int-convert-float128-timode-2.c   -Os  (test for excess errors)
UNRESOLVED: gcc.dg/torture/fp-int-convert-float128-timode-2.c   -Os  compilation failed to produce executable
FAIL: gcc.dg/torture/fp-int-convert-float128-timode-2.c   -O2 -flto -fno-use-linker-plugin -flto-partition=none  (test for excess errors)
UNRESOLVED: gcc.dg/torture/fp-int-convert-float128-timode-2.c   -O2 -flto -fno-use-linker-plugin -flto-partition=none  compilation failed to produce executable
FAIL: gcc.dg/torture/fp-int-convert-float128-timode-2.c   -O2 -flto -fuse-linker-plugin -fno-fat-lto-objects  (test for excess errors)
UNRESOLVED: gcc.dg/torture/fp-int-convert-float128-timode-2.c   -O2 -flto -fuse-linker-plugin -fno-fat-lto-objects  compilation failed to produce executable
FAIL: gcc.dg/torture/fp-int-convert-float128-timode-3.c   -O0  (test for excess errors)
UNRESOLVED: gcc.dg/torture/fp-int-convert-float128-timode-3.c   -O0  compilation failed to produce executable
FAIL: gcc.dg/torture/fp-int-convert-float128-timode-3.c   -O1  (test for excess errors)
UNRESOLVED: gcc.dg/torture/fp-int-convert-float128-timode-3.c   -O1  compilation failed to produce executable
FAIL: gcc.dg/torture/fp-int-convert-float128-timode-3.c   -O2  (test for excess errors)
UNRESOLVED: gcc.dg/torture/fp-int-convert-float128-timode-3.c   -O2  compilation failed to produce executable
FAIL: gcc.dg/torture/fp-int-convert-float128-timode-3.c   -O3 -fomit-frame-pointer  (test for excess errors)
UNRESOLVED: gcc.dg/torture/fp-int-convert-float128-timode-3.c   -O3 -fomit-frame-pointer  compilation failed to produce executable
FAIL: gcc.dg/torture/fp-int-convert-float128-timode-3.c   -O3 -g  (test for excess errors)
UNRESOLVED: gcc.dg/torture/fp-int-convert-float128-timode-3.c   -O3 -g  compilation failed to produce executable
FAIL: gcc.dg/torture/fp-int-convert-float128-timode-3.c   -Os  (test for excess errors)
UNRESOLVED: gcc.dg/torture/fp-int-convert-float128-timode-3.c   -Os  compilation failed to produce executable
FAIL: gcc.dg/torture/fp-int-convert-float128-timode-3.c   -O2 -flto -fno-use-linker-plugin -flto-partition=none  (test for excess errors)
UNRESOLVED: gcc.dg/torture/fp-int-convert-float128-timode-3.c   -O2 -flto -fno-use-linker-plugin -flto-partition=none  compilation failed to produce executable
FAIL: gcc.dg/torture/fp-int-convert-float128-timode-3.c   -O2 -flto -fuse-linker-plugin -fno-fat-lto-objects  (test for excess errors)
UNRESOLVED: gcc.dg/torture/fp-int-convert-float128-timode-3.c   -O2 -flto -fuse-linker-plugin -fno-fat-lto-objects  compilation failed to produce executable
FAIL: gcc.dg/torture/fp-int-convert-float128-timode.c   -O0  (test for excess errors)
UNRESOLVED: gcc.dg/torture/fp-int-convert-float128-timode.c   -O0  compilation failed to produce executable
FAIL: gcc.dg/torture/fp-int-convert-float128-timode.c   -O1  (test for excess errors)
UNRESOLVED: gcc.dg/torture/fp-int-convert-float128-timode.c   -O1  compilation failed to produce executable
FAIL: gcc.dg/torture/fp-int-convert-float128-timode.c   -O2  (test for excess errors)
UNRESOLVED: gcc.dg/torture/fp-int-convert-float128-timode.c   -O2  compilation failed to produce executable
FAIL: gcc.dg/torture/fp-int-convert-float128-timode.c   -O3 -fomit-frame-pointer  (test for excess errors)
UNRESOLVED: gcc.dg/torture/fp-int-convert-float128-timode.c   -O3 -fomit-frame-pointer  compilation failed to produce executable
FAIL: gcc.dg/torture/fp-int-convert-float128-timode.c   -O3 -g  (test for excess errors)
UNRESOLVED: gcc.dg/torture/fp-int-convert-float128-timode.c   -O3 -g  compilation failed to produce executable
FAIL: gcc.dg/torture/fp-int-convert-float128-timode.c   -Os  (test for excess errors)
UNRESOLVED: gcc.dg/torture/fp-int-convert-float128-timode.c   -Os  compilation failed to produce executable
FAIL: gcc.dg/torture/fp-int-convert-float128-timode.c   -O2 -flto -fno-use-linker-plugin -flto-partition=none  (test for excess errors)
UNRESOLVED: gcc.dg/torture/fp-int-convert-float128-timode.c   -O2 -flto -fno-use-linker-plugin -flto-partition=none  compilation failed to produce executable
FAIL: gcc.dg/torture/fp-int-convert-float128-timode.c   -O2 -flto -fuse-linker-plugin -fno-fat-lto-objects  (test for excess errors)
UNRESOLVED: gcc.dg/torture/fp-int-convert-float128-timode.c   -O2 -flto -fuse-linker-plugin -fno-fat-lto-objects  compilation failed to produce executable
FAIL: gcc.dg/torture/fp-int-convert-float128.c   -O0  (test for excess errors)
UNRESOLVED: gcc.dg/torture/fp-int-convert-float128.c   -O0  compilation failed to produce executable
FAIL: gcc.dg/torture/fp-int-convert-float128.c   -O1  (test for excess errors)
UNRESOLVED: gcc.dg/torture/fp-int-convert-float128.c   -O1  compilation failed to produce executable
FAIL: gcc.dg/torture/fp-int-convert-float128.c   -O2  (test for excess errors)
UNRESOLVED: gcc.dg/torture/fp-int-convert-float128.c   -O2  compilation failed to produce executable
FAIL: gcc.dg/torture/fp-int-convert-float128.c   -O3 -fomit-frame-pointer  (test for excess errors)
UNRESOLVED: gcc.dg/torture/fp-int-convert-float128.c   -O3 -fomit-frame-pointer  compilation failed to produce executable
FAIL: gcc.dg/torture/fp-int-convert-float128.c   -O3 -g  (test for excess errors)
UNRESOLVED: gcc.dg/torture/fp-int-convert-float128.c   -O3 -g  compilation failed to produce executable
FAIL: gcc.dg/torture/fp-int-convert-float128.c   -Os  (test for excess errors)
UNRESOLVED: gcc.dg/torture/fp-int-convert-float128.c   -Os  compilation failed to produce executable
FAIL: gcc.dg/torture/fp-int-convert-float128.c   -O2 -flto -fno-use-linker-plugin -flto-partition=none  (test for excess errors)
UNRESOLVED: gcc.dg/torture/fp-int-convert-float128.c   -O2 -flto -fno-use-linker-plugin -flto-partition=none  compilation failed to produce executable
FAIL: gcc.dg/torture/fp-int-convert-float128.c   -O2 -flto -fuse-linker-plugin -fno-fat-lto-objects  (test for excess errors)
UNRESOLVED: gcc.dg/torture/fp-int-convert-float128.c   -O2 -flto -fuse-linker-plugin -fno-fat-lto-objects  compilation failed to produce executable
FAIL: gcc.dg/tree-ssa/foldaddr-1.c scan-tree-dump-times original "return 0" 1
FAIL: gcc.misc-tests/godump-1.c scan-file (?n)^var _i8_v1 _int8_t\$
FAIL: gcc.misc-tests/godump-1.c scan-file (?n)^var _i16_v1 _int16_t\$
FAIL: gcc.misc-tests/godump-1.c scan-file (?n)^var _i32_v1 _int32_t\$
FAIL: gcc.misc-tests/godump-1.c scan-file (?n)^var _i64_v1 _int64_t\$
FAIL: gcc.misc-tests/godump-1.c scan-file (?n)^var _ui8_v1 _uint8_t\$
FAIL: gcc.misc-tests/godump-1.c scan-file (?n)^var _iu16_v1 _uint16_t\$
FAIL: gcc.misc-tests/godump-1.c scan-file (?n)^var _iu32_v1 _uint32_t\$
FAIL: gcc.misc-tests/godump-1.c scan-file (?n)^var _iu64_v1 _uint64_t\$
FAIL: gcc.target/i386/avx512f-ceil-sfix-vec-2.c scan-assembler-times vrndscalepd[^\\n]*zmm[0-9](?:\\n|[ \\\\t]+#) 2
FAIL: gcc.target/i386/avx512f-ceil-sfix-vec-2.c scan-assembler-times vcvttpd2dq[^\\n]*zmm[0-9].{7}(?:\\n|[ \\\\t]+#) 2
FAIL: gcc.target/i386/avx512f-floor-sfix-vec-2.c scan-assembler-times vrndscalepd[^\\n]*zmm[0-9](?:\\n|[ \\\\t]+#) 2
FAIL: gcc.target/i386/avx512f-floor-sfix-vec-2.c scan-assembler-times vcvttpd2dq[^\\n]*zmm[0-9].{7}(?:\\n|[ \\\\t]+#) 2
FAIL: gcc.target/i386/float128-1.c (test for excess errors)
UNRESOLVED: gcc.target/i386/float128-1.c compilation failed to produce executable
FAIL: gcc.target/i386/float128-2.c (test for excess errors)
UNRESOLVED: gcc.target/i386/float128-2.c compilation failed to produce executable
FAIL: gcc.target/i386/long-double-128-8.c (test for excess errors)
UNRESOLVED: gcc.target/i386/long-double-128-8.c compilation failed to produce executable
FAIL: gcc.target/i386/long-double-128-9.c (test for excess errors)
UNRESOLVED: gcc.target/i386/long-double-128-9.c compilation failed to produce executable
FAIL: gcc.target/i386/pr61599-1.c execution test
FAIL: gcc.target/i386/pr63618.c (test for excess errors)
UNRESOLVED: gcc.target/i386/pr63618.c compilation failed to produce executable

		=== gcc Summary ===

# of expected passes		109757
# of unexpected failures	301
# of unexpected successes	18
# of expected failures		287
# of unresolved testcases	91
# of unsupported tests		2753
/home/builder/obj/gcc/xgcc  version 5.2.1 20151103 (GCC) 

		=== gfortran tests ===


Running target unix
FAIL: gfortran.dg/default_format_2.f90   -O0  execution test
FAIL: gfortran.dg/default_format_2.f90   -O1  execution test
FAIL: gfortran.dg/default_format_2.f90   -O2  execution test
FAIL: gfortran.dg/default_format_2.f90   -O3 -fomit-frame-pointer  execution test
FAIL: gfortran.dg/default_format_2.f90   -O3 -fomit-frame-pointer -funroll-loops  execution test
FAIL: gfortran.dg/default_format_2.f90   -O3 -fomit-frame-pointer -funroll-all-loops -finline-functions  execution test
FAIL: gfortran.dg/default_format_2.f90   -O3 -g  execution test
FAIL: gfortran.dg/default_format_2.f90   -Os  execution test
FAIL: gfortran.dg/default_format_denormal_2.f90   -O0  execution test
FAIL: gfortran.dg/default_format_denormal_2.f90   -O1  execution test
FAIL: gfortran.dg/default_format_denormal_2.f90   -O2  execution test
FAIL: gfortran.dg/default_format_denormal_2.f90   -O3 -fomit-frame-pointer  execution test
FAIL: gfortran.dg/default_format_denormal_2.f90   -O3 -fomit-frame-pointer -funroll-loops  execution test
FAIL: gfortran.dg/default_format_denormal_2.f90   -O3 -fomit-frame-pointer -funroll-all-loops -finline-functions  execution test
FAIL: gfortran.dg/default_format_denormal_2.f90   -O3 -g  execution test
FAIL: gfortran.dg/default_format_denormal_2.f90   -Os  execution test
FAIL: gfortran.dg/erf_3.F90   -O0  (test for excess errors)
UNRESOLVED: gfortran.dg/erf_3.F90   -O0  compilation failed to produce executable
FAIL: gfortran.dg/erf_3.F90   -O1  (test for excess errors)
UNRESOLVED: gfortran.dg/erf_3.F90   -O1  compilation failed to produce executable
FAIL: gfortran.dg/erf_3.F90   -O2  (test for excess errors)
UNRESOLVED: gfortran.dg/erf_3.F90   -O2  compilation failed to produce executable
FAIL: gfortran.dg/erf_3.F90   -O3 -fomit-frame-pointer  (test for excess errors)
UNRESOLVED: gfortran.dg/erf_3.F90   -O3 -fomit-frame-pointer  compilation failed to produce executable
FAIL: gfortran.dg/erf_3.F90   -O3 -fomit-frame-pointer -funroll-loops  (test for excess errors)
UNRESOLVED: gfortran.dg/erf_3.F90   -O3 -fomit-frame-pointer -funroll-loops  compilation failed to produce executable
FAIL: gfortran.dg/erf_3.F90   -O3 -fomit-frame-pointer -funroll-all-loops -finline-functions  (test for excess errors)
UNRESOLVED: gfortran.dg/erf_3.F90   -O3 -fomit-frame-pointer -funroll-all-loops -finline-functions  compilation failed to produce executable
FAIL: gfortran.dg/erf_3.F90   -O3 -g  (test for excess errors)
UNRESOLVED: gfortran.dg/erf_3.F90   -O3 -g  compilation failed to produce executable
FAIL: gfortran.dg/erf_3.F90   -Os  (test for excess errors)
UNRESOLVED: gfortran.dg/erf_3.F90   -Os  compilation failed to produce executable
FAIL: gfortran.dg/large_real_kind_3.F90   -O0  (test for excess errors)
UNRESOLVED: gfortran.dg/large_real_kind_3.F90   -O0  compilation failed to produce executable
FAIL: gfortran.dg/nint_2.f90   -O0  execution test

		=== gfortran Summary ===

# of expected passes		48804
# of unexpected failures	26
# of expected failures		79
# of unresolved testcases	9
# of unsupported tests		111
/home/builder/obj/gcc/testsuite/gfortran/../../gfortran  version 5.2.1 20151103 (GCC) 

		=== libatomic tests ===


Running target unix

		=== libatomic Summary ===

# of expected passes		54
		=== libgomp tests ===


Running target unix
WARNING: program timed out.
FAIL: libgomp.c/cancel-taskgroup-2.c execution test
FAIL: libgomp.c/examples-4/e.50.3.c execution test
FAIL: libgomp.c/examples-4/e.53.5.c execution test
WARNING: program timed out.
FAIL: libgomp.fortran/allocatable2.f90   -O2  execution test
WARNING: program timed out.
FAIL: libgomp.fortran/cancel-parallel-1.f90   -O3 -g  execution test
FAIL: libgomp.fortran/examples-4/e.53.5.f90   -O0  execution test
FAIL: libgomp.fortran/examples-4/e.53.5.f90   -O1  execution test
FAIL: libgomp.fortran/examples-4/e.53.5.f90   -O2  execution test
FAIL: libgomp.fortran/examples-4/e.53.5.f90   -O3 -fomit-frame-pointer  execution test
FAIL: libgomp.fortran/examples-4/e.53.5.f90   -O3 -fomit-frame-pointer -funroll-loops  execution test
FAIL: libgomp.fortran/examples-4/e.53.5.f90   -O3 -fomit-frame-pointer -funroll-all-loops -finline-functions  execution test
FAIL: libgomp.fortran/examples-4/e.53.5.f90   -O3 -g  execution test
FAIL: libgomp.fortran/examples-4/e.53.5.f90   -Os  execution test
FAIL: libgomp.fortran/pr25162.f   -O3 -fomit-frame-pointer  execution test
FAIL: libgomp.fortran/pr25162.f   -O3 -fomit-frame-pointer -funroll-loops  execution test
FAIL: libgomp.fortran/pr25162.f   -O3 -fomit-frame-pointer -funroll-all-loops -finline-functions  execution test
FAIL: libgomp.fortran/pr25162.f   -O3 -g  execution test
WARNING: program timed out.
FAIL: libgomp.fortran/pr66199-2.f90   -O0  execution test
FAIL: libgomp.graphite/force-parallel-7.c execution test

		=== libgomp Summary ===

# of expected passes		4752
# of unexpected failures	19
# of unsupported tests		207
		=== libitm tests ===


Running target unix

		=== libitm Summary ===

# of expected passes		26
# of expected failures		3
# of unsupported tests		1
		=== libstdc++ tests ===


Running target unix
WARNING: program timed out.
FAIL: 20_util/hash/chi2_q_uniform_random.cc execution test
FAIL: 22_locale/ctype_base/11844.cc execution test
FAIL: 26_numerics/complex/13450.cc execution test
FAIL: 26_numerics/headers/cmath/c99_classification_macros_c.cc (test for excess errors)
FAIL: 28_regex/traits/char/isctype.cc execution test
FAIL: 28_regex/traits/wchar_t/isctype.cc execution test
FAIL: 30_threads/async/42819.cc execution test
FAIL: 30_threads/async/49668.cc execution test
FAIL: 30_threads/async/54297.cc execution test
FAIL: 30_threads/async/any.cc execution test
FAIL: 30_threads/async/async.cc execution test
FAIL: 30_threads/async/sync.cc execution test
FAIL: 30_threads/call_once/39909.cc execution test
FAIL: 30_threads/call_once/49668.cc execution test
FAIL: 30_threads/call_once/call_once1.cc execution test
FAIL: 30_threads/future/members/45133.cc execution test
FAIL: 30_threads/future/members/get.cc execution test
FAIL: 30_threads/future/members/get2.cc execution test
FAIL: 30_threads/future/members/share.cc execution test
FAIL: 30_threads/future/members/valid.cc execution test
FAIL: 30_threads/future/members/wait.cc execution test
FAIL: 30_threads/future/members/wait_for.cc execution test
FAIL: 30_threads/future/members/wait_until.cc execution test
FAIL: 30_threads/packaged_task/49668.cc execution test
FAIL: 30_threads/packaged_task/cons/3.cc execution test
FAIL: 30_threads/packaged_task/cons/alloc.cc execution test
FAIL: 30_threads/packaged_task/members/at_thread_exit.cc execution test
FAIL: 30_threads/packaged_task/members/get_future.cc execution test
FAIL: 30_threads/packaged_task/members/invoke.cc execution test
FAIL: 30_threads/packaged_task/members/invoke2.cc execution test
FAIL: 30_threads/packaged_task/members/invoke3.cc execution test
FAIL: 30_threads/packaged_task/members/invoke4.cc execution test
FAIL: 30_threads/packaged_task/members/invoke5.cc execution test
FAIL: 30_threads/packaged_task/members/reset2.cc execution test
FAIL: 30_threads/promise/60966.cc execution test
FAIL: 30_threads/promise/cons/alloc.cc execution test
FAIL: 30_threads/promise/cons/move.cc execution test
FAIL: 30_threads/promise/cons/move_assign.cc execution test
FAIL: 30_threads/promise/members/at_thread_exit.cc execution test
FAIL: 30_threads/promise/members/get_future.cc execution test
FAIL: 30_threads/promise/members/set_exception.cc execution test
FAIL: 30_threads/promise/members/set_exception2.cc execution test
FAIL: 30_threads/promise/members/set_value.cc execution test
FAIL: 30_threads/promise/members/set_value2.cc execution test
FAIL: 30_threads/promise/members/set_value3.cc execution test
FAIL: 30_threads/promise/members/swap.cc execution test
FAIL: 30_threads/shared_future/members/get.cc execution test
FAIL: 30_threads/shared_future/members/get2.cc execution test
FAIL: 30_threads/shared_future/members/valid.cc execution test
FAIL: 30_threads/shared_future/members/wait.cc execution test
FAIL: 30_threads/shared_future/members/wait_for.cc execution test
FAIL: 30_threads/shared_future/members/wait_until.cc execution test
FAIL: tr1/5_numerical_facilities/special_functions/08_cyl_bessel_i/check_nan.cc (test for excess errors)
UNRESOLVED: tr1/5_numerical_facilities/special_functions/08_cyl_bessel_i/check_nan.cc compilation failed to produce executable
FAIL: tr1/5_numerical_facilities/special_functions/09_cyl_bessel_j/check_nan.cc (test for excess errors)
UNRESOLVED: tr1/5_numerical_facilities/special_functions/09_cyl_bessel_j/check_nan.cc compilation failed to produce executable
FAIL: tr1/5_numerical_facilities/special_functions/22_sph_legendre/check_nan.cc (test for excess errors)
UNRESOLVED: tr1/5_numerical_facilities/special_functions/22_sph_legendre/check_nan.cc compilation failed to produce executable

		=== libstdc++ Summary ===

# of expected passes		9394
# of unexpected failures	55
# of expected failures		64
# of unresolved testcases	3
# of unsupported tests		643

Compiler version: 5.2.1 20151103 (GCC) 
Platform: x86_64-unknown-netbsd7.0.0.
configure flags: --prefix=/usr/gcc/5 --enable-checking=release --disable-nls --enable-languages=c,c++,fortran --enable-fully-dynamic-string --enable-libstdcxx-time=yes --with-arch=core2 --with-tune=generic



More information about the Gcc-testresults mailing list