Results for 6.0.0 20151104 (experimental) [trunk revision 229752] (GCC) testsuite on powerpc-ibm-aix7.1.0.0
David Edelsohn
edelsohn@p7curie.watson.ibm.com
Wed Nov 4 19:55:00 GMT 2015
LAST_UPDATED: Wed Nov 4 13:17:08 UTC 2015 (revision 229752)
Native configuration is powerpc-ibm-aix7.1.0.0
=== g++ tests ===
Running target unix
FAIL: g++.dg/compat/eh/new1 cp_compat_x_tst.o-cp_compat_y_tst.o execute
XPASS: g++.dg/debug/pr56294.C -gdwarf-2 (test for excess errors)
XPASS: g++.dg/debug/pr56294.C -gdwarf-2 -g1 (test for excess errors)
XPASS: g++.dg/debug/pr56294.C -gdwarf-2 -g3 (test for excess errors)
XPASS: g++.dg/debug/pr56294.C -gxcoff (test for excess errors)
XPASS: g++.dg/debug/pr56294.C -gxcoff+ (test for excess errors)
XPASS: g++.dg/debug/pr56294.C -gxcoff+1 (test for excess errors)
XPASS: g++.dg/debug/pr56294.C -gxcoff+3 (test for excess errors)
XPASS: g++.dg/debug/pr56294.C -gxcoff1 (test for excess errors)
XPASS: g++.dg/debug/pr56294.C -gxcoff3 (test for excess errors)
XPASS: g++.dg/debug/pr56819.C -gdwarf-2 (test for excess errors)
XPASS: g++.dg/debug/pr56819.C -gdwarf-2 -g1 (test for excess errors)
XPASS: g++.dg/debug/pr56819.C -gdwarf-2 -g3 (test for excess errors)
XPASS: g++.dg/debug/pr56819.C -gxcoff (test for excess errors)
XPASS: g++.dg/debug/pr56819.C -gxcoff+ (test for excess errors)
XPASS: g++.dg/debug/pr56819.C -gxcoff+1 (test for excess errors)
XPASS: g++.dg/debug/pr56819.C -gxcoff+3 (test for excess errors)
XPASS: g++.dg/debug/pr56819.C -gxcoff1 (test for excess errors)
XPASS: g++.dg/debug/pr56819.C -gxcoff3 (test for excess errors)
XPASS: g++.dg/debug/dwarf2/imported-decl-2.C -std=gnu++11 scan-assembler-not ascii "BBBB\\\\\\\\0".*ascii "AAAA\\\\\\\\0".*DW_TAG_imported_declaration
XPASS: g++.dg/debug/dwarf2/imported-decl-2.C -std=gnu++14 scan-assembler-not ascii "BBBB\\\\\\\\0".*ascii "AAAA\\\\\\\\0".*DW_TAG_imported_declaration
XPASS: g++.dg/debug/dwarf2/imported-decl-2.C -std=gnu++98 scan-assembler-not ascii "BBBB\\\\\\\\0".*ascii "AAAA\\\\\\\\0".*DW_TAG_imported_declaration
XPASS: g++.dg/debug/dwarf2/pr46123-2.C -std=gnu++11 broken -feliminate-dwarf2-dups (test for bogus messages, line 1)
XPASS: g++.dg/debug/dwarf2/pr46123-2.C -std=gnu++14 broken -feliminate-dwarf2-dups (test for bogus messages, line 1)
XPASS: g++.dg/debug/dwarf2/pr46123-2.C -std=gnu++98 broken -feliminate-dwarf2-dups (test for bogus messages, line 1)
FAIL: g++.dg/abi/anon1.C -std=c++11 scan-assembler-not globl
FAIL: g++.dg/abi/anon1.C -std=c++14 scan-assembler-not globl
FAIL: g++.dg/abi/anon1.C -std=c++98 scan-assembler-not globl
FAIL: g++.dg/cpp/ucn-1.C -std=gnu++11 (test for excess errors)
FAIL: g++.dg/cpp/ucn-1.C -std=gnu++14 (test for excess errors)
FAIL: g++.dg/cpp1y/pr58708.C -std=c++14 (test for excess errors)
WARNING: g++.dg/cpp1y/pr58708.C -std=c++14 compilation failed to produce executable
FAIL: g++.dg/eh/new1.C -std=c++14 execution test
FAIL: g++.dg/init/new40.C execution test
FAIL: g++.dg/init/ref15.C -std=c++11 execution test
FAIL: g++.dg/init/ref15.C -std=c++14 execution test
FAIL: g++.dg/init/ref15.C -std=c++98 execution test
FAIL: g++.dg/init/vbase1.C -std=gnu++11 scan-rtl-dump expand "set [^\\n]*\\n[^\\n]*this[^\\n]*\\n[^\\n]*const_int 0"
FAIL: g++.dg/init/vbase1.C -std=gnu++14 scan-rtl-dump expand "set [^\\n]*\\n[^\\n]*this[^\\n]*\\n[^\\n]*const_int 0"
FAIL: g++.dg/init/vbase1.C -std=gnu++98 scan-rtl-dump expand "set [^\\n]*\\n[^\\n]*this[^\\n]*\\n[^\\n]*const_int 0"
XPASS: g++.dg/template/linkage1.C -std=c++98 scan-assembler-not (weak|glob)[^\\n]*_Z3fooIXadL_ZL11static_funcvEEEvv
FAIL: g++.dg/tree-ssa/pr61034.C -std=gnu++11 scan-tree-dump-times fre2 "free" 10
FAIL: g++.dg/tree-ssa/pr61034.C -std=gnu++14 scan-tree-dump-times fre2 "free" 10
FAIL: g++.dg/tree-ssa/pr61034.C -std=gnu++98 scan-tree-dump-times fre2 "free" 10
XPASS: g++.dg/tls/thread_local-order2.C -std=c++11 execution test
XPASS: g++.dg/tls/thread_local-order2.C -std=c++14 execution test
FAIL: c-c++-common/torture/vector-compare-1.c -O0 execution test
FAIL: g++.dg/tree-prof/pr57451.C compilation, -fprofile-use -D_PROFILE_USE
UNRESOLVED: g++.dg/tree-prof/pr57451.C execution, -fprofile-use -D_PROFILE_USE
FAIL: g++.dg/vect/pr36648.cc -std=c++11 scan-tree-dump-times vect "vectorized 1 loops" 1
FAIL: g++.dg/vect/pr36648.cc -std=c++11 scan-tree-dump-times vect "vectorizing stmts using SLP" 1
FAIL: g++.dg/vect/pr36648.cc -std=c++14 scan-tree-dump-times vect "vectorized 1 loops" 1
FAIL: g++.dg/vect/pr36648.cc -std=c++14 scan-tree-dump-times vect "vectorizing stmts using SLP" 1
FAIL: g++.dg/vect/pr36648.cc -std=c++98 scan-tree-dump-times vect "vectorized 1 loops" 1
FAIL: g++.dg/vect/pr36648.cc -std=c++98 scan-tree-dump-times vect "vectorizing stmts using SLP" 1
FAIL: g++.old-deja/g++.eh/new2.C -std=gnu++14 execution test
XPASS: g++.old-deja/g++.mike/p755a.C -std=c++11 execution test
XPASS: g++.old-deja/g++.mike/p755a.C -std=c++98 execution test
FAIL: g++.old-deja/g++.other/init18.C -std=c++11 execution test
FAIL: g++.old-deja/g++.other/init18.C -std=c++14 execution test
FAIL: g++.old-deja/g++.other/init18.C -std=c++98 execution test
FAIL: g++.old-deja/g++.other/init19.C -std=c++11 execution test
FAIL: g++.old-deja/g++.other/init19.C -std=c++14 execution test
FAIL: g++.old-deja/g++.other/init19.C -std=c++98 execution test
FAIL: g++.old-deja/g++.pt/static11.C -std=c++11 execution test
FAIL: g++.old-deja/g++.pt/static11.C -std=c++14 execution test
FAIL: g++.old-deja/g++.pt/static11.C -std=c++98 execution test
=== g++ Summary ===
# of expected passes 81753
# of unexpected failures 36
# of unexpected successes 29
# of expected failures 424
# of unresolved testcases 1
# of unsupported tests 3784
/tmp/20151104/gcc/testsuite/g++/../../xg++ version 6.0.0 20151104 (experimental) [trunk revision 229752] (GCC)
=== gcc tests ===
Running target unix
FAIL: gcc.dg/cpp/assert4.c (test for excess errors)
FAIL: gcc.dg/cpp/trad/include.c (test for excess errors)
FAIL: gcc.dg/addr_equal-1.c (test for excess errors)
WARNING: gcc.dg/addr_equal-1.c compilation failed to produce executable
FAIL: gcc.dg/asm-names.c scan-assembler-not ____frob14
XPASS: gcc.dg/pr64935-1.c (test for excess errors)
FAIL: gcc.dg/pr65521.c (test for excess errors)
FAIL: gcc.dg/sms-8.c scan-rtl-dump-times sms "SMS succeeded" 0
FAIL: gcc.dg/ipa/iinline-attr.c scan-ipa-dump inline "hooray[^\\\\n]*inline copy in test"
FAIL: c-c++-common/torture/vector-compare-1.c -O0 execution test
XPASS: gcc.dg/torture/pr59166.c -O0 (test for excess errors)
FAIL: gcc.dg/tree-ssa/ivopts-lt-2.c scan-tree-dump-times ivopts "PHI <p_" 1
FAIL: gcc.dg/tree-ssa/ivopts-lt-2.c scan-tree-dump-times ivopts "PHI" 1
FAIL: gcc.dg/tree-ssa/ivopts-lt-2.c scan-tree-dump-times ivopts "p_[0-9]* <" 1
FAIL: gcc.dg/tree-ssa/ssa-dom-thread-4.c scan-tree-dump-times dom1 "Threaded" 4
FAIL: gcc.dg/vect/costmodel/ppc/costmodel-bb-slp-9a-pr63175.c scan-assembler-not \\tlwz?u?x?
FAIL: gcc.dg/vect/costmodel/ppc/costmodel-vect-31a.c scan-tree-dump-times vect "vectorization not profitable" 1
FAIL: gcc.dg/vect/costmodel/ppc/costmodel-vect-33.c scan-tree-dump-times vect "vectorization not profitable" 1
FAIL: gcc.dg/vect/bb-slp-pr65935.c scan-tree-dump-times slp1 "basic block vectorized" 1
FAIL: gcc.dg/vect/no-vfa-vect-depend-2.c scan-tree-dump-times vect "vectorized 1 loops" 1
FAIL: gcc.dg/vect/no-vfa-vect-depend-3.c scan-tree-dump-times vect "vectorized 1 loops" 4
FAIL: gcc.dg/vect/pr62171.c scan-tree-dump-times vect "vectorized 1 loops" 1
FAIL: gcc.dg/vect/slp-multitypes-4.c scan-tree-dump-times vect "vectorized 1 loops" 1
FAIL: gcc.dg/vect/slp-multitypes-4.c scan-tree-dump-times vect "vectorizing stmts using SLP" 1
FAIL: gcc.dg/vect/slp-multitypes-5.c scan-tree-dump-times vect "vectorized 1 loops" 1
FAIL: gcc.dg/vect/slp-multitypes-5.c scan-tree-dump-times vect "vectorizing stmts using SLP" 1
FAIL: gcc.dg/vect/slp-perm-8.c scan-tree-dump-times vect "vectorized 1 loops" 1
FAIL: gcc.dg/vect/vect-125.c scan-tree-dump vect "vectorized 1 loops"
FAIL: gcc.dg/vect/vect-31.c scan-tree-dump-times vect "vectorized 4 loops" 1
FAIL: gcc.target/powerpc/pr67789.c (test for excess errors)
FAIL: gcc.target/powerpc/pr67808.c scan-assembler xxlxor
=== gcc Summary ===
# of expected passes 69437
# of unexpected failures 28
# of unexpected successes 2
# of expected failures 240
# of unsupported tests 1578
/tmp/20151104/gcc/xgcc version 6.0.0 20151104 (experimental) [trunk revision 229752] (GCC)
=== gfortran tests ===
Running target unix
FAIL: gfortran.dg/bind_c_array_params_2.f90 -O scan-assembler-times [ \\t][\$,_0-9]*myBindC 1
FAIL: gfortran.dg/vect/fast-math-pr37021.f90 -O scan-tree-dump vect "vectorized 2 loops"
FAIL: gfortran.dg/vect/pr52580.f -O scan-tree-dump-times vect "LOOP VECTORIZED" 1
FAIL: gfortran.dg/vect/pr62283-2.f -O scan-tree-dump slp2 "basic block vectorized"
FAIL: gfortran.dg/vect/vect-8.f90 -O scan-tree-dump-times vect "vectorized 20 loops" 1
FAIL: gfortran.dg/vect/vect-gems.f90 -O scan-tree-dump-times vect "vectorized 1 loops" 1
=== gfortran Summary ===
# of expected passes 39718
# of unexpected failures 6
# of expected failures 79
# of unsupported tests 385
/tmp/20151104/gcc/testsuite/gfortran/../../gfortran version 6.0.0 20151104 (experimental) [trunk revision 229752] (GCC)
=== objc tests ===
Running target unix
FAIL: objc.dg-struct-layout-encoding-1/t026_main.m execution test
=== objc Summary ===
# of expected passes 2663
# of unexpected failures 1
# of expected failures 10
# of unsupported tests 59
/tmp/20151104/gcc/xgcc version 6.0.0 20151104 (experimental) [trunk revision 229752] (GCC)
=== libatomic tests ===
Running target unix
=== libatomic Summary ===
# of expected passes 44
# of unsupported tests 5
=== libgomp tests ===
Running target unix
FAIL: libgomp.fortran/omp_workshare1.f -O execution test
FAIL: libgomp.fortran/omp_workshare2.f -O execution test
FAIL: libgomp.fortran/recursion1.f90 -O0 execution test
FAIL: libgomp.fortran/recursion1.f90 -O1 execution test
FAIL: libgomp.fortran/recursion1.f90 -O2 execution test
FAIL: libgomp.fortran/recursion1.f90 -O3 -fomit-frame-pointer -funroll-loops -fpeel-loops -ftracer -finline-functions execution test
FAIL: libgomp.fortran/recursion1.f90 -O3 -g execution test
FAIL: libgomp.fortran/recursion1.f90 -Os execution test
FAIL: libgomp.oacc-c/../libgomp.oacc-c-c++-common/atomic_update-1.c -DACC_DEVICE_TYPE_host=1 -DACC_MEM_SHARED=1 execution test
FAIL: libgomp.oacc-c++/../libgomp.oacc-c-c++-common/atomic_update-1.c -DACC_DEVICE_TYPE_host=1 -DACC_MEM_SHARED=1 execution test
=== libgomp Summary ===
# of expected passes 4306
# of unexpected failures 10
# of unsupported tests 255
Compiler version: 6.0.0 20151104 (experimental) [trunk revision 229752] (GCC)
Platform: powerpc-ibm-aix7.1.0.0
configure flags: --prefix=/gsa/yktgsa/home/e/d/edelsohn/install/powerpc-ibm-aix7.1.0.0-20151104 --disable-werror --enable-languages=c,c++,fortran,objc --with-gmp=/gsa/yktgsa/home/e/d/edelsohn/install --with-mpfr=/gsa/yktgsa/home/e/d/edelsohn/install --with-libiconv-prefix=/gsa/yktgsa/home/e/d/edelsohn/install --disable-libstdcxx-pch
More information about the Gcc-testresults
mailing list