Results for 6.0.0 20151104 (experimental) [trunk revision 229734] (GCC) testsuite on x86_64-pc-linux-gnu
H.J. Lu x32
x32@gnu-35.sc.intel.com
Wed Nov 4 07:21:00 GMT 2015
Native configuration is x86_64-pc-linux-gnu
=== gcc tests ===
Running target unix/-mx32
FAIL: gcc.dg/debug/dwarf2/stacked-qualified-types-3.c scan-assembler-times DIE \\\\([^\\n]*\\\\) DW_TAG_(?:const|volatile|atomic|restrict)_type 8
FAIL: gcc.dg/ifcvt-2.c scan-rtl-dump ce1 "3 true changes made"
FAIL: gcc.target/i386/pr61403.c scan-assembler blend
=== gcc Summary ===
# of expected passes 107880
# of unexpected failures 3
# of expected failures 290
# of unsupported tests 1762
/export/gnu/import/git/gcc-test-x32/bld/gcc/xgcc version 6.0.0 20151104 (experimental) [trunk revision 229734] (GCC)
=== gfortran tests ===
Running target unix/-mx32
=== gfortran Summary ===
# of expected passes 41056
# of expected failures 73
# of unsupported tests 52
/export/gnu/import/git/gcc-test-x32/bld/gcc/testsuite/gfortran/../../gfortran version 6.0.0 20151104 (experimental) [trunk revision 229734] (GCC)
=== g++ tests ===
Running target unix/-mx32
FAIL: g++.dg/guality/pr55665.C -O2 line 23 p == 40
FAIL: g++.dg/guality/pr55665.C -O3 -g line 23 p == 40
XPASS: g++.dg/tls/thread_local-order2.C -std=c++11 execution test
XPASS: g++.dg/tls/thread_local-order2.C -std=c++14 execution test
=== g++ Summary ===
# of expected passes 96648
# of unexpected failures 2
# of unexpected successes 2
# of expected failures 326
# of unsupported tests 3431
/export/gnu/import/git/gcc-test-x32/bld/gcc/testsuite/g++/../../xg++ version 6.0.0 20151104 (experimental) [trunk revision 229734] (GCC)
=== objc tests ===
Running target unix/-mx32
=== objc Summary ===
# of expected passes 2766
# of expected failures 6
# of unsupported tests 68
/export/gnu/import/git/gcc-test-x32/bld/gcc/xgcc version 6.0.0 20151104 (experimental) [trunk revision 229734] (GCC)
=== boehm-gc tests ===
Running target unix/-mx32
=== boehm-gc Summary ===
# of expected passes 12
# of unsupported tests 1
=== libatomic tests ===
Running target unix/-mx32
=== libatomic Summary ===
# of expected passes 54
=== libffi tests ===
Running target unix/-mx32
=== libffi Summary ===
# of expected passes 1914
# of unsupported tests 30
=== libgomp tests ===
Running target unix/-mx32
=== libgomp Summary ===
# of expected passes 4452
# of unsupported tests 210
=== libitm tests ===
Running target unix/-mx32
=== libitm Summary ===
# of expected passes 32
# of expected failures 3
# of unsupported tests 1
=== libjava tests ===
Running target unix/-mx32
=== libjava Summary ===
# of expected passes 2582
# of expected failures 4
=== libstdc++ tests ===
Running target unix/-mx32
FAIL: 23_containers/unordered_set/insert/hash_policy.cc execution test
=== libstdc++ Summary ===
# of expected passes 11010
# of unexpected failures 1
# of expected failures 66
# of unsupported tests 233
Compiler version: 6.0.0 20151104 (experimental) [trunk revision 229734] (GCC)
Platform: x86_64-pc-linux-gnu
configure flags: --prefix=/usr/6.0.0 --enable-clocale=gnu --with-system-zlib --enable-shared --with-demangler-in-ld --enable-libmpx --with-multilib-list=m32,m64,mx32 --with-fpmath=sse --enable-languages=c,c++,fortran,java,lto,objc
More information about the Gcc-testresults
mailing list