Results for 6.0.0 20150520 (experimental) (GCC) testsuite on x86_64-unknown-cygwin
Tim Prince
tprince818.tp@gmail.com
Thu May 21 19:19:00 GMT 2015
Native configuration is x86_64-unknown-cygwin
=== g++ Summary ===
# of expected passes 84399
# of unexpected failures 464
# of unexpected successes 3
# of expected failures 279
# of unresolved testcases 30
# of unsupported tests 3826
/cygdrive/c/users/tim/tim/tim/src/gnu/gcc2/cyg64/gcc/testsuite/g++/../../xg++
version 6.0.0 20150520 (experimental) (GCC)
=== gcc Summary ===
# of expected passes 108935
# of unexpected failures 1082
# of unexpected successes 20
# of expected failures 274
# of unresolved testcases 369
# of unsupported tests 1757
/cygdrive/c/users/tim/tim/tim/src/gnu/gcc2/cyg64/gcc/xgcc version 6.0.0
20150520 (experimental) (GCC)
=== gfortran tests ===
Running target unix
FAIL: gfortran.dg/bind_c_array_params_2.f90 -O scan-assembler-times
[ \\t][\$,_0-9]*myBindC 1
XPASS: gfortran.dg/default_format_denormal_1.f90 -O0 execution test
XPASS: gfortran.dg/default_format_denormal_1.f90 -O1 execution test
XPASS: gfortran.dg/default_format_denormal_1.f90 -O2 execution test
XPASS: gfortran.dg/default_format_denormal_1.f90 -O3
-fomit-frame-pointer execution test
XPASS: gfortran.dg/default_format_denormal_1.f90 -O3
-fomit-frame-pointer -funroll-loops execution test
XPASS: gfortran.dg/default_format_denormal_1.f90 -O3
-fomit-frame-pointer -funroll-all-loops -finline-functions execution test
XPASS: gfortran.dg/default_format_denormal_1.f90 -O3 -g execution test
XPASS: gfortran.dg/default_format_denormal_1.f90 -Os execution test
FAIL: gfortran.dg/elemental_dependency_4.f90 -O0 execution test
FAIL: gfortran.dg/filename_null.f90 -O0 execution test
FAIL: gfortran.dg/filename_null.f90 -O1 execution test
FAIL: gfortran.dg/filename_null.f90 -O2 execution test
FAIL: gfortran.dg/filename_null.f90 -O3 -fomit-frame-pointer
execution test
FAIL: gfortran.dg/filename_null.f90 -O3 -fomit-frame-pointer
-funroll-loops execution test
FAIL: gfortran.dg/filename_null.f90 -O3 -fomit-frame-pointer
-funroll-all-loops -finline-functions execution test
FAIL: gfortran.dg/filename_null.f90 -O3 -g execution test
FAIL: gfortran.dg/filename_null.f90 -Os execution test
FAIL: gfortran.dg/fmt_g0_7.f08 -O0 execution test
FAIL: gfortran.dg/fmt_g0_7.f08 -O1 execution test
FAIL: gfortran.dg/fmt_g0_7.f08 -O2 execution test
FAIL: gfortran.dg/fmt_g0_7.f08 -O3 -fomit-frame-pointer execution test
FAIL: gfortran.dg/fmt_g0_7.f08 -O3 -fomit-frame-pointer
-funroll-loops execution test
FAIL: gfortran.dg/fmt_g0_7.f08 -O3 -fomit-frame-pointer
-funroll-all-loops -finline-functions execution test
FAIL: gfortran.dg/fmt_g0_7.f08 -O3 -g execution test
FAIL: gfortran.dg/fmt_g0_7.f08 -Os execution test
FAIL: gfortran.dg/fmt_unlimited.f90 -O0 execution test
FAIL: gfortran.dg/fmt_unlimited.f90 -O1 execution test
FAIL: gfortran.dg/fmt_unlimited.f90 -O2 execution test
FAIL: gfortran.dg/fmt_unlimited.f90 -O3 -fomit-frame-pointer
execution test
FAIL: gfortran.dg/fmt_unlimited.f90 -O3 -fomit-frame-pointer
-funroll-loops execution test
FAIL: gfortran.dg/fmt_unlimited.f90 -O3 -fomit-frame-pointer
-funroll-all-loops -finline-functions execution test
FAIL: gfortran.dg/fmt_unlimited.f90 -O3 -g execution test
FAIL: gfortran.dg/fmt_unlimited.f90 -Os execution test
FAIL: gfortran.dg/inquire_9.f90 -O1 execution test
FAIL: gfortran.dg/inquire_internal.f90 -O0 execution test
FAIL: gfortran.dg/inquire_internal.f90 -O1 execution test
FAIL: gfortran.dg/inquire_internal.f90 -O2 execution test
FAIL: gfortran.dg/inquire_internal.f90 -O3 -fomit-frame-pointer
execution test
FAIL: gfortran.dg/inquire_internal.f90 -O3 -fomit-frame-pointer
-funroll-loops execution test
FAIL: gfortran.dg/inquire_internal.f90 -O3 -fomit-frame-pointer
-funroll-all-loops -finline-functions execution test
FAIL: gfortran.dg/inquire_internal.f90 -O3 -g execution test
FAIL: gfortran.dg/inquire_internal.f90 -Os execution test
FAIL: gfortran.dg/internal_dummy_2.f08 -O0 execution test
FAIL: gfortran.dg/internal_dummy_2.f08 -O1 execution test
FAIL: gfortran.dg/internal_dummy_2.f08 -O2 execution test
FAIL: gfortran.dg/internal_dummy_2.f08 -O3 -fomit-frame-pointer
execution test
FAIL: gfortran.dg/internal_dummy_2.f08 -O3 -fomit-frame-pointer
-funroll-loops execution test
FAIL: gfortran.dg/internal_dummy_2.f08 -O3 -fomit-frame-pointer
-funroll-all-loops -finline-functions execution test
FAIL: gfortran.dg/internal_dummy_2.f08 -O3 -g execution test
FAIL: gfortran.dg/internal_dummy_2.f08 -Os execution test
FAIL: gfortran.dg/internal_dummy_3.f08 -O0 execution test
FAIL: gfortran.dg/internal_dummy_3.f08 -O1 execution test
FAIL: gfortran.dg/internal_dummy_3.f08 -O2 execution test
FAIL: gfortran.dg/internal_dummy_3.f08 -O3 -fomit-frame-pointer
execution test
FAIL: gfortran.dg/internal_dummy_3.f08 -O3 -fomit-frame-pointer
-funroll-loops execution test
FAIL: gfortran.dg/internal_dummy_3.f08 -O3 -fomit-frame-pointer
-funroll-all-loops -finline-functions execution test
FAIL: gfortran.dg/internal_dummy_3.f08 -O3 -g execution test
FAIL: gfortran.dg/internal_dummy_3.f08 -Os execution test
FAIL: gfortran.dg/internal_dummy_4.f08 -O0 execution test
FAIL: gfortran.dg/namelist_85.f90 -O0 execution test
FAIL: gfortran.dg/namelist_85.f90 -O1 execution test
FAIL: gfortran.dg/namelist_85.f90 -O2 execution test
FAIL: gfortran.dg/namelist_85.f90 -O3 -fomit-frame-pointer execution test
FAIL: gfortran.dg/namelist_85.f90 -O3 -fomit-frame-pointer
-funroll-loops execution test
FAIL: gfortran.dg/namelist_85.f90 -O3 -fomit-frame-pointer
-funroll-all-loops -finline-functions execution test
FAIL: gfortran.dg/namelist_85.f90 -O3 -g execution test
FAIL: gfortran.dg/namelist_85.f90 -Os execution test
FAIL: gfortran.dg/namelist_86.f90 -O0 execution test
FAIL: gfortran.dg/namelist_86.f90 -O1 execution test
FAIL: gfortran.dg/namelist_86.f90 -O2 execution test
FAIL: gfortran.dg/namelist_86.f90 -O3 -fomit-frame-pointer execution test
FAIL: gfortran.dg/namelist_86.f90 -O3 -fomit-frame-pointer
-funroll-loops execution test
FAIL: gfortran.dg/namelist_86.f90 -O3 -fomit-frame-pointer
-funroll-all-loops -finline-functions execution test
FAIL: gfortran.dg/namelist_86.f90 -O3 -g execution test
FAIL: gfortran.dg/namelist_86.f90 -Os execution test
FAIL: gfortran.dg/namelist_87.f90 -O0 execution test
FAIL: gfortran.dg/namelist_87.f90 -O1 execution test
FAIL: gfortran.dg/namelist_87.f90 -O2 execution test
FAIL: gfortran.dg/namelist_87.f90 -O3 -fomit-frame-pointer execution test
FAIL: gfortran.dg/namelist_87.f90 -O3 -fomit-frame-pointer
-funroll-loops execution test
FAIL: gfortran.dg/namelist_87.f90 -O3 -fomit-frame-pointer
-funroll-all-loops -finline-functions execution test
FAIL: gfortran.dg/namelist_87.f90 -O3 -g execution test
FAIL: gfortran.dg/namelist_87.f90 -Os execution test
FAIL: gfortran.dg/namelist_utf8.f90 -O0 execution test
FAIL: gfortran.dg/namelist_utf8.f90 -O1 execution test
FAIL: gfortran.dg/namelist_utf8.f90 -O2 execution test
FAIL: gfortran.dg/namelist_utf8.f90 -O3 -fomit-frame-pointer
execution test
FAIL: gfortran.dg/namelist_utf8.f90 -O3 -fomit-frame-pointer
-funroll-loops execution test
FAIL: gfortran.dg/namelist_utf8.f90 -O3 -fomit-frame-pointer
-funroll-all-loops -finline-functions execution test
FAIL: gfortran.dg/namelist_utf8.f90 -O3 -g execution test
FAIL: gfortran.dg/namelist_utf8.f90 -Os execution test
FAIL: gfortran.dg/negative_unit_int8.f -O0 execution test
FAIL: gfortran.dg/negative_unit_int8.f -O1 execution test
FAIL: gfortran.dg/negative_unit_int8.f -O2 execution test
FAIL: gfortran.dg/negative_unit_int8.f -O3 -fomit-frame-pointer
execution test
FAIL: gfortran.dg/negative_unit_int8.f -O3 -fomit-frame-pointer
-funroll-loops execution test
FAIL: gfortran.dg/negative_unit_int8.f -O3 -fomit-frame-pointer
-funroll-all-loops -finline-functions execution test
FAIL: gfortran.dg/negative_unit_int8.f -O3 -g execution test
FAIL: gfortran.dg/negative_unit_int8.f -Os execution test
FAIL: gfortran.dg/open_new_segv.f90 -O0 output pattern test, is At
line 10 of file gfortran.dg/open_new_segv.f90 (unit = 99, file = 'Ãâ¬
')
FAIL: gfortran.dg/open_new_segv.f90 -O1 output pattern test, is At
line 10 of file gfortran.dg/open_new_segv.f90 (unit = 99, file = 'Ãâ¬
')
FAIL: gfortran.dg/open_new_segv.f90 -O2 output pattern test, is At
line 10 of file gfortran.dg/open_new_segv.f90 (unit = 99, file = 'Ãâ¬
')
FAIL: gfortran.dg/open_new_segv.f90 -O3 -fomit-frame-pointer output
pattern test, is At line 10 of file gfortran.dg/open_new_segv.f90 (unit
= 99, file = 'Ãâ¬
')
FAIL: gfortran.dg/open_new_segv.f90 -O3 -fomit-frame-pointer
-funroll-loops output pattern test, is At line 10 of file
gfortran.dg/open_new_segv.f90 (unit = 99, file = 'Ãâ¬
')
FAIL: gfortran.dg/open_new_segv.f90 -O3 -fomit-frame-pointer
-funroll-all-loops -finline-functions output pattern test, is At line
10 of file gfortran.dg/open_new_segv.f90 (unit = 99, file = 'Ãâ¬
')
FAIL: gfortran.dg/open_new_segv.f90 -O3 -g output pattern test, is At
line 10 of file gfortran.dg/open_new_segv.f90 (unit = 99, file = 'Ãâ¬
')
FAIL: gfortran.dg/open_new_segv.f90 -Os output pattern test, is At
line 10 of file gfortran.dg/open_new_segv.f90 (unit = 99, file = 'Ãâ¬
')
FAIL: gfortran.dg/pointer_check_1.f90 -O0 output pattern test, is
FAIL: gfortran.dg/pointer_check_2.f90 -O0 output pattern test, is
FAIL: gfortran.dg/pointer_check_3.f90 -O0 output pattern test, is
FAIL: gfortran.dg/pointer_check_4.f90 -O0 output pattern test, is
FAIL: gfortran.dg/pr46804.f90 -O0 (test for excess errors)
FAIL: gfortran.dg/pr46804.f90 -O1 (test for excess errors)
FAIL: gfortran.dg/pr46804.f90 -O2 (test for excess errors)
FAIL: gfortran.dg/pr46804.f90 -O3 -fomit-frame-pointer (test for
excess errors)
FAIL: gfortran.dg/pr46804.f90 -O3 -fomit-frame-pointer -funroll-loops
(test for excess errors)
FAIL: gfortran.dg/pr46804.f90 -O3 -fomit-frame-pointer
-funroll-all-loops -finline-functions (test for excess errors)
FAIL: gfortran.dg/pr46804.f90 -O3 -g (test for excess errors)
FAIL: gfortran.dg/pr46804.f90 -Os (test for excess errors)
FAIL: gfortran.dg/pr55330.f90 -O (test for excess errors)
FAIL: gfortran.dg/proc_ptr_18.f90 -O0 execution test
FAIL: gfortran.dg/proc_ptr_19.f90 -O0 execution test
FAIL: gfortran.dg/proc_ptr_20.f90 -O0 execution test
FAIL: gfortran.dg/proc_ptr_21.f90 -O0 execution test
FAIL: gfortran.dg/proc_ptr_23.f90 -O0 execution test
FAIL: gfortran.dg/proc_ptr_25.f90 -O0 execution test
FAIL: gfortran.dg/proc_ptr_5.f90 -O0 execution test
FAIL: gfortran.dg/proc_ptr_7.f90 -O0 execution test
FAIL: gfortran.dg/proc_ptr_comp_1.f90 -O0 execution test
FAIL: gfortran.dg/proc_ptr_comp_11.f90 -O0 execution test
FAIL: gfortran.dg/proc_ptr_comp_13.f90 -O0 execution test
FAIL: gfortran.dg/proc_ptr_comp_14.f90 -O0 execution test
FAIL: gfortran.dg/proc_ptr_comp_18.f90 -O0 execution test
FAIL: gfortran.dg/proc_ptr_comp_19.f90 -O0 execution test
FAIL: gfortran.dg/proc_ptr_comp_2.f90 -O0 execution test
FAIL: gfortran.dg/proc_ptr_comp_29.f90 -O0 execution test
FAIL: gfortran.dg/proc_ptr_comp_34.f90 -O0 execution test
FAIL: gfortran.dg/proc_ptr_comp_5.f90 -O0 execution test
FAIL: gfortran.dg/proc_ptr_comp_8.f90 -O0 execution test
FAIL: gfortran.dg/proc_ptr_comp_9.f90 -O0 execution test
FAIL: gfortran.dg/proc_ptr_comp_pass_3.f90 -O0 execution test
FAIL: gfortran.dg/proc_ptr_result_7.f90 -O0 execution test
FAIL: gfortran.dg/round_4.f90 -O0 (test for excess errors)
UNRESOLVED: gfortran.dg/round_4.f90 -O0 compilation failed to produce
executable
FAIL: gfortran.dg/round_4.f90 -O1 (test for excess errors)
UNRESOLVED: gfortran.dg/round_4.f90 -O1 compilation failed to produce
executable
FAIL: gfortran.dg/round_4.f90 -O2 (test for excess errors)
UNRESOLVED: gfortran.dg/round_4.f90 -O2 compilation failed to produce
executable
FAIL: gfortran.dg/round_4.f90 -O3 -fomit-frame-pointer (test for
excess errors)
UNRESOLVED: gfortran.dg/round_4.f90 -O3 -fomit-frame-pointer
compilation failed to produce executable
FAIL: gfortran.dg/round_4.f90 -O3 -fomit-frame-pointer -funroll-loops
(test for excess errors)
UNRESOLVED: gfortran.dg/round_4.f90 -O3 -fomit-frame-pointer
-funroll-loops compilation failed to produce executable
FAIL: gfortran.dg/round_4.f90 -O3 -fomit-frame-pointer
-funroll-all-loops -finline-functions (test for excess errors)
UNRESOLVED: gfortran.dg/round_4.f90 -O3 -fomit-frame-pointer
-funroll-all-loops -finline-functions compilation failed to produce
executable
FAIL: gfortran.dg/round_4.f90 -O3 -g (test for excess errors)
UNRESOLVED: gfortran.dg/round_4.f90 -O3 -g compilation failed to
produce executable
FAIL: gfortran.dg/round_4.f90 -Os (test for excess errors)
UNRESOLVED: gfortran.dg/round_4.f90 -Os compilation failed to produce
executable
FAIL: gfortran.dg/structure_constructor_11.f90 -O0 execution test
FAIL: gfortran.dg/structure_constructor_11.f90 -O1 execution test
FAIL: gfortran.dg/structure_constructor_11.f90 -O2 execution test
FAIL: gfortran.dg/structure_constructor_11.f90 -O3
-fomit-frame-pointer execution test
FAIL: gfortran.dg/structure_constructor_11.f90 -O3
-fomit-frame-pointer -funroll-loops execution test
FAIL: gfortran.dg/structure_constructor_11.f90 -O3
-fomit-frame-pointer -funroll-all-loops -finline-functions execution test
FAIL: gfortran.dg/structure_constructor_11.f90 -O3 -g execution test
FAIL: gfortran.dg/structure_constructor_11.f90 -Os execution test
FAIL: gfortran.dg/unlimited_polymorphic_19.f90 -O0 execution test
FAIL: gfortran.dg/ieee/ieee_1.F90 -O0 execution test
FAIL: gfortran.dg/ieee/ieee_1.F90 -O1 execution test
FAIL: gfortran.dg/ieee/ieee_1.F90 -O2 execution test
FAIL: gfortran.dg/ieee/ieee_1.F90 -O3 -fomit-frame-pointer execution test
FAIL: gfortran.dg/ieee/ieee_1.F90 -O3 -fomit-frame-pointer
-funroll-loops execution test
FAIL: gfortran.dg/ieee/ieee_1.F90 -O3 -fomit-frame-pointer
-funroll-all-loops -finline-functions execution test
FAIL: gfortran.dg/ieee/ieee_1.F90 -O3 -g execution test
FAIL: gfortran.dg/ieee/ieee_1.F90 -Os execution test
FAIL: gfortran.dg/ieee/ieee_2.f90 -O0 execution test
FAIL: gfortran.dg/ieee/ieee_2.f90 -O1 execution test
FAIL: gfortran.dg/ieee/ieee_2.f90 -O2 execution test
FAIL: gfortran.dg/ieee/ieee_2.f90 -O3 -fomit-frame-pointer execution test
FAIL: gfortran.dg/ieee/ieee_2.f90 -O3 -fomit-frame-pointer
-funroll-loops execution test
FAIL: gfortran.dg/ieee/ieee_2.f90 -O3 -fomit-frame-pointer
-funroll-all-loops -finline-functions execution test
FAIL: gfortran.dg/ieee/ieee_2.f90 -O3 -g execution test
FAIL: gfortran.dg/ieee/ieee_2.f90 -Os execution test
FAIL: gfortran.dg/ieee/ieee_3.f90 -O0 execution test
FAIL: gfortran.dg/ieee/ieee_3.f90 -O1 execution test
FAIL: gfortran.dg/ieee/ieee_3.f90 -O2 execution test
FAIL: gfortran.dg/ieee/ieee_3.f90 -O3 -fomit-frame-pointer execution test
FAIL: gfortran.dg/ieee/ieee_3.f90 -O3 -fomit-frame-pointer
-funroll-loops execution test
FAIL: gfortran.dg/ieee/ieee_3.f90 -O3 -fomit-frame-pointer
-funroll-all-loops -finline-functions execution test
FAIL: gfortran.dg/ieee/ieee_3.f90 -O3 -g execution test
FAIL: gfortran.dg/ieee/ieee_3.f90 -Os execution test
FAIL: gfortran.dg/ieee/ieee_4.f90 -O0 execution test
FAIL: gfortran.dg/ieee/ieee_4.f90 -O1 execution test
FAIL: gfortran.dg/ieee/ieee_4.f90 -O2 execution test
FAIL: gfortran.dg/ieee/ieee_4.f90 -O3 -fomit-frame-pointer execution test
FAIL: gfortran.dg/ieee/ieee_4.f90 -O3 -fomit-frame-pointer
-funroll-loops execution test
FAIL: gfortran.dg/ieee/ieee_4.f90 -O3 -fomit-frame-pointer
-funroll-all-loops -finline-functions execution test
FAIL: gfortran.dg/ieee/ieee_4.f90 -O3 -g execution test
FAIL: gfortran.dg/ieee/ieee_4.f90 -Os execution test
FAIL: gfortran.dg/ieee/ieee_5.f90 -O0 execution test
FAIL: gfortran.dg/ieee/ieee_5.f90 -O1 execution test
FAIL: gfortran.dg/ieee/ieee_5.f90 -O2 execution test
FAIL: gfortran.dg/ieee/ieee_5.f90 -O3 -fomit-frame-pointer execution test
FAIL: gfortran.dg/ieee/ieee_5.f90 -O3 -fomit-frame-pointer
-funroll-loops execution test
FAIL: gfortran.dg/ieee/ieee_5.f90 -O3 -fomit-frame-pointer
-funroll-all-loops -finline-functions execution test
FAIL: gfortran.dg/ieee/ieee_5.f90 -O3 -g execution test
FAIL: gfortran.dg/ieee/ieee_5.f90 -Os execution test
FAIL: gfortran.dg/ieee/ieee_6.f90 -O0 execution test
FAIL: gfortran.dg/ieee/ieee_6.f90 -O1 execution test
FAIL: gfortran.dg/ieee/ieee_6.f90 -O2 execution test
FAIL: gfortran.dg/ieee/ieee_6.f90 -O3 -fomit-frame-pointer execution test
FAIL: gfortran.dg/ieee/ieee_6.f90 -O3 -fomit-frame-pointer
-funroll-loops execution test
FAIL: gfortran.dg/ieee/ieee_6.f90 -O3 -fomit-frame-pointer
-funroll-all-loops -finline-functions execution test
FAIL: gfortran.dg/ieee/ieee_6.f90 -O3 -g execution test
FAIL: gfortran.dg/ieee/ieee_6.f90 -Os execution test
FAIL: gfortran.dg/ieee/ieee_7.f90 -O0 execution test
FAIL: gfortran.dg/ieee/ieee_7.f90 -O1 execution test
FAIL: gfortran.dg/ieee/ieee_7.f90 -O2 execution test
FAIL: gfortran.dg/ieee/ieee_7.f90 -O3 -fomit-frame-pointer execution test
FAIL: gfortran.dg/ieee/ieee_7.f90 -O3 -fomit-frame-pointer
-funroll-loops execution test
FAIL: gfortran.dg/ieee/ieee_7.f90 -O3 -fomit-frame-pointer
-funroll-all-loops -finline-functions execution test
FAIL: gfortran.dg/ieee/ieee_7.f90 -O3 -g execution test
FAIL: gfortran.dg/ieee/ieee_7.f90 -Os execution test
FAIL: gfortran.dg/ieee/intrinsics_1.f90 -O0 execution test
FAIL: gfortran.dg/ieee/intrinsics_1.f90 -O1 execution test
FAIL: gfortran.dg/ieee/intrinsics_1.f90 -O2 execution test
FAIL: gfortran.dg/ieee/intrinsics_1.f90 -O3 -fomit-frame-pointer
execution test
FAIL: gfortran.dg/ieee/intrinsics_1.f90 -O3 -fomit-frame-pointer
-funroll-loops execution test
FAIL: gfortran.dg/ieee/intrinsics_1.f90 -O3 -fomit-frame-pointer
-funroll-all-loops -finline-functions execution test
FAIL: gfortran.dg/ieee/intrinsics_1.f90 -O3 -g execution test
FAIL: gfortran.dg/ieee/intrinsics_1.f90 -Os execution test
FAIL: gfortran.dg/ieee/intrinsics_2.F90 -O0 execution test
FAIL: gfortran.dg/ieee/intrinsics_2.F90 -O1 execution test
FAIL: gfortran.dg/ieee/intrinsics_2.F90 -O2 execution test
FAIL: gfortran.dg/ieee/intrinsics_2.F90 -O3 -fomit-frame-pointer
execution test
FAIL: gfortran.dg/ieee/intrinsics_2.F90 -O3 -fomit-frame-pointer
-funroll-loops execution test
FAIL: gfortran.dg/ieee/intrinsics_2.F90 -O3 -fomit-frame-pointer
-funroll-all-loops -finline-functions execution test
FAIL: gfortran.dg/ieee/intrinsics_2.F90 -O3 -g execution test
FAIL: gfortran.dg/ieee/intrinsics_2.F90 -Os execution test
FAIL: gfortran.dg/ieee/rounding_1.f90 -O0 execution test
FAIL: gfortran.dg/ieee/rounding_1.f90 -O1 execution test
FAIL: gfortran.dg/ieee/rounding_1.f90 -O2 execution test
FAIL: gfortran.dg/ieee/rounding_1.f90 -O3 -fomit-frame-pointer
execution test
FAIL: gfortran.dg/ieee/rounding_1.f90 -O3 -fomit-frame-pointer
-funroll-loops execution test
FAIL: gfortran.dg/ieee/rounding_1.f90 -O3 -fomit-frame-pointer
-funroll-all-loops -finline-functions execution test
FAIL: gfortran.dg/ieee/rounding_1.f90 -O3 -g execution test
FAIL: gfortran.dg/ieee/rounding_1.f90 -Os execution test
FAIL: gfortran.dg/ieee/underflow_1.f90 -O0 execution test
FAIL: gfortran.dg/ieee/underflow_1.f90 -O1 execution test
FAIL: gfortran.dg/ieee/underflow_1.f90 -O2 execution test
FAIL: gfortran.dg/ieee/underflow_1.f90 -O3 -fomit-frame-pointer
execution test
FAIL: gfortran.dg/ieee/underflow_1.f90 -O3 -fomit-frame-pointer
-funroll-loops execution test
FAIL: gfortran.dg/ieee/underflow_1.f90 -O3 -fomit-frame-pointer
-funroll-all-loops -finline-functions execution test
FAIL: gfortran.dg/ieee/underflow_1.f90 -O3 -g execution test
FAIL: gfortran.dg/ieee/underflow_1.f90 -Os execution test
FAIL: gfortran.dg/lto/20091016-1 f_lto_20091016-1_0.o assemble, -flto -g
-fPIC -r -nostdlib
FAIL: gfortran.dg/lto/20091016-1 f_lto_20091016-1_0.o assemble, -O -flto
-g -fPIC -r -nostdlib
=== gfortran Summary ===
# of expected passes 48089
# of unexpected failures 242
# of unexpected successes 8
# of expected failures 64
# of unresolved testcases 8
# of unsupported tests 272
/cygdrive/c/users/tim/tim/tim/src/gnu/gcc2/cyg64/gcc/testsuite/gfortran/../../gfortran
version 6.0.0 20150520 (experimental) (GCC)
=== libatomic tests ===
Running target unix
=== libgomp tests ===
Running target unix
=== libstdc++ tests ===
=== libstdc++ Summary ===
# of expected passes 9438
# of unexpected failures 191
# of unexpected successes 1
# of expected failures 64
# of unresolved testcases 6
# of unsupported tests 761
Compiler version: 6.0.0 20150520 (experimental) (GCC)
Platform: x86_64-unknown-cygwin
configure flags: --prefix=/usr/local/gcc6.0 --enable-languages='c c++
fortran' --enable-libgomp --enable-threads=posix --with-dwarf2
--without-libiconv-prefix --without-libintl-prefix --with-system-zlib
--disable-werror --without-cloog --without-isl
More information about the Gcc-testresults
mailing list