Results for 6.0.0 20150519 (experimental) (GCC) testsuite on x86_64-unknown-freebsd8.4
Gerald Pfeifer
gerald@FreeBSD.org
Tue May 19 20:28:00 GMT 2015
Native configuration is x86_64-unknown-freebsd8.4
=== g++ tests ===
Running target unix
FAIL: g++.old-deja/g++.other/init18.C -std=c++98 execution test
FAIL: g++.old-deja/g++.other/init18.C -std=c++11 execution test
FAIL: g++.old-deja/g++.other/init18.C -std=c++14 execution test
FAIL: g++.old-deja/g++.other/init19.C -std=c++98 execution test
FAIL: g++.old-deja/g++.other/init19.C -std=c++11 execution test
FAIL: g++.old-deja/g++.other/init19.C -std=c++14 execution test
=== g++ Summary ===
# of expected passes 86436
# of unexpected failures 6
# of expected failures 285
# of unsupported tests 3662
/scratch/tmp/gerald/OBJ-0519-1848/gcc/testsuite/g++/../../xg++ version 6.0.0 20150519 (experimental) (GCC)
=== gcc tests ===
Running target unix
FAIL: gcc.dg/c99-stdint-1.c (test for excess errors)
FAIL: gcc.dg/c99-stdint-2.c (test for excess errors)
FAIL: gcc.dg/c99-stdint-5.c (test for excess errors)
FAIL: gcc.dg/c99-stdint-6.c (test for excess errors)
FAIL: gcc.dg/mallign.c execution test
FAIL: gcc.dg/utf-array-short-wchar.c (test for errors, line 39)
FAIL: gcc.dg/utf-array-short-wchar.c (test for errors, line 41)
FAIL: gcc.dg/utf-array-short-wchar.c (test for excess errors)
FAIL: gcc.dg/pch/largefile.c -O0 -g assembly comparison
FAIL: gcc.dg/pch/largefile.c -O0 assembly comparison
FAIL: gcc.dg/pch/largefile.c -O1 assembly comparison
FAIL: gcc.dg/pch/largefile.c -O2 assembly comparison
FAIL: gcc.dg/pch/largefile.c -O3 -fomit-frame-pointer assembly comparison
FAIL: gcc.dg/pch/largefile.c -O3 -g assembly comparison
FAIL: gcc.dg/pch/largefile.c -Os assembly comparison
FAIL: largefile.c -O0 -g -I. -Dwith_PCH (internal compiler error)
FAIL: largefile.c -O0 -g -I. -Dwith_PCH (test for excess errors)
FAIL: largefile.c -O0 -I. -Dwith_PCH (internal compiler error)
FAIL: largefile.c -O0 -I. -Dwith_PCH (test for excess errors)
FAIL: largefile.c -O1 -I. -Dwith_PCH (internal compiler error)
FAIL: largefile.c -O1 -I. -Dwith_PCH (test for excess errors)
FAIL: largefile.c -O2 -I. -Dwith_PCH (internal compiler error)
FAIL: largefile.c -O2 -I. -Dwith_PCH (test for excess errors)
FAIL: largefile.c -O3 -fomit-frame-pointer -I. -Dwith_PCH (internal compiler error)
FAIL: largefile.c -O3 -fomit-frame-pointer -I. -Dwith_PCH (test for excess errors)
FAIL: largefile.c -O3 -g -I. -Dwith_PCH (internal compiler error)
FAIL: largefile.c -O3 -g -I. -Dwith_PCH (test for excess errors)
FAIL: largefile.c -Os -I. -Dwith_PCH (internal compiler error)
FAIL: largefile.c -Os -I. -Dwith_PCH (test for excess errors)
FAIL: gcc.target/i386/avx512f-ceil-sfix-vec-2.c scan-assembler-times vrndscalepd[^\\n]*zmm[0-9](?:\\n|[ \\\\t]+#) 2
FAIL: gcc.target/i386/avx512f-ceil-sfix-vec-2.c scan-assembler-times vcvttpd2dq[^\\n]*zmm[0-9].{7}(?:\\n|[ \\\\t]+#) 2
FAIL: gcc.target/i386/avx512f-floor-sfix-vec-2.c scan-assembler-times vrndscalepd[^\\n]*zmm[0-9](?:\\n|[ \\\\t]+#) 2
FAIL: gcc.target/i386/avx512f-floor-sfix-vec-2.c scan-assembler-times vcvttpd2dq[^\\n]*zmm[0-9].{7}(?:\\n|[ \\\\t]+#) 2
=== gcc Summary ===
# of expected passes 108752
# of unexpected failures 33
# of expected failures 260
# of unsupported tests 1859
/scratch/tmp/gerald/OBJ-0519-1848/gcc/xgcc version 6.0.0 20150519 (experimental) (GCC)
=== gfortran tests ===
Running target unix
UNRESOLVED: gfortran.dg/large_real_kind_2.F90 -O0 compilation failed to produce executable
UNRESOLVED: gfortran.dg/large_real_kind_2.F90 -O1 compilation failed to produce executable
UNRESOLVED: gfortran.dg/large_real_kind_2.F90 -O2 compilation failed to produce executable
UNRESOLVED: gfortran.dg/large_real_kind_2.F90 -O3 -fomit-frame-pointer compilation failed to produce executable
UNRESOLVED: gfortran.dg/large_real_kind_2.F90 -O3 -fomit-frame-pointer -funroll-loops compilation failed to produce executable
UNRESOLVED: gfortran.dg/large_real_kind_2.F90 -O3 -fomit-frame-pointer -funroll-all-loops -finline-functions compilation failed to produce executable
UNRESOLVED: gfortran.dg/large_real_kind_2.F90 -O3 -g compilation failed to produce executable
UNRESOLVED: gfortran.dg/large_real_kind_2.F90 -Os compilation failed to produce executable
UNRESOLVED: gfortran.dg/large_real_kind_3.F90 -O0 compilation failed to produce executable
XPASS: gfortran.dg/large_real_kind_3.F90 -O1 (test for excess errors)
XPASS: gfortran.dg/large_real_kind_3.F90 -O2 (test for excess errors)
XPASS: gfortran.dg/large_real_kind_3.F90 -O3 -fomit-frame-pointer (test for excess errors)
XPASS: gfortran.dg/large_real_kind_3.F90 -O3 -fomit-frame-pointer -funroll-loops (test for excess errors)
XPASS: gfortran.dg/large_real_kind_3.F90 -O3 -fomit-frame-pointer -funroll-all-loops -finline-functions (test for excess errors)
XPASS: gfortran.dg/large_real_kind_3.F90 -O3 -g (test for excess errors)
XPASS: gfortran.dg/large_real_kind_3.F90 -Os (test for excess errors)
=== gfortran Summary ===
# of expected passes 48677
# of unexpected successes 7
# of expected failures 73
# of unresolved testcases 9
# of unsupported tests 86
/scratch/tmp/gerald/OBJ-0519-1848/gcc/testsuite/gfortran/../../gfortran version 6.0.0 20150519 (experimental) (GCC)
=== objc tests ===
Running target unix
=== objc Summary ===
# of expected passes 3010
# of expected failures 6
# of unsupported tests 74
/scratch/tmp/gerald/OBJ-0519-1848/gcc/xgcc version 6.0.0 20150519 (experimental) (GCC)
=== boehm-gc tests ===
Running target unix
=== boehm-gc Summary ===
# of expected passes 12
# of unsupported tests 1
=== libatomic tests ===
Running target unix
=== libatomic Summary ===
# of expected passes 54
=== libffi tests ===
Running target unix
=== libffi Summary ===
# of expected passes 1914
# of unsupported tests 30
=== libgomp tests ===
Running target unix
FAIL: libgomp.c/examples-4/e.50.3.c execution test
FAIL: libgomp.oacc-c/../libgomp.oacc-c-c++-common/lib-3.c -DACC_DEVICE_TYPE_host=1 -DACC_MEM_SHARED=1 output pattern test, is
FAIL: libgomp.oacc-c/../libgomp.oacc-c-c++-common/lib-42.c -DACC_DEVICE_TYPE_host=1 -DACC_MEM_SHARED=1 output pattern test, is , should match \\[[0-9a-fA-FxX]+,256\\] is not mapped
FAIL: libgomp.oacc-c/../libgomp.oacc-c-c++-common/lib-62.c -DACC_DEVICE_TYPE_host=1 -DACC_MEM_SHARED=1 output pattern test, is , should match invalid size
FAIL: libgomp.oacc-c++/../libgomp.oacc-c-c++-common/lib-3.c -DACC_DEVICE_TYPE_host=1 -DACC_MEM_SHARED=1 output pattern test, is
FAIL: libgomp.oacc-c++/../libgomp.oacc-c-c++-common/lib-42.c -DACC_DEVICE_TYPE_host=1 -DACC_MEM_SHARED=1 output pattern test, is , should match \\[[0-9a-fA-FxX]+,256\\] is not mapped
FAIL: libgomp.oacc-c++/../libgomp.oacc-c-c++-common/lib-62.c -DACC_DEVICE_TYPE_host=1 -DACC_MEM_SHARED=1 output pattern test, is , should match invalid size
=== libgomp Summary ===
# of expected passes 4763
# of unexpected failures 7
# of unsupported tests 214
=== libitm tests ===
Running target unix
=== libitm Summary ===
# of expected passes 26
# of expected failures 3
# of unsupported tests 1
=== libjava tests ===
Running target unix
FAIL: PR16923.c compilation
FAIL: Throw_2 execution - source compiled test
FAIL: Throw_2 -findirect-dispatch execution - source compiled test
FAIL: Throw_2 -O3 execution - source compiled test
FAIL: Throw_2 -O3 -findirect-dispatch execution - source compiled test
=== libjava Summary ===
# of expected passes 2572
# of unexpected failures 5
# of expected failures 4
# of untested testcases 4
=== libstdc++ tests ===
Running target unix
FAIL: 26_numerics/complex/56111.cc (test for excess errors)
FAIL: 26_numerics/complex/c99.cc (test for excess errors)
FAIL: 26_numerics/headers/cmath/c99_classification_macros_c.cc (test for excess errors)
FAIL: 27_io/basic_istream/extractors_arithmetic/char/12.cc execution test
FAIL: 27_io/basic_istream/extractors_arithmetic/wchar_t/12.cc execution test
FAIL: experimental/filesystem/operations/absolute.cc (test for excess errors)
UNRESOLVED: experimental/filesystem/operations/absolute.cc compilation failed to produce executable
FAIL: experimental/filesystem/operations/copy.cc (test for excess errors)
UNRESOLVED: experimental/filesystem/operations/copy.cc compilation failed to produce executable
FAIL: experimental/filesystem/operations/current_path.cc (test for excess errors)
UNRESOLVED: experimental/filesystem/operations/current_path.cc compilation failed to produce executable
FAIL: experimental/filesystem/operations/file_size.cc (test for excess errors)
UNRESOLVED: experimental/filesystem/operations/file_size.cc compilation failed to produce executable
FAIL: experimental/filesystem/operations/status.cc (test for excess errors)
UNRESOLVED: experimental/filesystem/operations/status.cc compilation failed to produce executable
FAIL: experimental/filesystem/operations/temp_directory_path.cc (test for excess errors)
FAIL: experimental/filesystem/path/append/path.cc (test for excess errors)
UNRESOLVED: experimental/filesystem/path/append/path.cc compilation failed to produce executable
FAIL: experimental/filesystem/path/assign/assign.cc (test for excess errors)
UNRESOLVED: experimental/filesystem/path/assign/assign.cc compilation failed to produce executable
FAIL: experimental/filesystem/path/assign/copy.cc (test for excess errors)
UNRESOLVED: experimental/filesystem/path/assign/copy.cc compilation failed to produce executable
FAIL: experimental/filesystem/path/compare/compare.cc (test for excess errors)
UNRESOLVED: experimental/filesystem/path/compare/compare.cc compilation failed to produce executable
FAIL: experimental/filesystem/path/compare/path.cc (test for excess errors)
UNRESOLVED: experimental/filesystem/path/compare/path.cc compilation failed to produce executable
FAIL: experimental/filesystem/path/compare/strings.cc (test for excess errors)
UNRESOLVED: experimental/filesystem/path/compare/strings.cc compilation failed to produce executable
FAIL: experimental/filesystem/path/concat/path.cc (test for excess errors)
UNRESOLVED: experimental/filesystem/path/concat/path.cc compilation failed to produce executable
FAIL: experimental/filesystem/path/construct/copy.cc (test for excess errors)
UNRESOLVED: experimental/filesystem/path/construct/copy.cc compilation failed to produce executable
FAIL: experimental/filesystem/path/construct/range.cc (test for excess errors)
UNRESOLVED: experimental/filesystem/path/construct/range.cc compilation failed to produce executable
FAIL: experimental/filesystem/path/decompose/extension.cc (test for excess errors)
UNRESOLVED: experimental/filesystem/path/decompose/extension.cc compilation failed to produce executable
FAIL: experimental/filesystem/path/decompose/filename.cc (test for excess errors)
UNRESOLVED: experimental/filesystem/path/decompose/filename.cc compilation failed to produce executable
FAIL: experimental/filesystem/path/decompose/parent_path.cc (test for excess errors)
UNRESOLVED: experimental/filesystem/path/decompose/parent_path.cc compilation failed to produce executable
FAIL: experimental/filesystem/path/decompose/relative_path.cc (test for excess errors)
UNRESOLVED: experimental/filesystem/path/decompose/relative_path.cc compilation failed to produce executable
FAIL: experimental/filesystem/path/decompose/root_directory.cc (test for excess errors)
UNRESOLVED: experimental/filesystem/path/decompose/root_directory.cc compilation failed to produce executable
FAIL: experimental/filesystem/path/decompose/root_name.cc (test for excess errors)
UNRESOLVED: experimental/filesystem/path/decompose/root_name.cc compilation failed to produce executable
FAIL: experimental/filesystem/path/decompose/root_path.cc (test for excess errors)
UNRESOLVED: experimental/filesystem/path/decompose/root_path.cc compilation failed to produce executable
FAIL: experimental/filesystem/path/decompose/stem.cc (test for excess errors)
UNRESOLVED: experimental/filesystem/path/decompose/stem.cc compilation failed to produce executable
FAIL: experimental/filesystem/path/generic/generic_string.cc (test for excess errors)
UNRESOLVED: experimental/filesystem/path/generic/generic_string.cc compilation failed to produce executable
FAIL: experimental/filesystem/path/itr/traversal.cc (test for excess errors)
FAIL: experimental/filesystem/path/modifiers/clear.cc (test for excess errors)
UNRESOLVED: experimental/filesystem/path/modifiers/clear.cc compilation failed to produce executable
FAIL: experimental/filesystem/path/modifiers/make_preferred.cc (test for excess errors)
UNRESOLVED: experimental/filesystem/path/modifiers/make_preferred.cc compilation failed to produce executable
FAIL: experimental/filesystem/path/modifiers/remove_filename.cc (test for excess errors)
UNRESOLVED: experimental/filesystem/path/modifiers/remove_filename.cc compilation failed to produce executable
FAIL: experimental/filesystem/path/modifiers/replace_extension.cc (test for excess errors)
UNRESOLVED: experimental/filesystem/path/modifiers/replace_extension.cc compilation failed to produce executable
FAIL: experimental/filesystem/path/modifiers/replace_filename.cc (test for excess errors)
UNRESOLVED: experimental/filesystem/path/modifiers/replace_filename.cc compilation failed to produce executable
FAIL: experimental/filesystem/path/modifiers/swap.cc (test for excess errors)
UNRESOLVED: experimental/filesystem/path/modifiers/swap.cc compilation failed to produce executable
FAIL: experimental/filesystem/path/nonmember/hash_value.cc (test for excess errors)
UNRESOLVED: experimental/filesystem/path/nonmember/hash_value.cc compilation failed to produce executable
FAIL: experimental/filesystem/path/query/empty.cc (test for excess errors)
UNRESOLVED: experimental/filesystem/path/query/empty.cc compilation failed to produce executable
FAIL: experimental/filesystem/path/query/has_extension.cc (test for excess errors)
UNRESOLVED: experimental/filesystem/path/query/has_extension.cc compilation failed to produce executable
FAIL: experimental/filesystem/path/query/has_filename.cc (test for excess errors)
UNRESOLVED: experimental/filesystem/path/query/has_filename.cc compilation failed to produce executable
FAIL: experimental/filesystem/path/query/has_parent_path.cc (test for excess errors)
UNRESOLVED: experimental/filesystem/path/query/has_parent_path.cc compilation failed to produce executable
FAIL: experimental/filesystem/path/query/has_relative_path.cc (test for excess errors)
UNRESOLVED: experimental/filesystem/path/query/has_relative_path.cc compilation failed to produce executable
FAIL: experimental/filesystem/path/query/has_root_directory.cc (test for excess errors)
UNRESOLVED: experimental/filesystem/path/query/has_root_directory.cc compilation failed to produce executable
FAIL: experimental/filesystem/path/query/has_root_name.cc (test for excess errors)
UNRESOLVED: experimental/filesystem/path/query/has_root_name.cc compilation failed to produce executable
FAIL: experimental/filesystem/path/query/has_root_path.cc (test for excess errors)
UNRESOLVED: experimental/filesystem/path/query/has_root_path.cc compilation failed to produce executable
FAIL: experimental/filesystem/path/query/has_stem.cc (test for excess errors)
UNRESOLVED: experimental/filesystem/path/query/has_stem.cc compilation failed to produce executable
FAIL: experimental/filesystem/path/query/is_relative.cc (test for excess errors)
UNRESOLVED: experimental/filesystem/path/query/is_relative.cc compilation failed to produce executable
=== libstdc++ Summary ===
# of expected passes 9272
# of unexpected failures 47
# of expected failures 64
# of unresolved testcases 40
# of unsupported tests 669
Compiler version: 6.0.0 20150519 (experimental) (GCC)
Platform: x86_64-unknown-freebsd8.4
configure flags: --prefix=/scratch/tmp/gerald/gcc-ref8-amd64 --with-gmp=/home/gerald/8-amd64 --with-as=/home/gerald/8-amd64/bin/as --with-ld=/home/gerald/8-amd64/bin/ld
More information about the Gcc-testresults
mailing list