Results for 6.0.0 20150517 (experimental) [trunk revision 223265] (GCC) testsuite on powerpc64le-unknown-linux-gnu
Bill Schmidt
wschmidt@us.ibm.com
Sun May 17 05:21:00 GMT 2015
Linux 3.13.0-35-generic ppc64le
GNU C Library (Ubuntu EGLIBC 2.19-0ubuntu6.6) stable release version 2.19
GNU ld (GNU Binutils for Ubuntu) 2.24
GNU assembler (GNU Binutils for Ubuntu) 2.24
GNU Make 3.81
DejaGnu:
Expect version is 5.45
Tcl version is 8.6
Framework version is 1.5
64-bit
LAST_UPDATED: Sun May 17 00:49:56 UTC 2015 (revision 223265)
Native configuration is powerpc64le-unknown-linux-gnu
=== gcc tests ===
Running target unix
FAIL: gcc.dg/loop-8.c scan-rtl-dump-times loop2_invariant "Decided" 1
FAIL: gcc.dg/sms-4.c scan-rtl-dump-times sms "SMS succeeded" 1
FAIL: gcc.dg/ipa/iinline-attr.c scan-ipa-dump inline "hooray[^\\\\n]*inline copy in test"
FAIL: gcc.dg/simulate-thread/atomic-other-short.c -O0 -g thread simulation test
FAIL: gcc.dg/simulate-thread/atomic-other-short.c -O2 -g thread simulation test
FAIL: gcc.dg/simulate-thread/atomic-other-short.c -O3 -g thread simulation test
FAIL: gcc.dg/tree-ssa/ivopts-lt-2.c scan-tree-dump-times ivopts "PHI <p_" 1
FAIL: gcc.dg/tree-ssa/ivopts-lt-2.c scan-tree-dump-times ivopts "PHI" 1
FAIL: gcc.dg/tree-ssa/ivopts-lt-2.c scan-tree-dump-times ivopts "p_[0-9]* <" 1
FAIL: gcc.dg/vect/costmodel/ppc/costmodel-vect-31a.c scan-tree-dump-times vect "vectorization not profitable" 1
FAIL: gcc.dg/vect/costmodel/ppc/costmodel-vect-33.c scan-tree-dump-times vect "vectorization not profitable" 1
FAIL: gcc.target/powerpc/ti_math1.c scan-assembler-times adde 1
=== gcc Summary ===
# of expected passes 96928
# of unexpected failures 12
# of expected failures 269
# of unsupported tests 1713
/home/gccbuild/build/nightly/build-gcc-trunk/gcc/xgcc version 6.0.0 20150517 (experimental) [trunk revision 223265] (GCC)
=== gfortran tests ===
Running target unix
FAIL: gfortran.dg/lto/pr41521 f_lto_pr41521_0.o assemble, -g -O -flto -Wno-lto-type-mismatch
FAIL: gfortran.dg/lto/pr41521 f_lto_pr41521_0.o assemble, -g -flto -Wno-lto-type-mismatch
UNRESOLVED: gfortran.dg/lto/pr41521 f_lto_pr41521_0.o-f_lto_pr41521_1.o execute -g -O -flto -Wno-lto-type-mismatch
UNRESOLVED: gfortran.dg/lto/pr41521 f_lto_pr41521_0.o-f_lto_pr41521_1.o execute -g -flto -Wno-lto-type-mismatch
UNRESOLVED: gfortran.dg/lto/pr41521 f_lto_pr41521_0.o-f_lto_pr41521_1.o link -g -O -flto -Wno-lto-type-mismatch
UNRESOLVED: gfortran.dg/lto/pr41521 f_lto_pr41521_0.o-f_lto_pr41521_1.o link -g -flto -Wno-lto-type-mismatch
UNRESOLVED: gfortran.dg/lto/pr41576 f_lto_pr41576_0.o-f_lto_pr41576_1.o execute -O2 -flto -Werror -Wno-lto-type-mismatch
UNRESOLVED: gfortran.dg/lto/pr41576 f_lto_pr41576_0.o-f_lto_pr41576_1.o link -O2 -flto -Werror -Wno-lto-type-mismatch
FAIL: gfortran.dg/lto/pr41576 f_lto_pr41576_1.o assemble, -O2 -flto -Werror -Wno-lto-type-mismatch
=== gfortran Summary ===
# of expected passes 48579
# of unexpected failures 3
# of expected failures 79
# of unresolved testcases 6
# of unsupported tests 98
/home/gccbuild/build/nightly/build-gcc-trunk/gcc/testsuite/gfortran/../../gfortran version 6.0.0 20150517 (experimental) [trunk revision 223265] (GCC)
=== g++ tests ===
Running target unix
FAIL: g++.dg/cpp1y/vla-initlist1.C -std=gnu++11 execution test
FAIL: g++.dg/cpp1y/vla-initlist1.C -std=gnu++14 execution test
FAIL: g++.dg/parse/crash54.C -std=c++11 (test for warnings, line 3)
FAIL: g++.dg/parse/crash54.C -std=c++11 (test for excess errors)
XPASS: g++.dg/tls/thread_local-order2.C -std=c++11 execution test
XPASS: g++.dg/tls/thread_local-order2.C -std=c++14 execution test
=== g++ Summary ===
# of expected passes 85116
# of unexpected failures 4
# of unexpected successes 2
# of expected failures 283
# of unsupported tests 3528
/home/gccbuild/build/nightly/build-gcc-trunk/gcc/testsuite/g++/../../xg++ version 6.0.0 20150517 (experimental) [trunk revision 223265] (GCC)
=== go tests ===
Running target unix
FAIL: go.test/test/ken/cplx2.go execution, -O2 -g
=== go Summary ===
# of expected passes 7239
# of unexpected failures 1
# of expected failures 1
# of untested testcases 11
# of unsupported tests 3
/home/gccbuild/build/nightly/build-gcc-trunk/gcc/testsuite/go/../../gccgo version 6.0.0 20150517 (experimental) [trunk revision 223265] (GCC)
=== obj-c++ tests ===
Running target unix
=== obj-c++ Summary ===
# of expected passes 1445
# of expected failures 10
# of unsupported tests 86
/home/gccbuild/build/nightly/build-gcc-trunk/gcc/testsuite/obj-c++/../../xg++ version 6.0.0 20150517 (experimental) [trunk revision 223265] (GCC)
=== objc tests ===
Running target unix
=== objc Summary ===
# of expected passes 3016
# of unsupported tests 74
/home/gccbuild/build/nightly/build-gcc-trunk/gcc/xgcc version 6.0.0 20150517 (experimental) [trunk revision 223265] (GCC)
=== boehm-gc tests ===
Running target unix
=== boehm-gc Summary ===
# of expected passes 12
# of unsupported tests 1
=== libatomic tests ===
Running target unix
=== libatomic Summary ===
# of expected passes 54
=== libffi tests ===
Running target unix
=== libffi Summary ===
# of expected passes 1914
# of unsupported tests 30
=== libgo tests ===
Running target unix
FAIL: math
=== libgo Summary ===
# of expected passes 123
# of unexpected failures 1
/home/gccbuild/build/nightly/build-gcc-trunk/./gcc/gccgo version 6.0.0 20150517 (experimental) [trunk revision 223265] (GCC)
=== libgomp tests ===
Running target unix
FAIL: libgomp.oacc-c/../libgomp.oacc-c-c++-common/acc_on_device-1.c -DACC_DEVICE_TYPE_host_nonshm=1 -DACC_MEM_SHARED=0 execution test
FAIL: libgomp.oacc-c/../libgomp.oacc-c-c++-common/if-1.c -DACC_DEVICE_TYPE_host_nonshm=1 -DACC_MEM_SHARED=0 execution test
FAIL: libgomp.oacc-c/../libgomp.oacc-c-c++-common/lib-3.c -DACC_DEVICE_TYPE_host_nonshm=1 -DACC_MEM_SHARED=0 output pattern test, is
FAIL: libgomp.oacc-c/../libgomp.oacc-c-c++-common/lib-42.c -DACC_DEVICE_TYPE_host_nonshm=1 -DACC_MEM_SHARED=0 output pattern test, is , should match \\[[0-9a-fA-FxX]+,256\\] is not mapped
FAIL: libgomp.oacc-c/../libgomp.oacc-c-c++-common/lib-62.c -DACC_DEVICE_TYPE_host_nonshm=1 -DACC_MEM_SHARED=0 output pattern test, is , should match invalid size
FAIL: libgomp.oacc-c/../libgomp.oacc-c-c++-common/lib-3.c -DACC_DEVICE_TYPE_host=1 -DACC_MEM_SHARED=1 output pattern test, is
FAIL: libgomp.oacc-c/../libgomp.oacc-c-c++-common/lib-42.c -DACC_DEVICE_TYPE_host=1 -DACC_MEM_SHARED=1 output pattern test, is , should match \\[[0-9a-fA-FxX]+,256\\] is not mapped
FAIL: libgomp.oacc-c/../libgomp.oacc-c-c++-common/lib-62.c -DACC_DEVICE_TYPE_host=1 -DACC_MEM_SHARED=1 output pattern test, is , should match invalid size
FAIL: libgomp.oacc-c++/../libgomp.oacc-c-c++-common/acc_on_device-1.c -DACC_DEVICE_TYPE_host_nonshm=1 -DACC_MEM_SHARED=0 execution test
FAIL: libgomp.oacc-c++/../libgomp.oacc-c-c++-common/if-1.c -DACC_DEVICE_TYPE_host_nonshm=1 -DACC_MEM_SHARED=0 execution test
FAIL: libgomp.oacc-c++/../libgomp.oacc-c-c++-common/lib-3.c -DACC_DEVICE_TYPE_host_nonshm=1 -DACC_MEM_SHARED=0 output pattern test, is
FAIL: libgomp.oacc-c++/../libgomp.oacc-c-c++-common/lib-42.c -DACC_DEVICE_TYPE_host_nonshm=1 -DACC_MEM_SHARED=0 output pattern test, is , should match \\[[0-9a-fA-FxX]+,256\\] is not mapped
FAIL: libgomp.oacc-c++/../libgomp.oacc-c-c++-common/lib-62.c -DACC_DEVICE_TYPE_host_nonshm=1 -DACC_MEM_SHARED=0 output pattern test, is , should match invalid size
FAIL: libgomp.oacc-c++/../libgomp.oacc-c-c++-common/lib-3.c -DACC_DEVICE_TYPE_host=1 -DACC_MEM_SHARED=1 output pattern test, is
FAIL: libgomp.oacc-c++/../libgomp.oacc-c-c++-common/lib-42.c -DACC_DEVICE_TYPE_host=1 -DACC_MEM_SHARED=1 output pattern test, is , should match \\[[0-9a-fA-FxX]+,256\\] is not mapped
FAIL: libgomp.oacc-c++/../libgomp.oacc-c-c++-common/lib-62.c -DACC_DEVICE_TYPE_host=1 -DACC_MEM_SHARED=1 output pattern test, is , should match invalid size
FAIL: libgomp.oacc-fortran/acc_on_device-1-1.f90 -DACC_DEVICE_TYPE_host_nonshm=1 -DACC_MEM_SHARED=0 -O execution test
FAIL: libgomp.oacc-fortran/acc_on_device-1-2.f -DACC_DEVICE_TYPE_host_nonshm=1 -DACC_MEM_SHARED=0 -O execution test
FAIL: libgomp.oacc-fortran/acc_on_device-1-3.f -DACC_DEVICE_TYPE_host_nonshm=1 -DACC_MEM_SHARED=0 -O execution test
=== libgomp Summary ===
# of expected passes 5797
# of unexpected failures 19
# of unsupported tests 300
=== libitm tests ===
Running target unix
=== libitm Summary ===
# of expected passes 26
# of expected failures 3
# of unsupported tests 1
=== libjava tests ===
Running target unix
=== libjava Summary ===
# of expected passes 2582
# of expected failures 4
=== libstdc++ tests ===
Running target unix
=== libstdc++ Summary ===
# of expected passes 10305
# of expected failures 65
# of unsupported tests 399
Compiler version: 6.0.0 20150517 (experimental) [trunk revision 223265] (GCC)
Platform: powerpc64le-unknown-linux-gnu
configure flags: --prefix=/opt/gcc-nightly/trunk --with-as=/usr/bin/as --with-ld=/usr/bin/ld --enable-languages=c,c++,fortran,objc,obj-c++,java,go --with-cpu=power8 --enable-lto --disable-multilib --disable-libsanitizer --enable-decimal-float --with-long-double-128
fail XPASS: gcc.test-framework/dg-bogus-exp-XF.c (test for excess errors)
fail FAIL: gcc.test-framework/dg-do-assemble-exp-P.c (test for excess errors) (PRMS 42)
fail FAIL: gcc.test-framework/dg-do-compile-exp-P.c (test for excess errors) (PRMS 42)
fail FAIL: gcc.test-framework/dg-do-link-exp-P.c (test for excess errors) (PRMS 42)
fail FAIL: gcc.test-framework/dg-do-run-exp-P.c (test for excess errors) (PRMS 42)
fail FAIL: gcc.test-framework/dg-dot-run-exp-P.c (test for excess errors) (PRMS 42)
fail FAIL: gcc.test-framework/dg-dox-run-exp-XF.c (test for excess errors) (PRMS 42)
fail FAIL: gcc.test-framework/dg-output-exp-P.c (test for excess errors) (PRMS 42)
fail FAIL: gcc.test-framework/dg-output-exp-XF.c (test for excess errors) (PRMS 42)
fail FAIL: gcc.test-framework/dg-warning-exp-P.c warning test (test for warnings, line 9) (PRMS 42)
=== Test Framework Summary ===
# of expected passes 2524
# of unexpected failures 10
More information about the Gcc-testresults
mailing list