Results for 6.0.0 20150509 (experimental) [trunk revision 222931] testsuite on hppa-unknown-linux-gnu
John David Anglin
dave.anglin@bell.net
Sun May 10 00:46:00 GMT 2015
LAST_UPDATED: Sat May 9 01:17:38 UTC 2015 (revision 222931)
=== acats tests ===
=== acats Summary ===
# of expected passes 2320
# of unexpected failures 0
Native configuration is hppa-unknown-linux-gnu
=== gcc tests ===
Running target unix
FAIL: gcc.dg/atomic/c11-atomic-exec-5.c -O0 execution test
FAIL: gcc.dg/atomic/c11-atomic-exec-5.c -O1 execution test
FAIL: gcc.dg/atomic/c11-atomic-exec-5.c -O2 execution test
FAIL: gcc.dg/atomic/c11-atomic-exec-5.c -O3 -fomit-frame-pointer execution test
FAIL: gcc.dg/atomic/c11-atomic-exec-5.c -O3 -fomit-frame-pointer -funroll-loops execution test
FAIL: gcc.dg/atomic/c11-atomic-exec-5.c -O3 -fomit-frame-pointer -funroll-all-loops -finline-functions execution test
FAIL: gcc.dg/atomic/c11-atomic-exec-5.c -O3 -g execution test
FAIL: gcc.dg/atomic/c11-atomic-exec-5.c -Os execution test
FAIL: gcc.dg/atomic/c11-atomic-exec-5.c -O2 -flto -fno-use-linker-plugin -flto-partition=none execution test
FAIL: gcc.dg/atomic/c11-atomic-exec-5.c -O2 -flto -fuse-linker-plugin -fno-fat-lto-objects execution test
=== gcc Summary ===
# of expected passes 68245
# of unexpected failures 10
# of expected failures 77
# of unsupported tests 544
/home/dave/gnu/gcc/objdir/gcc/xgcc version 6.0.0 20150509 (experimental) [trunk revision 222931] (GCC)
=== gnat tests ===
Running target unix
=== gnat Summary ===
# of expected passes 1314
# of expected failures 20
# of unsupported tests 15
/home/dave/gnu/gcc/objdir/gcc/gnatmake version 6.0.0 20150509 (experimental) [trunk revision 222931]
Compiler version: 6.0.0 20150509 (experimental) [trunk revision 222931]
Platform: hppa-unknown-linux-gnu
configure flags: --with-gnu-as --with-gnu-ld --enable-shared --enable-multiarch --enable-linker-build-id --build=hppa-linux-gnu --host=hppa-linux-gnu --target=hppa-linux-gnu --prefix=/home/dave/opt/gnu/gcc/gcc-6 --with-local-prefix=/home/dave/opt/gnu --enable-threads=posix --enable-__cxa_atexit --build=hppa-linux-gnu --enable-clocale=gnu --enable-java-gc=boehm --enable-languages=c,c++,objc,fortran,obj-c++,java,ada,lto
More information about the Gcc-testresults
mailing list