Results for 5.0.0 20150327 (experimental) [trunk revision 221732] (GCC) testsuite on sparc-sun-solaris2.11
Rainer Orth
ro@CeBiTec.Uni-Bielefeld.DE
Sun Mar 29 17:43:00 GMT 2015
LAST_UPDATED: Fri Mar 27 14:37:26 UTC 2015 (revision 221732)
=== acats tests ===
=== acats Summary ===
# of expected passes 2320
# of unexpected failures 0
Native configuration is sparc-sun-solaris2.11
=== g++ tests ===
Running target unix
=== g++ Summary for unix ===
# of expected passes 81387
# of expected failures 288
# of unsupported tests 3720
Running target unix/-m64
=== g++ Summary for unix/-m64 ===
# of expected passes 83259
# of expected failures 288
# of unsupported tests 3697
=== g++ Summary ===
# of expected passes 164646
# of expected failures 576
# of unsupported tests 7417
/var/gcc/regression/trunk/11-gcc-gas-gld/build/gcc/testsuite/g++/../../xg++ version 5.0.0 20150327 (experimental) [trunk revision 221732] (GCC)
=== gcc tests ===
Running target unix
FAIL: gcc.dg/atomic/c11-atomic-exec-3.c -O3 -g (test for excess errors)
WARNING: gcc.dg/atomic/c11-atomic-exec-3.c -O3 -g compilation failed to produce executable
WARNING: program timed out.
FAIL: gcc.dg/c11-atomic-2.c (test for excess errors)
FAIL: gcc.dg/unroll-2.c (test for warnings, line 24)
WARNING: program timed out.
FAIL: gcc.dg/simulate-thread/atomic-other-int.c -O2 -g thread simulation test
FAIL: gcc.dg/simulate-thread/atomic-other-int.c -O3 -g thread simulation test
FAIL: gcc.dg/simulate-thread/speculative-store-4.c -O0 -g thread simulation test
FAIL: gcc.dg/simulate-thread/speculative-store-4.c -O2 -g thread simulation test
FAIL: gcc.dg/simulate-thread/speculative-store-4.c -O3 -g thread simulation test
FAIL: gcc.dg/simulate-thread/speculative-store.c -O0 -g thread simulation test
=== gcc Summary for unix ===
# of expected passes 89262
# of unexpected failures 9
# of expected failures 330
# of unsupported tests 2088
Running target unix/-m64
FAIL: gcc.dg/c11-atomic-2.c (test for excess errors)
FAIL: gcc.dg/unroll-2.c (test for warnings, line 24)
FAIL: gcc.dg/visibility-22.c execution test
WARNING: program timed out.
=== gcc Summary for unix/-m64 ===
# of expected passes 90070
# of unexpected failures 3
# of expected failures 319
# of unsupported tests 2014
=== gcc Summary ===
# of expected passes 179332
# of unexpected failures 12
# of expected failures 649
# of unsupported tests 4102
/var/gcc/regression/trunk/11-gcc-gas-gld/build/gcc/xgcc version 5.0.0 20150327 (experimental) [trunk revision 221732] (GCC)
=== gfortran tests ===
Running target unix
=== gfortran Summary for unix ===
# of expected passes 47944
# of expected failures 80
# of unsupported tests 277
Running target unix/-m64
=== gfortran Summary for unix/-m64 ===
# of expected passes 48271
# of expected failures 80
# of unsupported tests 116
=== gfortran Summary ===
# of expected passes 96215
# of expected failures 160
# of unsupported tests 393
/var/gcc/regression/trunk/11-gcc-gas-gld/build/gcc/testsuite/gfortran/../../gfortran version 5.0.0 20150327 (experimental) [trunk revision 221732] (GCC)
=== gnat tests ===
Running target unix
=== gnat Summary for unix ===
# of expected passes 1300
# of expected failures 20
# of unsupported tests 19
Running target unix/-m64
=== gnat Summary for unix/-m64 ===
# of expected passes 1300
# of expected failures 20
# of unsupported tests 19
=== gnat Summary ===
# of expected passes 2600
# of expected failures 40
# of unsupported tests 38
/var/gcc/regression/trunk/11-gcc-gas-gld/build/gcc/gnatmake version 5.0.0 20150327 (experimental) [trunk revision 221732]
=== go tests ===
Running target unix
FAIL: ./index0-out.go compilation, -O0 -g -fno-var-tracking-assignments
WARNING: program timed out.
=== go Summary for unix ===
# of expected passes 7358
# of unexpected failures 1
# of expected failures 1
# of untested testcases 12
# of unsupported tests 3
Running target unix/-m64
FAIL: ./index0-out.go compilation, -O0 -g -fno-var-tracking-assignments
FAIL: ./slice3-out.go execution, -O0 -g -fno-var-tracking-assignments
WARNING: program timed out.
WARNING: program timed out.
=== go Summary for unix/-m64 ===
# of expected passes 7237
# of unexpected failures 2
# of expected failures 1
# of untested testcases 12
# of unsupported tests 3
=== go Summary ===
# of expected passes 14595
# of unexpected failures 3
# of expected failures 2
# of untested testcases 24
# of unsupported tests 6
/var/gcc/regression/trunk/11-gcc-gas-gld/build/gcc/testsuite/go/../../gccgo version 5.0.0 20150327 (experimental) [trunk revision 221732] (GCC)
=== obj-c++ tests ===
Running target unix
=== obj-c++ Summary for unix ===
# of expected passes 1453
# of expected failures 2
# of unsupported tests 86
Running target unix/-m64
=== obj-c++ Summary for unix/-m64 ===
# of expected passes 1445
# of expected failures 10
# of unsupported tests 86
=== obj-c++ Summary ===
# of expected passes 2898
# of expected failures 12
# of unsupported tests 172
/var/gcc/regression/trunk/11-gcc-gas-gld/build/gcc/testsuite/obj-c++/../../xg++ version 5.0.0 20150327 (experimental) [trunk revision 221732] (GCC)
=== objc tests ===
Running target unix
=== objc Summary for unix ===
# of expected passes 3016
# of unsupported tests 74
Running target unix/-m64
=== objc Summary for unix/-m64 ===
# of expected passes 3016
# of unsupported tests 74
=== objc Summary ===
# of expected passes 6032
# of unsupported tests 148
/var/gcc/regression/trunk/11-gcc-gas-gld/build/gcc/xgcc version 5.0.0 20150327 (experimental) [trunk revision 221732] (GCC)
=== boehm-gc tests ===
Running target unix
=== boehm-gc Summary for unix ===
# of expected passes 12
# of unsupported tests 1
Running target unix/-m64
=== boehm-gc Summary for unix/-m64 ===
# of expected passes 12
# of unsupported tests 1
=== boehm-gc Summary ===
# of expected passes 24
# of unsupported tests 2
=== libatomic tests ===
Running target unix
=== libatomic Summary for unix ===
# of expected passes 44
# of unsupported tests 5
Running target unix/-m64
=== libatomic Summary for unix/-m64 ===
# of expected passes 54
=== libatomic Summary ===
# of expected passes 98
# of unsupported tests 5
=== libffi tests ===
Running target unix
=== libffi Summary for unix ===
# of expected passes 2214
Running target unix/-m64
=== libffi Summary for unix/-m64 ===
# of expected passes 2214
=== libffi Summary ===
# of expected passes 4428
=== libgo tests ===
Running target unix
FAIL: reflect
=== libgo Summary for unix ===
# of expected passes 123
# of unexpected failures 1
Running target unix/-m64
FAIL: runtime
=== libgo Summary for unix/-m64 ===
# of expected passes 123
# of unexpected failures 1
=== libgo Summary ===
# of expected passes 246
# of unexpected failures 2
/var/gcc/regression/trunk/11-gcc-gas-gld/build/./gcc/gccgo version 5.0.0 20150327 (experimental) [trunk revision 221732] (GCC)
=== libgomp tests ===
Running target unix
=== libgomp Summary for unix ===
# of expected passes 5757
# of unsupported tests 282
Running target unix/-m64
=== libgomp Summary for unix/-m64 ===
# of expected passes 5757
# of unsupported tests 282
=== libgomp Summary ===
# of expected passes 11514
# of unsupported tests 564
=== libitm tests ===
Running target unix
=== libitm Summary for unix ===
# of expected passes 26
# of expected failures 3
# of unsupported tests 1
Running target unix/-m64
=== libitm Summary for unix/-m64 ===
# of expected passes 26
# of expected failures 3
# of unsupported tests 1
=== libitm Summary ===
# of expected passes 52
# of expected failures 6
# of unsupported tests 2
=== libjava tests ===
Running target unix
=== libjava Summary for unix ===
# of expected passes 2582
# of expected failures 4
Running target unix/-m64
=== libjava Summary for unix/-m64 ===
# of expected passes 2582
# of expected failures 4
=== libjava Summary ===
# of expected passes 5164
# of expected failures 8
=== libstdc++ tests ===
Running target unix
=== libstdc++ Summary for unix ===
# of expected passes 9364
# of expected failures 66
# of unsupported tests 617
Running target unix/-m64
=== libstdc++ Summary for unix/-m64 ===
# of expected passes 9364
# of expected failures 66
# of unsupported tests 617
=== libstdc++ Summary ===
# of expected passes 18728
# of expected failures 132
# of unsupported tests 1234
Compiler version: 5.0.0 20150327 (experimental) [trunk revision 221732] (GCC)
Platform: sparc-sun-solaris2.11
configure flags: --prefix=/vol/gcc --target=sparc-sun-solaris2.11 --enable-objc-gc --enable-libmudflap --with-as=/vol/gcc/bin/gas-2.25 --with-gnu-as --with-ld=/vol/gcc/bin/gld-2.25 --with-gnu-ld --with-gmp-include=/vol/gcc/include --with-gmp-lib=/vol/gcc/lib --with-mpfr-include=/vol/gcc/include --with-mpfr-lib=/vol/gcc/lib --with-mpc-include=/vol/gcc/include --with-mpc-lib=/vol/gcc/lib --enable-languages=all,ada,obj-c++,go --with-isl-include=/vol/gcc/include --with-isl-lib=/vol/gcc/lib --with-cloog-include=/vol/gcc/include --with-cloog-lib=/vol/gcc/lib --enable-cloog-backend=isl
BOOT_CFLAGS=-g -O2
More information about the Gcc-testresults
mailing list