Results for 5.0.0 20150325 (experimental) [trunk revision 221674] (GCC) testsuite on alpha-unknown-linux-gnu
uros@gcc13.fsffrance.org
uros@gcc13.fsffrance.org
Fri Mar 27 16:38:00 GMT 2015
LAST_UPDATED: Wed Mar 25 22:11:45 UTC 2015 (revision 221674)
Native configuration is alpha-unknown-linux-gnu
=== boehm-gc tests ===
Running target unix
=== boehm-gc Summary ===
# of expected passes 12
# of unsupported tests 1
=== libatomic tests ===
Running target unix
=== libatomic Summary ===
# of expected passes 54
=== libffi tests ===
Running target unix
=== libffi Summary ===
# of expected passes 2209
# of expected failures 5
=== libgo tests ===
Running target unix
FAIL: runtime/pprof
=== libgo Summary ===
# of expected passes 123
# of unexpected failures 1
/space/uros/gcc-build-nobwx/./gcc/gccgo version 5.0.0 20150325 (experimental) [trunk revision 221674] (GCC)
=== libgomp tests ===
Running target unix
=== libgomp Summary ===
# of expected passes 5712
# of unsupported tests 280
=== libitm tests ===
Running target unix
=== libitm Summary ===
# of expected passes 26
# of expected failures 3
# of unsupported tests 1
=== libjava tests ===
Running target unix
=== libjava Summary ===
# of expected passes 2582
# of expected failures 4
=== libstdc++ tests ===
Running target unix
=== libstdc++ Summary ===
# of expected passes 9754
# of expected failures 65
# of unsupported tests 546
=== gcc tests ===
Running target unix
FAIL: gcc.dg/20141029-1.c scan-rtl-dump-times final "mem/v(/.)*:HI" 4
XPASS: gcc.dg/guality/example.c -O0 execution test
XPASS: gcc.dg/guality/guality.c -O0 execution test
XPASS: gcc.dg/guality/guality.c -O1 execution test
XPASS: gcc.dg/guality/guality.c -O2 -flto -fuse-linker-plugin -fno-fat-lto-objects execution test
XPASS: gcc.dg/guality/inline-params.c -O2 execution test
XPASS: gcc.dg/guality/inline-params.c -O2 -flto -fno-use-linker-plugin -flto-partition=none execution test
XPASS: gcc.dg/guality/inline-params.c -O3 -fomit-frame-pointer execution test
XPASS: gcc.dg/guality/inline-params.c -O3 -g execution test
XPASS: gcc.dg/guality/inline-params.c -Os execution test
FAIL: gcc.dg/guality/pr36728-1.c -O1 line 16 arg7 == 30
FAIL: gcc.dg/guality/pr36728-1.c -O1 line 18 arg7 == 30
FAIL: gcc.dg/guality/pr36728-1.c -O2 line 16 arg7 == 30
FAIL: gcc.dg/guality/pr36728-1.c -O2 line 18 arg7 == 30
FAIL: gcc.dg/guality/pr36728-1.c -O2 -flto -fno-use-linker-plugin -flto-partition=none line 16 arg7 == 30
FAIL: gcc.dg/guality/pr36728-1.c -O2 -flto -fno-use-linker-plugin -flto-partition=none line 18 arg7 == 30
FAIL: gcc.dg/guality/pr36728-1.c -O2 -flto -fuse-linker-plugin -fno-fat-lto-objects line 16 arg7 == 30
FAIL: gcc.dg/guality/pr36728-1.c -O2 -flto -fuse-linker-plugin -fno-fat-lto-objects line 18 arg7 == 30
FAIL: gcc.dg/guality/pr36728-1.c -O3 -fomit-frame-pointer line 16 arg7 == 30
FAIL: gcc.dg/guality/pr36728-1.c -O3 -fomit-frame-pointer line 18 arg7 == 30
FAIL: gcc.dg/guality/pr36728-1.c -O3 -g line 16 arg7 == 30
FAIL: gcc.dg/guality/pr36728-1.c -O3 -g line 18 arg7 == 30
FAIL: gcc.dg/guality/pr36728-1.c -Os line 16 arg7 == 30
FAIL: gcc.dg/guality/pr36728-1.c -Os line 18 arg7 == 30
FAIL: gcc.dg/guality/pr36728-3.c -O1 line 14 arg7 == 30
FAIL: gcc.dg/guality/pr36728-3.c -O1 line 16 arg7 == 30
FAIL: gcc.dg/guality/pr36728-3.c -O2 line 14 arg7 == 30
FAIL: gcc.dg/guality/pr36728-3.c -O2 line 16 arg7 == 30
FAIL: gcc.dg/guality/pr36728-3.c -O2 -flto -fno-use-linker-plugin -flto-partition=none line 14 arg7 == 30
FAIL: gcc.dg/guality/pr36728-3.c -O2 -flto -fno-use-linker-plugin -flto-partition=none line 16 arg7 == 30
FAIL: gcc.dg/guality/pr36728-3.c -O2 -flto -fuse-linker-plugin -fno-fat-lto-objects line 14 arg7 == 30
FAIL: gcc.dg/guality/pr36728-3.c -O2 -flto -fuse-linker-plugin -fno-fat-lto-objects line 16 arg7 == 30
FAIL: gcc.dg/guality/pr36728-3.c -O3 -fomit-frame-pointer line 14 arg7 == 30
FAIL: gcc.dg/guality/pr36728-3.c -O3 -fomit-frame-pointer line 16 arg7 == 30
FAIL: gcc.dg/guality/pr36728-3.c -O3 -g line 14 arg7 == 30
FAIL: gcc.dg/guality/pr36728-3.c -O3 -g line 16 arg7 == 30
FAIL: gcc.dg/guality/pr36728-3.c -Os line 14 arg7 == 30
FAIL: gcc.dg/guality/pr36728-3.c -Os line 16 arg7 == 30
XPASS: gcc.dg/guality/pr41353-1.c -O0 line 28 j == 28 + 37
XPASS: gcc.dg/guality/pr41353-1.c -O1 line 28 j == 28 + 37
XPASS: gcc.dg/guality/pr41353-1.c -O2 line 28 j == 28 + 37
XPASS: gcc.dg/guality/pr41353-1.c -O3 -fomit-frame-pointer line 28 j == 28 + 37
XPASS: gcc.dg/guality/pr41353-1.c -O3 -g line 28 j == 28 + 37
XPASS: gcc.dg/guality/pr41353-1.c -Os line 28 j == 28 + 37
FAIL: gcc.dg/guality/pr41404-1.c -O1 line 10 *foo == 'f'
FAIL: gcc.dg/guality/pr41404-1.c -O2 line 10 *foo == 'f'
FAIL: gcc.dg/guality/pr41404-1.c -O3 -fomit-frame-pointer line 10 *foo == 'f'
FAIL: gcc.dg/guality/pr41404-1.c -O3 -g line 10 *foo == 'f'
FAIL: gcc.dg/guality/pr41404-1.c -Os line 10 *foo == 'f'
FAIL: gcc.dg/guality/pr41616-1.c -O2 -flto -fuse-linker-plugin -fno-fat-lto-objects execution test
FAIL: gcc.dg/guality/pr41616-1.c -Os execution test
FAIL: gcc.dg/guality/pr43051-1.c -O1 line 40 v == 1
FAIL: gcc.dg/guality/pr43051-1.c -O2 line 40 v == 1
FAIL: gcc.dg/guality/pr43051-1.c -O2 -flto -fno-use-linker-plugin -flto-partition=none line 40 v == 1
FAIL: gcc.dg/guality/pr43051-1.c -O2 -flto -fuse-linker-plugin -fno-fat-lto-objects line 40 v == 1
FAIL: gcc.dg/guality/pr43051-1.c -O3 -fomit-frame-pointer line 35 v == 1
FAIL: gcc.dg/guality/pr43051-1.c -O3 -fomit-frame-pointer line 40 v == 1
FAIL: gcc.dg/guality/pr43051-1.c -O3 -fomit-frame-pointer -funroll-all-loops -finline-functions line 35 v == 1
FAIL: gcc.dg/guality/pr43051-1.c -O3 -fomit-frame-pointer -funroll-all-loops -finline-functions line 40 v == 1
FAIL: gcc.dg/guality/pr43051-1.c -O3 -fomit-frame-pointer -funroll-loops line 35 v == 1
FAIL: gcc.dg/guality/pr43051-1.c -O3 -fomit-frame-pointer -funroll-loops line 40 v == 1
FAIL: gcc.dg/guality/pr43051-1.c -O3 -g line 35 v == 1
FAIL: gcc.dg/guality/pr43051-1.c -O3 -g line 40 v == 1
FAIL: gcc.dg/guality/pr43051-1.c -Os line 40 v == 1
FAIL: gcc.dg/guality/pr43177.c -O1 line 24 x == 7
FAIL: gcc.dg/guality/pr43177.c -O2 line 24 x == 7
FAIL: gcc.dg/guality/pr43177.c -O2 -flto -fno-use-linker-plugin -flto-partition=none line 24 x == 7
FAIL: gcc.dg/guality/pr43177.c -O2 -flto -fuse-linker-plugin -fno-fat-lto-objects line 24 x == 7
FAIL: gcc.dg/guality/pr43177.c -O3 -fomit-frame-pointer line 24 x == 7
FAIL: gcc.dg/guality/pr43177.c -O3 -g line 24 x == 7
FAIL: gcc.dg/guality/pr43177.c -Os line 24 x == 7
FAIL: gcc.dg/guality/pr45882.c -O1 line 16 b == 7
FAIL: gcc.dg/guality/pr45882.c -O1 line 16 c == 11
FAIL: gcc.dg/guality/pr45882.c -O1 line 16 d == 112
FAIL: gcc.dg/guality/pr45882.c -O1 line 16 e == 142
FAIL: gcc.dg/guality/pr45882.c -O2 line 16 b == 7
FAIL: gcc.dg/guality/pr45882.c -O2 line 16 c == 11
FAIL: gcc.dg/guality/pr45882.c -O2 line 16 d == 112
FAIL: gcc.dg/guality/pr45882.c -O2 line 16 e == 142
FAIL: gcc.dg/guality/pr45882.c -O2 -flto -fno-use-linker-plugin -flto-partition=none line 16 b == 7
FAIL: gcc.dg/guality/pr45882.c -O2 -flto -fno-use-linker-plugin -flto-partition=none line 16 c == 11
FAIL: gcc.dg/guality/pr45882.c -O2 -flto -fno-use-linker-plugin -flto-partition=none line 16 d == 112
FAIL: gcc.dg/guality/pr45882.c -O2 -flto -fno-use-linker-plugin -flto-partition=none line 16 e == 142
FAIL: gcc.dg/guality/pr45882.c -O2 -flto -fuse-linker-plugin -fno-fat-lto-objects line 16 b == 7
FAIL: gcc.dg/guality/pr45882.c -O2 -flto -fuse-linker-plugin -fno-fat-lto-objects line 16 c == 11
FAIL: gcc.dg/guality/pr45882.c -O2 -flto -fuse-linker-plugin -fno-fat-lto-objects line 16 d == 112
FAIL: gcc.dg/guality/pr45882.c -O2 -flto -fuse-linker-plugin -fno-fat-lto-objects line 16 e == 142
FAIL: gcc.dg/guality/pr45882.c -O3 -fomit-frame-pointer line 16 b == 7
FAIL: gcc.dg/guality/pr45882.c -O3 -fomit-frame-pointer line 16 c == 11
FAIL: gcc.dg/guality/pr45882.c -O3 -fomit-frame-pointer line 16 d == 112
FAIL: gcc.dg/guality/pr45882.c -O3 -fomit-frame-pointer line 16 e == 142
FAIL: gcc.dg/guality/pr45882.c -O3 -g line 16 b == 7
FAIL: gcc.dg/guality/pr45882.c -O3 -g line 16 c == 11
FAIL: gcc.dg/guality/pr45882.c -O3 -g line 16 d == 112
FAIL: gcc.dg/guality/pr45882.c -O3 -g line 16 e == 142
FAIL: gcc.dg/guality/pr45882.c -Os line 16 b == 7
FAIL: gcc.dg/guality/pr45882.c -Os line 16 c == 11
FAIL: gcc.dg/guality/pr45882.c -Os line 16 d == 112
FAIL: gcc.dg/guality/pr45882.c -Os line 16 e == 142
FAIL: gcc.dg/guality/pr54519-1.c -O1 line 20 x == 36
FAIL: gcc.dg/guality/pr54519-1.c -O1 line 20 y == 25
FAIL: gcc.dg/guality/pr54519-1.c -O1 line 20 z == 6
FAIL: gcc.dg/guality/pr54519-1.c -O1 line 23 x == 98
FAIL: gcc.dg/guality/pr54519-1.c -O1 line 23 y == 117
FAIL: gcc.dg/guality/pr54519-1.c -O1 line 23 z == 8
FAIL: gcc.dg/guality/pr54519-1.c -O2 line 20 x == 36
FAIL: gcc.dg/guality/pr54519-1.c -O2 line 20 y == 25
FAIL: gcc.dg/guality/pr54519-1.c -O2 line 20 z == 6
FAIL: gcc.dg/guality/pr54519-1.c -O2 line 23 x == 98
FAIL: gcc.dg/guality/pr54519-1.c -O2 line 23 y == 117
FAIL: gcc.dg/guality/pr54519-1.c -O2 line 23 z == 8
FAIL: gcc.dg/guality/pr54519-1.c -O2 -flto -fno-use-linker-plugin -flto-partition=none line 20 x == 36
FAIL: gcc.dg/guality/pr54519-1.c -O2 -flto -fno-use-linker-plugin -flto-partition=none line 20 y == 25
FAIL: gcc.dg/guality/pr54519-1.c -O2 -flto -fno-use-linker-plugin -flto-partition=none line 20 z == 6
FAIL: gcc.dg/guality/pr54519-1.c -O2 -flto -fno-use-linker-plugin -flto-partition=none line 23 x == 98
FAIL: gcc.dg/guality/pr54519-1.c -O2 -flto -fno-use-linker-plugin -flto-partition=none line 23 y == 117
FAIL: gcc.dg/guality/pr54519-1.c -O2 -flto -fno-use-linker-plugin -flto-partition=none line 23 z == 8
FAIL: gcc.dg/guality/pr54519-1.c -O2 -flto -fuse-linker-plugin -fno-fat-lto-objects line 20 x == 36
FAIL: gcc.dg/guality/pr54519-1.c -O2 -flto -fuse-linker-plugin -fno-fat-lto-objects line 20 y == 25
FAIL: gcc.dg/guality/pr54519-1.c -O2 -flto -fuse-linker-plugin -fno-fat-lto-objects line 23 x == 98
FAIL: gcc.dg/guality/pr54519-1.c -O2 -flto -fuse-linker-plugin -fno-fat-lto-objects line 23 y == 117
FAIL: gcc.dg/guality/pr54519-1.c -O3 -fomit-frame-pointer line 23 x == 98
FAIL: gcc.dg/guality/pr54519-1.c -O3 -fomit-frame-pointer line 23 y == 117
FAIL: gcc.dg/guality/pr54519-1.c -O3 -g line 23 x == 98
FAIL: gcc.dg/guality/pr54519-1.c -O3 -g line 23 y == 117
FAIL: gcc.dg/guality/pr54519-1.c -Os line 20 x == 36
FAIL: gcc.dg/guality/pr54519-1.c -Os line 20 y == 25
FAIL: gcc.dg/guality/pr54519-1.c -Os line 20 z == 6
FAIL: gcc.dg/guality/pr54519-1.c -Os line 23 x == 98
FAIL: gcc.dg/guality/pr54519-1.c -Os line 23 y == 117
FAIL: gcc.dg/guality/pr54519-1.c -Os line 23 z == 8
FAIL: gcc.dg/guality/pr54519-2.c -O1 line 17 x == 6
FAIL: gcc.dg/guality/pr54519-2.c -O1 line 17 y == 25
FAIL: gcc.dg/guality/pr54519-2.c -O2 line 17 x == 6
FAIL: gcc.dg/guality/pr54519-2.c -O2 line 17 y == 25
FAIL: gcc.dg/guality/pr54519-2.c -O2 -flto -fno-use-linker-plugin -flto-partition=none line 17 x == 6
FAIL: gcc.dg/guality/pr54519-2.c -O2 -flto -fno-use-linker-plugin -flto-partition=none line 17 y == 25
FAIL: gcc.dg/guality/pr54519-2.c -O2 -flto -fuse-linker-plugin -fno-fat-lto-objects line 17 y == 25
FAIL: gcc.dg/guality/pr54519-2.c -Os line 17 x == 6
FAIL: gcc.dg/guality/pr54519-2.c -Os line 17 y == 25
FAIL: gcc.dg/guality/pr54519-3.c -O1 line 20 x == 36
FAIL: gcc.dg/guality/pr54519-3.c -O1 line 20 y == 25
FAIL: gcc.dg/guality/pr54519-3.c -O1 line 20 z == 6
FAIL: gcc.dg/guality/pr54519-3.c -O1 line 23 x == 98
FAIL: gcc.dg/guality/pr54519-3.c -O1 line 23 y == 117
FAIL: gcc.dg/guality/pr54519-3.c -O1 line 23 z == 8
FAIL: gcc.dg/guality/pr54519-3.c -O2 line 20 z == 6
FAIL: gcc.dg/guality/pr54519-3.c -O2 line 23 z == 8
FAIL: gcc.dg/guality/pr54519-3.c -O2 -flto -fno-use-linker-plugin -flto-partition=none line 20 y == 25
FAIL: gcc.dg/guality/pr54519-3.c -O2 -flto -fno-use-linker-plugin -flto-partition=none line 20 z == 6
FAIL: gcc.dg/guality/pr54519-3.c -O2 -flto -fno-use-linker-plugin -flto-partition=none line 23 y == 117
FAIL: gcc.dg/guality/pr54519-3.c -O2 -flto -fno-use-linker-plugin -flto-partition=none line 23 z == 8
FAIL: gcc.dg/guality/pr54519-3.c -O2 -flto -fuse-linker-plugin -fno-fat-lto-objects line 20 y == 25
FAIL: gcc.dg/guality/pr54519-3.c -O2 -flto -fuse-linker-plugin -fno-fat-lto-objects line 20 z == 6
FAIL: gcc.dg/guality/pr54519-3.c -O2 -flto -fuse-linker-plugin -fno-fat-lto-objects line 23 y == 117
FAIL: gcc.dg/guality/pr54519-3.c -O2 -flto -fuse-linker-plugin -fno-fat-lto-objects line 23 z == 8
FAIL: gcc.dg/guality/pr54519-3.c -O3 -fomit-frame-pointer line 20 z == 6
FAIL: gcc.dg/guality/pr54519-3.c -O3 -fomit-frame-pointer line 23 z == 8
FAIL: gcc.dg/guality/pr54519-3.c -O3 -g line 20 z == 6
FAIL: gcc.dg/guality/pr54519-3.c -O3 -g line 23 z == 8
FAIL: gcc.dg/guality/pr54519-3.c -Os line 20 z == 6
FAIL: gcc.dg/guality/pr54519-3.c -Os line 23 z == 8
FAIL: gcc.dg/guality/pr54519-4.c -O1 line 17 x == 6
FAIL: gcc.dg/guality/pr54519-4.c -O1 line 17 y == 25
FAIL: gcc.dg/guality/pr54519-4.c -O2 line 17 y == 25
FAIL: gcc.dg/guality/pr54519-4.c -O2 -flto -fno-use-linker-plugin -flto-partition=none line 17 y == 25
FAIL: gcc.dg/guality/pr54519-4.c -O2 -flto -fuse-linker-plugin -fno-fat-lto-objects line 17 y == 25
FAIL: gcc.dg/guality/pr54519-4.c -O3 -fomit-frame-pointer line 17 y == 25
FAIL: gcc.dg/guality/pr54519-4.c -O3 -g line 17 y == 25
FAIL: gcc.dg/guality/pr54519-4.c -Os line 17 y == 25
FAIL: gcc.dg/guality/pr54519-5.c -O1 line 17 x == 6
FAIL: gcc.dg/guality/pr54519-5.c -O1 line 17 y == 25
FAIL: gcc.dg/guality/pr54519-5.c -O2 line 17 x == 6
FAIL: gcc.dg/guality/pr54519-5.c -O2 line 17 y == 25
FAIL: gcc.dg/guality/pr54519-5.c -O2 -flto -fno-use-linker-plugin -flto-partition=none line 17 x == 6
FAIL: gcc.dg/guality/pr54519-5.c -O2 -flto -fno-use-linker-plugin -flto-partition=none line 17 y == 25
FAIL: gcc.dg/guality/pr54519-5.c -O2 -flto -fuse-linker-plugin -fno-fat-lto-objects line 17 y == 25
FAIL: gcc.dg/guality/pr54519-5.c -O3 -fomit-frame-pointer line 17 y == 25
FAIL: gcc.dg/guality/pr54519-5.c -O3 -g line 17 y == 25
FAIL: gcc.dg/guality/pr54519-5.c -Os line 17 x == 6
FAIL: gcc.dg/guality/pr54519-5.c -Os line 17 y == 25
FAIL: gcc.dg/guality/pr54551.c -O1 line 18 a == 4
FAIL: gcc.dg/guality/pr54551.c -O1 line 18 z == 3
FAIL: gcc.dg/guality/pr54551.c -O2 line 18 a == 4
FAIL: gcc.dg/guality/pr54551.c -O2 line 18 z == 3
FAIL: gcc.dg/guality/pr54551.c -O2 -flto -fno-use-linker-plugin -flto-partition=none line 18 a == 4
FAIL: gcc.dg/guality/pr54551.c -O2 -flto -fno-use-linker-plugin -flto-partition=none line 18 z == 3
FAIL: gcc.dg/guality/pr54551.c -O3 -fomit-frame-pointer line 18 a == 4
FAIL: gcc.dg/guality/pr54551.c -O3 -fomit-frame-pointer line 18 z == 3
FAIL: gcc.dg/guality/pr54551.c -O3 -g line 18 a == 4
FAIL: gcc.dg/guality/pr54551.c -O3 -g line 18 z == 3
FAIL: gcc.dg/guality/pr54551.c -Os line 18 a == 4
FAIL: gcc.dg/guality/pr54551.c -Os line 18 z == 3
FAIL: gcc.dg/guality/pr54693-2.c -O3 -fomit-frame-pointer -funroll-all-loops -finline-functions line 21 i == v + 1
FAIL: gcc.dg/guality/pr54693.c -O1 line 22 i == c - 48
FAIL: gcc.dg/guality/pr54693.c -O2 line 22 i == c - 48
FAIL: gcc.dg/guality/pr54693.c -O2 -flto -fno-use-linker-plugin -flto-partition=none line 22 i == c - 48
FAIL: gcc.dg/guality/pr54693.c -O2 -flto -fuse-linker-plugin -fno-fat-lto-objects line 22 i == c - 48
FAIL: gcc.dg/guality/pr54693.c -O3 -fomit-frame-pointer line 22 i == c - 48
FAIL: gcc.dg/guality/pr54693.c -O3 -fomit-frame-pointer -funroll-all-loops -finline-functions line 22 i == c - 48
FAIL: gcc.dg/guality/pr54693.c -O3 -fomit-frame-pointer -funroll-loops line 22 i == c - 48
FAIL: gcc.dg/guality/pr54693.c -O3 -g line 22 i == c - 48
FAIL: gcc.dg/guality/pr54796.c -O1 line 17 a == 5
FAIL: gcc.dg/guality/pr54796.c -O1 line 17 b == 6
FAIL: gcc.dg/guality/pr54796.c -O1 line 17 c == 5
FAIL: gcc.dg/guality/pr54796.c -O2 line 17 a == 5
FAIL: gcc.dg/guality/pr54796.c -O2 line 17 b == 6
FAIL: gcc.dg/guality/pr54796.c -O2 line 17 c == 5
FAIL: gcc.dg/guality/pr54796.c -O2 -flto -fno-use-linker-plugin -flto-partition=none line 17 a == 5
FAIL: gcc.dg/guality/pr54796.c -O2 -flto -fno-use-linker-plugin -flto-partition=none line 17 b == 6
FAIL: gcc.dg/guality/pr54796.c -O2 -flto -fno-use-linker-plugin -flto-partition=none line 17 c == 5
FAIL: gcc.dg/guality/pr54796.c -O2 -flto -fuse-linker-plugin -fno-fat-lto-objects line 17 a == 5
FAIL: gcc.dg/guality/pr54796.c -O2 -flto -fuse-linker-plugin -fno-fat-lto-objects line 17 b == 6
FAIL: gcc.dg/guality/pr54796.c -O2 -flto -fuse-linker-plugin -fno-fat-lto-objects line 17 c == 5
FAIL: gcc.dg/guality/pr54796.c -O3 -fomit-frame-pointer line 17 a == 5
FAIL: gcc.dg/guality/pr54796.c -O3 -fomit-frame-pointer line 17 b == 6
FAIL: gcc.dg/guality/pr54796.c -O3 -fomit-frame-pointer line 17 c == 5
FAIL: gcc.dg/guality/pr54796.c -O3 -g line 17 a == 5
FAIL: gcc.dg/guality/pr54796.c -O3 -g line 17 b == 6
FAIL: gcc.dg/guality/pr54796.c -O3 -g line 17 c == 5
FAIL: gcc.dg/guality/pr54796.c -Os line 17 a == 5
FAIL: gcc.dg/guality/pr54796.c -Os line 17 b == 6
FAIL: gcc.dg/guality/pr54796.c -Os line 17 c == 5
FAIL: gcc.dg/guality/pr54970.c -O1 line 15 *p == 3
FAIL: gcc.dg/guality/pr54970.c -O1 line 15 a[0] == 1
FAIL: gcc.dg/guality/pr54970.c -O1 line 15 a[2] == 3
FAIL: gcc.dg/guality/pr54970.c -O1 line 20 a[0] == 1
FAIL: gcc.dg/guality/pr54970.c -O1 line 25 a[0] == 1
FAIL: gcc.dg/guality/pr54970.c -O1 line 31 a[0] == 4
FAIL: gcc.dg/guality/pr54970.c -O1 line 36 a[0] == 4
FAIL: gcc.dg/guality/pr54970.c -O1 line 45 a[0] == 4
FAIL: gcc.dg/guality/pr54970.c -O1 line 45 p[-2] == 4
FAIL: gcc.dg/guality/pr54970.c -O1 line 45 q[-1] == 4
FAIL: gcc.dg/guality/pr54970.c -O2 line 15 *p == 3
FAIL: gcc.dg/guality/pr54970.c -O2 line 15 a[0] == 1
FAIL: gcc.dg/guality/pr54970.c -O2 line 15 a[2] == 3
FAIL: gcc.dg/guality/pr54970.c -O2 line 20 a[0] == 1
FAIL: gcc.dg/guality/pr54970.c -O2 line 25 a[0] == 1
FAIL: gcc.dg/guality/pr54970.c -O2 line 31 a[0] == 4
FAIL: gcc.dg/guality/pr54970.c -O2 line 36 a[0] == 4
FAIL: gcc.dg/guality/pr54970.c -O2 line 45 a[0] == 4
FAIL: gcc.dg/guality/pr54970.c -O2 line 45 p[-2] == 4
FAIL: gcc.dg/guality/pr54970.c -O2 line 45 q[-1] == 4
FAIL: gcc.dg/guality/pr54970.c -O2 -flto -fno-use-linker-plugin -flto-partition=none line 15 a[0] == 1
FAIL: gcc.dg/guality/pr54970.c -O2 -flto -fno-use-linker-plugin -flto-partition=none line 20 a[0] == 1
FAIL: gcc.dg/guality/pr54970.c -O2 -flto -fno-use-linker-plugin -flto-partition=none line 25 a[0] == 1
FAIL: gcc.dg/guality/pr54970.c -O2 -flto -fno-use-linker-plugin -flto-partition=none line 31 a[0] == 4
FAIL: gcc.dg/guality/pr54970.c -O2 -flto -fno-use-linker-plugin -flto-partition=none line 36 a[0] == 4
FAIL: gcc.dg/guality/pr54970.c -O2 -flto -fno-use-linker-plugin -flto-partition=none line 45 a[0] == 4
FAIL: gcc.dg/guality/pr54970.c -O2 -flto -fno-use-linker-plugin -flto-partition=none line 45 p[-2] == 4
FAIL: gcc.dg/guality/pr54970.c -O2 -flto -fno-use-linker-plugin -flto-partition=none line 45 q[-1] == 4
FAIL: gcc.dg/guality/pr54970.c -O2 -flto -fuse-linker-plugin -fno-fat-lto-objects line 15 a[0] == 1
FAIL: gcc.dg/guality/pr54970.c -O2 -flto -fuse-linker-plugin -fno-fat-lto-objects line 20 a[0] == 1
FAIL: gcc.dg/guality/pr54970.c -O2 -flto -fuse-linker-plugin -fno-fat-lto-objects line 25 a[0] == 1
FAIL: gcc.dg/guality/pr54970.c -O2 -flto -fuse-linker-plugin -fno-fat-lto-objects line 31 a[0] == 4
FAIL: gcc.dg/guality/pr54970.c -O2 -flto -fuse-linker-plugin -fno-fat-lto-objects line 36 a[0] == 4
FAIL: gcc.dg/guality/pr54970.c -O2 -flto -fuse-linker-plugin -fno-fat-lto-objects line 45 a[0] == 4
FAIL: gcc.dg/guality/pr54970.c -O2 -flto -fuse-linker-plugin -fno-fat-lto-objects line 45 p[-2] == 4
FAIL: gcc.dg/guality/pr54970.c -O2 -flto -fuse-linker-plugin -fno-fat-lto-objects line 45 q[-1] == 4
FAIL: gcc.dg/guality/pr54970.c -O3 -fomit-frame-pointer line 15 *p == 3
FAIL: gcc.dg/guality/pr54970.c -O3 -fomit-frame-pointer line 15 a[0] == 1
FAIL: gcc.dg/guality/pr54970.c -O3 -fomit-frame-pointer line 15 a[2] == 3
FAIL: gcc.dg/guality/pr54970.c -O3 -fomit-frame-pointer line 20 a[0] == 1
FAIL: gcc.dg/guality/pr54970.c -O3 -fomit-frame-pointer line 25 a[0] == 1
FAIL: gcc.dg/guality/pr54970.c -O3 -fomit-frame-pointer line 31 a[0] == 4
FAIL: gcc.dg/guality/pr54970.c -O3 -fomit-frame-pointer line 36 a[0] == 4
FAIL: gcc.dg/guality/pr54970.c -O3 -fomit-frame-pointer line 45 a[0] == 4
FAIL: gcc.dg/guality/pr54970.c -O3 -fomit-frame-pointer line 45 p[-2] == 4
FAIL: gcc.dg/guality/pr54970.c -O3 -fomit-frame-pointer line 45 q[-1] == 4
FAIL: gcc.dg/guality/pr54970.c -O3 -g line 15 *p == 3
FAIL: gcc.dg/guality/pr54970.c -O3 -g line 15 a[0] == 1
FAIL: gcc.dg/guality/pr54970.c -O3 -g line 15 a[2] == 3
FAIL: gcc.dg/guality/pr54970.c -O3 -g line 20 a[0] == 1
FAIL: gcc.dg/guality/pr54970.c -O3 -g line 25 a[0] == 1
FAIL: gcc.dg/guality/pr54970.c -O3 -g line 31 a[0] == 4
FAIL: gcc.dg/guality/pr54970.c -O3 -g line 36 a[0] == 4
FAIL: gcc.dg/guality/pr54970.c -O3 -g line 45 a[0] == 4
FAIL: gcc.dg/guality/pr54970.c -O3 -g line 45 p[-2] == 4
FAIL: gcc.dg/guality/pr54970.c -O3 -g line 45 q[-1] == 4
FAIL: gcc.dg/guality/pr54970.c -Os line 15 *p == 3
FAIL: gcc.dg/guality/pr54970.c -Os line 15 a[0] == 1
FAIL: gcc.dg/guality/pr54970.c -Os line 15 a[2] == 3
FAIL: gcc.dg/guality/pr54970.c -Os line 20 a[0] == 1
FAIL: gcc.dg/guality/pr54970.c -Os line 25 a[0] == 1
FAIL: gcc.dg/guality/pr54970.c -Os line 31 a[0] == 4
FAIL: gcc.dg/guality/pr54970.c -Os line 36 a[0] == 4
FAIL: gcc.dg/guality/pr54970.c -Os line 45 a[0] == 4
FAIL: gcc.dg/guality/pr54970.c -Os line 45 p[-2] == 4
FAIL: gcc.dg/guality/pr54970.c -Os line 45 q[-1] == 4
FAIL: gcc.dg/guality/pr58791-5.c -O1 line pr58791-5.c:20 b1 == 9
FAIL: gcc.dg/guality/pr58791-5.c -O1 line pr58791-5.c:20 b2 == 73
FAIL: gcc.dg/guality/pr58791-5.c -O1 line pr58791-5.c:20 b3 == 585
FAIL: gcc.dg/guality/pr58791-5.c -O1 line pr58791-5.c:20 b4 == 4681
FAIL: gcc.dg/guality/pr58791-5.c -O2 line pr58791-5.c:20 b1 == 9
FAIL: gcc.dg/guality/pr58791-5.c -O2 line pr58791-5.c:20 b2 == 73
FAIL: gcc.dg/guality/pr58791-5.c -O2 line pr58791-5.c:20 b3 == 585
FAIL: gcc.dg/guality/pr58791-5.c -O2 line pr58791-5.c:20 b4 == 4681
FAIL: gcc.dg/guality/pr58791-5.c -O2 -flto -fno-use-linker-plugin -flto-partition=none line pr58791-5.c:20 b1 == 9
FAIL: gcc.dg/guality/pr58791-5.c -O2 -flto -fno-use-linker-plugin -flto-partition=none line pr58791-5.c:20 b2 == 73
FAIL: gcc.dg/guality/pr58791-5.c -O2 -flto -fno-use-linker-plugin -flto-partition=none line pr58791-5.c:20 b3 == 585
FAIL: gcc.dg/guality/pr58791-5.c -O2 -flto -fno-use-linker-plugin -flto-partition=none line pr58791-5.c:20 b4 == 4681
FAIL: gcc.dg/guality/pr58791-5.c -O2 -flto -fuse-linker-plugin -fno-fat-lto-objects line pr58791-5.c:20 b1 == 9
FAIL: gcc.dg/guality/pr58791-5.c -O2 -flto -fuse-linker-plugin -fno-fat-lto-objects line pr58791-5.c:20 b2 == 73
FAIL: gcc.dg/guality/pr58791-5.c -O2 -flto -fuse-linker-plugin -fno-fat-lto-objects line pr58791-5.c:20 b3 == 585
FAIL: gcc.dg/guality/pr58791-5.c -O2 -flto -fuse-linker-plugin -fno-fat-lto-objects line pr58791-5.c:20 b4 == 4681
FAIL: gcc.dg/guality/pr58791-5.c -O3 -fomit-frame-pointer line pr58791-5.c:20 b1 == 9
FAIL: gcc.dg/guality/pr58791-5.c -O3 -fomit-frame-pointer line pr58791-5.c:20 b2 == 73
FAIL: gcc.dg/guality/pr58791-5.c -O3 -fomit-frame-pointer line pr58791-5.c:20 b3 == 585
FAIL: gcc.dg/guality/pr58791-5.c -O3 -fomit-frame-pointer line pr58791-5.c:20 b4 == 4681
FAIL: gcc.dg/guality/pr58791-5.c -O3 -g line pr58791-5.c:20 b1 == 9
FAIL: gcc.dg/guality/pr58791-5.c -O3 -g line pr58791-5.c:20 b2 == 73
FAIL: gcc.dg/guality/pr58791-5.c -O3 -g line pr58791-5.c:20 b3 == 585
FAIL: gcc.dg/guality/pr58791-5.c -O3 -g line pr58791-5.c:20 b4 == 4681
FAIL: gcc.dg/guality/pr58791-5.c -Os line pr58791-5.c:20 b1 == 9
FAIL: gcc.dg/guality/pr58791-5.c -Os line pr58791-5.c:20 b2 == 73
FAIL: gcc.dg/guality/pr58791-5.c -Os line pr58791-5.c:20 b3 == 585
FAIL: gcc.dg/guality/pr58791-5.c -Os line pr58791-5.c:20 b4 == 4681
FAIL: gcc.dg/guality/sra-1.c -O2 line 43 a.i == 4
FAIL: gcc.dg/guality/sra-1.c -O2 -flto -fno-use-linker-plugin -flto-partition=none line 43 a.i == 4
FAIL: gcc.dg/guality/sra-1.c -O2 -flto -fuse-linker-plugin -fno-fat-lto-objects line 43 a.i == 4
FAIL: gcc.dg/guality/sra-1.c -O3 -fomit-frame-pointer line 43 a.i == 4
FAIL: gcc.dg/guality/sra-1.c -O3 -g line 43 a.i == 4
FAIL: gcc.dg/guality/sra-1.c -Os line 43 a.i == 4
FAIL: gcc.dg/guality/vla-1.c -O1 line 17 sizeof (a) == 6
FAIL: gcc.dg/guality/vla-1.c -O2 line 17 sizeof (a) == 6
FAIL: gcc.dg/guality/vla-1.c -O2 -flto -fno-use-linker-plugin -flto-partition=none line 17 sizeof (a) == 6
FAIL: gcc.dg/guality/vla-1.c -O2 -flto -fuse-linker-plugin -fno-fat-lto-objects line 17 sizeof (a) == 6
FAIL: gcc.dg/guality/vla-1.c -O3 -fomit-frame-pointer line 17 sizeof (a) == 6
FAIL: gcc.dg/guality/vla-1.c -O3 -g line 17 sizeof (a) == 6
FAIL: gcc.dg/guality/vla-1.c -Os line 17 sizeof (a) == 6
FAIL: c-c++-common/simulate-thread/bitfields-1.c -O0 -g thread simulation test
FAIL: c-c++-common/simulate-thread/bitfields-1.c -O2 -g thread simulation test
FAIL: c-c++-common/simulate-thread/bitfields-1.c -O3 -g thread simulation test
FAIL: c-c++-common/simulate-thread/bitfields-2.c -O0 -g thread simulation test
FAIL: c-c++-common/simulate-thread/bitfields-2.c -O2 -g thread simulation test
FAIL: c-c++-common/simulate-thread/bitfields-2.c -O3 -g thread simulation test
FAIL: c-c++-common/simulate-thread/bitfields-3.c -O0 -g thread simulation test
FAIL: c-c++-common/simulate-thread/bitfields-3.c -O2 -g thread simulation test
FAIL: c-c++-common/simulate-thread/bitfields-3.c -O3 -g thread simulation test
FAIL: c-c++-common/simulate-thread/bitfields-4.c -O0 -g thread simulation test
FAIL: c-c++-common/simulate-thread/bitfields-4.c -O2 -g thread simulation test
FAIL: c-c++-common/simulate-thread/bitfields-4.c -O3 -g thread simulation test
FAIL: gcc.dg/simulate-thread/subfields.c -O0 -g thread simulation test
=== gcc Summary ===
# of expected passes 89156
# of unexpected failures 328
# of unexpected successes 15
# of expected failures 133
# of unsupported tests 1620
/space/uros/gcc-build-nobwx/gcc/xgcc version 5.0.0 20150325 (experimental) [trunk revision 221674] (GCC)
=== gfortran tests ===
Running target unix
FAIL: gfortran.dg/pr45636.f90 -O scan-tree-dump-times forwprop2 "memset" 0
=== gfortran Summary ===
# of expected passes 48096
# of unexpected failures 1
# of expected failures 64
# of unsupported tests 61
/space/uros/gcc-build-nobwx/gcc/testsuite/gfortran/../../gfortran version 5.0.0 20150325 (experimental) [trunk revision 221674] (GCC)
=== g++ tests ===
Running target unix
FAIL: g++.dg/guality/pr55665.C -O2 line 23 p == 40
FAIL: g++.dg/guality/pr55665.C -O3 -fomit-frame-pointer line 23 p == 40
FAIL: g++.dg/guality/pr55665.C -O3 -g line 23 p == 40
FAIL: c-c++-common/simulate-thread/bitfields-1.c -O0 -g thread simulation test
FAIL: c-c++-common/simulate-thread/bitfields-1.c -O2 -g -std=c++98 thread simulation test
FAIL: c-c++-common/simulate-thread/bitfields-1.c -O3 -g -std=c++11 thread simulation test
FAIL: c-c++-common/simulate-thread/bitfields-2.c -O0 -g thread simulation test
FAIL: c-c++-common/simulate-thread/bitfields-2.c -O1 -g thread simulation test
FAIL: c-c++-common/simulate-thread/bitfields-2.c -O2 -g -std=c++98 thread simulation test
FAIL: c-c++-common/simulate-thread/bitfields-2.c -O3 -g -std=c++11 thread simulation test
FAIL: c-c++-common/simulate-thread/bitfields-2.c -Os -g thread simulation test
FAIL: c-c++-common/simulate-thread/bitfields-3.c -O0 -g thread simulation test
FAIL: c-c++-common/simulate-thread/bitfields-4.c -O0 -g thread simulation test
FAIL: c-c++-common/simulate-thread/bitfields-4.c -O1 -g thread simulation test
FAIL: c-c++-common/simulate-thread/bitfields-4.c -O2 -g -std=c++98 thread simulation test
FAIL: c-c++-common/simulate-thread/bitfields-4.c -O3 -g -std=c++11 thread simulation test
FAIL: c-c++-common/simulate-thread/bitfields-4.c -Os -g thread simulation test
FAIL: g++.dg/simulate-thread/bitfields-2.C -O0 -g thread simulation test
FAIL: g++.dg/simulate-thread/bitfields-2.C -O2 -g -std=c++98 thread simulation test
FAIL: g++.dg/simulate-thread/bitfields-2.C -O3 -g -std=c++11 thread simulation test
FAIL: g++.dg/simulate-thread/bitfields.C -O0 -g thread simulation test
FAIL: g++.dg/simulate-thread/bitfields.C -O2 -g -std=c++98 thread simulation test
FAIL: g++.dg/simulate-thread/bitfields.C -O3 -g -std=c++11 thread simulation test
XPASS: g++.dg/tls/thread_local-order2.C -std=c++11 execution test
XPASS: g++.dg/tls/thread_local-order2.C -std=c++14 execution test
=== g++ Summary ===
# of expected passes 82242
# of unexpected failures 23
# of unexpected successes 2
# of expected failures 283
# of unsupported tests 3591
/space/uros/gcc-build-nobwx/gcc/testsuite/g++/../../xg++ version 5.0.0 20150325 (experimental) [trunk revision 221674] (GCC)
=== go tests ===
Running target unix
=== go Summary ===
# of expected passes 7240
# of expected failures 1
# of untested testcases 11
# of unsupported tests 3
/space/uros/gcc-build-nobwx/gcc/testsuite/go/../../gccgo version 5.0.0 20150325 (experimental) [trunk revision 221674] (GCC)
=== obj-c++ tests ===
Running target unix
=== obj-c++ Summary ===
# of expected passes 1445
# of expected failures 10
# of unsupported tests 86
/space/uros/gcc-build-nobwx/gcc/testsuite/obj-c++/../../xg++ version 5.0.0 20150325 (experimental) [trunk revision 221674] (GCC)
=== objc tests ===
Running target unix
=== objc Summary ===
# of expected passes 3014
# of unsupported tests 75
/space/uros/gcc-build-nobwx/gcc/xgcc version 5.0.0 20150325 (experimental) [trunk revision 221674] (GCC)
Compiler version: 5.0.0 20150325 (experimental) [trunk revision 221674] (GCC)
Platform: alpha-unknown-linux-gnu
configure flags: --host=alpha-linux-gnu --build=alpha-linux-gnu --target=alpha-linux-gnu --with-ld=/space/homedirs/uros/local/bin/ld --enable-languages=all,obj-c++,go
BOOT_CFLAGS=-g -O2
More information about the Gcc-testresults
mailing list