Results for 5.0.0 20150323 (experimental) [trunk revision 221583] (GCC) testsuite on x86_64-unknown-linux-gnu
H.J. Lu Intel64 -fpic -mcmodel=medium -mcmodel=large
intel64@gnu-5.sc.intel.com
Mon Mar 23 10:03:00 GMT 2015
Native configuration is x86_64-unknown-linux-gnu
=== g++ tests ===
Running target unix/-fpic
FAIL: g++.dg/ipa/devirt-40.C -std=gnu++11 scan-tree-dump-not fre2 "\\\\n OBJ_TYPE_REF"
FAIL: g++.dg/ipa/devirt-40.C -std=gnu++14 scan-tree-dump-not fre2 "\\\\n OBJ_TYPE_REF"
FAIL: g++.dg/ipa/devirt-40.C -std=gnu++98 scan-tree-dump-not fre2 "\\\\n OBJ_TYPE_REF"
FAIL: g++.dg/ipa/devirt-42.C -std=gnu++11 scan-ipa-dump-times inline "Discovered a virtual call to a known target" 2
FAIL: g++.dg/ipa/devirt-42.C -std=gnu++11 scan-tree-dump-times optimized "return 2" 3
FAIL: g++.dg/ipa/devirt-42.C -std=gnu++14 scan-ipa-dump-times inline "Discovered a virtual call to a known target" 2
FAIL: g++.dg/ipa/devirt-42.C -std=gnu++14 scan-tree-dump-times optimized "return 2" 3
FAIL: g++.dg/ipa/devirt-42.C -std=gnu++98 scan-ipa-dump-times inline "Discovered a virtual call to a known target" 2
FAIL: g++.dg/ipa/devirt-42.C -std=gnu++98 scan-tree-dump-times optimized "return 2" 3
FAIL: g++.dg/ipa/devirt-c-8.C -std=gnu++11 scan-ipa-dump cp "Discovered a virtual call to a known target.*A::foo"
FAIL: g++.dg/ipa/devirt-c-8.C -std=gnu++11 scan-tree-dump-times optimized "OBJ_TYPE_REF" 0
FAIL: g++.dg/ipa/devirt-c-8.C -std=gnu++14 scan-ipa-dump cp "Discovered a virtual call to a known target.*A::foo"
FAIL: g++.dg/ipa/devirt-c-8.C -std=gnu++14 scan-tree-dump-times optimized "OBJ_TYPE_REF" 0
FAIL: g++.dg/ipa/devirt-c-8.C -std=gnu++98 scan-ipa-dump cp "Discovered a virtual call to a known target.*A::foo"
FAIL: g++.dg/ipa/devirt-c-8.C -std=gnu++98 scan-tree-dump-times optimized "OBJ_TYPE_REF" 0
FAIL: g++.dg/ipa/ipa-icf-3.C -std=gnu++11 scan-ipa-dump icf "Equal symbols: 2"
FAIL: g++.dg/ipa/ipa-icf-3.C -std=gnu++11 scan-ipa-dump icf "Semantic equality hit:.*bar.*->.*foo.*"
FAIL: g++.dg/ipa/ipa-icf-3.C -std=gnu++14 scan-ipa-dump icf "Equal symbols: 2"
FAIL: g++.dg/ipa/ipa-icf-3.C -std=gnu++14 scan-ipa-dump icf "Semantic equality hit:.*bar.*->.*foo.*"
FAIL: g++.dg/ipa/ipa-icf-3.C -std=gnu++98 scan-ipa-dump icf "Equal symbols: 2"
FAIL: g++.dg/ipa/ipa-icf-3.C -std=gnu++98 scan-ipa-dump icf "Semantic equality hit:.*bar.*->.*foo.*"
FAIL: g++.dg/template/pr16564.C -std=c++11 (test for errors, line 4)
FAIL: g++.dg/template/pr16564.C -std=c++11 (test for excess errors)
FAIL: g++.dg/template/pr16564.C -std=c++98 (test for errors, line 4)
FAIL: g++.dg/template/pr16564.C -std=c++98 (test for excess errors)
WARNING: lto.exp does not support dg-options in primary source file
WARNING: lto.exp does not support dg-options in primary source file
XPASS: g++.dg/tls/thread_local-order2.C -std=c++11 execution test
XPASS: g++.dg/tls/thread_local-order2.C -std=c++14 execution test
FAIL: c-c++-common/ubsan/object-size-9.c -O2 output pattern test
FAIL: c-c++-common/ubsan/object-size-9.c -O2 -flto -fno-use-linker-plugin -flto-partition=none output pattern test
FAIL: g++.old-deja/g++.pt/ptrmem6.C -std=c++98 (test for errors, line 29)
FAIL: g++.old-deja/g++.pt/ptrmem6.C -std=c++98 (test for errors, line 30)
FAIL: g++.old-deja/g++.pt/ptrmem6.C -std=c++98 (test for errors, line 31)
=== g++ Summary for unix/-fpic ===
# of expected passes 20197
# of unexpected failures 3
# of expected failures 61
# of unsupported tests 74
Running target unix/-fpic -mcmodel=medium
FAIL: g++.dg/ipa/devirt-40.C -std=gnu++11 scan-tree-dump-not fre2 "\\\\n OBJ_TYPE_REF"
FAIL: g++.dg/ipa/devirt-40.C -std=gnu++14 scan-tree-dump-not fre2 "\\\\n OBJ_TYPE_REF"
FAIL: g++.dg/ipa/devirt-40.C -std=gnu++98 scan-tree-dump-not fre2 "\\\\n OBJ_TYPE_REF"
FAIL: g++.dg/ipa/devirt-42.C -std=gnu++11 scan-ipa-dump-times inline "Discovered a virtual call to a known target" 2
FAIL: g++.dg/ipa/devirt-42.C -std=gnu++11 scan-tree-dump-times optimized "return 2" 3
FAIL: g++.dg/ipa/devirt-42.C -std=gnu++14 scan-ipa-dump-times inline "Discovered a virtual call to a known target" 2
FAIL: g++.dg/ipa/devirt-42.C -std=gnu++14 scan-tree-dump-times optimized "return 2" 3
FAIL: g++.dg/ipa/devirt-42.C -std=gnu++98 scan-ipa-dump-times inline "Discovered a virtual call to a known target" 2
FAIL: g++.dg/ipa/devirt-42.C -std=gnu++98 scan-tree-dump-times optimized "return 2" 3
FAIL: g++.dg/ipa/devirt-c-8.C -std=gnu++11 scan-ipa-dump cp "Discovered a virtual call to a known target.*A::foo"
FAIL: g++.dg/ipa/devirt-c-8.C -std=gnu++11 scan-tree-dump-times optimized "OBJ_TYPE_REF" 0
FAIL: g++.dg/ipa/devirt-c-8.C -std=gnu++14 scan-ipa-dump cp "Discovered a virtual call to a known target.*A::foo"
FAIL: g++.dg/ipa/devirt-c-8.C -std=gnu++14 scan-tree-dump-times optimized "OBJ_TYPE_REF" 0
FAIL: g++.dg/ipa/devirt-c-8.C -std=gnu++98 scan-ipa-dump cp "Discovered a virtual call to a known target.*A::foo"
FAIL: g++.dg/ipa/devirt-c-8.C -std=gnu++98 scan-tree-dump-times optimized "OBJ_TYPE_REF" 0
FAIL: g++.dg/ipa/ipa-icf-3.C -std=gnu++11 scan-ipa-dump icf "Equal symbols: 2"
FAIL: g++.dg/ipa/ipa-icf-3.C -std=gnu++11 scan-ipa-dump icf "Semantic equality hit:.*bar.*->.*foo.*"
FAIL: g++.dg/ipa/ipa-icf-3.C -std=gnu++14 scan-ipa-dump icf "Equal symbols: 2"
FAIL: g++.dg/ipa/ipa-icf-3.C -std=gnu++14 scan-ipa-dump icf "Semantic equality hit:.*bar.*->.*foo.*"
FAIL: g++.dg/ipa/ipa-icf-3.C -std=gnu++98 scan-ipa-dump icf "Equal symbols: 2"
FAIL: g++.dg/ipa/ipa-icf-3.C -std=gnu++98 scan-ipa-dump icf "Semantic equality hit:.*bar.*->.*foo.*"
FAIL: g++.dg/warn/Wmemset-transposed-args-1.C -std=gnu++11 (test for warnings, line 60)
FAIL: g++.dg/warn/Wmemset-transposed-args-1.C -std=gnu++11 (test for warnings, line 61)
FAIL: g++.dg/warn/Wmemset-transposed-args-1.C -std=gnu++11 (test for warnings, line 62)
FAIL: g++.dg/warn/Wmemset-transposed-args-1.C -std=gnu++11 (test for warnings, line 66)
FAIL: g++.dg/warn/Wmemset-transposed-args-1.C -std=gnu++11 (test for warnings, line 67)
FAIL: g++.dg/warn/Wmemset-transposed-args-1.C -std=gnu++11 (test for warnings, line 68)
FAIL: g++.dg/warn/Wmemset-transposed-args-1.C -std=gnu++11 (test for warnings, line 69)
FAIL: g++.dg/warn/Wmemset-transposed-args-1.C -std=gnu++11 (test for warnings, line 70)
FAIL: g++.dg/warn/Wmemset-transposed-args-1.C -std=gnu++11 (test for warnings, line 71)
FAIL: g++.dg/warn/Wmemset-transposed-args-1.C -std=gnu++11 (test for excess errors)
WARNING: lto.exp does not support dg-options in primary source file
WARNING: lto.exp does not support dg-options in primary source file
XPASS: g++.dg/tls/thread_local-order2.C -std=c++11 execution test
XPASS: g++.dg/tls/thread_local-order2.C -std=c++14 execution test
FAIL: c-c++-common/ubsan/object-size-9.c -O2 output pattern test
FAIL: c-c++-common/ubsan/object-size-9.c -O2 -flto -fno-use-linker-plugin -flto-partition=none output pattern test
=== g++ Summary for unix/-fpic -mcmodel=medium ===
# of expected passes 20200
# of expected failures 61
# of unsupported tests 74
Running target unix/-mcmodel=medium
FAIL: g++.dg/cpp0x/noexcept16.C -std=c++11 (test for excess errors)
FAIL: g++.dg/cpp0x/rv4n.C -std=gnu++14 (test for errors, line 606)
FAIL: g++.dg/cpp0x/rv4n.C -std=gnu++14 (test for errors, line 607)
FAIL: g++.dg/cpp0x/rv4n.C -std=gnu++14 (test for errors, line 608)
FAIL: g++.dg/cpp0x/rv4n.C -std=gnu++14 (test for errors, line 609)
FAIL: g++.dg/cpp0x/rv4n.C -std=gnu++14 (test for errors, line 610)
FAIL: g++.dg/cpp0x/rv4n.C -std=gnu++14 (test for errors, line 622)
FAIL: g++.dg/cpp0x/rv4n.C -std=gnu++14 (test for errors, line 624)
FAIL: g++.dg/cpp0x/rv4n.C -std=gnu++14 (test for errors, line 625)
FAIL: g++.dg/cpp0x/rv4n.C -std=gnu++14 (test for errors, line 626)
FAIL: g++.dg/cpp0x/rv4n.C -std=gnu++14 (test for errors, line 627)
FAIL: g++.dg/cpp0x/rv4n.C -std=gnu++14 (test for errors, line 639)
FAIL: g++.dg/cpp0x/rv4n.C -std=gnu++14 (test for errors, line 641)
FAIL: g++.dg/cpp0x/rv4n.C -std=gnu++14 (test for errors, line 642)
FAIL: g++.dg/cpp0x/rv4n.C -std=gnu++14 (test for errors, line 643)
FAIL: g++.dg/cpp0x/rv4n.C -std=gnu++14 (test for errors, line 655)
FAIL: g++.dg/cpp0x/rv4n.C -std=gnu++14 (test for errors, line 657)
FAIL: g++.dg/cpp0x/rv4n.C -std=gnu++14 (test for errors, line 658)
FAIL: g++.dg/cpp0x/rv4n.C -std=gnu++14 (test for errors, line 659)
FAIL: g++.dg/cpp0x/rv4n.C -std=gnu++14 (test for errors, line 660)
FAIL: g++.dg/cpp0x/rv4n.C -std=gnu++14 (test for errors, line 661)
FAIL: g++.dg/cpp0x/rv4n.C -std=gnu++14 (test for errors, line 673)
FAIL: g++.dg/cpp0x/rv4n.C -std=gnu++14 (test for errors, line 675)
FAIL: g++.dg/cpp0x/rv4n.C -std=gnu++14 (test for errors, line 676)
FAIL: g++.dg/cpp0x/rv4n.C -std=gnu++14 (test for errors, line 677)
FAIL: g++.dg/cpp0x/rv4n.C -std=gnu++14 (test for errors, line 689)
FAIL: g++.dg/cpp0x/rv4n.C -std=gnu++14 (test for errors, line 691)
FAIL: g++.dg/cpp0x/rv4n.C -std=gnu++14 (test for errors, line 692)
FAIL: g++.dg/cpp0x/rv4n.C -std=gnu++14 (test for errors, line 693)
FAIL: g++.dg/cpp0x/rv4n.C -std=gnu++14 (test for errors, line 705)
FAIL: g++.dg/cpp0x/rv4n.C -std=gnu++14 (test for errors, line 707)
FAIL: g++.dg/cpp0x/rv4n.C -std=gnu++14 (test for errors, line 708)
FAIL: g++.dg/cpp0x/rv4n.C -std=gnu++14 (test for errors, line 709)
FAIL: g++.dg/cpp0x/rv4n.C -std=gnu++14 (test for errors, line 721)
FAIL: g++.dg/cpp0x/rv4n.C -std=gnu++14 (test for errors, line 723)
FAIL: g++.dg/cpp0x/rv4n.C -std=gnu++14 (test for errors, line 724)
FAIL: g++.dg/cpp0x/rv4n.C -std=gnu++14 (test for errors, line 736)
FAIL: g++.dg/cpp0x/rv4n.C -std=gnu++14 (test for errors, line 738)
FAIL: g++.dg/cpp0x/rv4n.C -std=gnu++14 (test for errors, line 739)
FAIL: g++.dg/cpp0x/rv4n.C -std=gnu++14 (test for errors, line 740)
FAIL: g++.dg/cpp0x/rv4n.C -std=gnu++14 (test for errors, line 752)
FAIL: g++.dg/cpp0x/rv4n.C -std=gnu++14 (test for errors, line 754)
FAIL: g++.dg/cpp0x/rv4n.C -std=gnu++14 (test for errors, line 755)
FAIL: g++.dg/cpp0x/rv4n.C -std=gnu++14 (test for errors, line 756)
FAIL: g++.dg/cpp0x/rv4n.C -std=gnu++14 (test for errors, line 757)
FAIL: g++.dg/cpp0x/rv4n.C -std=gnu++14 (test for errors, line 769)
FAIL: g++.dg/cpp0x/rv4n.C -std=gnu++14 (test for errors, line 771)
FAIL: g++.dg/cpp0x/rv4n.C -std=gnu++14 (test for errors, line 772)
FAIL: g++.dg/cpp0x/rv4n.C -std=gnu++14 (test for errors, line 773)
FAIL: g++.dg/cpp0x/rv4n.C -std=gnu++14 (test for errors, line 785)
FAIL: g++.dg/cpp0x/rv4n.C -std=gnu++14 (test for errors, line 787)
FAIL: g++.dg/cpp0x/rv4n.C -std=gnu++14 (test for errors, line 788)
FAIL: g++.dg/cpp0x/rv4n.C -std=gnu++14 (test for errors, line 789)
FAIL: g++.dg/cpp0x/rv4n.C -std=gnu++14 (test for errors, line 801)
FAIL: g++.dg/cpp0x/rv4n.C -std=gnu++14 (test for errors, line 803)
FAIL: g++.dg/cpp0x/rv4n.C -std=gnu++14 (test for errors, line 804)
FAIL: g++.dg/cpp0x/rv4n.C -std=gnu++14 (test for errors, line 805)
FAIL: g++.dg/cpp0x/rv4n.C -std=gnu++14 (test for errors, line 806)
FAIL: g++.dg/cpp0x/rv4n.C -std=gnu++14 (test for errors, line 818)
FAIL: g++.dg/cpp0x/rv4n.C -std=gnu++14 (test for errors, line 820)
FAIL: g++.dg/cpp0x/rv4n.C -std=gnu++14 (test for errors, line 821)
FAIL: g++.dg/cpp0x/rv4n.C -std=gnu++14 (test for errors, line 822)
FAIL: g++.dg/cpp0x/rv4n.C -std=gnu++14 (test for errors, line 834)
FAIL: g++.dg/cpp0x/rv4n.C -std=gnu++14 (test for errors, line 836)
FAIL: g++.dg/cpp0x/rv4n.C -std=gnu++14 (test for errors, line 837)
FAIL: g++.dg/cpp0x/rv4n.C -std=gnu++14 (test for errors, line 838)
FAIL: g++.dg/cpp0x/rv4n.C -std=gnu++14 (test for errors, line 850)
FAIL: g++.dg/cpp0x/rv4n.C -std=gnu++14 (test for errors, line 852)
FAIL: g++.dg/cpp0x/rv4n.C -std=gnu++14 (test for errors, line 853)
FAIL: g++.dg/cpp0x/rv4n.C -std=gnu++14 (test for errors, line 854)
FAIL: g++.dg/cpp0x/rv4n.C -std=gnu++14 (test for errors, line 866)
FAIL: g++.dg/cpp0x/rv4n.C -std=gnu++14 (test for errors, line 868)
FAIL: g++.dg/cpp0x/rv4n.C -std=gnu++14 (test for errors, line 869)
FAIL: g++.dg/cpp0x/rv4n.C -std=gnu++14 (test for errors, line 870)
FAIL: g++.dg/cpp0x/rv4n.C -std=gnu++14 (test for errors, line 871)
FAIL: g++.dg/cpp0x/rv4n.C -std=gnu++14 (test for errors, line 883)
FAIL: g++.dg/cpp0x/rv4n.C -std=gnu++14 (test for errors, line 885)
FAIL: g++.dg/cpp0x/rv4n.C -std=gnu++14 (test for errors, line 886)
FAIL: g++.dg/cpp0x/rv4n.C -std=gnu++14 (test for errors, line 887)
FAIL: g++.dg/cpp0x/rv4n.C -std=gnu++14 (test for errors, line 899)
FAIL: g++.dg/cpp0x/rv4n.C -std=gnu++14 (test for errors, line 901)
FAIL: g++.dg/cpp0x/rv4n.C -std=gnu++14 (test for errors, line 902)
FAIL: g++.dg/cpp0x/rv4n.C -std=gnu++14 (test for errors, line 903)
FAIL: g++.dg/cpp0x/rv4n.C -std=gnu++14 (test for errors, line 915)
FAIL: g++.dg/cpp0x/rv4n.C -std=gnu++14 (test for errors, line 917)
FAIL: g++.dg/cpp0x/rv4n.C -std=gnu++14 (test for errors, line 918)
FAIL: g++.dg/cpp0x/rv4n.C -std=gnu++14 (test for errors, line 919)
FAIL: g++.dg/cpp0x/rv4n.C -std=gnu++14 (test for errors, line 920)
FAIL: g++.dg/cpp0x/rv4n.C -std=gnu++14 (test for errors, line 932)
FAIL: g++.dg/cpp0x/rv4n.C -std=gnu++14 (test for errors, line 934)
FAIL: g++.dg/cpp0x/rv4n.C -std=gnu++14 (test for errors, line 935)
FAIL: g++.dg/cpp0x/rv4n.C -std=gnu++14 (test for errors, line 947)
FAIL: g++.dg/cpp0x/rv4n.C -std=gnu++14 (test for errors, line 949)
FAIL: g++.dg/cpp0x/rv4n.C -std=gnu++14 (test for errors, line 950)
FAIL: g++.dg/cpp0x/rv4n.C -std=gnu++14 (test for errors, line 962)
FAIL: g++.dg/cpp0x/rv4n.C -std=gnu++14 (test for errors, line 964)
FAIL: g++.dg/cpp0x/rv4n.C -std=gnu++14 (test for errors, line 965)
FAIL: g++.dg/cpp0x/rv4n.C -std=gnu++14 (test for errors, line 966)
FAIL: g++.dg/cpp0x/rv4n.C -std=gnu++14 (test for errors, line 967)
FAIL: g++.dg/cpp0x/rv4n.C -std=gnu++14 (test for errors, line 968)
FAIL: g++.dg/cpp0x/rv4n.C -std=gnu++14 (test for warnings, line 764)
FAIL: g++.dg/cpp0x/rv4n.C -std=gnu++14 (test for warnings, line 779)
FAIL: g++.dg/cpp0x/rv4n.C -std=gnu++14 (test for warnings, line 780)
FAIL: g++.dg/cpp0x/rv4n.C -std=gnu++14 (test for warnings, line 877)
FAIL: g++.dg/cpp0x/rv4n.C -std=gnu++14 (test for warnings, line 878)
FAIL: g++.dg/cpp0x/rv4n.C -std=gnu++14 (test for warnings, line 894)
FAIL: g++.dg/cpp0x/rv4n.C -std=gnu++14 (test for warnings, line 954)
FAIL: g++.dg/cpp0x/rv4n.C -std=gnu++14 (test for warnings, line 955)
FAIL: g++.dg/cpp0x/rv4n.C -std=gnu++14 (test for warnings, line 956)
FAIL: g++.dg/cpp0x/rv4n.C -std=gnu++14 (test for warnings, line 957)
FAIL: g++.dg/cpp0x/rv4n.C -std=gnu++14 (test for excess errors)
FAIL: g++.dg/ext/unary_trait_incomplete.C -std=c++11 (test for errors, line 48)
FAIL: g++.dg/ext/unary_trait_incomplete.C -std=c++11 (test for errors, line 50)
FAIL: g++.dg/ext/unary_trait_incomplete.C -std=c++11 (test for errors, line 54)
FAIL: g++.dg/ext/unary_trait_incomplete.C -std=c++11 (test for errors, line 56)
FAIL: g++.dg/ext/unary_trait_incomplete.C -std=c++11 (test for errors, line 60)
FAIL: g++.dg/ext/unary_trait_incomplete.C -std=c++11 (test for errors, line 62)
FAIL: g++.dg/ext/unary_trait_incomplete.C -std=c++11 (test for errors, line 66)
FAIL: g++.dg/ext/unary_trait_incomplete.C -std=c++11 (test for errors, line 68)
FAIL: g++.dg/ext/unary_trait_incomplete.C -std=c++11 (test for errors, line 72)
FAIL: g++.dg/ext/unary_trait_incomplete.C -std=c++11 (test for errors, line 74)
FAIL: g++.dg/ext/unary_trait_incomplete.C -std=c++11 (test for excess errors)
FAIL: g++.dg/warn/overflow-warn-4.C -std=gnu++14 (test for warnings, line 101)
FAIL: g++.dg/warn/overflow-warn-4.C -std=gnu++14 (test for warnings, line 103)
FAIL: g++.dg/warn/overflow-warn-4.C -std=gnu++14 (test for warnings, line 104)
FAIL: g++.dg/warn/overflow-warn-4.C -std=gnu++14 (test for warnings, line 81)
FAIL: g++.dg/warn/overflow-warn-4.C -std=gnu++14 (test for warnings, line 87)
FAIL: g++.dg/warn/overflow-warn-4.C -std=gnu++14 (test for warnings, line 96)
FAIL: g++.dg/warn/overflow-warn-4.C -std=gnu++14 (test for warnings, line 97)
FAIL: g++.dg/warn/overflow-warn-4.C -std=gnu++14 (test for warnings, line 98)
FAIL: g++.dg/warn/overflow-warn-4.C -std=gnu++14 (test for warnings, line 99)
FAIL: g++.dg/warn/overflow-warn-4.C -std=gnu++14 (test for excess errors)
FAIL: g++.dg/warn/overflow-warn-4.C -std=gnu++14 constant (test for errors, line 72)
FAIL: g++.dg/guality/pr55665.C -O2 line 23 p == 40
FAIL: g++.dg/guality/pr55665.C -O3 -fomit-frame-pointer line 23 p == 40
FAIL: g++.dg/guality/pr55665.C -O3 -g line 23 p == 40
WARNING: lto.exp does not support dg-options in primary source file
WARNING: lto.exp does not support dg-options in primary source file
XPASS: g++.dg/tls/thread_local-order2.C -std=c++11 execution test
XPASS: g++.dg/tls/thread_local-order2.C -std=c++14 execution test
FAIL: g++.old-deja/g++.jason/access23.C -std=c++98 (test for errors, line 78)
FAIL: g++.old-deja/g++.jason/access23.C -std=c++98 (test for errors, line 79)
FAIL: g++.old-deja/g++.jason/access23.C -std=c++98 (test for excess errors)
=== g++ Summary for unix/-mcmodel=medium ===
# of expected passes 20197
# of unexpected failures 3
# of expected failures 61
# of unsupported tests 74
=== g++ Summary ===
# of expected passes 60594
# of unexpected failures 6
# of expected failures 183
# of unsupported tests 222
/export/gnu/import/git/gcc-test-intel64/bld/gcc/testsuite/g++/../../xg++ version 5.0.0 20150323 (experimental) [trunk revision 221583] (GCC)
=== gcc tests ===
Running target unix/-fpic
FAIL: gcc.dg/redecl-3.c (test for errors, line 1139)
FAIL: gcc.dg/redecl-3.c (test for errors, line 1147)
FAIL: gcc.dg/redecl-3.c (test for errors, line 1152)
FAIL: gcc.dg/redecl-3.c (test for excess errors)
XPASS: gcc.dg/guality/example.c -O0 execution test
XPASS: gcc.dg/guality/example.c -O1 execution test
XPASS: gcc.dg/guality/guality.c -O0 execution test
XPASS: gcc.dg/guality/guality.c -O1 execution test
XPASS: gcc.dg/guality/guality.c -O2 execution test
XPASS: gcc.dg/guality/guality.c -O2 -flto -fno-use-linker-plugin -flto-partition=none execution test
XPASS: gcc.dg/guality/guality.c -O2 -flto -fuse-linker-plugin -fno-fat-lto-objects execution test
XPASS: gcc.dg/guality/guality.c -O3 -fomit-frame-pointer execution test
XPASS: gcc.dg/guality/guality.c -O3 -g execution test
XPASS: gcc.dg/guality/guality.c -Os execution test
XPASS: gcc.dg/guality/inline-params.c -O2 execution test
XPASS: gcc.dg/guality/inline-params.c -O2 -flto -fno-use-linker-plugin -flto-partition=none execution test
XPASS: gcc.dg/guality/inline-params.c -O3 -fomit-frame-pointer execution test
XPASS: gcc.dg/guality/inline-params.c -O3 -g execution test
XPASS: gcc.dg/guality/inline-params.c -Os execution test
FAIL: gcc.dg/guality/pr36728-2.c -O1 line 18 *x == (char) 25
FAIL: gcc.dg/guality/pr36728-2.c -O2 line 18 *x == (char) 25
FAIL: gcc.dg/guality/pr36728-2.c -O2 -flto -fno-use-linker-plugin -flto-partition=none line 18 *x == (char) 25
FAIL: gcc.dg/guality/pr36728-2.c -O3 -fomit-frame-pointer line 18 *x == (char) 25
FAIL: gcc.dg/guality/pr36728-2.c -O3 -g line 18 *x == (char) 25
FAIL: gcc.dg/guality/pr36728-2.c -Os line 18 *x == (char) 25
XPASS: gcc.dg/guality/pr41353-1.c -O0 line 28 j == 28 + 37
FAIL: gcc.dg/guality/pr41447-1.c -O2 execution test
FAIL: gcc.dg/guality/pr41447-1.c -O2 -flto -fno-use-linker-plugin -flto-partition=none execution test
FAIL: gcc.dg/guality/pr41447-1.c -O3 -fomit-frame-pointer execution test
FAIL: gcc.dg/guality/pr41447-1.c -O3 -g execution test
FAIL: gcc.dg/guality/pr41447-1.c -Os execution test
FAIL: gcc.dg/guality/pr41616-1.c -O2 -flto -fuse-linker-plugin -fno-fat-lto-objects execution test
FAIL: gcc.dg/guality/pr43051-1.c -O2 line 35 v == 1
FAIL: gcc.dg/guality/pr43051-1.c -O2 line 36 e == &a[1]
FAIL: gcc.dg/guality/pr43051-1.c -O2 line 39 c == &a[0]
FAIL: gcc.dg/guality/pr43051-1.c -O2 line 40 v == 1
FAIL: gcc.dg/guality/pr43051-1.c -O2 line 41 e == &a[1]
FAIL: gcc.dg/guality/pr43051-1.c -O2 -flto -fno-use-linker-plugin -flto-partition=none line 35 v == 1
FAIL: gcc.dg/guality/pr43051-1.c -O2 -flto -fno-use-linker-plugin -flto-partition=none line 36 e == &a[1]
FAIL: gcc.dg/guality/pr43051-1.c -O2 -flto -fno-use-linker-plugin -flto-partition=none line 39 c == &a[0]
FAIL: gcc.dg/guality/pr43051-1.c -O2 -flto -fno-use-linker-plugin -flto-partition=none line 40 v == 1
FAIL: gcc.dg/guality/pr43051-1.c -O2 -flto -fno-use-linker-plugin -flto-partition=none line 41 e == &a[1]
FAIL: gcc.dg/guality/pr43051-1.c -O2 -flto -fuse-linker-plugin -fno-fat-lto-objects line 35 v == 1
FAIL: gcc.dg/guality/pr43051-1.c -O2 -flto -fuse-linker-plugin -fno-fat-lto-objects line 36 e == &a[1]
FAIL: gcc.dg/guality/pr43051-1.c -O2 -flto -fuse-linker-plugin -fno-fat-lto-objects line 39 c == &a[0]
FAIL: gcc.dg/guality/pr43051-1.c -O2 -flto -fuse-linker-plugin -fno-fat-lto-objects line 40 v == 1
FAIL: gcc.dg/guality/pr43051-1.c -O2 -flto -fuse-linker-plugin -fno-fat-lto-objects line 41 e == &a[1]
FAIL: gcc.dg/guality/pr43051-1.c -O3 -fomit-frame-pointer line 35 v == 1
FAIL: gcc.dg/guality/pr43051-1.c -O3 -fomit-frame-pointer line 36 e == &a[1]
FAIL: gcc.dg/guality/pr43051-1.c -O3 -fomit-frame-pointer line 39 c == &a[0]
FAIL: gcc.dg/guality/pr43051-1.c -O3 -fomit-frame-pointer line 40 v == 1
FAIL: gcc.dg/guality/pr43051-1.c -O3 -fomit-frame-pointer line 41 e == &a[1]
FAIL: gcc.dg/guality/pr43051-1.c -O3 -fomit-frame-pointer -funroll-all-loops -finline-functions line 35 v == 1
FAIL: gcc.dg/guality/pr43051-1.c -O3 -fomit-frame-pointer -funroll-all-loops -finline-functions line 36 e == &a[1]
FAIL: gcc.dg/guality/pr43051-1.c -O3 -fomit-frame-pointer -funroll-all-loops -finline-functions line 39 c == &a[0]
FAIL: gcc.dg/guality/pr43051-1.c -O3 -fomit-frame-pointer -funroll-all-loops -finline-functions line 40 v == 1
FAIL: gcc.dg/guality/pr43051-1.c -O3 -fomit-frame-pointer -funroll-all-loops -finline-functions line 41 e == &a[1]
FAIL: gcc.dg/guality/pr43051-1.c -O3 -fomit-frame-pointer -funroll-loops line 35 v == 1
FAIL: gcc.dg/guality/pr43051-1.c -O3 -fomit-frame-pointer -funroll-loops line 36 e == &a[1]
FAIL: gcc.dg/guality/pr43051-1.c -O3 -fomit-frame-pointer -funroll-loops line 39 c == &a[0]
FAIL: gcc.dg/guality/pr43051-1.c -O3 -fomit-frame-pointer -funroll-loops line 40 v == 1
FAIL: gcc.dg/guality/pr43051-1.c -O3 -fomit-frame-pointer -funroll-loops line 41 e == &a[1]
FAIL: gcc.dg/guality/pr43051-1.c -O3 -g line 35 v == 1
FAIL: gcc.dg/guality/pr43051-1.c -O3 -g line 36 e == &a[1]
FAIL: gcc.dg/guality/pr43051-1.c -O3 -g line 39 c == &a[0]
FAIL: gcc.dg/guality/pr43051-1.c -O3 -g line 40 v == 1
FAIL: gcc.dg/guality/pr43051-1.c -O3 -g line 41 e == &a[1]
FAIL: gcc.dg/guality/pr43051-1.c -Os line 35 v == 1
FAIL: gcc.dg/guality/pr43051-1.c -Os line 36 e == &a[1]
FAIL: gcc.dg/guality/pr43051-1.c -Os line 39 c == &a[0]
FAIL: gcc.dg/guality/pr43051-1.c -Os line 40 v == 1
FAIL: gcc.dg/guality/pr43051-1.c -Os line 41 e == &a[1]
FAIL: gcc.dg/guality/pr43177.c -O2 -flto -fuse-linker-plugin -fno-fat-lto-objects line 15 l == 10
FAIL: gcc.dg/guality/pr43177.c -O2 -flto -fuse-linker-plugin -fno-fat-lto-objects line 15 x == 7
FAIL: gcc.dg/guality/pr43177.c -O2 -flto -fuse-linker-plugin -fno-fat-lto-objects line 24 l == 10
FAIL: gcc.dg/guality/pr43177.c -O2 -flto -fuse-linker-plugin -fno-fat-lto-objects line 24 x == 7
FAIL: gcc.dg/guality/pr43479.c -O1 line 13 h == 9
FAIL: gcc.dg/guality/pr43479.c -O1 line 18 h == 9
FAIL: gcc.dg/guality/pr43479.c -O2 line 13 h == 9
FAIL: gcc.dg/guality/pr43479.c -O2 line 18 h == 9
FAIL: gcc.dg/guality/pr43479.c -O2 -flto -fno-use-linker-plugin -flto-partition=none line 13 h == 9
FAIL: gcc.dg/guality/pr43479.c -O2 -flto -fno-use-linker-plugin -flto-partition=none line 18 h == 9
FAIL: gcc.dg/guality/pr43479.c -O2 -flto -fuse-linker-plugin -fno-fat-lto-objects line 13 h == 9
FAIL: gcc.dg/guality/pr43479.c -O2 -flto -fuse-linker-plugin -fno-fat-lto-objects line 18 h == 9
FAIL: gcc.dg/guality/pr43479.c -O3 -fomit-frame-pointer line 13 h == 9
FAIL: gcc.dg/guality/pr43479.c -O3 -fomit-frame-pointer line 18 h == 9
FAIL: gcc.dg/guality/pr43479.c -O3 -g line 13 h == 9
FAIL: gcc.dg/guality/pr43479.c -O3 -g line 18 h == 9
FAIL: gcc.dg/guality/pr43479.c -Os line 13 h == 9
FAIL: gcc.dg/guality/pr43479.c -Os line 18 h == 9
FAIL: gcc.dg/guality/pr45003-2.c -O2 -flto -fuse-linker-plugin -fno-fat-lto-objects line 10 a == 0x8078
FAIL: gcc.dg/guality/pr45882.c -O2 -flto -fuse-linker-plugin -fno-fat-lto-objects line 16 d == 112
FAIL: gcc.dg/guality/pr45882.c -O2 -flto -fuse-linker-plugin -fno-fat-lto-objects line 16 e == 142
FAIL: gcc.dg/guality/pr54200.c -Os line 20 z == 3
FAIL: gcc.dg/guality/pr54519-1.c -O2 -flto -fno-use-linker-plugin -flto-partition=none line 20 y == 25
FAIL: gcc.dg/guality/pr54519-1.c -O2 -flto -fno-use-linker-plugin -flto-partition=none line 20 z == 6
FAIL: gcc.dg/guality/pr54519-1.c -O2 -flto -fno-use-linker-plugin -flto-partition=none line 23 y == 117
FAIL: gcc.dg/guality/pr54519-1.c -O2 -flto -fno-use-linker-plugin -flto-partition=none line 23 z == 8
FAIL: gcc.dg/guality/pr54519-2.c -O2 -flto -fno-use-linker-plugin -flto-partition=none line 17 y == 25
FAIL: gcc.dg/guality/pr54519-2.c -O2 -flto -fuse-linker-plugin -fno-fat-lto-objects line 17 y == 25
FAIL: gcc.dg/guality/pr54519-3.c -O2 -flto -fno-use-linker-plugin -flto-partition=none line 20 y == 25
FAIL: gcc.dg/guality/pr54519-3.c -O2 -flto -fno-use-linker-plugin -flto-partition=none line 20 z == 6
FAIL: gcc.dg/guality/pr54519-3.c -O2 -flto -fno-use-linker-plugin -flto-partition=none line 23 y == 117
FAIL: gcc.dg/guality/pr54519-3.c -O2 -flto -fno-use-linker-plugin -flto-partition=none line 23 z == 8
FAIL: gcc.dg/guality/pr54519-3.c -O2 -flto -fuse-linker-plugin -fno-fat-lto-objects line 20 x == 36
FAIL: gcc.dg/guality/pr54519-3.c -O2 -flto -fuse-linker-plugin -fno-fat-lto-objects line 20 y == 25
FAIL: gcc.dg/guality/pr54519-3.c -O2 -flto -fuse-linker-plugin -fno-fat-lto-objects line 20 z == 6
FAIL: gcc.dg/guality/pr54519-3.c -O2 -flto -fuse-linker-plugin -fno-fat-lto-objects line 23 x == 98
FAIL: gcc.dg/guality/pr54519-3.c -O2 -flto -fuse-linker-plugin -fno-fat-lto-objects line 23 y == 117
FAIL: gcc.dg/guality/pr54519-3.c -O2 -flto -fuse-linker-plugin -fno-fat-lto-objects line 23 z == 8
FAIL: gcc.dg/guality/pr54519-4.c -O2 -flto -fno-use-linker-plugin -flto-partition=none line 17 y == 25
FAIL: gcc.dg/guality/pr54519-4.c -O2 -flto -fuse-linker-plugin -fno-fat-lto-objects line 17 x == 6
FAIL: gcc.dg/guality/pr54519-4.c -O2 -flto -fuse-linker-plugin -fno-fat-lto-objects line 17 y == 25
FAIL: gcc.dg/guality/pr54519-5.c -O2 -flto -fno-use-linker-plugin -flto-partition=none line 17 y == 25
FAIL: gcc.dg/guality/pr54519-5.c -O2 -flto -fuse-linker-plugin -fno-fat-lto-objects line 17 y == 25
FAIL: gcc.dg/guality/sra-1.c -O2 line 43 a.j == 14
FAIL: gcc.dg/guality/sra-1.c -O2 -flto -fno-use-linker-plugin -flto-partition=none line 43 a.j == 14
FAIL: gcc.dg/guality/sra-1.c -O2 -flto -fuse-linker-plugin -fno-fat-lto-objects line 21 a.i == 4
FAIL: gcc.dg/guality/sra-1.c -O2 -flto -fuse-linker-plugin -fno-fat-lto-objects line 21 a.j == 14
FAIL: gcc.dg/guality/sra-1.c -O2 -flto -fuse-linker-plugin -fno-fat-lto-objects line 43 a.i == 4
FAIL: gcc.dg/guality/sra-1.c -O2 -flto -fuse-linker-plugin -fno-fat-lto-objects line 43 a.j == 14
FAIL: gcc.dg/guality/sra-1.c -O3 -fomit-frame-pointer line 43 a.j == 14
FAIL: gcc.dg/guality/sra-1.c -O3 -g line 43 a.j == 14
FAIL: gcc.dg/guality/sra-1.c -Os line 43 a.j == 14
FAIL: gcc.dg/guality/vla-1.c -O1 line 17 sizeof (a) == 6
FAIL: gcc.dg/guality/vla-1.c -O2 line 17 sizeof (a) == 6
FAIL: gcc.dg/guality/vla-1.c -O2 -flto -fno-use-linker-plugin -flto-partition=none line 17 sizeof (a) == 6
FAIL: gcc.dg/guality/vla-1.c -O2 -flto -fuse-linker-plugin -fno-fat-lto-objects line 17 sizeof (a) == 6
FAIL: gcc.dg/guality/vla-1.c -O3 -fomit-frame-pointer line 17 sizeof (a) == 6
FAIL: gcc.dg/guality/vla-1.c -O3 -g line 17 sizeof (a) == 6
FAIL: gcc.dg/guality/vla-1.c -Os line 17 sizeof (a) == 6
FAIL: gcc.dg/guality/vla-2.c -O2 -flto -fuse-linker-plugin -fno-fat-lto-objects line 25 sizeof (a) == 6 * sizeof (int)
FAIL: gcc.dg/ipa/inline-7.c scan-tree-dump-times einline "Inlining a into m" 1
FAIL: gcc.dg/tree-prof/inliner-1.c scan-tree-dump optimized "cold_function ..;"
FAIL: gcc.dg/tree-ssa/inline-10.c scan-tree-dump-not optimized "do_something \\\\(70\\\\)"
FAIL: gcc.dg/tree-ssa/inline-10.c scan-tree-dump-times optimized "do_something2" 1
FAIL: gcc.dg/tree-ssa/inline-10.c scan-tree-dump-times optimized "do_something3" 1
FAIL: gcc.dg/tree-ssa/inline-8.c scan-tree-dump-times einline "Inlining" 5
FAIL: gcc.dg/tree-ssa/inline-9.c scan-tree-dump-times optimized "q \\\\(15\\\\)" 1
FAIL: gcc.dg/tree-ssa/ipa-split-6.c scan-tree-dump optimized "part"
FAIL: gcc.dg/vect/costmodel/i386/costmodel-vect-31.c scan-tree-dump-times vect "vectorized 4 loops" 1
FAIL: gcc.dg/vect/costmodel/x86_64/costmodel-vect-31.c scan-tree-dump-times vect "vectorized 4 loops" 1
FAIL: gcc.target/i386/avx256-unaligned-load-4.c scan-assembler (avx_loadups256|vmovups[^\\n\\r]*movv8sf_internal)
FAIL: gcc.target/i386/pr61599-1.c (test for excess errors)
UNRESOLVED: gcc.target/i386/pr61599-1.c compilation failed to produce executable
=== gcc Summary for unix/-fpic ===
Running target unix/-fpic -mcmodel=medium
FAIL: gcc.dg/c90-typespec-1.c (test for excess errors)
FAIL: gcc.dg/c90-typespec-1.c unsigned int long char (test for errors, line 506)
FAIL: gcc.dg/c90-typespec-1.c unsigned int long double (test for errors, line 511)
FAIL: gcc.dg/c90-typespec-1.c unsigned int long float (test for errors, line 510)
FAIL: gcc.dg/c90-typespec-1.c unsigned int long int (test for errors, line 508)
FAIL: gcc.dg/c90-typespec-1.c unsigned int long long (test for errors, line 509)
FAIL: gcc.dg/c90-typespec-1.c unsigned int long short (test for errors, line 507)
FAIL: gcc.dg/c90-typespec-1.c unsigned int long signed (test for errors, line 512)
FAIL: gcc.dg/c90-typespec-1.c unsigned int long unsigned (test for errors, line 513)
FAIL: gcc.dg/c90-typespec-1.c unsigned int long void (test for errors, line 505)
FAIL: gcc.dg/c90-typespec-1.c unsigned int short double (test for errors, line 502)
FAIL: gcc.dg/c90-typespec-1.c unsigned int short signed (test for errors, line 503)
FAIL: gcc.dg/c90-typespec-1.c unsigned int short unsigned (test for errors, line 504)
FAIL: gcc.dg/c90-typespec-1.c unsigned long int char (test for errors, line 515)
FAIL: gcc.dg/c90-typespec-1.c unsigned long int double (test for errors, line 520)
FAIL: gcc.dg/c90-typespec-1.c unsigned long int float (test for errors, line 519)
FAIL: gcc.dg/c90-typespec-1.c unsigned long int int (test for errors, line 517)
FAIL: gcc.dg/c90-typespec-1.c unsigned long int long (test for errors, line 518)
FAIL: gcc.dg/c90-typespec-1.c unsigned long int short (test for errors, line 516)
FAIL: gcc.dg/c90-typespec-1.c unsigned long int signed (test for errors, line 521)
FAIL: gcc.dg/c90-typespec-1.c unsigned long int unsigned (test for errors, line 522)
FAIL: gcc.dg/c90-typespec-1.c unsigned long int void (test for errors, line 514)
FAIL: gcc.dg/ira-shrinkwrap-prep-2.c scan-rtl-dump pro_and_epilogue "Performing shrink-wrapping"
FAIL: gcc.dg/pointer-arith-3.c (test for errors, line 37)
FAIL: gcc.dg/pointer-arith-3.c (test for errors, line 38)
FAIL: gcc.dg/pointer-arith-3.c (test for warnings, line 39)
FAIL: gcc.dg/pointer-arith-3.c (test for warnings, line 40)
FAIL: gcc.dg/pointer-arith-3.c (test for excess errors)
FAIL: gcc.dg/format/attr-3.c (test for excess errors)
FAIL: gcc.dg/format/attr-3.c format_arg int string (test for errors, line 66)
FAIL: gcc.dg/format/attr-3.c format_arg ret int string (test for errors, line 69)
FAIL: gcc.dg/format/attr-3.c format_arg ret signed char string (test for errors, line 70)
FAIL: gcc.dg/format/attr-3.c format_arg ret unsigned char string (test for errors, line 71)
FAIL: gcc.dg/format/attr-3.c format_arg signed char string (test for errors, line 67)
FAIL: gcc.dg/format/attr-3.c format_arg unsigned char string (test for errors, line 68)
XPASS: gcc.dg/guality/example.c -O0 execution test
XPASS: gcc.dg/guality/example.c -O1 execution test
XPASS: gcc.dg/guality/guality.c -O0 execution test
XPASS: gcc.dg/guality/guality.c -O1 execution test
XPASS: gcc.dg/guality/guality.c -O2 execution test
XPASS: gcc.dg/guality/guality.c -O2 -flto -fno-use-linker-plugin -flto-partition=none execution test
XPASS: gcc.dg/guality/guality.c -O2 -flto -fuse-linker-plugin -fno-fat-lto-objects execution test
XPASS: gcc.dg/guality/guality.c -O3 -fomit-frame-pointer execution test
XPASS: gcc.dg/guality/guality.c -O3 -g execution test
XPASS: gcc.dg/guality/guality.c -Os execution test
XPASS: gcc.dg/guality/inline-params.c -O2 execution test
XPASS: gcc.dg/guality/inline-params.c -O2 -flto -fno-use-linker-plugin -flto-partition=none execution test
XPASS: gcc.dg/guality/inline-params.c -O3 -fomit-frame-pointer execution test
XPASS: gcc.dg/guality/inline-params.c -O3 -g execution test
XPASS: gcc.dg/guality/inline-params.c -Os execution test
FAIL: gcc.dg/guality/pr36728-2.c -O1 line 18 *x == (char) 25
FAIL: gcc.dg/guality/pr36728-2.c -O2 line 18 *x == (char) 25
FAIL: gcc.dg/guality/pr36728-2.c -O2 -flto -fno-use-linker-plugin -flto-partition=none line 18 *x == (char) 25
FAIL: gcc.dg/guality/pr36728-2.c -O3 -fomit-frame-pointer line 18 *x == (char) 25
FAIL: gcc.dg/guality/pr36728-2.c -O3 -g line 18 *x == (char) 25
FAIL: gcc.dg/guality/pr36728-2.c -Os line 18 *x == (char) 25
XPASS: gcc.dg/guality/pr41353-1.c -O0 line 28 j == 28 + 37
FAIL: gcc.dg/guality/pr41447-1.c -O2 execution test
FAIL: gcc.dg/guality/pr41447-1.c -O2 -flto -fno-use-linker-plugin -flto-partition=none execution test
FAIL: gcc.dg/guality/pr41447-1.c -O3 -fomit-frame-pointer execution test
FAIL: gcc.dg/guality/pr41447-1.c -O3 -g execution test
FAIL: gcc.dg/guality/pr41447-1.c -Os execution test
FAIL: gcc.dg/guality/pr41616-1.c -O2 -flto -fuse-linker-plugin -fno-fat-lto-objects execution test
FAIL: gcc.dg/guality/pr43051-1.c -O3 -fomit-frame-pointer -funroll-all-loops -finline-functions line 34 c == &a[0]
FAIL: gcc.dg/guality/pr43051-1.c -O3 -fomit-frame-pointer -funroll-loops line 34 c == &a[0]
FAIL: gcc.dg/guality/pr43479.c -O1 line 13 h == 9
FAIL: gcc.dg/guality/pr43479.c -O1 line 18 h == 9
FAIL: gcc.dg/guality/pr43479.c -O2 line 13 h == 9
FAIL: gcc.dg/guality/pr43479.c -O2 line 18 h == 9
FAIL: gcc.dg/guality/pr43479.c -O2 -flto -fno-use-linker-plugin -flto-partition=none line 13 h == 9
FAIL: gcc.dg/guality/pr43479.c -O2 -flto -fno-use-linker-plugin -flto-partition=none line 18 h == 9
FAIL: gcc.dg/guality/pr43479.c -O2 -flto -fuse-linker-plugin -fno-fat-lto-objects line 13 h == 9
FAIL: gcc.dg/guality/pr43479.c -O2 -flto -fuse-linker-plugin -fno-fat-lto-objects line 18 h == 9
FAIL: gcc.dg/guality/pr43479.c -O3 -fomit-frame-pointer line 13 h == 9
FAIL: gcc.dg/guality/pr43479.c -O3 -fomit-frame-pointer line 18 h == 9
FAIL: gcc.dg/guality/pr43479.c -O3 -g line 13 h == 9
FAIL: gcc.dg/guality/pr43479.c -O3 -g line 18 h == 9
FAIL: gcc.dg/guality/pr43479.c -Os line 13 h == 9
FAIL: gcc.dg/guality/pr43479.c -Os line 18 h == 9
FAIL: gcc.dg/guality/pr45003-2.c -O2 -flto -fuse-linker-plugin -fno-fat-lto-objects line 10 a == 0x8078
FAIL: gcc.dg/guality/pr45882.c -O2 -flto -fuse-linker-plugin -fno-fat-lto-objects line 16 d == 112
FAIL: gcc.dg/guality/pr45882.c -O2 -flto -fuse-linker-plugin -fno-fat-lto-objects line 16 e == 142
FAIL: gcc.dg/guality/pr54200.c -Os line 20 z == 3
FAIL: gcc.dg/guality/pr54519-1.c -O2 -flto -fno-use-linker-plugin -flto-partition=none line 20 y == 25
FAIL: gcc.dg/guality/pr54519-1.c -O2 -flto -fno-use-linker-plugin -flto-partition=none line 20 z == 6
FAIL: gcc.dg/guality/pr54519-1.c -O2 -flto -fno-use-linker-plugin -flto-partition=none line 23 y == 117
FAIL: gcc.dg/guality/pr54519-1.c -O2 -flto -fno-use-linker-plugin -flto-partition=none line 23 z == 8
FAIL: gcc.dg/guality/pr54519-2.c -O2 -flto -fno-use-linker-plugin -flto-partition=none line 17 y == 25
FAIL: gcc.dg/guality/pr54519-2.c -O2 -flto -fuse-linker-plugin -fno-fat-lto-objects line 17 y == 25
FAIL: gcc.dg/guality/pr54519-3.c -O2 -flto -fno-use-linker-plugin -flto-partition=none line 20 y == 25
FAIL: gcc.dg/guality/pr54519-3.c -O2 -flto -fno-use-linker-plugin -flto-partition=none line 20 z == 6
FAIL: gcc.dg/guality/pr54519-3.c -O2 -flto -fno-use-linker-plugin -flto-partition=none line 23 y == 117
FAIL: gcc.dg/guality/pr54519-3.c -O2 -flto -fno-use-linker-plugin -flto-partition=none line 23 z == 8
FAIL: gcc.dg/guality/pr54519-3.c -O2 -flto -fuse-linker-plugin -fno-fat-lto-objects line 20 y == 25
FAIL: gcc.dg/guality/pr54519-3.c -O2 -flto -fuse-linker-plugin -fno-fat-lto-objects line 20 z == 6
FAIL: gcc.dg/guality/pr54519-3.c -O2 -flto -fuse-linker-plugin -fno-fat-lto-objects line 23 y == 117
FAIL: gcc.dg/guality/pr54519-3.c -O2 -flto -fuse-linker-plugin -fno-fat-lto-objects line 23 z == 8
FAIL: gcc.dg/guality/pr54519-4.c -O2 -flto -fno-use-linker-plugin -flto-partition=none line 17 y == 25
FAIL: gcc.dg/guality/pr54519-4.c -O2 -flto -fuse-linker-plugin -fno-fat-lto-objects line 17 y == 25
FAIL: gcc.dg/guality/pr54519-5.c -O2 -flto -fno-use-linker-plugin -flto-partition=none line 17 y == 25
FAIL: gcc.dg/guality/pr54519-5.c -O2 -flto -fuse-linker-plugin -fno-fat-lto-objects line 17 y == 25
FAIL: gcc.dg/guality/sra-1.c -O2 line 43 a.j == 14
FAIL: gcc.dg/guality/sra-1.c -O2 -flto -fno-use-linker-plugin -flto-partition=none line 43 a.j == 14
FAIL: gcc.dg/guality/sra-1.c -O3 -fomit-frame-pointer line 43 a.j == 14
FAIL: gcc.dg/guality/sra-1.c -O3 -g line 43 a.j == 14
FAIL: gcc.dg/guality/sra-1.c -Os line 43 a.j == 14
FAIL: gcc.dg/guality/vla-1.c -O1 line 17 sizeof (a) == 6
FAIL: gcc.dg/guality/vla-1.c -O2 line 17 sizeof (a) == 6
FAIL: gcc.dg/guality/vla-1.c -O2 -flto -fno-use-linker-plugin -flto-partition=none line 17 sizeof (a) == 6
FAIL: gcc.dg/guality/vla-1.c -O2 -flto -fuse-linker-plugin -fno-fat-lto-objects line 17 sizeof (a) == 6
FAIL: gcc.dg/guality/vla-1.c -O3 -fomit-frame-pointer line 17 sizeof (a) == 6
FAIL: gcc.dg/guality/vla-1.c -O3 -g line 17 sizeof (a) == 6
FAIL: gcc.dg/guality/vla-1.c -Os line 17 sizeof (a) == 6
FAIL: gcc.dg/ipa/inline-7.c scan-tree-dump-times einline "Inlining a into m" 1
FAIL: gcc.dg/tree-prof/inliner-1.c scan-tree-dump optimized "cold_function ..;"
FAIL: gcc.dg/tree-ssa/inline-10.c scan-tree-dump-not optimized "do_something \\\\(70\\\\)"
FAIL: gcc.dg/tree-ssa/inline-10.c scan-tree-dump-times optimized "do_something2" 1
FAIL: gcc.dg/tree-ssa/inline-10.c scan-tree-dump-times optimized "do_something3" 1
FAIL: gcc.dg/tree-ssa/inline-8.c scan-tree-dump-times einline "Inlining" 5
FAIL: gcc.dg/tree-ssa/inline-9.c scan-tree-dump-times optimized "q \\\\(15\\\\)" 1
FAIL: gcc.dg/tree-ssa/ipa-split-6.c scan-tree-dump optimized "part"
FAIL: gcc.dg/vect/costmodel/i386/costmodel-vect-31.c scan-tree-dump-times vect "vectorized 4 loops" 1
FAIL: gcc.dg/vect/costmodel/x86_64/costmodel-vect-31.c scan-tree-dump-times vect "vectorized 4 loops" 1
FAIL: gcc.target/i386/avx256-unaligned-load-4.c scan-assembler (avx_loadups256|vmovups[^\\n\\r]*movv8sf_internal)
FAIL: gcc.target/i386/fuse-caller-save-rec.c scan-assembler-not pop
FAIL: gcc.target/i386/fuse-caller-save-rec.c scan-assembler-not push
FAIL: gcc.target/i386/fuse-caller-save-rec.c scan-assembler-times addl\\t%[re]?dx, %[re]?ax 1
FAIL: gcc.target/i386/fuse-caller-save-xmm.c scan-assembler-times addpd\\t%xmm1, %xmm0 1
FAIL: gcc.target/i386/fuse-caller-save-xmm.c scan-assembler-times movapd\\t%xmm0, %xmm1 1
FAIL: gcc.target/i386/fuse-caller-save.c scan-assembler-not pop
FAIL: gcc.target/i386/fuse-caller-save.c scan-assembler-not push
FAIL: gcc.target/i386/pr52146.c (test for excess errors)
UNRESOLVED: gcc.target/i386/pr52146.c scan-assembler-not [,\\\\t ]+-18874240
FAIL: gcc.target/i386/pr52698.c (test for excess errors)
FAIL: gcc.target/i386/pr52857-1.c (test for excess errors)
FAIL: gcc.target/i386/pr52857-2.c (test for excess errors)
FAIL: gcc.target/i386/pr53698.c (test for excess errors)
FAIL: gcc.target/i386/pr54157.c (test for excess errors)
FAIL: gcc.target/i386/pr55049-1.c (test for excess errors)
FAIL: gcc.target/i386/pr55093.c (test for excess errors)
FAIL: gcc.target/i386/pr55116-1.c (test for excess errors)
FAIL: gcc.target/i386/pr55116-2.c (test for excess errors)
FAIL: gcc.target/i386/pr55597.c (test for excess errors)
FAIL: gcc.target/i386/pr61599-1.c (test for excess errors)
UNRESOLVED: gcc.target/i386/pr61599-1.c compilation failed to produce executable
=== gcc Summary for unix/-fpic -mcmodel=medium ===
Running target unix/-mcmodel=medium
FAIL: c-c++-common/int128-types-1.c -Wc++-compat (test for errors, line 578)
FAIL: c-c++-common/int128-types-1.c -Wc++-compat (test for errors, line 579)
FAIL: c-c++-common/int128-types-1.c -Wc++-compat (test for errors, line 580)
FAIL: c-c++-common/int128-types-1.c -Wc++-compat (test for errors, line 581)
FAIL: c-c++-common/int128-types-1.c -Wc++-compat (test for errors, line 582)
FAIL: c-c++-common/int128-types-1.c -Wc++-compat (test for errors, line 583)
FAIL: c-c++-common/int128-types-1.c -Wc++-compat (test for errors, line 584)
FAIL: c-c++-common/int128-types-1.c -Wc++-compat (test for errors, line 585)
FAIL: c-c++-common/int128-types-1.c -Wc++-compat (test for errors, line 586)
FAIL: c-c++-common/int128-types-1.c -Wc++-compat (test for errors, line 587)
FAIL: c-c++-common/int128-types-1.c -Wc++-compat (test for errors, line 588)
FAIL: c-c++-common/int128-types-1.c -Wc++-compat (test for errors, line 589)
FAIL: c-c++-common/int128-types-1.c -Wc++-compat (test for errors, line 590)
FAIL: c-c++-common/int128-types-1.c -Wc++-compat (test for errors, line 591)
FAIL: c-c++-common/int128-types-1.c -Wc++-compat (test for errors, line 592)
FAIL: c-c++-common/int128-types-1.c -Wc++-compat (test for errors, line 593)
FAIL: c-c++-common/int128-types-1.c -Wc++-compat (test for errors, line 594)
FAIL: c-c++-common/int128-types-1.c -Wc++-compat (test for errors, line 595)
FAIL: c-c++-common/int128-types-1.c -Wc++-compat (test for errors, line 596)
FAIL: c-c++-common/int128-types-1.c -Wc++-compat (test for errors, line 597)
FAIL: c-c++-common/int128-types-1.c -Wc++-compat (test for errors, line 598)
FAIL: c-c++-common/int128-types-1.c -Wc++-compat (test for errors, line 599)
FAIL: c-c++-common/int128-types-1.c -Wc++-compat (test for errors, line 600)
FAIL: c-c++-common/int128-types-1.c -Wc++-compat (test for errors, line 601)
FAIL: c-c++-common/int128-types-1.c -Wc++-compat (test for errors, line 602)
FAIL: c-c++-common/int128-types-1.c -Wc++-compat (test for errors, line 603)
FAIL: c-c++-common/int128-types-1.c -Wc++-compat (test for errors, line 604)
FAIL: c-c++-common/int128-types-1.c -Wc++-compat (test for errors, line 605)
FAIL: c-c++-common/int128-types-1.c -Wc++-compat (test for errors, line 606)
FAIL: c-c++-common/int128-types-1.c -Wc++-compat (test for errors, line 607)
FAIL: c-c++-common/int128-types-1.c -Wc++-compat (test for errors, line 608)
FAIL: c-c++-common/int128-types-1.c -Wc++-compat (test for errors, line 609)
FAIL: c-c++-common/int128-types-1.c -Wc++-compat (test for errors, line 610)
FAIL: c-c++-common/int128-types-1.c -Wc++-compat (test for errors, line 611)
FAIL: c-c++-common/int128-types-1.c -Wc++-compat (test for errors, line 612)
FAIL: c-c++-common/int128-types-1.c -Wc++-compat (test for errors, line 613)
FAIL: c-c++-common/int128-types-1.c -Wc++-compat (test for errors, line 614)
FAIL: c-c++-common/int128-types-1.c -Wc++-compat (test for errors, line 615)
FAIL: c-c++-common/int128-types-1.c -Wc++-compat (test for errors, line 616)
FAIL: c-c++-common/int128-types-1.c -Wc++-compat (test for errors, line 617)
FAIL: c-c++-common/int128-types-1.c -Wc++-compat (test for errors, line 618)
FAIL: c-c++-common/int128-types-1.c -Wc++-compat (test for errors, line 619)
FAIL: c-c++-common/int128-types-1.c -Wc++-compat (test for errors, line 620)
FAIL: c-c++-common/int128-types-1.c -Wc++-compat (test for errors, line 621)
FAIL: c-c++-common/int128-types-1.c -Wc++-compat (test for errors, line 622)
FAIL: c-c++-common/int128-types-1.c -Wc++-compat (test for errors, line 623)
FAIL: c-c++-common/int128-types-1.c -Wc++-compat (test for errors, line 624)
FAIL: c-c++-common/int128-types-1.c -Wc++-compat (test for errors, line 625)
FAIL: c-c++-common/int128-types-1.c -Wc++-compat (test for errors, line 626)
FAIL: c-c++-common/int128-types-1.c -Wc++-compat (test for errors, line 627)
FAIL: c-c++-common/int128-types-1.c -Wc++-compat (test for errors, line 628)
FAIL: c-c++-common/int128-types-1.c -Wc++-compat (test for errors, line 629)
FAIL: c-c++-common/int128-types-1.c -Wc++-compat (test for errors, line 630)
FAIL: c-c++-common/int128-types-1.c -Wc++-compat (test for errors, line 631)
FAIL: c-c++-common/int128-types-1.c -Wc++-compat (test for errors, line 632)
FAIL: c-c++-common/int128-types-1.c -Wc++-compat (test for errors, line 633)
FAIL: c-c++-common/int128-types-1.c -Wc++-compat (test for errors, line 634)
FAIL: c-c++-common/int128-types-1.c -Wc++-compat (test for errors, line 635)
FAIL: c-c++-common/int128-types-1.c -Wc++-compat (test for errors, line 636)
FAIL: c-c++-common/int128-types-1.c -Wc++-compat (test for errors, line 637)
FAIL: c-c++-common/int128-types-1.c -Wc++-compat (test for errors, line 638)
FAIL: c-c++-common/int128-types-1.c -Wc++-compat (test for errors, line 639)
FAIL: c-c++-common/int128-types-1.c -Wc++-compat (test for errors, line 640)
FAIL: c-c++-common/int128-types-1.c -Wc++-compat (test for errors, line 641)
FAIL: c-c++-common/int128-types-1.c -Wc++-compat (test for errors, line 642)
FAIL: c-c++-common/int128-types-1.c -Wc++-compat (test for errors, line 643)
FAIL: c-c++-common/int128-types-1.c -Wc++-compat (test for errors, line 644)
FAIL: c-c++-common/int128-types-1.c -Wc++-compat (test for errors, line 645)
FAIL: c-c++-common/int128-types-1.c -Wc++-compat (test for errors, line 646)
FAIL: c-c++-common/int128-types-1.c -Wc++-compat (test for errors, line 647)
FAIL: c-c++-common/int128-types-1.c -Wc++-compat (test for errors, line 648)
FAIL: c-c++-common/int128-types-1.c -Wc++-compat (test for errors, line 649)
FAIL: c-c++-common/int128-types-1.c -Wc++-compat (test for errors, line 650)
FAIL: c-c++-common/int128-types-1.c -Wc++-compat (test for errors, line 651)
FAIL: c-c++-common/int128-types-1.c -Wc++-compat (test for errors, line 652)
FAIL: c-c++-common/int128-types-1.c -Wc++-compat (test for errors, line 653)
FAIL: c-c++-common/int128-types-1.c -Wc++-compat (test for errors, line 654)
FAIL: c-c++-common/int128-types-1.c -Wc++-compat (test for errors, line 655)
FAIL: c-c++-common/int128-types-1.c -Wc++-compat (test for errors, line 656)
FAIL: c-c++-common/int128-types-1.c -Wc++-compat (test for errors, line 657)
FAIL: c-c++-common/int128-types-1.c -Wc++-compat (test for errors, line 658)
FAIL: c-c++-common/int128-types-1.c -Wc++-compat (test for errors, line 659)
FAIL: c-c++-common/int128-types-1.c -Wc++-compat (test for errors, line 660)
FAIL: c-c++-common/int128-types-1.c -Wc++-compat (test for errors, line 661)
FAIL: c-c++-common/int128-types-1.c -Wc++-compat (test for errors, line 662)
FAIL: c-c++-common/int128-types-1.c -Wc++-compat (test for errors, line 663)
FAIL: c-c++-common/int128-types-1.c -Wc++-compat (test for errors, line 664)
FAIL: c-c++-common/int128-types-1.c -Wc++-compat (test for errors, line 665)
FAIL: c-c++-common/int128-types-1.c -Wc++-compat (test for errors, line 666)
FAIL: gcc.dg/declspec-18.c (test for errors, line 85)
FAIL: gcc.dg/declspec-18.c (test for errors, line 92)
FAIL: gcc.dg/declspec-18.c (test for errors, line 93)
FAIL: gcc.dg/declspec-18.c (test for excess errors)
XPASS: gcc.dg/declspec-18.c expected (test for bogus messages, line 79)
FAIL: gcc.dg/declspec-18.c t23 (test for errors, line 98)
FAIL: c-c++-common/goacc-gomp/nesting-fail-1.c (test for errors, line 444)
FAIL: c-c++-common/goacc-gomp/nesting-fail-1.c (test for errors, line 451)
FAIL: c-c++-common/goacc-gomp/nesting-fail-1.c (test for errors, line 453)
FAIL: c-c++-common/goacc-gomp/nesting-fail-1.c (test for errors, line 455)
FAIL: c-c++-common/goacc-gomp/nesting-fail-1.c (test for excess errors)
XPASS: gcc.dg/guality/example.c -O0 execution test
XPASS: gcc.dg/guality/example.c -O1 execution test
XPASS: gcc.dg/guality/example.c -O2 execution test
XPASS: gcc.dg/guality/example.c -O2 -flto -fno-use-linker-plugin -flto-partition=none execution test
XPASS: gcc.dg/guality/guality.c -O0 execution test
XPASS: gcc.dg/guality/guality.c -O1 execution test
XPASS: gcc.dg/guality/guality.c -O2 execution test
XPASS: gcc.dg/guality/guality.c -O2 -flto -fno-use-linker-plugin -flto-partition=none execution test
XPASS: gcc.dg/guality/guality.c -O2 -flto -fuse-linker-plugin -fno-fat-lto-objects execution test
XPASS: gcc.dg/guality/guality.c -O3 -fomit-frame-pointer execution test
XPASS: gcc.dg/guality/guality.c -O3 -g execution test
XPASS: gcc.dg/guality/guality.c -Os execution test
XPASS: gcc.dg/guality/inline-params.c -O2 execution test
XPASS: gcc.dg/guality/inline-params.c -O2 -flto -fno-use-linker-plugin -flto-partition=none execution test
XPASS: gcc.dg/guality/inline-params.c -O3 -fomit-frame-pointer execution test
XPASS: gcc.dg/guality/inline-params.c -O3 -g execution test
XPASS: gcc.dg/guality/inline-params.c -Os execution test
XPASS: gcc.dg/guality/pr41353-1.c -O0 line 28 j == 28 + 37
FAIL: gcc.dg/guality/pr41616-1.c -O2 -flto -fuse-linker-plugin -fno-fat-lto-objects execution test
FAIL: gcc.dg/guality/pr43051-1.c -O2 line 35 v == 1
FAIL: gcc.dg/guality/pr43051-1.c -O2 line 36 e == &a[1]
FAIL: gcc.dg/guality/pr43051-1.c -O2 line 39 c == &a[0]
FAIL: gcc.dg/guality/pr43051-1.c -O2 line 40 v == 1
FAIL: gcc.dg/guality/pr43051-1.c -O2 line 41 e == &a[1]
FAIL: gcc.dg/guality/pr43051-1.c -O2 -flto -fno-use-linker-plugin -flto-partition=none line 35 v == 1
FAIL: gcc.dg/guality/pr43051-1.c -O2 -flto -fno-use-linker-plugin -flto-partition=none line 36 e == &a[1]
FAIL: gcc.dg/guality/pr43051-1.c -O2 -flto -fno-use-linker-plugin -flto-partition=none line 39 c == &a[0]
FAIL: gcc.dg/guality/pr43051-1.c -O2 -flto -fno-use-linker-plugin -flto-partition=none line 40 v == 1
FAIL: gcc.dg/guality/pr43051-1.c -O2 -flto -fno-use-linker-plugin -flto-partition=none line 41 e == &a[1]
FAIL: gcc.dg/guality/pr43051-1.c -O2 -flto -fuse-linker-plugin -fno-fat-lto-objects line 35 v == 1
FAIL: gcc.dg/guality/pr43051-1.c -O2 -flto -fuse-linker-plugin -fno-fat-lto-objects line 36 e == &a[1]
FAIL: gcc.dg/guality/pr43051-1.c -O2 -flto -fuse-linker-plugin -fno-fat-lto-objects line 39 c == &a[0]
FAIL: gcc.dg/guality/pr43051-1.c -O2 -flto -fuse-linker-plugin -fno-fat-lto-objects line 40 v == 1
FAIL: gcc.dg/guality/pr43051-1.c -O2 -flto -fuse-linker-plugin -fno-fat-lto-objects line 41 e == &a[1]
FAIL: gcc.dg/guality/pr43051-1.c -O3 -fomit-frame-pointer line 35 v == 1
FAIL: gcc.dg/guality/pr43051-1.c -O3 -fomit-frame-pointer line 36 e == &a[1]
FAIL: gcc.dg/guality/pr43051-1.c -O3 -fomit-frame-pointer line 39 c == &a[0]
FAIL: gcc.dg/guality/pr43051-1.c -O3 -fomit-frame-pointer line 40 v == 1
FAIL: gcc.dg/guality/pr43051-1.c -O3 -fomit-frame-pointer line 41 e == &a[1]
FAIL: gcc.dg/guality/pr43051-1.c -O3 -fomit-frame-pointer -funroll-all-loops -finline-functions line 35 v == 1
FAIL: gcc.dg/guality/pr43051-1.c -O3 -fomit-frame-pointer -funroll-all-loops -finline-functions line 36 e == &a[1]
FAIL: gcc.dg/guality/pr43051-1.c -O3 -fomit-frame-pointer -funroll-all-loops -finline-functions line 39 c == &a[0]
FAIL: gcc.dg/guality/pr43051-1.c -O3 -fomit-frame-pointer -funroll-all-loops -finline-functions line 40 v == 1
FAIL: gcc.dg/guality/pr43051-1.c -O3 -fomit-frame-pointer -funroll-all-loops -finline-functions line 41 e == &a[1]
FAIL: gcc.dg/guality/pr43051-1.c -O3 -fomit-frame-pointer -funroll-loops line 35 v == 1
FAIL: gcc.dg/guality/pr43051-1.c -O3 -fomit-frame-pointer -funroll-loops line 36 e == &a[1]
FAIL: gcc.dg/guality/pr43051-1.c -O3 -fomit-frame-pointer -funroll-loops line 39 c == &a[0]
FAIL: gcc.dg/guality/pr43051-1.c -O3 -fomit-frame-pointer -funroll-loops line 40 v == 1
FAIL: gcc.dg/guality/pr43051-1.c -O3 -fomit-frame-pointer -funroll-loops line 41 e == &a[1]
FAIL: gcc.dg/guality/pr43051-1.c -O3 -g line 35 v == 1
FAIL: gcc.dg/guality/pr43051-1.c -O3 -g line 36 e == &a[1]
FAIL: gcc.dg/guality/pr43051-1.c -O3 -g line 39 c == &a[0]
FAIL: gcc.dg/guality/pr43051-1.c -O3 -g line 40 v == 1
FAIL: gcc.dg/guality/pr43051-1.c -O3 -g line 41 e == &a[1]
FAIL: gcc.dg/guality/pr43051-1.c -Os line 35 v == 1
FAIL: gcc.dg/guality/pr43051-1.c -Os line 36 e == &a[1]
FAIL: gcc.dg/guality/pr43051-1.c -Os line 39 c == &a[0]
FAIL: gcc.dg/guality/pr43051-1.c -Os line 40 v == 1
FAIL: gcc.dg/guality/pr43051-1.c -Os line 41 e == &a[1]
FAIL: gcc.dg/guality/pr43177.c -O2 line 15 l == 10
FAIL: gcc.dg/guality/pr43177.c -O2 line 15 x == 7
FAIL: gcc.dg/guality/pr43177.c -O2 line 24 l == 10
FAIL: gcc.dg/guality/pr43177.c -O2 line 24 x == 7
FAIL: gcc.dg/guality/pr43177.c -O2 -flto -fno-use-linker-plugin -flto-partition=none line 15 l == 10
FAIL: gcc.dg/guality/pr43177.c -O2 -flto -fno-use-linker-plugin -flto-partition=none line 15 x == 7
FAIL: gcc.dg/guality/pr43177.c -O2 -flto -fno-use-linker-plugin -flto-partition=none line 24 l == 10
FAIL: gcc.dg/guality/pr43177.c -O2 -flto -fno-use-linker-plugin -flto-partition=none line 24 x == 7
FAIL: gcc.dg/guality/pr43177.c -O2 -flto -fuse-linker-plugin -fno-fat-lto-objects line 15 l == 10
FAIL: gcc.dg/guality/pr43177.c -O2 -flto -fuse-linker-plugin -fno-fat-lto-objects line 15 x == 7
FAIL: gcc.dg/guality/pr43177.c -O2 -flto -fuse-linker-plugin -fno-fat-lto-objects line 24 l == 10
FAIL: gcc.dg/guality/pr43177.c -O2 -flto -fuse-linker-plugin -fno-fat-lto-objects line 24 x == 7
FAIL: gcc.dg/guality/pr43177.c -O3 -fomit-frame-pointer line 15 l == 10
FAIL: gcc.dg/guality/pr43177.c -O3 -fomit-frame-pointer line 15 x == 7
FAIL: gcc.dg/guality/pr43177.c -O3 -fomit-frame-pointer line 24 l == 10
FAIL: gcc.dg/guality/pr43177.c -O3 -fomit-frame-pointer line 24 x == 7
FAIL: gcc.dg/guality/pr43177.c -O3 -g line 15 l == 10
FAIL: gcc.dg/guality/pr43177.c -O3 -g line 15 x == 7
FAIL: gcc.dg/guality/pr43177.c -O3 -g line 24 l == 10
FAIL: gcc.dg/guality/pr43177.c -O3 -g line 24 x == 7
FAIL: gcc.dg/guality/pr43177.c -Os line 15 l == 10
FAIL: gcc.dg/guality/pr43177.c -Os line 15 x == 7
FAIL: gcc.dg/guality/pr43177.c -Os line 24 l == 10
FAIL: gcc.dg/guality/pr43177.c -Os line 24 x == 7
FAIL: gcc.dg/guality/pr43479.c -O1 line 13 h == 9
FAIL: gcc.dg/guality/pr43479.c -O1 line 18 h == 9
FAIL: gcc.dg/guality/pr43479.c -O2 line 13 h == 9
FAIL: gcc.dg/guality/pr43479.c -O2 line 18 h == 9
FAIL: gcc.dg/guality/pr43479.c -O2 -flto -fno-use-linker-plugin -flto-partition=none line 13 h == 9
FAIL: gcc.dg/guality/pr43479.c -O2 -flto -fno-use-linker-plugin -flto-partition=none line 18 h == 9
FAIL: gcc.dg/guality/pr43479.c -O2 -flto -fuse-linker-plugin -fno-fat-lto-objects line 13 h == 9
FAIL: gcc.dg/guality/pr43479.c -O2 -flto -fuse-linker-plugin -fno-fat-lto-objects line 18 h == 9
FAIL: gcc.dg/guality/pr43479.c -O3 -fomit-frame-pointer line 13 h == 9
FAIL: gcc.dg/guality/pr43479.c -O3 -fomit-frame-pointer line 18 h == 9
FAIL: gcc.dg/guality/pr43479.c -O3 -g line 13 h == 9
FAIL: gcc.dg/guality/pr43479.c -O3 -g line 18 h == 9
FAIL: gcc.dg/guality/pr43479.c -Os line 13 h == 9
FAIL: gcc.dg/guality/pr43479.c -Os line 18 h == 9
FAIL: gcc.dg/guality/pr45003-2.c -O2 -flto -fuse-linker-plugin -fno-fat-lto-objects line 10 a == 0x8078
FAIL: gcc.dg/guality/pr45882.c -O2 -flto -fuse-linker-plugin -fno-fat-lto-objects line 16 d == 112
FAIL: gcc.dg/guality/pr45882.c -O2 -flto -fuse-linker-plugin -fno-fat-lto-objects line 16 e == 142
FAIL: gcc.dg/guality/pr54200.c -Os line 20 z == 3
FAIL: gcc.dg/guality/pr54519-1.c -O2 -flto -fno-use-linker-plugin -flto-partition=none line 20 y == 25
FAIL: gcc.dg/guality/pr54519-1.c -O2 -flto -fno-use-linker-plugin -flto-partition=none line 20 z == 6
FAIL: gcc.dg/guality/pr54519-1.c -O2 -flto -fno-use-linker-plugin -flto-partition=none line 23 y == 117
FAIL: gcc.dg/guality/pr54519-1.c -O2 -flto -fno-use-linker-plugin -flto-partition=none line 23 z == 8
FAIL: gcc.dg/guality/pr54519-2.c -O2 -flto -fno-use-linker-plugin -flto-partition=none line 17 y == 25
FAIL: gcc.dg/guality/pr54519-2.c -O2 -flto -fuse-linker-plugin -fno-fat-lto-objects line 17 y == 25
FAIL: gcc.dg/guality/pr54519-3.c -O2 -flto -fno-use-linker-plugin -flto-partition=none line 20 y == 25
FAIL: gcc.dg/guality/pr54519-3.c -O2 -flto -fno-use-linker-plugin -flto-partition=none line 20 z == 6
FAIL: gcc.dg/guality/pr54519-3.c -O2 -flto -fno-use-linker-plugin -flto-partition=none line 23 y == 117
FAIL: gcc.dg/guality/pr54519-3.c -O2 -flto -fno-use-linker-plugin -flto-partition=none line 23 z == 8
FAIL: gcc.dg/guality/pr54519-3.c -O2 -flto -fuse-linker-plugin -fno-fat-lto-objects line 20 x == 36
FAIL: gcc.dg/guality/pr54519-3.c -O2 -flto -fuse-linker-plugin -fno-fat-lto-objects line 20 y == 25
FAIL: gcc.dg/guality/pr54519-3.c -O2 -flto -fuse-linker-plugin -fno-fat-lto-objects line 20 z == 6
FAIL: gcc.dg/guality/pr54519-3.c -O2 -flto -fuse-linker-plugin -fno-fat-lto-objects line 23 x == 98
FAIL: gcc.dg/guality/pr54519-3.c -O2 -flto -fuse-linker-plugin -fno-fat-lto-objects line 23 y == 117
FAIL: gcc.dg/guality/pr54519-3.c -O2 -flto -fuse-linker-plugin -fno-fat-lto-objects line 23 z == 8
FAIL: gcc.dg/guality/pr54519-4.c -O2 -flto -fno-use-linker-plugin -flto-partition=none line 17 y == 25
FAIL: gcc.dg/guality/pr54519-4.c -O2 -flto -fuse-linker-plugin -fno-fat-lto-objects line 17 x == 6
FAIL: gcc.dg/guality/pr54519-4.c -O2 -flto -fuse-linker-plugin -fno-fat-lto-objects line 17 y == 25
FAIL: gcc.dg/guality/pr54519-5.c -O2 -flto -fno-use-linker-plugin -flto-partition=none line 17 y == 25
FAIL: gcc.dg/guality/pr54519-5.c -O2 -flto -fuse-linker-plugin -fno-fat-lto-objects line 17 y == 25
FAIL: gcc.dg/guality/sra-1.c -O2 line 21 a.i == 4
FAIL: gcc.dg/guality/sra-1.c -O2 line 21 a.j == 14
FAIL: gcc.dg/guality/sra-1.c -O2 line 43 a.i == 4
FAIL: gcc.dg/guality/sra-1.c -O2 line 43 a.j == 14
FAIL: gcc.dg/guality/sra-1.c -O2 -flto -fno-use-linker-plugin -flto-partition=none line 21 a.i == 4
FAIL: gcc.dg/guality/sra-1.c -O2 -flto -fno-use-linker-plugin -flto-partition=none line 21 a.j == 14
FAIL: gcc.dg/guality/sra-1.c -O2 -flto -fno-use-linker-plugin -flto-partition=none line 43 a.i == 4
FAIL: gcc.dg/guality/sra-1.c -O2 -flto -fno-use-linker-plugin -flto-partition=none line 43 a.j == 14
FAIL: gcc.dg/guality/sra-1.c -O2 -flto -fuse-linker-plugin -fno-fat-lto-objects line 21 a.i == 4
FAIL: gcc.dg/guality/sra-1.c -O2 -flto -fuse-linker-plugin -fno-fat-lto-objects line 21 a.j == 14
FAIL: gcc.dg/guality/sra-1.c -O2 -flto -fuse-linker-plugin -fno-fat-lto-objects line 43 a.i == 4
FAIL: gcc.dg/guality/sra-1.c -O2 -flto -fuse-linker-plugin -fno-fat-lto-objects line 43 a.j == 14
FAIL: gcc.dg/guality/sra-1.c -O3 -fomit-frame-pointer line 21 a.i == 4
FAIL: gcc.dg/guality/sra-1.c -O3 -fomit-frame-pointer line 21 a.j == 14
FAIL: gcc.dg/guality/sra-1.c -O3 -fomit-frame-pointer line 43 a.i == 4
FAIL: gcc.dg/guality/sra-1.c -O3 -fomit-frame-pointer line 43 a.j == 14
FAIL: gcc.dg/guality/sra-1.c -O3 -g line 21 a.i == 4
FAIL: gcc.dg/guality/sra-1.c -O3 -g line 21 a.j == 14
FAIL: gcc.dg/guality/sra-1.c -O3 -g line 43 a.i == 4
FAIL: gcc.dg/guality/sra-1.c -O3 -g line 43 a.j == 14
FAIL: gcc.dg/guality/sra-1.c -Os line 21 a.i == 4
FAIL: gcc.dg/guality/sra-1.c -Os line 21 a.j == 14
FAIL: gcc.dg/guality/sra-1.c -Os line 43 a.i == 4
FAIL: gcc.dg/guality/sra-1.c -Os line 43 a.j == 14
FAIL: gcc.dg/guality/vla-1.c -O1 line 17 sizeof (a) == 6
FAIL: gcc.dg/guality/vla-1.c -O2 line 17 sizeof (a) == 6
FAIL: gcc.dg/guality/vla-1.c -O2 -flto -fno-use-linker-plugin -flto-partition=none line 17 sizeof (a) == 6
FAIL: gcc.dg/guality/vla-1.c -O2 -flto -fuse-linker-plugin -fno-fat-lto-objects line 17 sizeof (a) == 6
FAIL: gcc.dg/guality/vla-1.c -O3 -fomit-frame-pointer line 17 sizeof (a) == 6
FAIL: gcc.dg/guality/vla-1.c -O3 -g line 17 sizeof (a) == 6
FAIL: gcc.dg/guality/vla-1.c -Os line 17 sizeof (a) == 6
FAIL: gcc.dg/guality/vla-2.c -O2 line 25 sizeof (a) == 6 * sizeof (int)
FAIL: gcc.dg/guality/vla-2.c -O2 -flto -fno-use-linker-plugin -flto-partition=none line 25 sizeof (a) == 6 * sizeof (int)
FAIL: gcc.dg/guality/vla-2.c -O2 -flto -fuse-linker-plugin -fno-fat-lto-objects line 25 sizeof (a) == 6 * sizeof (int)
FAIL: gcc.dg/guality/vla-2.c -O3 -fomit-frame-pointer line 25 sizeof (a) == 6 * sizeof (int)
FAIL: gcc.dg/guality/vla-2.c -O3 -g line 25 sizeof (a) == 6 * sizeof (int)
FAIL: gcc.dg/guality/vla-2.c -Os line 25 sizeof (a) == 6 * sizeof (int)
FAIL: gcc.target/i386/387-12.c scan-assembler fld1
FAIL: gcc.target/i386/387-12.c scan-assembler fldz
FAIL: gcc.target/i386/avxfp-1.c scan-assembler vmaxsd
FAIL: gcc.target/i386/avxfp-1.c scan-assembler vminsd
FAIL: gcc.target/i386/avxfp-2.c scan-assembler vmaxsd
FAIL: gcc.target/i386/avxfp-2.c scan-assembler vminsd
FAIL: gcc.target/i386/pr52146.c (test for excess errors)
UNRESOLVED: gcc.target/i386/pr52146.c scan-assembler-not [,\\\\t ]+-18874240
FAIL: gcc.target/i386/pr52698.c (test for excess errors)
FAIL: gcc.target/i386/pr52857-1.c (test for excess errors)
FAIL: gcc.target/i386/pr52857-2.c (test for excess errors)
FAIL: gcc.target/i386/pr53698.c (test for excess errors)
FAIL: gcc.target/i386/pr54157.c (test for excess errors)
FAIL: gcc.target/i386/pr55049-1.c (test for excess errors)
FAIL: gcc.target/i386/pr55093.c (test for excess errors)
FAIL: gcc.target/i386/pr55116-1.c (test for excess errors)
FAIL: gcc.target/i386/pr55116-2.c (test for excess errors)
FAIL: gcc.target/i386/pr55597.c (test for excess errors)
FAIL: gcc.target/i386/ssefp-1.c scan-assembler maxsd
FAIL: gcc.target/i386/ssefp-1.c scan-assembler minsd
FAIL: gcc.target/i386/ssefp-2.c scan-assembler maxsd
FAIL: gcc.target/i386/ssefp-2.c scan-assembler minsd
FAIL: gcc.target/i386/testimm-2.c (test for errors, line 58)
FAIL: gcc.target/i386/testimm-2.c (test for errors, line 59)
FAIL: gcc.target/i386/testimm-2.c (test for errors, line 60)
FAIL: gcc.target/i386/testimm-2.c (test for errors, line 61)
FAIL: gcc.target/i386/testimm-2.c (test for errors, line 62)
FAIL: gcc.target/i386/testimm-2.c (test for errors, line 63)
FAIL: gcc.target/i386/testimm-2.c (test for errors, line 69)
FAIL: gcc.target/i386/testimm-2.c (test for errors, line 70)
FAIL: gcc.target/i386/testimm-2.c (test for errors, line 71)
FAIL: gcc.target/i386/testimm-2.c (test for errors, line 72)
FAIL: gcc.target/i386/testimm-2.c (test for errors, line 73)
FAIL: gcc.target/i386/testimm-2.c (test for errors, line 74)
FAIL: gcc.target/i386/testimm-2.c (test for errors, line 75)
FAIL: gcc.target/i386/testimm-2.c (test for errors, line 76)
FAIL: gcc.target/i386/testimm-2.c (test for errors, line 82)
FAIL: gcc.target/i386/testimm-2.c (test for errors, line 88)
FAIL: gcc.target/i386/testimm-2.c (test for errors, line 89)
FAIL: gcc.target/i386/testimm-2.c (test for errors, line 90)
FAIL: gcc.target/i386/testimm-2.c (test for errors, line 91)
FAIL: gcc.target/i386/testimm-2.c (test for errors, line 92)
FAIL: gcc.target/i386/testimm-2.c (test for errors, line 93)
=== gcc Summary for unix/-mcmodel=medium ===
=== gcc Summary ===
/export/gnu/import/git/gcc-test-intel64/bld/gcc/xgcc version 5.0.0 20150323 (experimental) [trunk revision 221583] (GCC)
=== gfortran tests ===
Running target unix/-fpic
FAIL: gfortran.dg/coarray/coindexed_3.f90 -fcoarray=single -O2 -latomic (test for errors, line 49)
FAIL: gfortran.dg/coarray/coindexed_3.f90 -fcoarray=single -O2 -latomic (test for errors, line 60)
FAIL: gfortran.dg/coarray_atomic_3.f90 -O (test for errors, line 108)
FAIL: gfortran.dg/coarray_atomic_3.f90 -O (test for errors, line 109)
FAIL: gfortran.dg/coarray_atomic_3.f90 -O (test for errors, line 110)
FAIL: gfortran.dg/coarray_atomic_3.f90 -O (test for errors, line 111)
FAIL: gfortran.dg/coarray_atomic_3.f90 -O (test for excess errors)
FAIL: gfortran.dg/pr48636-2.f90 -O scan-ipa-dump cp "Creating a specialized node of [^\\n\\r]*bar/[0-9]*\\\\."
FAIL: gfortran.dg/pr48636-2.f90 -O scan-ipa-dump-times cp "Aggregate replacements[^=]*=[^=]*=[^=]*=[^=]*=[^=]*=[^=]*=[^=]*=[^=]*=[^=]*=" 2
FAIL: gfortran.dg/pr48636.f90 -O scan-ipa-dump inline "bar[^\\\\n]*inline copy in MAIN"
FAIL: gfortran.dg/pr48636.f90 -O scan-ipa-dump inline "inline hints: loop_iterations"
=== gfortran Summary for unix/-fpic ===
# of expected passes 4050
Running target unix/-fpic -mcmodel=medium
FAIL: gfortran.dg/coarray/coindexed_3.f90 -fcoarray=single -O2 -latomic (test for errors, line 49)
FAIL: gfortran.dg/coarray/coindexed_3.f90 -fcoarray=single -O2 -latomic (test for errors, line 60)
FAIL: gfortran.dg/pr48636-2.f90 -O scan-ipa-dump cp "Creating a specialized node of [^\\n\\r]*bar/[0-9]*\\\\."
FAIL: gfortran.dg/pr48636-2.f90 -O scan-ipa-dump-times cp "Aggregate replacements[^=]*=[^=]*=[^=]*=[^=]*=[^=]*=[^=]*=[^=]*=[^=]*=[^=]*=" 2
FAIL: gfortran.dg/pr48636.f90 -O scan-ipa-dump inline "bar[^\\\\n]*inline copy in MAIN"
FAIL: gfortran.dg/pr48636.f90 -O scan-ipa-dump inline "inline hints: loop_iterations"
FAIL: gfortran.dg/goacc/data-clauses.f95 -O (test for errors, line 207)
FAIL: gfortran.dg/goacc/data-clauses.f95 -O (test for errors, line 209)
FAIL: gfortran.dg/goacc/data-clauses.f95 -O (test for errors, line 211)
FAIL: gfortran.dg/goacc/data-clauses.f95 -O (test for errors, line 213)
FAIL: gfortran.dg/goacc/data-clauses.f95 -O (test for errors, line 215)
FAIL: gfortran.dg/goacc/data-clauses.f95 -O (test for errors, line 217)
FAIL: gfortran.dg/goacc/data-clauses.f95 -O (test for errors, line 228)
FAIL: gfortran.dg/goacc/data-clauses.f95 -O (test for errors, line 230)
FAIL: gfortran.dg/goacc/data-clauses.f95 -O (test for errors, line 232)
FAIL: gfortran.dg/goacc/data-clauses.f95 -O (test for errors, line 234)
FAIL: gfortran.dg/goacc/data-clauses.f95 -O (test for errors, line 236)
FAIL: gfortran.dg/goacc/data-clauses.f95 -O (test for errors, line 238)
FAIL: gfortran.dg/goacc/data-clauses.f95 -O (test for errors, line 240)
FAIL: gfortran.dg/goacc/data-clauses.f95 -O (test for errors, line 242)
FAIL: gfortran.dg/goacc/data-clauses.f95 -O (test for errors, line 244)
FAIL: gfortran.dg/goacc/data-clauses.f95 -O (test for errors, line 246)
FAIL: gfortran.dg/goacc/data-clauses.f95 -O (test for errors, line 248)
FAIL: gfortran.dg/goacc/data-clauses.f95 -O (test for excess errors)
FAIL: gfortran.dg/goacc/sie.f95 -O (test for errors, line 178)
FAIL: gfortran.dg/goacc/sie.f95 -O (test for errors, line 181)
FAIL: gfortran.dg/goacc/sie.f95 -O (test for errors, line 184)
FAIL: gfortran.dg/goacc/sie.f95 -O (test for errors, line 210)
FAIL: gfortran.dg/goacc/sie.f95 -O (test for errors, line 213)
FAIL: gfortran.dg/goacc/sie.f95 -O (test for errors, line 216)
FAIL: gfortran.dg/goacc/sie.f95 -O (test for errors, line 242)
FAIL: gfortran.dg/goacc/sie.f95 -O (test for errors, line 245)
FAIL: gfortran.dg/goacc/sie.f95 -O (test for errors, line 248)
FAIL: gfortran.dg/goacc/sie.f95 -O (test for warnings, line 201)
FAIL: gfortran.dg/goacc/sie.f95 -O (test for warnings, line 204)
FAIL: gfortran.dg/goacc/sie.f95 -O (test for warnings, line 233)
FAIL: gfortran.dg/goacc/sie.f95 -O (test for warnings, line 236)
FAIL: gfortran.dg/goacc/sie.f95 -O (test for excess errors)
=== gfortran Summary for unix/-fpic -mcmodel=medium ===
# of expected passes 4050
Running target unix/-mcmodel=medium
FAIL: gfortran.dg/coarray/coindexed_3.f90 -fcoarray=single -O2 -latomic (test for errors, line 49)
FAIL: gfortran.dg/coarray/coindexed_3.f90 -fcoarray=single -O2 -latomic (test for errors, line 60)
FAIL: gfortran.dg/maxval_maxloc_conformance_1.f90 -O (test for errors, line 30)
FAIL: gfortran.dg/maxval_maxloc_conformance_1.f90 -O (test for errors, line 31)
FAIL: gfortran.dg/maxval_maxloc_conformance_1.f90 -O (test for errors, line 32)
FAIL: gfortran.dg/maxval_maxloc_conformance_1.f90 -O (test for errors, line 33)
FAIL: gfortran.dg/maxval_maxloc_conformance_1.f90 -O (test for errors, line 34)
=== gfortran Summary for unix/-mcmodel=medium ===
# of expected passes 4050
=== gfortran Summary ===
# of expected passes 12150
/export/gnu/import/git/gcc-test-intel64/bld/gcc/testsuite/gfortran/../../gfortran version 5.0.0 20150323 (experimental) [trunk revision 221583] (GCC)
=== objc tests ===
Running target unix/-fpic
=== objc Summary for unix/-fpic ===
# of expected passes 64
Running target unix/-fpic -mcmodel=medium
=== objc Summary for unix/-fpic -mcmodel=medium ===
# of expected passes 64
Running target unix/-mcmodel=medium
=== objc Summary for unix/-mcmodel=medium ===
# of expected passes 64
=== objc Summary ===
# of expected passes 192
/export/gnu/import/git/gcc-test-intel64/bld/gcc/xgcc version 5.0.0 20150323 (experimental) [trunk revision 221583] (GCC)
=== boehm-gc tests ===
Running target unix/-fpic
=== boehm-gc Summary for unix/-fpic ===
# of expected passes 4
Running target unix/-mcmodel=medium
=== boehm-gc Summary for unix/-mcmodel=medium ===
# of expected passes 4
Running target unix/-fpic -mcmodel=medium
=== boehm-gc Summary for unix/-fpic -mcmodel=medium ===
# of expected passes 4
=== boehm-gc Summary ===
# of expected passes 36
# of unsupported tests 3
=== libatomic tests ===
Running target unix/-fpic
=== libatomic Summary for unix/-fpic ===
# of expected passes 54
Running target unix/-mcmodel=medium
=== libatomic Summary for unix/-mcmodel=medium ===
# of expected passes 54
Running target unix/-fpic -mcmodel=medium
=== libatomic Summary for unix/-fpic -mcmodel=medium ===
# of expected passes 54
=== libatomic Summary ===
# of expected passes 162
=== libffi tests ===
Running target unix/-fpic
=== libffi Summary for unix/-fpic ===
# of expected passes 24
Running target unix/-mcmodel=medium
=== libffi Summary for unix/-mcmodel=medium ===
# of expected passes 24
Running target unix/-fpic -mcmodel=medium
=== libffi Summary for unix/-fpic -mcmodel=medium ===
# of expected passes 24
=== libffi Summary ===
# of expected passes 6642
=== libgomp tests ===
Running target unix/-fpic
=== libgomp Summary for unix/-fpic ===
# of expected passes 1192
# of unsupported tests 8
Running target unix/-mcmodel=medium
=== libgomp Summary for unix/-mcmodel=medium ===
# of expected passes 1192
# of unsupported tests 8
Running target unix/-fpic -mcmodel=medium
=== libgomp Summary for unix/-fpic -mcmodel=medium ===
# of expected passes 1192
# of unsupported tests 8
=== libgomp Summary ===
# of expected passes 17292
# of unsupported tests 762
=== libitm tests ===
Running target unix/-fpic
=== libitm Summary for unix/-fpic ===
# of expected passes 4
# of expected failures 1
# of unsupported tests 1
Running target unix/-mcmodel=medium
=== libitm Summary for unix/-mcmodel=medium ===
# of expected passes 4
# of expected failures 1
# of unsupported tests 1
Running target unix/-fpic -mcmodel=medium
=== libitm Summary for unix/-fpic -mcmodel=medium ===
# of expected passes 4
# of expected failures 1
# of unsupported tests 1
=== libitm Summary ===
# of expected passes 78
# of expected failures 9
# of unsupported tests 3
=== libjava tests ===
Running target unix/-fpic
=== libjava Summary for unix/-fpic ===
Running target unix/-mcmodel=medium
=== libjava Summary for unix/-mcmodel=medium ===
Running target unix/-fpic -mcmodel=medium
=== libjava Summary for unix/-fpic -mcmodel=medium ===
=== libjava Summary ===
# of expected passes 7746
# of expected failures 12
=== libstdc++ tests ===
Running target unix/-fpic
=== libstdc++ Summary for unix/-fpic ===
# of expected passes 104
# of unsupported tests 1
Running target unix/-fpic -mcmodel=medium
XPASS: 26_numerics/headers/cmath/c_math.cc execution test
=== libstdc++ Summary for unix/-fpic -mcmodel=medium ===
# of expected passes 104
# of unsupported tests 1
Running target unix/-mcmodel=medium
XPASS: 26_numerics/headers/cmath/c_math.cc execution test
=== libstdc++ Summary for unix/-mcmodel=medium ===
# of expected passes 104
# of unsupported tests 1
=== libstdc++ Summary ===
# of expected passes 312
# of unsupported tests 3
Compiler version: 5.0.0 20150323 (experimental) [trunk revision 221583] (GCC)
Platform: x86_64-unknown-linux-gnu
configure flags: --prefix=/usr/5.0.0 --enable-clocale=gnu --with-system-zlib --enable-shared --with-demangler-in-ld --with-fpmath=sse --enable-languages=c,c++,fortran,java,lto,objc
More information about the Gcc-testresults
mailing list