Results for 5.0.0 20150305 (Thu Mar 5 02:17:52 CST 2015 build.sh rev=1196 s=FCtrunk t=DGREMboard0 NLAe500v2) (GCC) testsuite on powerpc-unknown-linux-gnuspe
rohitarulraj@freescale.com
rohitarulraj@freescale.com
Fri Mar 6 13:58:00 GMT 2015
Native configuration is powerpc-unknown-linux-gnuspe
=== gcc tests ===
Running target perf3board018270
FAIL: gcc.c-torture/execute/pr39228.c -O0 execution test
FAIL: gcc.c-torture/execute/pr39228.c -O1 execution test
FAIL: gcc.c-torture/execute/pr39228.c -O2 execution test
FAIL: gcc.c-torture/execute/pr39228.c -O2 -flto -fno-use-linker-plugin -flto-partition=none execution test
FAIL: gcc.c-torture/execute/pr39228.c -O2 -flto -fuse-linker-plugin -fno-fat-lto-objects execution test
FAIL: gcc.c-torture/execute/pr39228.c -O3 -fomit-frame-pointer execution test
FAIL: gcc.c-torture/execute/pr39228.c -O3 -g execution test
FAIL: gcc.c-torture/execute/pr39228.c -Os execution test
FAIL: gcc.c-torture/execute/scal-to-vec1.c -O0 (test for excess errors)
WARNING: gcc.c-torture/execute/scal-to-vec1.c -O0 compilation failed to produce executable
FAIL: gcc.c-torture/unsorted/dump-noaddr.c.000i.cgraph, -O0 comparison
FAIL: gcc.c-torture/unsorted/dump-noaddr.c.000i.cgraph, -O1 comparison
FAIL: gcc.c-torture/unsorted/dump-noaddr.c.000i.cgraph, -O2 comparison
FAIL: gcc.c-torture/unsorted/dump-noaddr.c.000i.cgraph, -O2 -flto -fno-use-linker-plugin -flto-partition=none comparison
FAIL: gcc.c-torture/unsorted/dump-noaddr.c.000i.cgraph, -O2 -flto -fuse-linker-plugin -fno-fat-lto-objects comparison
FAIL: gcc.c-torture/unsorted/dump-noaddr.c.000i.cgraph, -O3 -fomit-frame-pointer -funroll-all-loops -finline-functions comparison
FAIL: gcc.c-torture/unsorted/dump-noaddr.c.000i.cgraph, -O3 -fomit-frame-pointer -funroll-loops comparison
FAIL: gcc.c-torture/unsorted/dump-noaddr.c.000i.cgraph, -O3 -g comparison
FAIL: gcc.c-torture/unsorted/dump-noaddr.c.000i.cgraph, -Og -g comparison
FAIL: gcc.c-torture/unsorted/dump-noaddr.c.000i.cgraph, -Os comparison
FAIL: gcc.c-torture/unsorted/dump-noaddr.c.013i.visibility, -O0 comparison
FAIL: gcc.c-torture/unsorted/dump-noaddr.c.013i.visibility, -O1 comparison
FAIL: gcc.c-torture/unsorted/dump-noaddr.c.013i.visibility, -O2 comparison
FAIL: gcc.c-torture/unsorted/dump-noaddr.c.013i.visibility, -O2 -flto -fno-use-linker-plugin -flto-partition=none comparison
FAIL: gcc.c-torture/unsorted/dump-noaddr.c.013i.visibility, -O2 -flto -fuse-linker-plugin -fno-fat-lto-objects comparison
FAIL: gcc.c-torture/unsorted/dump-noaddr.c.013i.visibility, -O3 -fomit-frame-pointer -funroll-all-loops -finline-functions comparison
FAIL: gcc.c-torture/unsorted/dump-noaddr.c.013i.visibility, -O3 -fomit-frame-pointer -funroll-loops comparison
FAIL: gcc.c-torture/unsorted/dump-noaddr.c.013i.visibility, -O3 -g comparison
FAIL: gcc.c-torture/unsorted/dump-noaddr.c.013i.visibility, -Og -g comparison
FAIL: gcc.c-torture/unsorted/dump-noaddr.c.013i.visibility, -Os comparison
FAIL: gcc.c-torture/unsorted/dump-noaddr.c.022t.inline_param1, -O0 comparison
FAIL: gcc.c-torture/unsorted/dump-noaddr.c.022t.inline_param1, -O1 comparison
FAIL: gcc.c-torture/unsorted/dump-noaddr.c.022t.inline_param1, -O2 comparison
FAIL: gcc.c-torture/unsorted/dump-noaddr.c.022t.inline_param1, -O2 -flto -fno-use-linker-plugin -flto-partition=none comparison
FAIL: gcc.c-torture/unsorted/dump-noaddr.c.022t.inline_param1, -O2 -flto -fuse-linker-plugin -fno-fat-lto-objects comparison
FAIL: gcc.c-torture/unsorted/dump-noaddr.c.022t.inline_param1, -O3 -fomit-frame-pointer -funroll-all-loops -finline-functions comparison
FAIL: gcc.c-torture/unsorted/dump-noaddr.c.022t.inline_param1, -O3 -fomit-frame-pointer -funroll-loops comparison
FAIL: gcc.c-torture/unsorted/dump-noaddr.c.022t.inline_param1, -O3 -g comparison
FAIL: gcc.c-torture/unsorted/dump-noaddr.c.022t.inline_param1, -Og -g comparison
FAIL: gcc.c-torture/unsorted/dump-noaddr.c.022t.inline_param1, -Os comparison
FAIL: gcc.c-torture/unsorted/dump-noaddr.c.037t.profile_estimate, -O1 comparison
FAIL: gcc.c-torture/unsorted/dump-noaddr.c.037t.profile_estimate, -O2 comparison
FAIL: gcc.c-torture/unsorted/dump-noaddr.c.037t.profile_estimate, -O2 -flto -fno-use-linker-plugin -flto-partition=none comparison
FAIL: gcc.c-torture/unsorted/dump-noaddr.c.037t.profile_estimate, -O2 -flto -fuse-linker-plugin -fno-fat-lto-objects comparison
FAIL: gcc.c-torture/unsorted/dump-noaddr.c.037t.profile_estimate, -O3 -fomit-frame-pointer -funroll-all-loops -finline-functions comparison
FAIL: gcc.c-torture/unsorted/dump-noaddr.c.037t.profile_estimate, -O3 -fomit-frame-pointer -funroll-loops comparison
FAIL: gcc.c-torture/unsorted/dump-noaddr.c.037t.profile_estimate, -O3 -g comparison
FAIL: gcc.c-torture/unsorted/dump-noaddr.c.037t.profile_estimate, -Og -g comparison
FAIL: gcc.c-torture/unsorted/dump-noaddr.c.037t.profile_estimate, -Os comparison
FAIL: gcc.c-torture/unsorted/dump-noaddr.c.040t.release_ssa, -O0 comparison
FAIL: gcc.c-torture/unsorted/dump-noaddr.c.041t.inline_param2, -O0 comparison
FAIL: gcc.c-torture/unsorted/dump-noaddr.c.041t.inline_param2, -O1 comparison
FAIL: gcc.c-torture/unsorted/dump-noaddr.c.041t.inline_param2, -O2 comparison
FAIL: gcc.c-torture/unsorted/dump-noaddr.c.041t.inline_param2, -O2 -flto -fno-use-linker-plugin -flto-partition=none comparison
FAIL: gcc.c-torture/unsorted/dump-noaddr.c.041t.inline_param2, -O2 -flto -fuse-linker-plugin -fno-fat-lto-objects comparison
FAIL: gcc.c-torture/unsorted/dump-noaddr.c.041t.inline_param2, -O3 -fomit-frame-pointer -funroll-all-loops -finline-functions comparison
FAIL: gcc.c-torture/unsorted/dump-noaddr.c.041t.inline_param2, -O3 -fomit-frame-pointer -funroll-loops comparison
FAIL: gcc.c-torture/unsorted/dump-noaddr.c.041t.inline_param2, -O3 -g comparison
FAIL: gcc.c-torture/unsorted/dump-noaddr.c.041t.inline_param2, -Og -g comparison
FAIL: gcc.c-torture/unsorted/dump-noaddr.c.041t.inline_param2, -Os comparison
FAIL: gcc.c-torture/unsorted/dump-noaddr.c.044i.free-inline-summary, -O0 comparison
FAIL: gcc.c-torture/unsorted/dump-noaddr.c.044i.free-inline-summary, -O1 comparison
FAIL: gcc.c-torture/unsorted/dump-noaddr.c.044i.free-inline-summary, -O2 comparison
FAIL: gcc.c-torture/unsorted/dump-noaddr.c.044i.free-inline-summary, -O2 -flto -fno-use-linker-plugin -flto-partition=none comparison
FAIL: gcc.c-torture/unsorted/dump-noaddr.c.044i.free-inline-summary, -O2 -flto -fuse-linker-plugin -fno-fat-lto-objects comparison
FAIL: gcc.c-torture/unsorted/dump-noaddr.c.044i.free-inline-summary, -O3 -fomit-frame-pointer -funroll-all-loops -finline-functions comparison
FAIL: gcc.c-torture/unsorted/dump-noaddr.c.044i.free-inline-summary, -O3 -fomit-frame-pointer -funroll-loops comparison
FAIL: gcc.c-torture/unsorted/dump-noaddr.c.044i.free-inline-summary, -O3 -g comparison
FAIL: gcc.c-torture/unsorted/dump-noaddr.c.044i.free-inline-summary, -Og -g comparison
FAIL: gcc.c-torture/unsorted/dump-noaddr.c.044i.free-inline-summary, -Os comparison
FAIL: gcc.c-torture/unsorted/dump-noaddr.c.050i.whole-program, -O0 comparison
FAIL: gcc.c-torture/unsorted/dump-noaddr.c.050i.whole-program, -O1 comparison
FAIL: gcc.c-torture/unsorted/dump-noaddr.c.050i.whole-program, -O2 comparison
FAIL: gcc.c-torture/unsorted/dump-noaddr.c.050i.whole-program, -O2 -flto -fno-use-linker-plugin -flto-partition=none comparison
FAIL: gcc.c-torture/unsorted/dump-noaddr.c.050i.whole-program, -O3 -fomit-frame-pointer -funroll-all-loops -finline-functions comparison
FAIL: gcc.c-torture/unsorted/dump-noaddr.c.050i.whole-program, -O3 -fomit-frame-pointer -funroll-loops comparison
FAIL: gcc.c-torture/unsorted/dump-noaddr.c.050i.whole-program, -O3 -g comparison
FAIL: gcc.c-torture/unsorted/dump-noaddr.c.050i.whole-program, -Og -g comparison
FAIL: gcc.c-torture/unsorted/dump-noaddr.c.050i.whole-program, -Os comparison
FAIL: gcc.c-torture/unsorted/dump-noaddr.c.053i.devirt, -O2 comparison
FAIL: gcc.c-torture/unsorted/dump-noaddr.c.053i.devirt, -O2 -flto -fno-use-linker-plugin -flto-partition=none comparison
FAIL: gcc.c-torture/unsorted/dump-noaddr.c.053i.devirt, -O3 -fomit-frame-pointer -funroll-all-loops -finline-functions comparison
FAIL: gcc.c-torture/unsorted/dump-noaddr.c.053i.devirt, -O3 -fomit-frame-pointer -funroll-loops comparison
FAIL: gcc.c-torture/unsorted/dump-noaddr.c.053i.devirt, -O3 -g comparison
FAIL: gcc.c-torture/unsorted/dump-noaddr.c.053i.devirt, -Os comparison
FAIL: gcc.c-torture/unsorted/dump-noaddr.c.054i.cp, -O2 comparison
FAIL: gcc.c-torture/unsorted/dump-noaddr.c.054i.cp, -O2 -flto -fno-use-linker-plugin -flto-partition=none comparison
FAIL: gcc.c-torture/unsorted/dump-noaddr.c.054i.cp, -O3 -fomit-frame-pointer -funroll-all-loops -finline-functions comparison
FAIL: gcc.c-torture/unsorted/dump-noaddr.c.054i.cp, -O3 -fomit-frame-pointer -funroll-loops comparison
FAIL: gcc.c-torture/unsorted/dump-noaddr.c.054i.cp, -O3 -g comparison
FAIL: gcc.c-torture/unsorted/dump-noaddr.c.054i.cp, -Os comparison
FAIL: gcc.c-torture/unsorted/dump-noaddr.c.056i.inline, -O0 comparison
FAIL: gcc.c-torture/unsorted/dump-noaddr.c.056i.inline, -O1 comparison
FAIL: gcc.c-torture/unsorted/dump-noaddr.c.056i.inline, -O2 comparison
FAIL: gcc.c-torture/unsorted/dump-noaddr.c.056i.inline, -O2 -flto -fno-use-linker-plugin -flto-partition=none comparison
FAIL: gcc.c-torture/unsorted/dump-noaddr.c.056i.inline, -O2 -flto -fuse-linker-plugin -fno-fat-lto-objects comparison
FAIL: gcc.c-torture/unsorted/dump-noaddr.c.056i.inline, -O3 -fomit-frame-pointer -funroll-all-loops -finline-functions comparison
FAIL: gcc.c-torture/unsorted/dump-noaddr.c.056i.inline, -O3 -fomit-frame-pointer -funroll-loops comparison
FAIL: gcc.c-torture/unsorted/dump-noaddr.c.056i.inline, -O3 -g comparison
FAIL: gcc.c-torture/unsorted/dump-noaddr.c.056i.inline, -Og -g comparison
FAIL: gcc.c-torture/unsorted/dump-noaddr.c.056i.inline, -Os comparison
FAIL: gcc.c-torture/unsorted/dump-noaddr.c.057i.pure-const, -O1 comparison
FAIL: gcc.c-torture/unsorted/dump-noaddr.c.057i.pure-const, -O2 comparison
FAIL: gcc.c-torture/unsorted/dump-noaddr.c.057i.pure-const, -O2 -flto -fno-use-linker-plugin -flto-partition=none comparison
FAIL: gcc.c-torture/unsorted/dump-noaddr.c.057i.pure-const, -O3 -fomit-frame-pointer -funroll-all-loops -finline-functions comparison
FAIL: gcc.c-torture/unsorted/dump-noaddr.c.057i.pure-const, -O3 -fomit-frame-pointer -funroll-loops comparison
FAIL: gcc.c-torture/unsorted/dump-noaddr.c.057i.pure-const, -O3 -g comparison
FAIL: gcc.c-torture/unsorted/dump-noaddr.c.057i.pure-const, -Og -g comparison
FAIL: gcc.c-torture/unsorted/dump-noaddr.c.057i.pure-const, -Os comparison
FAIL: gcc.c-torture/unsorted/dump-noaddr.c.058i.static-var, -O1 comparison
FAIL: gcc.c-torture/unsorted/dump-noaddr.c.058i.static-var, -O2 comparison
FAIL: gcc.c-torture/unsorted/dump-noaddr.c.058i.static-var, -O2 -flto -fno-use-linker-plugin -flto-partition=none comparison
FAIL: gcc.c-torture/unsorted/dump-noaddr.c.058i.static-var, -O3 -fomit-frame-pointer -funroll-all-loops -finline-functions comparison
FAIL: gcc.c-torture/unsorted/dump-noaddr.c.058i.static-var, -O3 -fomit-frame-pointer -funroll-loops comparison
FAIL: gcc.c-torture/unsorted/dump-noaddr.c.058i.static-var, -O3 -g comparison
FAIL: gcc.c-torture/unsorted/dump-noaddr.c.058i.static-var, -Og -g comparison
FAIL: gcc.c-torture/unsorted/dump-noaddr.c.058i.static-var, -Os comparison
FAIL: gcc.c-torture/unsorted/dump-noaddr.c.075t.vrp1, -O2 comparison
FAIL: gcc.c-torture/unsorted/dump-noaddr.c.075t.vrp1, -O2 -flto -fno-use-linker-plugin -flto-partition=none comparison
FAIL: gcc.c-torture/unsorted/dump-noaddr.c.075t.vrp1, -O3 -fomit-frame-pointer comparison
FAIL: gcc.c-torture/unsorted/dump-noaddr.c.075t.vrp1, -O3 -fomit-frame-pointer -funroll-all-loops -finline-functions comparison
FAIL: gcc.c-torture/unsorted/dump-noaddr.c.075t.vrp1, -O3 -fomit-frame-pointer -funroll-loops comparison
FAIL: gcc.c-torture/unsorted/dump-noaddr.c.075t.vrp1, -O3 -g comparison
FAIL: gcc.c-torture/unsorted/dump-noaddr.c.075t.vrp1, -Os comparison
FAIL: gcc.c-torture/unsorted/dump-noaddr.c.084t.ch, -O1 comparison
FAIL: gcc.c-torture/unsorted/dump-noaddr.c.084t.ch, -O2 comparison
FAIL: gcc.c-torture/unsorted/dump-noaddr.c.084t.ch, -O2 -flto -fno-use-linker-plugin -flto-partition=none comparison
FAIL: gcc.c-torture/unsorted/dump-noaddr.c.084t.ch, -O3 -fomit-frame-pointer comparison
FAIL: gcc.c-torture/unsorted/dump-noaddr.c.084t.ch, -O3 -fomit-frame-pointer -funroll-all-loops -finline-functions comparison
FAIL: gcc.c-torture/unsorted/dump-noaddr.c.084t.ch, -O3 -fomit-frame-pointer -funroll-loops comparison
FAIL: gcc.c-torture/unsorted/dump-noaddr.c.084t.ch, -O3 -g comparison
FAIL: gcc.c-torture/unsorted/dump-noaddr.c.108t.loopinit, -O1 comparison
FAIL: gcc.c-torture/unsorted/dump-noaddr.c.108t.loopinit, -O2 comparison
FAIL: gcc.c-torture/unsorted/dump-noaddr.c.108t.loopinit, -O2 -flto -fno-use-linker-plugin -flto-partition=none comparison
FAIL: gcc.c-torture/unsorted/dump-noaddr.c.108t.loopinit, -O3 -fomit-frame-pointer comparison
FAIL: gcc.c-torture/unsorted/dump-noaddr.c.108t.loopinit, -O3 -fomit-frame-pointer -funroll-all-loops -finline-functions comparison
FAIL: gcc.c-torture/unsorted/dump-noaddr.c.108t.loopinit, -O3 -fomit-frame-pointer -funroll-loops comparison
FAIL: gcc.c-torture/unsorted/dump-noaddr.c.108t.loopinit, -O3 -g comparison
FAIL: gcc.c-torture/unsorted/dump-noaddr.c.108t.loopinit, -Os comparison
FAIL: gcc.c-torture/unsorted/dump-noaddr.c.126t.vect, -O3 -fomit-frame-pointer comparison
FAIL: gcc.c-torture/unsorted/dump-noaddr.c.126t.vect, -O3 -fomit-frame-pointer -funroll-all-loops -finline-functions comparison
FAIL: gcc.c-torture/unsorted/dump-noaddr.c.126t.vect, -O3 -fomit-frame-pointer -funroll-loops comparison
FAIL: gcc.c-torture/unsorted/dump-noaddr.c.126t.vect, -O3 -g comparison
FAIL: gcc.c-torture/unsorted/dump-noaddr.c.144t.vrp2, -O2 comparison
FAIL: gcc.c-torture/unsorted/dump-noaddr.c.144t.vrp2, -O2 -flto -fno-use-linker-plugin -flto-partition=none comparison
FAIL: gcc.c-torture/unsorted/dump-noaddr.c.144t.vrp2, -O3 -fomit-frame-pointer comparison
FAIL: gcc.c-torture/unsorted/dump-noaddr.c.144t.vrp2, -O3 -fomit-frame-pointer -funroll-all-loops -finline-functions comparison
FAIL: gcc.c-torture/unsorted/dump-noaddr.c.144t.vrp2, -O3 -fomit-frame-pointer -funroll-loops comparison
FAIL: gcc.c-torture/unsorted/dump-noaddr.c.144t.vrp2, -O3 -g comparison
FAIL: gcc.c-torture/unsorted/dump-noaddr.c.144t.vrp2, -Os comparison
FAIL: c-c++-common/asan/misalign-1.c -O0 output pattern test, is =================================================================
FAIL: c-c++-common/asan/misalign-1.c -O1 output pattern test, is =================================================================
FAIL: c-c++-common/asan/misalign-1.c -O2 output pattern test, is =================================================================
FAIL: c-c++-common/asan/misalign-1.c -O2 -flto -fno-use-linker-plugin -flto-partition=none output pattern test, is =================================================================
FAIL: c-c++-common/asan/misalign-1.c -O2 -flto -fuse-linker-plugin -fno-fat-lto-objects output pattern test, is =================================================================
FAIL: c-c++-common/asan/misalign-1.c -O3 -fomit-frame-pointer output pattern test, is =================================================================
FAIL: c-c++-common/asan/misalign-1.c -O3 -g output pattern test, is =================================================================
FAIL: c-c++-common/asan/misalign-1.c -Os output pattern test, is =================================================================
FAIL: c-c++-common/asan/misalign-2.c -O0 output pattern test, is =================================================================
FAIL: c-c++-common/asan/misalign-2.c -O1 output pattern test, is =================================================================
FAIL: c-c++-common/asan/misalign-2.c -O2 output pattern test, is =================================================================
FAIL: c-c++-common/asan/misalign-2.c -O2 -flto -fno-use-linker-plugin -flto-partition=none output pattern test, is =================================================================
FAIL: c-c++-common/asan/misalign-2.c -O2 -flto -fuse-linker-plugin -fno-fat-lto-objects output pattern test, is =================================================================
FAIL: c-c++-common/asan/misalign-2.c -O3 -fomit-frame-pointer output pattern test, is =================================================================
FAIL: c-c++-common/asan/misalign-2.c -O3 -g output pattern test, is =================================================================
FAIL: c-c++-common/asan/misalign-2.c -Os output pattern test, is =================================================================
FAIL: c-c++-common/asan/null-deref-1.c -O0 output pattern test, is ASAN:SIGSEGV
FAIL: c-c++-common/asan/null-deref-1.c -O1 output pattern test, is ASAN:SIGSEGV
FAIL: c-c++-common/asan/null-deref-1.c -O2 output pattern test, is ASAN:SIGSEGV
FAIL: c-c++-common/asan/null-deref-1.c -O2 -flto -fno-use-linker-plugin -flto-partition=none output pattern test, is ASAN:SIGSEGV
FAIL: c-c++-common/asan/null-deref-1.c -O2 -flto -fuse-linker-plugin -fno-fat-lto-objects output pattern test, is ASAN:SIGSEGV
FAIL: c-c++-common/asan/null-deref-1.c -O3 -fomit-frame-pointer output pattern test, is ASAN:SIGSEGV
FAIL: c-c++-common/asan/null-deref-1.c -O3 -g output pattern test, is ASAN:SIGSEGV
FAIL: c-c++-common/asan/null-deref-1.c -Os output pattern test, is ASAN:SIGSEGV
FAIL: gcc.dg/atomic/c11-atomic-exec-2.c -O3 -fomit-frame-pointer -funroll-loops execution test
FAIL: gcc.dg/atomic/c11-atomic-exec-3.c -O3 -g (test for excess errors)
WARNING: gcc.dg/atomic/c11-atomic-exec-3.c -O3 -g compilation failed to produce executable
WARNING: program timed out.
WARNING: Could not execute gcc.dg/compat/struct-layout-1 generator
WARNING: Could not execute gcc.dg/compat/struct-layout-1 generator
FAIL: gcc.dg/cpp/_Pragma3.c (test for excess errors)
FAIL: gcc.dg/c11-complex-1.c execution test
FAIL: gcc.dg/c11-true_min-1.c execution test
FAIL: gcc.dg/optimize-bswapdi-3.c scan-tree-dump-times bswap "64 bit bswap implementation found at" 3
FAIL: gcc.dg/optimize-bswaphi-1.c scan-tree-dump-times bswap "16 bit bswap implementation found at" 4
FAIL: gcc.dg/optimize-bswapsi-2.c scan-tree-dump-times bswap "32 bit bswap implementation found at" 3
FAIL: gcc.dg/pr28796-2.c execution test
UNRESOLVED: gcc.dg/pr47793.c scan-file .
FAIL: gcc.dg/pr56837.c (test for excess errors)
UNRESOLVED: gcc.dg/pr56837.c scan-tree-dump-times optimized "memset ..b, 1, 1024.;" 1
UNRESOLVED: gcc.dg/pr56837.c scan-tree-dump-times optimized "memset ..c, 68, 16384.;" 1
UNRESOLVED: gcc.dg/pr56837.c scan-tree-dump-times optimized "memset ..d, 68, 8192.;" 1
UNRESOLVED: gcc.dg/pr56837.c scan-tree-dump-times optimized "memset ..l, 124, 8192.;" 1
UNRESOLVED: gcc.dg/pr56837.c scan-tree-dump-times optimized "memset ..v, 18, 16384.;" 1
FAIL: gcc.dg/pr57233.c execution test
FAIL: gcc.dg/predict-1.c scan-tree-dump-times profile_estimate "loop iv compare heuristics: 0.0%" 5
FAIL: gcc.dg/predict-3.c scan-tree-dump-times profile_estimate "loop iv compare heuristics: 100.0%" 4
FAIL: gcc.dg/predict-4.c scan-tree-dump profile_estimate "loop iv compare heuristics: 50.0%"
FAIL: gcc.dg/predict-5.c scan-tree-dump-times profile_estimate "loop iv compare heuristics: 100.0%" 4
FAIL: gcc.dg/predict-6.c scan-tree-dump-times profile_estimate "loop iv compare heuristics: 0.0%" 4
FAIL: gcc.dg/sms-8.c scan-rtl-dump-times sms "SMS succeeded" 0
FAIL: gcc.dg/graphite/block-0.c (internal compiler error)
FAIL: gcc.dg/graphite/block-0.c (test for excess errors)
WARNING: gcc.dg/graphite/block-0.c compilation failed to produce executable
FAIL: gcc.dg/graphite/block-1.c (internal compiler error)
FAIL: gcc.dg/graphite/block-1.c (test for excess errors)
WARNING: gcc.dg/graphite/block-1.c compilation failed to produce executable
FAIL: gcc.dg/graphite/block-1.c scan-tree-dump-times graphite "will be loop blocked" 3
FAIL: gcc.dg/graphite/block-5.c (internal compiler error)
FAIL: gcc.dg/graphite/block-5.c (test for excess errors)
WARNING: gcc.dg/graphite/block-5.c compilation failed to produce executable
FAIL: gcc.dg/graphite/block-5.c scan-tree-dump-times graphite "will be loop blocked" 1
FAIL: gcc.dg/graphite/block-6.c (internal compiler error)
FAIL: gcc.dg/graphite/block-6.c (test for excess errors)
WARNING: gcc.dg/graphite/block-6.c compilation failed to produce executable
FAIL: gcc.dg/graphite/id-1.c (internal compiler error)
FAIL: gcc.dg/graphite/id-1.c (test for excess errors)
FAIL: gcc.dg/graphite/id-10.c (internal compiler error)
FAIL: gcc.dg/graphite/id-10.c (test for excess errors)
FAIL: gcc.dg/graphite/id-11.c (internal compiler error)
FAIL: gcc.dg/graphite/id-11.c (test for excess errors)
FAIL: gcc.dg/graphite/id-12.c (internal compiler error)
FAIL: gcc.dg/graphite/id-12.c (test for excess errors)
FAIL: gcc.dg/graphite/id-13.c (internal compiler error)
FAIL: gcc.dg/graphite/id-13.c (test for excess errors)
FAIL: gcc.dg/graphite/id-14.c (internal compiler error)
FAIL: gcc.dg/graphite/id-14.c (test for excess errors)
FAIL: gcc.dg/graphite/id-15.c (internal compiler error)
FAIL: gcc.dg/graphite/id-15.c (test for excess errors)
FAIL: gcc.dg/graphite/id-16.c (internal compiler error)
FAIL: gcc.dg/graphite/id-16.c (test for excess errors)
FAIL: gcc.dg/graphite/id-22.c (internal compiler error)
FAIL: gcc.dg/graphite/id-22.c (test for excess errors)
FAIL: gcc.dg/graphite/id-23.c (internal compiler error)
FAIL: gcc.dg/graphite/id-23.c (test for excess errors)
FAIL: gcc.dg/graphite/id-24.c (internal compiler error)
FAIL: gcc.dg/graphite/id-24.c (test for excess errors)
FAIL: gcc.dg/graphite/id-25.c (internal compiler error)
FAIL: gcc.dg/graphite/id-25.c (test for excess errors)
FAIL: gcc.dg/graphite/id-4.c (internal compiler error)
FAIL: gcc.dg/graphite/id-4.c (test for excess errors)
FAIL: gcc.dg/graphite/id-pr44676.c (internal compiler error)
FAIL: gcc.dg/graphite/id-pr44676.c (test for excess errors)
FAIL: gcc.dg/graphite/id-pr46845.c (internal compiler error)
FAIL: gcc.dg/graphite/id-pr46845.c (test for excess errors)
FAIL: gcc.dg/graphite/id-pr47046.c (internal compiler error)
FAIL: gcc.dg/graphite/id-pr47046.c (test for excess errors)
FAIL: gcc.dg/graphite/id-pr48805.c (internal compiler error)
FAIL: gcc.dg/graphite/id-pr48805.c (test for excess errors)
FAIL: gcc.dg/graphite/interchange-0.c (internal compiler error)
FAIL: gcc.dg/graphite/interchange-0.c (test for excess errors)
WARNING: gcc.dg/graphite/interchange-0.c compilation failed to produce executable
FAIL: gcc.dg/graphite/interchange-0.c scan-tree-dump-times graphite "will be interchanged" 1
FAIL: gcc.dg/graphite/interchange-1.c (internal compiler error)
FAIL: gcc.dg/graphite/interchange-1.c (test for excess errors)
WARNING: gcc.dg/graphite/interchange-1.c compilation failed to produce executable
FAIL: gcc.dg/graphite/interchange-1.c scan-tree-dump-times graphite "will be interchanged" 1
FAIL: gcc.dg/graphite/interchange-10.c (internal compiler error)
FAIL: gcc.dg/graphite/interchange-10.c (test for excess errors)
WARNING: gcc.dg/graphite/interchange-10.c compilation failed to produce executable
FAIL: gcc.dg/graphite/interchange-10.c scan-tree-dump-times graphite "will be interchanged" 2
FAIL: gcc.dg/graphite/interchange-11.c (internal compiler error)
FAIL: gcc.dg/graphite/interchange-11.c (test for excess errors)
WARNING: gcc.dg/graphite/interchange-11.c compilation failed to produce executable
FAIL: gcc.dg/graphite/interchange-11.c scan-tree-dump-times graphite "will be interchanged" 1
FAIL: gcc.dg/graphite/interchange-12.c (internal compiler error)
FAIL: gcc.dg/graphite/interchange-12.c (test for excess errors)
WARNING: gcc.dg/graphite/interchange-12.c compilation failed to produce executable
FAIL: gcc.dg/graphite/interchange-12.c scan-tree-dump-times graphite "will be interchanged" 1
FAIL: gcc.dg/graphite/interchange-13.c (internal compiler error)
FAIL: gcc.dg/graphite/interchange-13.c (test for excess errors)
WARNING: gcc.dg/graphite/interchange-13.c compilation failed to produce executable
FAIL: gcc.dg/graphite/interchange-13.c scan-tree-dump-times graphite "will be interchanged" 1
FAIL: gcc.dg/graphite/interchange-14.c (internal compiler error)
FAIL: gcc.dg/graphite/interchange-14.c (test for excess errors)
WARNING: gcc.dg/graphite/interchange-14.c compilation failed to produce executable
FAIL: gcc.dg/graphite/interchange-14.c scan-tree-dump-times graphite "will be interchanged" 1
FAIL: gcc.dg/graphite/interchange-15.c (internal compiler error)
FAIL: gcc.dg/graphite/interchange-15.c (test for excess errors)
WARNING: gcc.dg/graphite/interchange-15.c compilation failed to produce executable
FAIL: gcc.dg/graphite/interchange-15.c scan-tree-dump-times graphite "will be interchanged" 1
FAIL: gcc.dg/graphite/interchange-3.c (internal compiler error)
FAIL: gcc.dg/graphite/interchange-3.c (test for excess errors)
WARNING: gcc.dg/graphite/interchange-3.c compilation failed to produce executable
FAIL: gcc.dg/graphite/interchange-3.c scan-tree-dump-times graphite "will be interchanged" 1
FAIL: gcc.dg/graphite/interchange-4.c (internal compiler error)
FAIL: gcc.dg/graphite/interchange-4.c (test for excess errors)
WARNING: gcc.dg/graphite/interchange-4.c compilation failed to produce executable
FAIL: gcc.dg/graphite/interchange-4.c scan-tree-dump-times graphite "will be interchanged" 1
FAIL: gcc.dg/graphite/interchange-5.c (internal compiler error)
FAIL: gcc.dg/graphite/interchange-5.c (test for excess errors)
WARNING: gcc.dg/graphite/interchange-5.c compilation failed to produce executable
FAIL: gcc.dg/graphite/interchange-5.c scan-tree-dump-times graphite "will be interchanged" 1
FAIL: gcc.dg/graphite/interchange-6.c (internal compiler error)
FAIL: gcc.dg/graphite/interchange-6.c (test for excess errors)
WARNING: gcc.dg/graphite/interchange-6.c compilation failed to produce executable
FAIL: gcc.dg/graphite/interchange-6.c scan-tree-dump-times graphite "will be interchanged" 1
FAIL: gcc.dg/graphite/interchange-7.c (internal compiler error)
FAIL: gcc.dg/graphite/interchange-7.c (test for excess errors)
WARNING: gcc.dg/graphite/interchange-7.c compilation failed to produce executable
FAIL: gcc.dg/graphite/interchange-7.c scan-tree-dump-times graphite "will be interchanged" 1
FAIL: gcc.dg/graphite/interchange-8.c (internal compiler error)
FAIL: gcc.dg/graphite/interchange-8.c (test for excess errors)
WARNING: gcc.dg/graphite/interchange-8.c compilation failed to produce executable
FAIL: gcc.dg/graphite/interchange-8.c scan-tree-dump-times graphite "will be interchanged" 2
FAIL: gcc.dg/graphite/interchange-9.c (internal compiler error)
FAIL: gcc.dg/graphite/interchange-9.c (test for excess errors)
WARNING: gcc.dg/graphite/interchange-9.c compilation failed to produce executable
FAIL: gcc.dg/graphite/interchange-9.c scan-tree-dump-times graphite "will be interchanged" 1
FAIL: gcc.dg/graphite/interchange-mvt.c (internal compiler error)
FAIL: gcc.dg/graphite/interchange-mvt.c (test for excess errors)
WARNING: gcc.dg/graphite/interchange-mvt.c compilation failed to produce executable
FAIL: gcc.dg/graphite/interchange-mvt.c scan-tree-dump-times graphite "will be interchanged" 1
FAIL: gcc.dg/graphite/isl-ast-gen-blocks-1.c (internal compiler error)
FAIL: gcc.dg/graphite/isl-ast-gen-blocks-1.c (test for excess errors)
WARNING: gcc.dg/graphite/isl-ast-gen-blocks-1.c compilation failed to produce executable
FAIL: gcc.dg/graphite/isl-ast-gen-blocks-2.c (internal compiler error)
FAIL: gcc.dg/graphite/isl-ast-gen-blocks-2.c (test for excess errors)
WARNING: gcc.dg/graphite/isl-ast-gen-blocks-2.c compilation failed to produce executable
FAIL: gcc.dg/graphite/isl-ast-gen-blocks-3.c (internal compiler error)
FAIL: gcc.dg/graphite/isl-ast-gen-blocks-3.c (test for excess errors)
WARNING: gcc.dg/graphite/isl-ast-gen-blocks-3.c compilation failed to produce executable
FAIL: gcc.dg/graphite/isl-ast-gen-blocks-4.c (internal compiler error)
FAIL: gcc.dg/graphite/isl-ast-gen-blocks-4.c (test for excess errors)
WARNING: gcc.dg/graphite/isl-ast-gen-blocks-4.c compilation failed to produce executable
FAIL: gcc.dg/graphite/isl-ast-gen-if-1.c (internal compiler error)
FAIL: gcc.dg/graphite/isl-ast-gen-if-1.c (test for excess errors)
WARNING: gcc.dg/graphite/isl-ast-gen-if-1.c compilation failed to produce executable
FAIL: gcc.dg/graphite/isl-ast-gen-if-2.c (internal compiler error)
FAIL: gcc.dg/graphite/isl-ast-gen-if-2.c (test for excess errors)
WARNING: gcc.dg/graphite/isl-ast-gen-if-2.c compilation failed to produce executable
FAIL: gcc.dg/graphite/isl-ast-gen-single-loop-1.c (internal compiler error)
FAIL: gcc.dg/graphite/isl-ast-gen-single-loop-1.c (test for excess errors)
WARNING: gcc.dg/graphite/isl-ast-gen-single-loop-1.c compilation failed to produce executable
FAIL: gcc.dg/graphite/isl-ast-gen-single-loop-2.c (internal compiler error)
FAIL: gcc.dg/graphite/isl-ast-gen-single-loop-2.c (test for excess errors)
WARNING: gcc.dg/graphite/isl-ast-gen-single-loop-2.c compilation failed to produce executable
FAIL: gcc.dg/graphite/isl-ast-gen-single-loop-3.c (internal compiler error)
FAIL: gcc.dg/graphite/isl-ast-gen-single-loop-3.c (test for excess errors)
WARNING: gcc.dg/graphite/isl-ast-gen-single-loop-3.c compilation failed to produce executable
FAIL: gcc.dg/graphite/isl-ast-gen-user-1.c (internal compiler error)
FAIL: gcc.dg/graphite/isl-ast-gen-user-1.c (test for excess errors)
FAIL: gcc.dg/graphite/isl-codegen-loop-dumping.c (internal compiler error)
FAIL: gcc.dg/graphite/isl-codegen-loop-dumping.c (test for excess errors)
FAIL: gcc.dg/graphite/isl-codegen-loop-dumping.c scan-tree-dump-times graphite "ISL AST generated by ISL: \\nfor \\\\(int c1 = 0; c1 < n - 1; c1 \\\\+= 1\\\\)\\n for \\\\(int c3 = 0; c3 < n; c3 \\\\+= 1\\\\)\\n S_4\\\\(c1, c3\\\\);" 1
FAIL: gcc.dg/graphite/pr29581-1.c (internal compiler error)
FAIL: gcc.dg/graphite/pr29581-1.c (test for excess errors)
WARNING: gcc.dg/graphite/pr29581-1.c compilation failed to produce executable
FAIL: gcc.dg/graphite/pr29581-2.c (internal compiler error)
FAIL: gcc.dg/graphite/pr29581-2.c (test for excess errors)
WARNING: gcc.dg/graphite/pr29581-2.c compilation failed to produce executable
FAIL: gcc.dg/graphite/pr29581-3.c (internal compiler error)
FAIL: gcc.dg/graphite/pr29581-3.c (test for excess errors)
WARNING: gcc.dg/graphite/pr29581-3.c compilation failed to produce executable
FAIL: gcc.dg/graphite/pr29581-4.c (internal compiler error)
FAIL: gcc.dg/graphite/pr29581-4.c (test for excess errors)
WARNING: gcc.dg/graphite/pr29581-4.c compilation failed to produce executable
FAIL: gcc.dg/graphite/pr34016.c (internal compiler error)
FAIL: gcc.dg/graphite/pr34016.c (test for excess errors)
FAIL: gcc.dg/graphite/pr35356-1.c (internal compiler error)
FAIL: gcc.dg/graphite/pr35356-1.c (test for excess errors)
FAIL: gcc.dg/graphite/pr35356-2.c (internal compiler error)
FAIL: gcc.dg/graphite/pr35356-2.c (test for excess errors)
FAIL: gcc.dg/graphite/pr37686.c (internal compiler error)
FAIL: gcc.dg/graphite/pr37686.c (test for excess errors)
FAIL: gcc.dg/graphite/pr38073.c (internal compiler error)
FAIL: gcc.dg/graphite/pr38073.c (test for excess errors)
FAIL: gcc.dg/graphite/pr38125.c (internal compiler error)
FAIL: gcc.dg/graphite/pr38125.c (test for excess errors)
FAIL: gcc.dg/graphite/pr38786.c (internal compiler error)
FAIL: gcc.dg/graphite/pr38786.c (test for excess errors)
FAIL: gcc.dg/graphite/pr40157.c (internal compiler error)
FAIL: gcc.dg/graphite/pr40157.c (test for excess errors)
FAIL: gcc.dg/graphite/pr41888.c (internal compiler error)
FAIL: gcc.dg/graphite/pr41888.c (test for excess errors)
FAIL: gcc.dg/graphite/pr42521.c (internal compiler error)
FAIL: gcc.dg/graphite/pr42521.c (test for excess errors)
FAIL: gcc.dg/graphite/pr42771.c (internal compiler error)
FAIL: gcc.dg/graphite/pr42771.c (test for excess errors)
FAIL: gcc.dg/graphite/pr42914.c (internal compiler error)
FAIL: gcc.dg/graphite/pr42914.c (test for excess errors)
FAIL: gcc.dg/graphite/pr46185.c (internal compiler error)
FAIL: gcc.dg/graphite/pr46185.c (test for excess errors)
WARNING: gcc.dg/graphite/pr46185.c compilation failed to produce executable
FAIL: gcc.dg/graphite/pr50561.c (internal compiler error)
FAIL: gcc.dg/graphite/pr50561.c (test for excess errors)
FAIL: gcc.dg/graphite/pr54094.c (internal compiler error)
FAIL: gcc.dg/graphite/pr54094.c (test for excess errors)
FAIL: gcc.dg/graphite/pr55022.c (internal compiler error)
FAIL: gcc.dg/graphite/pr55022.c (test for excess errors)
WARNING: gcc.dg/graphite/pr55022.c compilation failed to produce executable
FAIL: gcc.dg/graphite/run-id-1.c (internal compiler error)
FAIL: gcc.dg/graphite/run-id-1.c (test for excess errors)
WARNING: gcc.dg/graphite/run-id-1.c compilation failed to produce executable
FAIL: gcc.dg/graphite/run-id-3.c (internal compiler error)
FAIL: gcc.dg/graphite/run-id-3.c (test for excess errors)
WARNING: gcc.dg/graphite/run-id-3.c compilation failed to produce executable
FAIL: gcc.dg/graphite/run-id-5.c (internal compiler error)
FAIL: gcc.dg/graphite/run-id-5.c (test for excess errors)
WARNING: gcc.dg/graphite/run-id-5.c compilation failed to produce executable
FAIL: gcc.dg/graphite/run-id-6.c (internal compiler error)
FAIL: gcc.dg/graphite/run-id-6.c (test for excess errors)
WARNING: gcc.dg/graphite/run-id-6.c compilation failed to produce executable
FAIL: gcc.dg/graphite/run-id-pr42644.c (internal compiler error)
FAIL: gcc.dg/graphite/run-id-pr42644.c (test for excess errors)
WARNING: gcc.dg/graphite/run-id-pr42644.c compilation failed to produce executable
FAIL: gcc.dg/graphite/run-id-pr46758.c (internal compiler error)
FAIL: gcc.dg/graphite/run-id-pr46758.c (test for excess errors)
WARNING: gcc.dg/graphite/run-id-pr46758.c compilation failed to produce executable
FAIL: gcc.dg/ipa/iinline-1.c (internal compiler error)
FAIL: gcc.dg/ipa/iinline-1.c (test for excess errors)
FAIL: gcc.dg/ipa/iinline-1.c scan-ipa-dump inline "hooray[^\\\\n]*inline copy in test"
FAIL: gcc.dg/ipa/iinline-1.c scan-ipa-dump inline "indirect_call"
FAIL: gcc.dg/ipa/inline-1.c scan-ipa-dump inline "op2 change 10.000000. of time"
FAIL: gcc.dg/ipa/inline-1.c scan-ipa-dump inline "op3 change 10.000000. of time"
FAIL: gcc.dg/ipa/inline-1.c scan-ipa-dump inline "op4 change 10.000000. of time"
FAIL: gcc.dg/ipa/inline-1.c scan-ipa-dump inline "op5 change 10.000000. of time"
FAIL: gcc.dg/ipa/inline-2.c scan-ipa-dump inline "op2 change 10.000000. of time"
FAIL: gcc.dg/ipa/inline-2.c scan-ipa-dump inline "op3 change 1.000000. of time"
FAIL: gcc.dg/ipa/inline-3.c (internal compiler error)
FAIL: gcc.dg/ipa/inline-3.c (test for excess errors)
FAIL: gcc.dg/ipa/inline-3.c scan-ipa-dump inline "Scaling time by probability:0.100000"
FAIL: gcc.dg/ipa/inline-5.c (internal compiler error)
FAIL: gcc.dg/ipa/inline-5.c (test for excess errors)
FAIL: gcc.dg/ipa/inline-5.c scan-ipa-dump-times inline "50. will be eliminated" 1
FAIL: gcc.dg/ipa/inline-5.c scan-ipa-dump-times inline "Will be eliminated" 4
FAIL: gcc.dg/ipa/inline-6.c (internal compiler error)
FAIL: gcc.dg/ipa/inline-6.c (test for excess errors)
FAIL: gcc.dg/ipa/inline-6.c scan-ipa-dump-times inline "Inlined into" 2
FAIL: gcc.dg/ipa/inlinehint-1.c (internal compiler error)
FAIL: gcc.dg/ipa/inlinehint-1.c (test for excess errors)
FAIL: gcc.dg/ipa/inlinehint-1.c scan-ipa-dump inline "loop_iterations"
FAIL: gcc.dg/ipa/inlinehint-2.c (internal compiler error)
FAIL: gcc.dg/ipa/inlinehint-2.c (test for excess errors)
FAIL: gcc.dg/ipa/inlinehint-2.c scan-ipa-dump inline "loop_stride"
FAIL: gcc.dg/ipa/inlinehint-3.c (internal compiler error)
FAIL: gcc.dg/ipa/inlinehint-3.c (test for excess errors)
FAIL: gcc.dg/ipa/inlinehint-3.c scan-ipa-dump inline "in_scc"
FAIL: gcc.dg/ipa/inlinehint-3.c scan-ipa-dump inline "same_scc"
FAIL: gcc.dg/ipa/inlinehint-3.c scan-ipa-dump-times inline "In SCC" 2
FAIL: gcc.dg/ipa/ipa-sra-1.c (internal compiler error)
FAIL: gcc.dg/ipa/ipa-sra-1.c (test for excess errors)
WARNING: gcc.dg/ipa/ipa-sra-1.c compilation failed to produce executable
FAIL: gcc.dg/ipa/ipa-sra-2.c (internal compiler error)
FAIL: gcc.dg/ipa/ipa-sra-2.c (test for excess errors)
FAIL: gcc.dg/ipa/ipa-sra-2.c scan-tree-dump eipa_sra "About to replace expr calf_.*D.->green with ISRA"
FAIL: gcc.dg/ipa/ipa-sra-2.c scan-tree-dump eipa_sra "About to replace expr calf_.*D.->red with \\\\*ISRA"
FAIL: gcc.dg/ipa/ipa-sra-3.c (internal compiler error)
FAIL: gcc.dg/ipa/ipa-sra-3.c (test for excess errors)
FAIL: gcc.dg/ipa/ipa-sra-4.c (internal compiler error)
FAIL: gcc.dg/ipa/ipa-sra-4.c (test for excess errors)
FAIL: gcc.dg/ipa/ipa-sra-4.c scan-tree-dump eipa_sra "About to replace expr \\\\*l_.*D. with ISRA"
FAIL: gcc.dg/ipa/ipcp-agg-3.c (internal compiler error)
FAIL: gcc.dg/ipa/ipcp-agg-3.c (test for excess errors)
FAIL: gcc.dg/ipa/ipcp-agg-3.c scan-ipa-dump-times cp "Aggregate replacements: 0" 2
FAIL: gcc.dg/ipa/ipcp-agg-3.c scan-ipa-dump-times cp "Aggregate replacements: 1" 2
UNRESOLVED: gcc.dg/ipa/ipcp-agg-3.c scan-tree-dump-not optimized "->c;"
FAIL: gcc.dg/ipa/ipcp-agg-7.c (internal compiler error)
FAIL: gcc.dg/ipa/ipcp-agg-7.c (test for excess errors)
FAIL: gcc.dg/ipa/ipcp-agg-7.c scan-ipa-dump-times cp "Clone of bar" 1
FAIL: gcc.dg/ipa/ipcp-agg-7.c scan-ipa-dump-times cp "Clone of foo" 1
UNRESOLVED: gcc.dg/ipa/ipcp-agg-7.c scan-tree-dump-not optimized "->c;"
FAIL: gcc.dg/ipa/remref-1b.c (internal compiler error)
FAIL: gcc.dg/ipa/remref-1b.c (test for excess errors)
FAIL: gcc.dg/ipa/remref-1b.c scan-ipa-dump cp "removing its cloning-created reference"
FAIL: gcc.dg/ipa/remref-1b.c scan-ipa-dump inline "ipa-prop: Removed a reference"
UNRESOLVED: gcc.dg/ipa/remref-1b.c scan-tree-dump-not optimized "hooray"
FAIL: gcc.dg/ipa/remref-2b.c (internal compiler error)
FAIL: gcc.dg/ipa/remref-2b.c (test for excess errors)
FAIL: gcc.dg/ipa/remref-2b.c scan-ipa-dump inline "ipa-prop: Removed a reference"
FAIL: gcc.dg/ipa/remref-2b.c scan-ipa-dump-times cp "removing its cloning-created reference" 2
FAIL: gcc.dg/ipa/remref-2b.c scan-ipa-dump-times inline "ipa-prop: Removing cloning-created reference" 2
UNRESOLVED: gcc.dg/ipa/remref-2b.c scan-tree-dump-not optimized "hooray"
FAIL: c-c++-common/torture/complex-sign-add.c -O0 execution test
FAIL: c-c++-common/torture/complex-sign-add.c -O1 execution test
FAIL: c-c++-common/torture/complex-sign-add.c -O2 execution test
FAIL: c-c++-common/torture/complex-sign-add.c -O2 -flto -fno-use-linker-plugin -flto-partition=none execution test
FAIL: c-c++-common/torture/complex-sign-add.c -O2 -flto -fuse-linker-plugin -fno-fat-lto-objects execution test
FAIL: c-c++-common/torture/complex-sign-add.c -O3 -fomit-frame-pointer execution test
FAIL: c-c++-common/torture/complex-sign-add.c -O3 -fomit-frame-pointer -funroll-all-loops -finline-functions execution test
FAIL: c-c++-common/torture/complex-sign-add.c -O3 -fomit-frame-pointer -funroll-loops execution test
FAIL: c-c++-common/torture/complex-sign-add.c -O3 -g execution test
FAIL: c-c++-common/torture/complex-sign-add.c -Os execution test
FAIL: c-c++-common/torture/complex-sign-mixed-add.c -O0 execution test
FAIL: c-c++-common/torture/complex-sign-mixed-add.c -O1 execution test
FAIL: c-c++-common/torture/complex-sign-mixed-add.c -O2 execution test
FAIL: c-c++-common/torture/complex-sign-mixed-add.c -O2 -flto -fno-use-linker-plugin -flto-partition=none execution test
FAIL: c-c++-common/torture/complex-sign-mixed-add.c -O2 -flto -fuse-linker-plugin -fno-fat-lto-objects execution test
FAIL: c-c++-common/torture/complex-sign-mixed-add.c -O3 -fomit-frame-pointer execution test
FAIL: c-c++-common/torture/complex-sign-mixed-add.c -O3 -fomit-frame-pointer -funroll-all-loops -finline-functions execution test
FAIL: c-c++-common/torture/complex-sign-mixed-add.c -O3 -fomit-frame-pointer -funroll-loops execution test
FAIL: c-c++-common/torture/complex-sign-mixed-add.c -O3 -g execution test
FAIL: c-c++-common/torture/complex-sign-mixed-add.c -Os execution test
FAIL: c-c++-common/torture/complex-sign-mixed-div.c -O3 -fomit-frame-pointer -funroll-all-loops -finline-functions execution test
FAIL: c-c++-common/torture/complex-sign-mixed-div.c -O3 -fomit-frame-pointer -funroll-loops execution test
FAIL: c-c++-common/torture/complex-sign-mixed-mul.c -O3 -fomit-frame-pointer -funroll-all-loops -finline-functions execution test
FAIL: c-c++-common/torture/complex-sign-mixed-mul.c -O3 -fomit-frame-pointer -funroll-loops execution test
FAIL: c-c++-common/torture/complex-sign-mixed-sub.c -O0 execution test
FAIL: c-c++-common/torture/complex-sign-mixed-sub.c -O1 execution test
FAIL: c-c++-common/torture/complex-sign-mixed-sub.c -O2 execution test
FAIL: c-c++-common/torture/complex-sign-mixed-sub.c -O2 -flto -fno-use-linker-plugin -flto-partition=none execution test
FAIL: c-c++-common/torture/complex-sign-mixed-sub.c -O2 -flto -fuse-linker-plugin -fno-fat-lto-objects execution test
FAIL: c-c++-common/torture/complex-sign-mixed-sub.c -O3 -fomit-frame-pointer execution test
FAIL: c-c++-common/torture/complex-sign-mixed-sub.c -O3 -fomit-frame-pointer -funroll-all-loops -finline-functions execution test
FAIL: c-c++-common/torture/complex-sign-mixed-sub.c -O3 -fomit-frame-pointer -funroll-loops execution test
FAIL: c-c++-common/torture/complex-sign-mixed-sub.c -O3 -g execution test
FAIL: c-c++-common/torture/complex-sign-mixed-sub.c -Os execution test
FAIL: c-c++-common/torture/complex-sign-mul-minus-one.c -O0 execution test
FAIL: c-c++-common/torture/complex-sign-mul-minus-one.c -O1 execution test
FAIL: c-c++-common/torture/complex-sign-mul-minus-one.c -O2 execution test
FAIL: c-c++-common/torture/complex-sign-mul-minus-one.c -O2 -flto -fno-use-linker-plugin -flto-partition=none execution test
FAIL: c-c++-common/torture/complex-sign-mul-minus-one.c -O2 -flto -fuse-linker-plugin -fno-fat-lto-objects execution test
FAIL: c-c++-common/torture/complex-sign-mul-minus-one.c -O3 -fomit-frame-pointer execution test
FAIL: c-c++-common/torture/complex-sign-mul-minus-one.c -O3 -fomit-frame-pointer -funroll-all-loops -finline-functions execution test
FAIL: c-c++-common/torture/complex-sign-mul-minus-one.c -O3 -fomit-frame-pointer -funroll-loops execution test
FAIL: c-c++-common/torture/complex-sign-mul-minus-one.c -O3 -g execution test
FAIL: c-c++-common/torture/complex-sign-mul-minus-one.c -Os execution test
FAIL: c-c++-common/torture/complex-sign-mul-one.c -O0 execution test
FAIL: c-c++-common/torture/complex-sign-mul-one.c -O1 execution test
FAIL: c-c++-common/torture/complex-sign-mul-one.c -O2 execution test
FAIL: c-c++-common/torture/complex-sign-mul-one.c -O2 -flto -fno-use-linker-plugin -flto-partition=none execution test
FAIL: c-c++-common/torture/complex-sign-mul-one.c -O2 -flto -fuse-linker-plugin -fno-fat-lto-objects execution test
FAIL: c-c++-common/torture/complex-sign-mul-one.c -O3 -fomit-frame-pointer execution test
FAIL: c-c++-common/torture/complex-sign-mul-one.c -O3 -fomit-frame-pointer -funroll-all-loops -finline-functions execution test
FAIL: c-c++-common/torture/complex-sign-mul-one.c -O3 -fomit-frame-pointer -funroll-loops execution test
FAIL: c-c++-common/torture/complex-sign-mul-one.c -O3 -g execution test
FAIL: c-c++-common/torture/complex-sign-mul-one.c -Os execution test
FAIL: c-c++-common/torture/complex-sign-mul.c -O0 execution test
FAIL: c-c++-common/torture/complex-sign-mul.c -O1 execution test
FAIL: c-c++-common/torture/complex-sign-mul.c -O2 execution test
FAIL: c-c++-common/torture/complex-sign-mul.c -O2 -flto -fno-use-linker-plugin -flto-partition=none execution test
FAIL: c-c++-common/torture/complex-sign-mul.c -O2 -flto -fuse-linker-plugin -fno-fat-lto-objects execution test
FAIL: c-c++-common/torture/complex-sign-mul.c -O3 -fomit-frame-pointer execution test
FAIL: c-c++-common/torture/complex-sign-mul.c -O3 -fomit-frame-pointer -funroll-all-loops -finline-functions execution test
FAIL: c-c++-common/torture/complex-sign-mul.c -O3 -fomit-frame-pointer -funroll-loops execution test
FAIL: c-c++-common/torture/complex-sign-mul.c -O3 -g execution test
FAIL: c-c++-common/torture/complex-sign-mul.c -Os execution test
FAIL: c-c++-common/torture/complex-sign-sub.c -O0 execution test
FAIL: c-c++-common/torture/complex-sign-sub.c -O1 execution test
FAIL: c-c++-common/torture/complex-sign-sub.c -O2 execution test
FAIL: c-c++-common/torture/complex-sign-sub.c -O2 -flto -fno-use-linker-plugin -flto-partition=none execution test
FAIL: c-c++-common/torture/complex-sign-sub.c -O2 -flto -fuse-linker-plugin -fno-fat-lto-objects execution test
FAIL: c-c++-common/torture/complex-sign-sub.c -O3 -fomit-frame-pointer execution test
FAIL: c-c++-common/torture/complex-sign-sub.c -O3 -fomit-frame-pointer -funroll-all-loops -finline-functions execution test
FAIL: c-c++-common/torture/complex-sign-sub.c -O3 -fomit-frame-pointer -funroll-loops execution test
FAIL: c-c++-common/torture/complex-sign-sub.c -O3 -g execution test
FAIL: c-c++-common/torture/complex-sign-sub.c -Os execution test
FAIL: gcc.dg/torture/builtin-complex-1.c -O0 execution test
FAIL: gcc.dg/torture/builtin-complex-1.c -O1 execution test
FAIL: gcc.dg/torture/builtin-complex-1.c -O2 execution test
FAIL: gcc.dg/torture/builtin-complex-1.c -O2 -flto -fno-use-linker-plugin -flto-partition=none execution test
FAIL: gcc.dg/torture/builtin-complex-1.c -O2 -flto -fuse-linker-plugin -fno-fat-lto-objects execution test
FAIL: gcc.dg/torture/builtin-complex-1.c -Os execution test
FAIL: gcc.dg/torture/builtin-math-7.c -O0 execution test
FAIL: gcc.dg/torture/builtin-math-7.c -O1 execution test
FAIL: gcc.dg/torture/builtin-math-7.c -O2 execution test
FAIL: gcc.dg/torture/builtin-math-7.c -O2 -flto -fno-use-linker-plugin -flto-partition=none execution test
FAIL: gcc.dg/torture/builtin-math-7.c -O2 -flto -fuse-linker-plugin -fno-fat-lto-objects execution test
FAIL: gcc.dg/torture/builtin-math-7.c -O3 -fomit-frame-pointer execution test
FAIL: gcc.dg/torture/builtin-math-7.c -O3 -fomit-frame-pointer -funroll-all-loops -finline-functions execution test
FAIL: gcc.dg/torture/builtin-math-7.c -O3 -fomit-frame-pointer -funroll-loops execution test
FAIL: gcc.dg/torture/builtin-math-7.c -O3 -g execution test
FAIL: gcc.dg/torture/builtin-math-7.c -Os execution test
FAIL: gcc.dg/torture/pr50396.c -O0 execution test
FAIL: gcc.dg/torture/pr50396.c -O1 execution test
FAIL: gcc.dg/torture/pr50396.c -O2 execution test
FAIL: gcc.dg/torture/pr50396.c -O2 -flto -fno-use-linker-plugin -flto-partition=none execution test
FAIL: gcc.dg/torture/pr50396.c -O2 -flto -fuse-linker-plugin -fno-fat-lto-objects execution test
FAIL: gcc.dg/torture/pr50396.c -O3 -fomit-frame-pointer execution test
FAIL: gcc.dg/torture/pr50396.c -O3 -g execution test
FAIL: gcc.dg/torture/pr50396.c -Os execution test
FAIL: gcc.dg/torture/type-generic-1.c -O0 execution test
FAIL: gcc.dg/torture/type-generic-1.c -O1 execution test
FAIL: gcc.dg/torture/type-generic-1.c -O2 execution test
FAIL: gcc.dg/torture/type-generic-1.c -O2 -flto -fno-use-linker-plugin -flto-partition=none execution test
FAIL: gcc.dg/torture/type-generic-1.c -O2 -flto -fuse-linker-plugin -fno-fat-lto-objects execution test
FAIL: gcc.dg/torture/type-generic-1.c -O3 -fomit-frame-pointer execution test
FAIL: gcc.dg/torture/type-generic-1.c -O3 -g execution test
FAIL: gcc.dg/torture/type-generic-1.c -Os execution test
FAIL: gcc.dg/tree-ssa/ivopts-lt-2.c scan-tree-dump-times ivopts "PHI <p_" 1
FAIL: gcc.dg/tree-ssa/ivopts-lt-2.c scan-tree-dump-times ivopts "PHI" 1
FAIL: gcc.dg/tree-ssa/ivopts-lt-2.c scan-tree-dump-times ivopts "p_[0-9]* <" 1
FAIL: gcc.dg/tree-ssa/sra-12.c scan-tree-dump-times release_ssa "l;" 0
FAIL: c-c++-common/ubsan/object-size-1.c -O2 output pattern test, is c-c++-common/ubsan/object-size-1.c:16:7: runtime error: load of address 0x10016a24 with insufficient space for an object of type 'char'
FAIL: c-c++-common/ubsan/object-size-1.c -O2 -flto -fno-use-linker-plugin -flto-partition=none output pattern test, is c-c++-common/ubsan/object-size-1.c:16:7: runtime error: load of address 0x10016a24 with insufficient space for an object of type 'char'
FAIL: c-c++-common/ubsan/object-size-1.c -O2 -flto -fuse-linker-plugin -fno-fat-lto-objects output pattern test, is c-c++-common/ubsan/object-size-1.c:16:7: runtime error: load of address 0x10016a24 with insufficient space for an object of type 'char'
FAIL: c-c++-common/ubsan/object-size-10.c -O2 output pattern test, is c-c++-common/ubsan/object-size-10.c:19:11: runtime error: index 128 out of bounds for type 'char [128]'
FAIL: c-c++-common/ubsan/object-size-10.c -O2 -flto -fno-use-linker-plugin -flto-partition=none output pattern test, is c-c++-common/ubsan/object-size-10.c:19:11: runtime error: index 128 out of bounds for type 'char [128]'
FAIL: c-c++-common/ubsan/object-size-10.c -O2 -flto -fuse-linker-plugin -fno-fat-lto-objects output pattern test, is c-c++-common/ubsan/object-size-10.c:19:11: runtime error: index 128 out of bounds for type 'char [128]'
FAIL: c-c++-common/ubsan/object-size-4.c -O2 output pattern test, is c-c++-common/ubsan/object-size-4.c:16:11: runtime error: load of address 0x10015a18 with insufficient space for an object of type 'int'
FAIL: c-c++-common/ubsan/object-size-4.c -O2 -flto -fno-use-linker-plugin -flto-partition=none output pattern test, is c-c++-common/ubsan/object-size-4.c:16:11: runtime error: load of address 0x10015a18 with insufficient space for an object of type 'int'
FAIL: c-c++-common/ubsan/object-size-4.c -O2 -flto -fuse-linker-plugin -fno-fat-lto-objects output pattern test, is c-c++-common/ubsan/object-size-4.c:16:11: runtime error: load of address 0x10015a18 with insufficient space for an object of type 'int'
FAIL: c-c++-common/ubsan/object-size-5.c -O2 output pattern test, is c-c++-common/ubsan/object-size-5.c:18:10: runtime error: load of address 0x10015a24 with insufficient space for an object of type 'char'
FAIL: c-c++-common/ubsan/object-size-5.c -O2 -flto -fno-use-linker-plugin -flto-partition=none output pattern test, is c-c++-common/ubsan/object-size-5.c:18:10: runtime error: load of address 0x10015a24 with insufficient space for an object of type 'char'
FAIL: c-c++-common/ubsan/object-size-5.c -O2 -flto -fuse-linker-plugin -fno-fat-lto-objects output pattern test, is c-c++-common/ubsan/object-size-5.c:18:10: runtime error: load of address 0x10015a24 with insufficient space for an object of type 'char'
FAIL: c-c++-common/ubsan/object-size-7.c -O2 output pattern test, is c-c++-common/ubsan/object-size-7.c:15:5: runtime error: load of address 0xbff14f78 with insufficient space for an object of type 'struct S'
FAIL: c-c++-common/ubsan/object-size-7.c -O2 -flto -fno-use-linker-plugin -flto-partition=none output pattern test, is c-c++-common/ubsan/object-size-7.c:15:5: runtime error: load of address 0xbfb59428 with insufficient space for an object of type 'struct S'
FAIL: c-c++-common/ubsan/object-size-7.c -O2 -flto -fuse-linker-plugin -fno-fat-lto-objects output pattern test, is c-c++-common/ubsan/object-size-7.c:15:5: runtime error: load of address 0xbfc890c8 with insufficient space for an object of type 'struct S'
FAIL: c-c++-common/ubsan/object-size-8.c -O2 output pattern test, is c-c++-common/ubsan/object-size-8.c:12:10: runtime error: load of address 0x10015a14 with insufficient space for an object of type 'int'
FAIL: c-c++-common/ubsan/object-size-8.c -O2 -flto -fno-use-linker-plugin -flto-partition=none output pattern test, is c-c++-common/ubsan/object-size-8.c:12:10: runtime error: load of address 0x10015a14 with insufficient space for an object of type 'int'
FAIL: c-c++-common/ubsan/object-size-8.c -O2 -flto -fuse-linker-plugin -fno-fat-lto-objects output pattern test, is c-c++-common/ubsan/object-size-8.c:12:10: runtime error: load of address 0x10015a14 with insufficient space for an object of type 'int'
FAIL: c-c++-common/ubsan/object-size-9.c -O2 output pattern test, is c-c++-common/ubsan/object-size-9.c:21:10: runtime error: load of address 0xbf9a03e4 with insufficient space for an object of type 'char'
FAIL: c-c++-common/ubsan/object-size-9.c -O2 -flto -fno-use-linker-plugin -flto-partition=none output pattern test, is c-c++-common/ubsan/object-size-9.c:21:10: runtime error: load of address 0xbfebd844 with insufficient space for an object of type 'char'
FAIL: c-c++-common/ubsan/object-size-9.c -O2 -flto -fuse-linker-plugin -fno-fat-lto-objects output pattern test, is c-c++-common/ubsan/object-size-9.c:21:10: runtime error: load of address 0xbf886d44 with insufficient space for an object of type 'char'
FAIL: c-c++-common/ubsan/overflow-negate-3.c -O0 output pattern test, is c-c++-common/ubsan/overflow-negate-3.c:12:9: runtime error: negation of -2147483648 cannot be represented in type 'int'; cast to an unsigned type to negate this value to itself
FAIL: c-c++-common/ubsan/overflow-negate-3.c -O1 output pattern test, is c-c++-common/ubsan/overflow-negate-3.c:12:9: runtime error: negation of -2147483648 cannot be represented in type 'int'; cast to an unsigned type to negate this value to itself
FAIL: c-c++-common/ubsan/overflow-negate-3.c -O2 output pattern test, is c-c++-common/ubsan/overflow-negate-3.c:12:9: runtime error: negation of -2147483648 cannot be represented in type 'int'; cast to an unsigned type to negate this value to itself
FAIL: c-c++-common/ubsan/overflow-negate-3.c -O2 -flto -fno-use-linker-plugin -flto-partition=none output pattern test, is c-c++-common/ubsan/overflow-negate-3.c:12:9: runtime error: negation of -2147483648 cannot be represented in type 'int'; cast to an unsigned type to negate this value to itself
FAIL: c-c++-common/ubsan/overflow-negate-3.c -O2 -flto -fuse-linker-plugin -fno-fat-lto-objects output pattern test, is c-c++-common/ubsan/overflow-negate-3.c:12:9: runtime error: negation of -2147483648 cannot be represented in type 'int'; cast to an unsigned type to negate this value to itself
FAIL: c-c++-common/ubsan/overflow-negate-3.c -O3 -fomit-frame-pointer output pattern test, is c-c++-common/ubsan/overflow-negate-3.c:12:9: runtime error: negation of -2147483648 cannot be represented in type 'int'; cast to an unsigned type to negate this value to itself
FAIL: c-c++-common/ubsan/overflow-negate-3.c -O3 -g output pattern test, is c-c++-common/ubsan/overflow-negate-3.c:12:9: runtime error: negation of -2147483648 cannot be represented in type 'int'; cast to an unsigned type to negate this value to itself
FAIL: c-c++-common/ubsan/overflow-negate-3.c -Os output pattern test, is c-c++-common/ubsan/overflow-negate-3.c:12:9: runtime error: negation of -2147483648 cannot be represented in type 'int'; cast to an unsigned type to negate this value to itself
FAIL: c-c++-common/ubsan/overflow-sub-4.c -O0 output pattern test, is c-c++-common/ubsan/overflow-sub-4.c:14:12: runtime error: negation of -2147483648 cannot be represented in type 'int'; cast to an unsigned type to negate this value to itself
FAIL: c-c++-common/ubsan/overflow-sub-4.c -O1 output pattern test, is c-c++-common/ubsan/overflow-sub-4.c:14:12: runtime error: negation of -2147483648 cannot be represented in type 'int'; cast to an unsigned type to negate this value to itself
FAIL: c-c++-common/ubsan/overflow-sub-4.c -O2 output pattern test, is c-c++-common/ubsan/overflow-sub-4.c:14:12: runtime error: negation of -2147483648 cannot be represented in type 'int'; cast to an unsigned type to negate this value to itself
FAIL: c-c++-common/ubsan/overflow-sub-4.c -O2 -flto -fno-use-linker-plugin -flto-partition=none output pattern test, is c-c++-common/ubsan/overflow-sub-4.c:14:12: runtime error: negation of -2147483648 cannot be represented in type 'int'; cast to an unsigned type to negate this value to itself
FAIL: c-c++-common/ubsan/overflow-sub-4.c -O2 -flto -fuse-linker-plugin -fno-fat-lto-objects output pattern test, is c-c++-common/ubsan/overflow-sub-4.c:14:12: runtime error: negation of -2147483648 cannot be represented in type 'int'; cast to an unsigned type to negate this value to itself
FAIL: c-c++-common/ubsan/overflow-sub-4.c -O3 -fomit-frame-pointer output pattern test, is c-c++-common/ubsan/overflow-sub-4.c:14:12: runtime error: negation of -2147483648 cannot be represented in type 'int'; cast to an unsigned type to negate this value to itself
FAIL: c-c++-common/ubsan/overflow-sub-4.c -O3 -g output pattern test, is c-c++-common/ubsan/overflow-sub-4.c:14:12: runtime error: negation of -2147483648 cannot be represented in type 'int'; cast to an unsigned type to negate this value to itself
FAIL: c-c++-common/ubsan/overflow-sub-4.c -Os output pattern test, is c-c++-common/ubsan/overflow-sub-4.c:14:12: runtime error: negation of -2147483648 cannot be represented in type 'int'; cast to an unsigned type to negate this value to itself
FAIL: c-c++-common/ubsan/recovery-1.c -O0 output pattern test, is c-c++-common/ubsan/recovery-common.inc:12:5: runtime error: shift exponent 152 is too large for 32-bit type 'int'
FAIL: c-c++-common/ubsan/recovery-1.c -O1 output pattern test, is c-c++-common/ubsan/recovery-common.inc:12:5: runtime error: shift exponent 152 is too large for 32-bit type 'int'
FAIL: c-c++-common/ubsan/recovery-1.c -O2 output pattern test, is c-c++-common/ubsan/recovery-common.inc:12:5: runtime error: shift exponent 152 is too large for 32-bit type 'int'
FAIL: c-c++-common/ubsan/recovery-1.c -O2 -flto -fno-use-linker-plugin -flto-partition=none output pattern test, is c-c++-common/ubsan/recovery-common.inc:12:5: runtime error: shift exponent 152 is too large for 32-bit type 'int'
FAIL: c-c++-common/ubsan/recovery-1.c -O2 -flto -fuse-linker-plugin -fno-fat-lto-objects output pattern test, is c-c++-common/ubsan/recovery-common.inc:12:5: runtime error: shift exponent 152 is too large for 32-bit type 'int'
FAIL: c-c++-common/ubsan/recovery-1.c -O3 -fomit-frame-pointer output pattern test, is c-c++-common/ubsan/recovery-common.inc:12:5: runtime error: shift exponent 152 is too large for 32-bit type 'int'
FAIL: c-c++-common/ubsan/recovery-1.c -O3 -fomit-frame-pointer -funroll-all-loops -finline-functions output pattern test, is c-c++-common/ubsan/recovery-common.inc:12:5: runtime error: shift exponent 152 is too large for 32-bit type 'int'
FAIL: c-c++-common/ubsan/recovery-1.c -O3 -fomit-frame-pointer -funroll-loops output pattern test, is c-c++-common/ubsan/recovery-common.inc:12:5: runtime error: shift exponent 152 is too large for 32-bit type 'int'
FAIL: c-c++-common/ubsan/recovery-1.c -O3 -g output pattern test, is c-c++-common/ubsan/recovery-common.inc:12:5: runtime error: shift exponent 152 is too large for 32-bit type 'int'
FAIL: c-c++-common/ubsan/recovery-1.c -Os output pattern test, is c-c++-common/ubsan/recovery-common.inc:12:5: runtime error: shift exponent 152 is too large for 32-bit type 'int'
FAIL: c-c++-common/ubsan/recovery-2.c -O0 output pattern test, is c-c++-common/ubsan/recovery-common.inc:12:5: runtime error: shift exponent 152 is too large for 32-bit type 'int'
FAIL: c-c++-common/ubsan/recovery-2.c -O1 output pattern test, is c-c++-common/ubsan/recovery-common.inc:12:5: runtime error: shift exponent 152 is too large for 32-bit type 'int'
FAIL: c-c++-common/ubsan/recovery-2.c -O2 output pattern test, is c-c++-common/ubsan/recovery-common.inc:12:5: runtime error: shift exponent 152 is too large for 32-bit type 'int'
FAIL: c-c++-common/ubsan/recovery-2.c -O2 -flto -fno-use-linker-plugin -flto-partition=none output pattern test, is c-c++-common/ubsan/recovery-common.inc:12:5: runtime error: shift exponent 152 is too large for 32-bit type 'int'
FAIL: c-c++-common/ubsan/recovery-2.c -O2 -flto -fuse-linker-plugin -fno-fat-lto-objects output pattern test, is c-c++-common/ubsan/recovery-common.inc:12:5: runtime error: shift exponent 152 is too large for 32-bit type 'int'
FAIL: c-c++-common/ubsan/recovery-2.c -O3 -fomit-frame-pointer output pattern test, is c-c++-common/ubsan/recovery-common.inc:12:5: runtime error: shift exponent 152 is too large for 32-bit type 'int'
FAIL: c-c++-common/ubsan/recovery-2.c -O3 -fomit-frame-pointer -funroll-all-loops -finline-functions output pattern test, is c-c++-common/ubsan/recovery-common.inc:12:5: runtime error: shift exponent 152 is too large for 32-bit type 'int'
FAIL: c-c++-common/ubsan/recovery-2.c -O3 -fomit-frame-pointer -funroll-loops output pattern test, is c-c++-common/ubsan/recovery-common.inc:12:5: runtime error: shift exponent 152 is too large for 32-bit type 'int'
FAIL: c-c++-common/ubsan/recovery-2.c -O3 -g output pattern test, is c-c++-common/ubsan/recovery-common.inc:12:5: runtime error: shift exponent 152 is too large for 32-bit type 'int'
FAIL: c-c++-common/ubsan/recovery-2.c -Os output pattern test, is c-c++-common/ubsan/recovery-common.inc:12:5: runtime error: shift exponent 152 is too large for 32-bit type 'int'
FAIL: c-c++-common/ubsan/recovery-3.c -O0 output pattern test, is c-c++-common/ubsan/recovery-common.inc:12:5: runtime error: shift exponent 152 is too large for 32-bit type 'int'
FAIL: c-c++-common/ubsan/recovery-3.c -O1 output pattern test, is c-c++-common/ubsan/recovery-common.inc:12:5: runtime error: shift exponent 152 is too large for 32-bit type 'int'
FAIL: c-c++-common/ubsan/recovery-3.c -O2 output pattern test, is c-c++-common/ubsan/recovery-common.inc:12:5: runtime error: shift exponent 152 is too large for 32-bit type 'int'
FAIL: c-c++-common/ubsan/recovery-3.c -O2 -flto -fno-use-linker-plugin -flto-partition=none output pattern test, is c-c++-common/ubsan/recovery-common.inc:12:5: runtime error: shift exponent 152 is too large for 32-bit type 'int'
FAIL: c-c++-common/ubsan/recovery-3.c -O2 -flto -fuse-linker-plugin -fno-fat-lto-objects output pattern test, is c-c++-common/ubsan/recovery-common.inc:12:5: runtime error: shift exponent 152 is too large for 32-bit type 'int'
FAIL: c-c++-common/ubsan/recovery-3.c -O3 -fomit-frame-pointer output pattern test, is c-c++-common/ubsan/recovery-common.inc:12:5: runtime error: shift exponent 152 is too large for 32-bit type 'int'
FAIL: c-c++-common/ubsan/recovery-3.c -O3 -fomit-frame-pointer -funroll-all-loops -finline-functions output pattern test, is c-c++-common/ubsan/recovery-common.inc:12:5: runtime error: shift exponent 152 is too large for 32-bit type 'int'
FAIL: c-c++-common/ubsan/recovery-3.c -O3 -fomit-frame-pointer -funroll-loops output pattern test, is c-c++-common/ubsan/recovery-common.inc:12:5: runtime error: shift exponent 152 is too large for 32-bit type 'int'
FAIL: c-c++-common/ubsan/recovery-3.c -O3 -g output pattern test, is c-c++-common/ubsan/recovery-common.inc:12:5: runtime error: shift exponent 152 is too large for 32-bit type 'int'
FAIL: c-c++-common/ubsan/recovery-3.c -Os output pattern test, is c-c++-common/ubsan/recovery-common.inc:12:5: runtime error: shift exponent 152 is too large for 32-bit type 'int'
FAIL: c-c++-common/ubsan/shift-7.c -O0 output pattern test, is c-c++-common/ubsan/shift-7.c:9:12: runtime error: shift exponent 4294967296 is too large for 64-bit type 'long long unsigned int'
FAIL: c-c++-common/ubsan/shift-7.c -O1 output pattern test, is c-c++-common/ubsan/shift-7.c:9:12: runtime error: shift exponent 4294967296 is too large for 64-bit type 'long long unsigned int'
FAIL: c-c++-common/ubsan/shift-7.c -O2 output pattern test, is c-c++-common/ubsan/shift-7.c:9:12: runtime error: shift exponent 4294967296 is too large for 64-bit type 'long long unsigned int'
FAIL: c-c++-common/ubsan/shift-7.c -O2 -flto -fno-use-linker-plugin -flto-partition=none output pattern test, is c-c++-common/ubsan/shift-7.c:9:12: runtime error: shift exponent 4294967296 is too large for 64-bit type 'long long unsigned int'
FAIL: c-c++-common/ubsan/shift-7.c -O2 -flto -fuse-linker-plugin -fno-fat-lto-objects output pattern test, is c-c++-common/ubsan/shift-7.c:9:12: runtime error: shift exponent 4294967296 is too large for 64-bit type 'long long unsigned int'
FAIL: c-c++-common/ubsan/shift-7.c -O3 -fomit-frame-pointer output pattern test, is c-c++-common/ubsan/shift-7.c:9:12: runtime error: shift exponent 4294967296 is too large for 64-bit type 'long long unsigned int'
FAIL: c-c++-common/ubsan/shift-7.c -O3 -fomit-frame-pointer -funroll-all-loops -finline-functions output pattern test, is c-c++-common/ubsan/shift-7.c:9:12: runtime error: shift exponent 4294967296 is too large for 64-bit type 'long long unsigned int'
FAIL: c-c++-common/ubsan/shift-7.c -O3 -fomit-frame-pointer -funroll-loops output pattern test, is c-c++-common/ubsan/shift-7.c:9:12: runtime error: shift exponent 4294967296 is too large for 64-bit type 'long long unsigned int'
FAIL: c-c++-common/ubsan/shift-7.c -O3 -g output pattern test, is c-c++-common/ubsan/shift-7.c:9:12: runtime error: shift exponent 4294967296 is too large for 64-bit type 'long long unsigned int'
FAIL: c-c++-common/ubsan/shift-7.c -Os output pattern test, is c-c++-common/ubsan/shift-7.c:9:12: runtime error: shift exponent 4294967296 is too large for 64-bit type 'long long unsigned int'
FAIL: c-c++-common/ubsan/undefined-2.c -O0 output pattern test, is c-c++-common/ubsan/undefined-2.c:12:12: runtime error: shift exponent -2147483647 is negative, should match shift exponent -[^
FAIL: c-c++-common/ubsan/undefined-2.c -O1 output pattern test, is c-c++-common/ubsan/undefined-2.c:12:12: runtime error: shift exponent -2147483647 is negative, should match shift exponent -[^
FAIL: c-c++-common/ubsan/undefined-2.c -O2 output pattern test, is c-c++-common/ubsan/undefined-2.c:12:12: runtime error: shift exponent -2147483647 is negative, should match shift exponent -[^
FAIL: c-c++-common/ubsan/undefined-2.c -O2 -flto -fno-use-linker-plugin -flto-partition=none output pattern test, is c-c++-common/ubsan/undefined-2.c:12:12: runtime error: shift exponent -2147483647 is negative, should match shift exponent -[^
FAIL: c-c++-common/ubsan/undefined-2.c -O2 -flto -fuse-linker-plugin -fno-fat-lto-objects output pattern test, is c-c++-common/ubsan/undefined-2.c:12:12: runtime error: shift exponent -2147483647 is negative, should match shift exponent -[^
FAIL: c-c++-common/ubsan/undefined-2.c -O3 -fomit-frame-pointer output pattern test, is c-c++-common/ubsan/undefined-2.c:12:12: runtime error: shift exponent -2147483647 is negative, should match shift exponent -[^
FAIL: c-c++-common/ubsan/undefined-2.c -O3 -g output pattern test, is c-c++-common/ubsan/undefined-2.c:12:12: runtime error: shift exponent -2147483647 is negative, should match shift exponent -[^
FAIL: c-c++-common/ubsan/undefined-2.c -Os output pattern test, is c-c++-common/ubsan/undefined-2.c:12:12: runtime error: shift exponent -2147483647 is negative, should match shift exponent -[^
FAIL: gcc.dg/ubsan/object-size-9.c -O2 output pattern test, is gcc.dg/ubsan/object-size-9.c:11:13: runtime error: load of address 0x10010906 with insufficient space for an object of type 'char'
FAIL: gcc.dg/ubsan/object-size-9.c -O2 -flto -fno-use-linker-plugin -flto-partition=none output pattern test, is gcc.dg/ubsan/object-size-9.c:11:13: runtime error: load of address 0x10010906 with insufficient space for an object of type 'char'
FAIL: gcc.dg/ubsan/object-size-9.c -O2 -flto -fuse-linker-plugin -fno-fat-lto-objects output pattern test, is gcc.dg/ubsan/object-size-9.c:11:13: runtime error: load of address 0x1001083e with insufficient space for an object of type 'char'
FAIL: gcc.misc-tests/gcov-1.c gcov failed: gcov-1.c.gov does not exist
FAIL: gcc.misc-tests/gcov-10.c gcov failed: gcov-10.c.gov does not exist
FAIL: gcc.misc-tests/gcov-10b.c gcov failed: gcov-10b.c.gov does not exist
FAIL: gcc.misc-tests/gcov-11.c gcov failed: gcov-11.c.gov does not exist
FAIL: gcc.misc-tests/gcov-12.c gcov failed: gcov-12.c.gov does not exist
FAIL: gcc.misc-tests/gcov-13.c gcov failed: gcovpart-13b.c.gov does not exist
FAIL: gcc.misc-tests/gcov-14.c gcov failed: gcov-14.c.gov does not exist
FAIL: gcc.misc-tests/gcov-15.c gcov failed: gcov-15.c.gov does not exist
FAIL: gcc.misc-tests/gcov-16.c gcov failed: gcov-16.c.gov does not exist
FAIL: gcc.misc-tests/gcov-2.c gcov failed: gcov-2.c.gov does not exist
FAIL: gcc.misc-tests/gcov-3.c gcov failed: gcov-3.c.gov does not exist
FAIL: gcc.misc-tests/gcov-4.c gcov failed: gcov-4.c.gov does not exist
FAIL: gcc.misc-tests/gcov-4b.c gcov failed: gcov-4b.c.gov does not exist
FAIL: gcc.misc-tests/gcov-5b.c gcov failed: gcov-5b.c.gov does not exist
FAIL: gcc.misc-tests/gcov-6.c gcov failed: gcov-6.c.gov does not exist
FAIL: gcc.misc-tests/gcov-7.c gcov failed: gcov-7.c.gov does not exist
FAIL: gcc.misc-tests/gcov-8.c gcov failed: gcov-8.c.gov does not exist
FAIL: gcc.misc-tests/gcov-9.c gcov failed: gcov-9.c.gov does not exist
FAIL: gcc.target/powerpc/dfmode_off.c object-size text == 320
FAIL: gcc.target/powerpc/ppc-spe64-1.c 64-bit SPE (test for errors, line )
FAIL: gcc.target/powerpc/pr46728-1.c scan-assembler-times fsqrt|xssqrtdp 2
FAIL: gcc.target/powerpc/pr46728-2.c scan-assembler-times fsqrt|xssqrtdp 4
FAIL: gcc.target/powerpc/pr46728-3.c scan-assembler-times sqrt 4
FAIL: gcc.target/powerpc/pr46728-5.c scan-assembler-times cbrt 2
FAIL: gcc.target/powerpc/pr60735.c (test for excess errors)
FAIL: gcc.target/powerpc/pr64205.c (test for excess errors)
FAIL: gcc.target/powerpc/regnames-1.c (internal compiler error)
FAIL: gcc.target/powerpc/regnames-1.c (test for excess errors)
FAIL: gcc.target/powerpc/rs6000-ldouble-3.c execution test
FAIL: gcc.target/powerpc/spe-unwind-1.c execution test
FAIL: gcc.target/powerpc/spe-vector-memcpy.c (test for excess errors)
FAIL: gcc.target/powerpc/spe-vector-memcpy.c scan-assembler evstdd
FAIL: gcc.target/powerpc/spe-vector-memset.c (test for excess errors)
FAIL: gcc.target/powerpc/tfmode_off.c object-size text == 544
=== gcc Summary ===
# of expected passes 88280
# of unexpected failures 648
# of expected failures 113
# of unresolved testcases 10
# of unsupported tests 2265
/home/b30502/e500v2/opt/freescale/NLAe500v2/obj_gcc/gcc/xgcc version 5.0.0 20150305 (Thu Mar 5 02:17:52 CST 2015 build.sh rev=1196 s=FCtrunk t=DGREMboard0 NLAe500v2) (GCC)
=== gfortran tests ===
Running target perf3board018270
FAIL: gfortran.dg/coarray/coindexed_1.f90 -fcoarray=lib -O2 -lcaf_single -latomic (test for excess errors)
WARNING: gfortran.dg/coarray/coindexed_1.f90 -fcoarray=lib -O2 -lcaf_single -latomic compilation failed to produce executable
WARNING: program timed out.
FAIL: gfortran.dg/allocatable_function_1.f90 -O0 scan-tree-dump-times original "free" 10
FAIL: gfortran.dg/allocatable_function_1.f90 -O1 scan-tree-dump-times original "free" 10
FAIL: gfortran.dg/allocatable_function_1.f90 -O2 scan-tree-dump-times original "free" 10
FAIL: gfortran.dg/allocatable_function_1.f90 -O3 -fomit-frame-pointer scan-tree-dump-times original "free" 10
FAIL: gfortran.dg/allocatable_function_1.f90 -O3 -fomit-frame-pointer -funroll-all-loops -finline-functions scan-tree-dump-times original "free" 10
FAIL: gfortran.dg/allocatable_function_1.f90 -O3 -fomit-frame-pointer -funroll-loops scan-tree-dump-times original "free" 10
FAIL: gfortran.dg/allocatable_function_1.f90 -O3 -g scan-tree-dump-times original "free" 10
FAIL: gfortran.dg/allocatable_function_1.f90 -Os scan-tree-dump-times original "free" 10
FAIL: gfortran.dg/bessel_7.f90 -O0 execution test
FAIL: gfortran.dg/bessel_7.f90 -O1 execution test
FAIL: gfortran.dg/bessel_7.f90 -O2 execution test
FAIL: gfortran.dg/bessel_7.f90 -O3 -fomit-frame-pointer execution test
FAIL: gfortran.dg/bessel_7.f90 -O3 -fomit-frame-pointer -funroll-all-loops -finline-functions execution test
FAIL: gfortran.dg/bessel_7.f90 -O3 -fomit-frame-pointer -funroll-loops execution test
FAIL: gfortran.dg/bessel_7.f90 -O3 -g execution test
FAIL: gfortran.dg/bessel_7.f90 -Os execution test
FAIL: gfortran.dg/char4_iunit_1.f03 -O0 execution test
FAIL: gfortran.dg/char4_iunit_1.f03 -O1 execution test
FAIL: gfortran.dg/char4_iunit_1.f03 -O2 execution test
FAIL: gfortran.dg/char4_iunit_1.f03 -O3 -fomit-frame-pointer execution test
FAIL: gfortran.dg/char4_iunit_1.f03 -O3 -fomit-frame-pointer -funroll-all-loops -finline-functions execution test
FAIL: gfortran.dg/char4_iunit_1.f03 -O3 -fomit-frame-pointer -funroll-loops execution test
FAIL: gfortran.dg/char4_iunit_1.f03 -O3 -g execution test
FAIL: gfortran.dg/char4_iunit_1.f03 -Os execution test
UNRESOLVED: gfortran.dg/fmt_en.f90 -O0 scan-file All kinds rounded to nearest
UNRESOLVED: gfortran.dg/fmt_en.f90 -O1 scan-file All kinds rounded to nearest
UNRESOLVED: gfortran.dg/fmt_en.f90 -O2 scan-file All kinds rounded to nearest
UNRESOLVED: gfortran.dg/fmt_en.f90 -O3 -fomit-frame-pointer scan-file All kinds rounded to nearest
UNRESOLVED: gfortran.dg/fmt_en.f90 -O3 -fomit-frame-pointer -funroll-all-loops -finline-functions scan-file All kinds rounded to nearest
UNRESOLVED: gfortran.dg/fmt_en.f90 -O3 -fomit-frame-pointer -funroll-loops scan-file All kinds rounded to nearest
UNRESOLVED: gfortran.dg/fmt_en.f90 -O3 -g scan-file All kinds rounded to nearest
UNRESOLVED: gfortran.dg/fmt_en.f90 -Os scan-file All kinds rounded to nearest
FAIL: gfortran.dg/fmt_float.f90 -O0 output pattern test, is 0.10E+01 0.10E+00 0.10E-01
FAIL: gfortran.dg/fmt_float.f90 -O1 output pattern test, is 0.10E+01 0.10E+00 0.10E-01
FAIL: gfortran.dg/fmt_float.f90 -O2 output pattern test, is 0.10E+01 0.10E+00 0.10E-01
FAIL: gfortran.dg/fmt_float.f90 -O3 -fomit-frame-pointer output pattern test, is 0.10E+01 0.10E+00 0.10E-01
FAIL: gfortran.dg/fmt_float.f90 -O3 -fomit-frame-pointer -funroll-all-loops -finline-functions output pattern test, is 0.10E+01 0.10E+00 0.10E-01
FAIL: gfortran.dg/fmt_float.f90 -O3 -fomit-frame-pointer -funroll-loops output pattern test, is 0.10E+01 0.10E+00 0.10E-01
FAIL: gfortran.dg/fmt_float.f90 -O3 -g output pattern test, is 0.10E+01 0.10E+00 0.10E-01
FAIL: gfortran.dg/fmt_float.f90 -Os output pattern test, is 0.10E+01 0.10E+00 0.10E-01
FAIL: gfortran.dg/fmt_g0_5.f08 -O0 execution test
FAIL: gfortran.dg/fmt_g0_5.f08 -O1 execution test
FAIL: gfortran.dg/fmt_g0_5.f08 -O2 execution test
FAIL: gfortran.dg/fmt_g0_5.f08 -O3 -fomit-frame-pointer execution test
FAIL: gfortran.dg/fmt_g0_5.f08 -O3 -fomit-frame-pointer -funroll-all-loops -finline-functions execution test
FAIL: gfortran.dg/fmt_g0_5.f08 -O3 -fomit-frame-pointer -funroll-loops execution test
FAIL: gfortran.dg/fmt_g0_5.f08 -O3 -g execution test
FAIL: gfortran.dg/fmt_g0_5.f08 -Os execution test
FAIL: gfortran.dg/fmt_l.f90 -O0 output pattern test, is At line 14 of file gfortran.dg/fmt_l.f90
FAIL: gfortran.dg/fmt_l.f90 -O1 output pattern test, is At line 14 of file gfortran.dg/fmt_l.f90
FAIL: gfortran.dg/fmt_l.f90 -O2 output pattern test, is At line 14 of file gfortran.dg/fmt_l.f90
FAIL: gfortran.dg/fmt_l.f90 -O3 -fomit-frame-pointer output pattern test, is At line 14 of file gfortran.dg/fmt_l.f90
FAIL: gfortran.dg/fmt_l.f90 -O3 -fomit-frame-pointer -funroll-all-loops -finline-functions output pattern test, is At line 14 of file gfortran.dg/fmt_l.f90
FAIL: gfortran.dg/fmt_l.f90 -O3 -fomit-frame-pointer -funroll-loops output pattern test, is At line 14 of file gfortran.dg/fmt_l.f90
FAIL: gfortran.dg/fmt_l.f90 -O3 -g output pattern test, is At line 14 of file gfortran.dg/fmt_l.f90
FAIL: gfortran.dg/fmt_l.f90 -Os output pattern test, is At line 14 of file gfortran.dg/fmt_l.f90
FAIL: gfortran.dg/fmt_zero_precision.f90 -O0 output pattern test, is 1.<
FAIL: gfortran.dg/fmt_zero_precision.f90 -O1 output pattern test, is 1.<
FAIL: gfortran.dg/fmt_zero_precision.f90 -O2 output pattern test, is 1.<
FAIL: gfortran.dg/fmt_zero_precision.f90 -O3 -fomit-frame-pointer output pattern test, is 1.<
FAIL: gfortran.dg/fmt_zero_precision.f90 -O3 -fomit-frame-pointer -funroll-all-loops -finline-functions output pattern test, is 1.<
FAIL: gfortran.dg/fmt_zero_precision.f90 -O3 -fomit-frame-pointer -funroll-loops output pattern test, is 1.<
FAIL: gfortran.dg/fmt_zero_precision.f90 -O3 -g output pattern test, is 1.<
FAIL: gfortran.dg/fmt_zero_precision.f90 -Os output pattern test, is 1.<
FAIL: gfortran.dg/init_flag_10.f90 -O0 execution test
FAIL: gfortran.dg/init_flag_10.f90 -O1 execution test
FAIL: gfortran.dg/init_flag_10.f90 -O2 execution test
FAIL: gfortran.dg/init_flag_10.f90 -O3 -fomit-frame-pointer execution test
FAIL: gfortran.dg/init_flag_10.f90 -O3 -fomit-frame-pointer -funroll-all-loops -finline-functions execution test
FAIL: gfortran.dg/init_flag_10.f90 -O3 -fomit-frame-pointer -funroll-loops execution test
FAIL: gfortran.dg/init_flag_10.f90 -O3 -g execution test
FAIL: gfortran.dg/init_flag_10.f90 -Os execution test
FAIL: gfortran.dg/init_flag_3.f90 -O0 execution test
FAIL: gfortran.dg/init_flag_3.f90 -O1 execution test
FAIL: gfortran.dg/init_flag_3.f90 -O2 execution test
FAIL: gfortran.dg/init_flag_3.f90 -O3 -fomit-frame-pointer execution test
FAIL: gfortran.dg/init_flag_3.f90 -O3 -fomit-frame-pointer -funroll-all-loops -finline-functions execution test
FAIL: gfortran.dg/init_flag_3.f90 -O3 -fomit-frame-pointer -funroll-loops execution test
FAIL: gfortran.dg/init_flag_3.f90 -O3 -g execution test
FAIL: gfortran.dg/init_flag_3.f90 -Os execution test
FAIL: gfortran.dg/init_flag_4.f90 -O0 execution test
FAIL: gfortran.dg/init_flag_4.f90 -O1 execution test
FAIL: gfortran.dg/init_flag_4.f90 -O2 execution test
FAIL: gfortran.dg/init_flag_4.f90 -O3 -fomit-frame-pointer execution test
FAIL: gfortran.dg/init_flag_4.f90 -O3 -fomit-frame-pointer -funroll-all-loops -finline-functions execution test
FAIL: gfortran.dg/init_flag_4.f90 -O3 -fomit-frame-pointer -funroll-loops execution test
FAIL: gfortran.dg/init_flag_4.f90 -O3 -g execution test
FAIL: gfortran.dg/init_flag_4.f90 -Os execution test
FAIL: gfortran.dg/init_flag_5.f90 -O0 execution test
FAIL: gfortran.dg/init_flag_5.f90 -O1 execution test
FAIL: gfortran.dg/init_flag_5.f90 -O2 execution test
FAIL: gfortran.dg/init_flag_5.f90 -O3 -fomit-frame-pointer execution test
FAIL: gfortran.dg/init_flag_5.f90 -O3 -fomit-frame-pointer -funroll-all-loops -finline-functions execution test
FAIL: gfortran.dg/init_flag_5.f90 -O3 -fomit-frame-pointer -funroll-loops execution test
FAIL: gfortran.dg/init_flag_5.f90 -O3 -g execution test
FAIL: gfortran.dg/init_flag_5.f90 -Os execution test
FAIL: gfortran.dg/integer_exponentiation_5.F90 -O0 execution test
FAIL: gfortran.dg/integer_exponentiation_5.F90 -O1 execution test
FAIL: gfortran.dg/integer_exponentiation_5.F90 -O2 execution test
FAIL: gfortran.dg/integer_exponentiation_5.F90 -O3 -fomit-frame-pointer execution test
FAIL: gfortran.dg/integer_exponentiation_5.F90 -O3 -fomit-frame-pointer -funroll-all-loops -finline-functions execution test
FAIL: gfortran.dg/integer_exponentiation_5.F90 -O3 -fomit-frame-pointer -funroll-loops execution test
FAIL: gfortran.dg/integer_exponentiation_5.F90 -O3 -g execution test
FAIL: gfortran.dg/integer_exponentiation_5.F90 -Os execution test
FAIL: gfortran.dg/isnan_1.f90 -O0 execution test
FAIL: gfortran.dg/isnan_1.f90 -O1 execution test
FAIL: gfortran.dg/isnan_1.f90 -O2 execution test
FAIL: gfortran.dg/isnan_1.f90 -O3 -fomit-frame-pointer execution test
FAIL: gfortran.dg/isnan_1.f90 -O3 -fomit-frame-pointer -funroll-all-loops -finline-functions execution test
FAIL: gfortran.dg/isnan_1.f90 -O3 -fomit-frame-pointer -funroll-loops execution test
FAIL: gfortran.dg/isnan_1.f90 -O3 -g execution test
FAIL: gfortran.dg/isnan_1.f90 -Os execution test
FAIL: gfortran.dg/large_real_kind_2.F90 -O0 execution test
FAIL: gfortran.dg/large_real_kind_2.F90 -O1 execution test
FAIL: gfortran.dg/large_real_kind_2.F90 -O2 execution test
FAIL: gfortran.dg/large_real_kind_2.F90 -O3 -fomit-frame-pointer execution test
FAIL: gfortran.dg/large_real_kind_2.F90 -O3 -fomit-frame-pointer -funroll-all-loops -finline-functions execution test
FAIL: gfortran.dg/large_real_kind_2.F90 -O3 -fomit-frame-pointer -funroll-loops execution test
FAIL: gfortran.dg/large_real_kind_2.F90 -O3 -g execution test
FAIL: gfortran.dg/large_real_kind_2.F90 -Os execution test
FAIL: gfortran.dg/large_real_kind_form_io_1.f90 -O3 -fomit-frame-pointer -funroll-all-loops -finline-functions execution test
FAIL: gfortran.dg/large_real_kind_form_io_1.f90 -O3 -fomit-frame-pointer -funroll-loops execution test
FAIL: gfortran.dg/maxloc_2.f90 -O0 execution test
FAIL: gfortran.dg/maxloc_2.f90 -O1 execution test
FAIL: gfortran.dg/maxloc_2.f90 -O2 execution test
FAIL: gfortran.dg/maxloc_2.f90 -O3 -fomit-frame-pointer execution test
FAIL: gfortran.dg/maxloc_2.f90 -O3 -fomit-frame-pointer -funroll-all-loops -finline-functions execution test
FAIL: gfortran.dg/maxloc_2.f90 -O3 -fomit-frame-pointer -funroll-loops execution test
FAIL: gfortran.dg/maxloc_2.f90 -O3 -g execution test
FAIL: gfortran.dg/maxloc_2.f90 -Os execution test
FAIL: gfortran.dg/maxlocval_2.f90 -O0 execution test
FAIL: gfortran.dg/maxlocval_2.f90 -O1 execution test
FAIL: gfortran.dg/maxlocval_2.f90 -O2 execution test
FAIL: gfortran.dg/maxlocval_2.f90 -O3 -fomit-frame-pointer execution test
FAIL: gfortran.dg/maxlocval_2.f90 -O3 -fomit-frame-pointer -funroll-all-loops -finline-functions execution test
FAIL: gfortran.dg/maxlocval_2.f90 -O3 -fomit-frame-pointer -funroll-loops execution test
FAIL: gfortran.dg/maxlocval_2.f90 -O3 -g execution test
FAIL: gfortran.dg/maxlocval_2.f90 -Os execution test
FAIL: gfortran.dg/maxlocval_4.f90 -O0 execution test
FAIL: gfortran.dg/maxlocval_4.f90 -O1 execution test
FAIL: gfortran.dg/maxlocval_4.f90 -O2 execution test
FAIL: gfortran.dg/maxlocval_4.f90 -O3 -fomit-frame-pointer execution test
FAIL: gfortran.dg/maxlocval_4.f90 -O3 -fomit-frame-pointer -funroll-all-loops -finline-functions execution test
FAIL: gfortran.dg/maxlocval_4.f90 -O3 -fomit-frame-pointer -funroll-loops execution test
FAIL: gfortran.dg/maxlocval_4.f90 -O3 -g execution test
FAIL: gfortran.dg/maxlocval_4.f90 -Os execution test
FAIL: gfortran.dg/minloc_1.f90 -O0 execution test
FAIL: gfortran.dg/minloc_1.f90 -O1 execution test
FAIL: gfortran.dg/minloc_1.f90 -O2 execution test
FAIL: gfortran.dg/minloc_1.f90 -O3 -fomit-frame-pointer execution test
FAIL: gfortran.dg/minloc_1.f90 -O3 -fomit-frame-pointer -funroll-all-loops -finline-functions execution test
FAIL: gfortran.dg/minloc_1.f90 -O3 -fomit-frame-pointer -funroll-loops execution test
FAIL: gfortran.dg/minloc_1.f90 -O3 -g execution test
FAIL: gfortran.dg/minloc_1.f90 -Os execution test
FAIL: gfortran.dg/minlocval_1.f90 -O0 execution test
FAIL: gfortran.dg/minlocval_1.f90 -O1 execution test
FAIL: gfortran.dg/minlocval_1.f90 -O2 execution test
FAIL: gfortran.dg/minlocval_1.f90 -O3 -fomit-frame-pointer execution test
FAIL: gfortran.dg/minlocval_1.f90 -O3 -fomit-frame-pointer -funroll-all-loops -finline-functions execution test
FAIL: gfortran.dg/minlocval_1.f90 -O3 -fomit-frame-pointer -funroll-loops execution test
FAIL: gfortran.dg/minlocval_1.f90 -O3 -g execution test
FAIL: gfortran.dg/minlocval_1.f90 -Os execution test
FAIL: gfortran.dg/minlocval_3.f90 -O2 (test for excess errors)
WARNING: gfortran.dg/minlocval_3.f90 -O2 compilation failed to produce executable
FAIL: gfortran.dg/minlocval_3.f90 -O3 -fomit-frame-pointer (test for excess errors)
WARNING: gfortran.dg/minlocval_3.f90 -O3 -fomit-frame-pointer compilation failed to produce executable
FAIL: gfortran.dg/minlocval_3.f90 -O3 -fomit-frame-pointer -funroll-all-loops -finline-functions (test for excess errors)
WARNING: gfortran.dg/minlocval_3.f90 -O3 -fomit-frame-pointer -funroll-all-loops -finline-functions compilation failed to produce executable
FAIL: gfortran.dg/minlocval_3.f90 -O3 -fomit-frame-pointer -funroll-loops (test for excess errors)
WARNING: gfortran.dg/minlocval_3.f90 -O3 -fomit-frame-pointer -funroll-loops compilation failed to produce executable
FAIL: gfortran.dg/minlocval_3.f90 -O3 -g (test for excess errors)
WARNING: gfortran.dg/minlocval_3.f90 -O3 -g compilation failed to produce executable
FAIL: gfortran.dg/minlocval_3.f90 -Os (test for excess errors)
WARNING: gfortran.dg/minlocval_3.f90 -Os compilation failed to produce executable
FAIL: gfortran.dg/minlocval_4.f90 -O0 execution test
FAIL: gfortran.dg/minlocval_4.f90 -O1 execution test
FAIL: gfortran.dg/minlocval_4.f90 -O2 execution test
FAIL: gfortran.dg/minlocval_4.f90 -O3 -fomit-frame-pointer execution test
FAIL: gfortran.dg/minlocval_4.f90 -O3 -fomit-frame-pointer -funroll-all-loops -finline-functions execution test
FAIL: gfortran.dg/minlocval_4.f90 -O3 -fomit-frame-pointer -funroll-loops execution test
FAIL: gfortran.dg/minlocval_4.f90 -O3 -g execution test
FAIL: gfortran.dg/minlocval_4.f90 -Os execution test
FAIL: gfortran.dg/namelist_40.f90 -O0 output pattern test, is Multiple sub-objects with non-zero rank in namelist object x%m%ch
FAIL: gfortran.dg/namelist_40.f90 -O1 output pattern test, is Multiple sub-objects with non-zero rank in namelist object x%m%ch
FAIL: gfortran.dg/namelist_40.f90 -O2 output pattern test, is Multiple sub-objects with non-zero rank in namelist object x%m%ch
FAIL: gfortran.dg/namelist_40.f90 -O3 -fomit-frame-pointer output pattern test, is Multiple sub-objects with non-zero rank in namelist object x%m%ch
FAIL: gfortran.dg/namelist_40.f90 -O3 -fomit-frame-pointer -funroll-all-loops -finline-functions output pattern test, is Multiple sub-objects with non-zero rank in namelist object x%m%ch
FAIL: gfortran.dg/namelist_40.f90 -O3 -fomit-frame-pointer -funroll-loops output pattern test, is Multiple sub-objects with non-zero rank in namelist object x%m%ch
FAIL: gfortran.dg/namelist_40.f90 -O3 -g output pattern test, is Multiple sub-objects with non-zero rank in namelist object x%m%ch
FAIL: gfortran.dg/namelist_40.f90 -Os output pattern test, is Multiple sub-objects with non-zero rank in namelist object x%m%ch
FAIL: gfortran.dg/namelist_47.f90 -O0 output pattern test, is Multiple sub-objects with non-zero rank in namelist object x%m%c012345678901234567890123456789012345678901234567890123456789h
FAIL: gfortran.dg/namelist_47.f90 -O1 output pattern test, is Multiple sub-objects with non-zero rank in namelist object x%m%c012345678901234567890123456789012345678901234567890123456789h
FAIL: gfortran.dg/namelist_47.f90 -O2 output pattern test, is Multiple sub-objects with non-zero rank in namelist object x%m%c012345678901234567890123456789012345678901234567890123456789h
FAIL: gfortran.dg/namelist_47.f90 -O3 -fomit-frame-pointer output pattern test, is Multiple sub-objects with non-zero rank in namelist object x%m%c012345678901234567890123456789012345678901234567890123456789h
FAIL: gfortran.dg/namelist_47.f90 -O3 -fomit-frame-pointer -funroll-all-loops -finline-functions output pattern test, is Multiple sub-objects with non-zero rank in namelist object x%m%c012345678901234567890123456789012345678901234567890123456789h
FAIL: gfortran.dg/namelist_47.f90 -O3 -fomit-frame-pointer -funroll-loops output pattern test, is Multiple sub-objects with non-zero rank in namelist object x%m%c012345678901234567890123456789012345678901234567890123456789h
FAIL: gfortran.dg/namelist_47.f90 -O3 -g output pattern test, is Multiple sub-objects with non-zero rank in namelist object x%m%c012345678901234567890123456789012345678901234567890123456789h
FAIL: gfortran.dg/namelist_47.f90 -Os output pattern test, is Multiple sub-objects with non-zero rank in namelist object x%m%c012345678901234567890123456789012345678901234567890123456789h
FAIL: gfortran.dg/namelist_print_1.f -O0 output pattern test, is &MYNML
FAIL: gfortran.dg/namelist_print_1.f -O1 output pattern test, is &MYNML
FAIL: gfortran.dg/namelist_print_1.f -O2 output pattern test, is &MYNML
FAIL: gfortran.dg/namelist_print_1.f -O3 -fomit-frame-pointer output pattern test, is &MYNML
FAIL: gfortran.dg/namelist_print_1.f -O3 -fomit-frame-pointer -funroll-all-loops -finline-functions output pattern test, is &MYNML
FAIL: gfortran.dg/namelist_print_1.f -O3 -fomit-frame-pointer -funroll-loops output pattern test, is &MYNML
FAIL: gfortran.dg/namelist_print_1.f -O3 -g output pattern test, is &MYNML
FAIL: gfortran.dg/namelist_print_1.f -Os output pattern test, is &MYNML
FAIL: gfortran.dg/nan_1.f90 -O0 execution test
FAIL: gfortran.dg/nan_1.f90 -O1 execution test
FAIL: gfortran.dg/nan_1.f90 -O2 execution test
FAIL: gfortran.dg/nan_1.f90 -O3 -fomit-frame-pointer execution test
FAIL: gfortran.dg/nan_1.f90 -O3 -fomit-frame-pointer -funroll-all-loops -finline-functions execution test
FAIL: gfortran.dg/nan_1.f90 -O3 -fomit-frame-pointer -funroll-loops execution test
FAIL: gfortran.dg/nan_1.f90 -O3 -g execution test
FAIL: gfortran.dg/nan_1.f90 -Os execution test
FAIL: gfortran.dg/nan_2.f90 -O0 execution test
FAIL: gfortran.dg/nan_6.f90 -O0 execution test
FAIL: gfortran.dg/nan_6.f90 -O1 execution test
FAIL: gfortran.dg/nan_6.f90 -O2 execution test
FAIL: gfortran.dg/nan_6.f90 -O3 -fomit-frame-pointer execution test
FAIL: gfortran.dg/nan_6.f90 -O3 -fomit-frame-pointer -funroll-all-loops -finline-functions execution test
FAIL: gfortran.dg/nan_6.f90 -O3 -fomit-frame-pointer -funroll-loops execution test
FAIL: gfortran.dg/nan_6.f90 -O3 -g execution test
FAIL: gfortran.dg/nan_6.f90 -Os execution test
FAIL: gfortran.dg/nearest_1.f90 -O0 execution test
FAIL: gfortran.dg/nearest_1.f90 -O1 execution test
FAIL: gfortran.dg/nearest_1.f90 -O2 execution test
FAIL: gfortran.dg/nearest_1.f90 -O3 -fomit-frame-pointer execution test
FAIL: gfortran.dg/nearest_1.f90 -O3 -fomit-frame-pointer -funroll-all-loops -finline-functions execution test
FAIL: gfortran.dg/nearest_1.f90 -O3 -fomit-frame-pointer -funroll-loops execution test
FAIL: gfortran.dg/nearest_1.f90 -O3 -g execution test
FAIL: gfortran.dg/nearest_1.f90 -Os execution test
FAIL: gfortran.dg/nearest_3.f90 -O0 execution test
FAIL: gfortran.dg/nearest_3.f90 -O1 execution test
FAIL: gfortran.dg/nearest_3.f90 -O2 execution test
FAIL: gfortran.dg/nearest_3.f90 -O3 -fomit-frame-pointer execution test
FAIL: gfortran.dg/nearest_3.f90 -O3 -fomit-frame-pointer -funroll-all-loops -finline-functions execution test
FAIL: gfortran.dg/nearest_3.f90 -O3 -fomit-frame-pointer -funroll-loops execution test
FAIL: gfortran.dg/nearest_3.f90 -O3 -g execution test
FAIL: gfortran.dg/nearest_3.f90 -Os execution test
XPASS: gfortran.dg/nint_2.f90 -O0 execution test
FAIL: gfortran.dg/norm2_3.f90 -O0 execution test
FAIL: gfortran.dg/norm2_3.f90 -O1 execution test
FAIL: gfortran.dg/norm2_3.f90 -O2 execution test
FAIL: gfortran.dg/norm2_3.f90 -O3 -fomit-frame-pointer execution test
FAIL: gfortran.dg/norm2_3.f90 -O3 -fomit-frame-pointer -funroll-all-loops -finline-functions execution test
FAIL: gfortran.dg/norm2_3.f90 -O3 -fomit-frame-pointer -funroll-loops execution test
FAIL: gfortran.dg/norm2_3.f90 -O3 -g execution test
FAIL: gfortran.dg/norm2_3.f90 -Os execution test
FAIL: gfortran.dg/parameter_array_dummy.f90 -O0 output pattern test, is 1 aa
FAIL: gfortran.dg/parameter_array_dummy.f90 -O1 output pattern test, is 1 aa
FAIL: gfortran.dg/parameter_array_dummy.f90 -O2 output pattern test, is 1 aa
FAIL: gfortran.dg/parameter_array_dummy.f90 -O3 -fomit-frame-pointer output pattern test, is 1 aa
FAIL: gfortran.dg/parameter_array_dummy.f90 -O3 -fomit-frame-pointer -funroll-all-loops -finline-functions output pattern test, is 1 aa
FAIL: gfortran.dg/parameter_array_dummy.f90 -O3 -fomit-frame-pointer -funroll-loops output pattern test, is 1 aa
FAIL: gfortran.dg/parameter_array_dummy.f90 -O3 -g output pattern test, is 1 aa
FAIL: gfortran.dg/parameter_array_dummy.f90 -Os output pattern test, is 1 aa
FAIL: gfortran.dg/pr48636.f90 -O scan-ipa-dump inline "bar[^\\\\n]*inline copy in MAIN"
FAIL: gfortran.dg/pr48636.f90 -O scan-ipa-dump inline "inline hints: loop_iterations"
FAIL: gfortran.dg/pr48636.f90 -O scan-ipa-dump-times inline "phi predicate:" 5
FAIL: gfortran.dg/pr48636.f90 -O (internal compiler error)
FAIL: gfortran.dg/pr48636.f90 -O (test for excess errors)
FAIL: gfortran.dg/random_3.f90 -O3 -fomit-frame-pointer -funroll-all-loops -finline-functions execution test
FAIL: gfortran.dg/random_3.f90 -O3 -fomit-frame-pointer -funroll-loops execution test
FAIL: gfortran.dg/real_const_3.f90 -O0 execution test
FAIL: gfortran.dg/real_const_3.f90 -O1 execution test
FAIL: gfortran.dg/real_const_3.f90 -O2 execution test
FAIL: gfortran.dg/real_const_3.f90 -O3 -fomit-frame-pointer execution test
FAIL: gfortran.dg/real_const_3.f90 -O3 -fomit-frame-pointer -funroll-all-loops -finline-functions execution test
FAIL: gfortran.dg/real_const_3.f90 -O3 -fomit-frame-pointer -funroll-loops execution test
FAIL: gfortran.dg/real_const_3.f90 -O3 -g execution test
FAIL: gfortran.dg/real_const_3.f90 -Os execution test
FAIL: gfortran.dg/g77/f77-edit-apostrophe-out.f -O0 output pattern test, is abcde
FAIL: gfortran.dg/g77/f77-edit-apostrophe-out.f -O1 output pattern test, is abcde
FAIL: gfortran.dg/g77/f77-edit-apostrophe-out.f -O2 output pattern test, is abcde
FAIL: gfortran.dg/g77/f77-edit-apostrophe-out.f -O3 -fomit-frame-pointer output pattern test, is abcde
FAIL: gfortran.dg/g77/f77-edit-apostrophe-out.f -O3 -fomit-frame-pointer -funroll-all-loops -finline-functions output pattern test, is abcde
FAIL: gfortran.dg/g77/f77-edit-apostrophe-out.f -O3 -fomit-frame-pointer -funroll-loops output pattern test, is abcde
FAIL: gfortran.dg/g77/f77-edit-apostrophe-out.f -O3 -g output pattern test, is abcde
FAIL: gfortran.dg/g77/f77-edit-apostrophe-out.f -Os output pattern test, is abcde
FAIL: gfortran.dg/g77/f77-edit-colon-out.f -O0 output pattern test, is 123
FAIL: gfortran.dg/g77/f77-edit-colon-out.f -O1 output pattern test, is 123
FAIL: gfortran.dg/g77/f77-edit-colon-out.f -O2 output pattern test, is 123
FAIL: gfortran.dg/g77/f77-edit-colon-out.f -O3 -fomit-frame-pointer output pattern test, is 123
FAIL: gfortran.dg/g77/f77-edit-colon-out.f -O3 -fomit-frame-pointer -funroll-all-loops -finline-functions output pattern test, is 123
FAIL: gfortran.dg/g77/f77-edit-colon-out.f -O3 -fomit-frame-pointer -funroll-loops output pattern test, is 123
FAIL: gfortran.dg/g77/f77-edit-colon-out.f -O3 -g output pattern test, is 123
FAIL: gfortran.dg/g77/f77-edit-colon-out.f -Os output pattern test, is 123
FAIL: gfortran.dg/g77/f77-edit-h-out.f -O0 output pattern test, is 1
FAIL: gfortran.dg/g77/f77-edit-h-out.f -O1 output pattern test, is 1
FAIL: gfortran.dg/g77/f77-edit-h-out.f -O2 output pattern test, is 1
FAIL: gfortran.dg/g77/f77-edit-h-out.f -O3 -fomit-frame-pointer output pattern test, is 1
FAIL: gfortran.dg/g77/f77-edit-h-out.f -O3 -fomit-frame-pointer -funroll-all-loops -finline-functions output pattern test, is 1
FAIL: gfortran.dg/g77/f77-edit-h-out.f -O3 -fomit-frame-pointer -funroll-loops output pattern test, is 1
FAIL: gfortran.dg/g77/f77-edit-h-out.f -O3 -g output pattern test, is 1
FAIL: gfortran.dg/g77/f77-edit-h-out.f -Os output pattern test, is 1
FAIL: gfortran.dg/g77/f77-edit-i-out.f -O0 output pattern test, is 1
FAIL: gfortran.dg/g77/f77-edit-i-out.f -O1 output pattern test, is 1
FAIL: gfortran.dg/g77/f77-edit-i-out.f -O2 output pattern test, is 1
FAIL: gfortran.dg/g77/f77-edit-i-out.f -O3 -fomit-frame-pointer output pattern test, is 1
FAIL: gfortran.dg/g77/f77-edit-i-out.f -O3 -fomit-frame-pointer -funroll-all-loops -finline-functions output pattern test, is 1
FAIL: gfortran.dg/g77/f77-edit-i-out.f -O3 -fomit-frame-pointer -funroll-loops output pattern test, is 1
FAIL: gfortran.dg/g77/f77-edit-i-out.f -O3 -g output pattern test, is 1
FAIL: gfortran.dg/g77/f77-edit-i-out.f -Os output pattern test, is 1
FAIL: gfortran.dg/g77/f77-edit-s-out.f -O0 output pattern test, is +10 20
FAIL: gfortran.dg/g77/f77-edit-s-out.f -O1 output pattern test, is +10 20
FAIL: gfortran.dg/g77/f77-edit-s-out.f -O2 output pattern test, is +10 20
FAIL: gfortran.dg/g77/f77-edit-s-out.f -O3 -fomit-frame-pointer output pattern test, is +10 20
FAIL: gfortran.dg/g77/f77-edit-s-out.f -O3 -fomit-frame-pointer -funroll-all-loops -finline-functions output pattern test, is +10 20
FAIL: gfortran.dg/g77/f77-edit-s-out.f -O3 -fomit-frame-pointer -funroll-loops output pattern test, is +10 20
FAIL: gfortran.dg/g77/f77-edit-s-out.f -O3 -g output pattern test, is +10 20
FAIL: gfortran.dg/g77/f77-edit-s-out.f -Os output pattern test, is +10 20
FAIL: gfortran.dg/g77/f77-edit-slash-out.f -O0 output pattern test, is 123
FAIL: gfortran.dg/g77/f77-edit-slash-out.f -O1 output pattern test, is 123
FAIL: gfortran.dg/g77/f77-edit-slash-out.f -O2 output pattern test, is 123
FAIL: gfortran.dg/g77/f77-edit-slash-out.f -O3 -fomit-frame-pointer output pattern test, is 123
FAIL: gfortran.dg/g77/f77-edit-slash-out.f -O3 -fomit-frame-pointer -funroll-all-loops -finline-functions output pattern test, is 123
FAIL: gfortran.dg/g77/f77-edit-slash-out.f -O3 -fomit-frame-pointer -funroll-loops output pattern test, is 123
FAIL: gfortran.dg/g77/f77-edit-slash-out.f -O3 -g output pattern test, is 123
FAIL: gfortran.dg/g77/f77-edit-slash-out.f -Os output pattern test, is 123
FAIL: gfortran.dg/g77/f77-edit-t-out.f -O0 output pattern test, is 1234 8
FAIL: gfortran.dg/g77/f77-edit-t-out.f -O1 output pattern test, is 1234 8
FAIL: gfortran.dg/g77/f77-edit-t-out.f -O2 output pattern test, is 1234 8
FAIL: gfortran.dg/g77/f77-edit-t-out.f -O3 -fomit-frame-pointer output pattern test, is 1234 8
FAIL: gfortran.dg/g77/f77-edit-t-out.f -O3 -fomit-frame-pointer -funroll-all-loops -finline-functions output pattern test, is 1234 8
FAIL: gfortran.dg/g77/f77-edit-t-out.f -O3 -fomit-frame-pointer -funroll-loops output pattern test, is 1234 8
FAIL: gfortran.dg/g77/f77-edit-t-out.f -O3 -g output pattern test, is 1234 8
FAIL: gfortran.dg/g77/f77-edit-t-out.f -Os output pattern test, is 1234 8
FAIL: gfortran.dg/g77/f77-edit-x-out.f -O0 output pattern test, is 1 2 3
FAIL: gfortran.dg/g77/f77-edit-x-out.f -O1 output pattern test, is 1 2 3
FAIL: gfortran.dg/g77/f77-edit-x-out.f -O2 output pattern test, is 1 2 3
FAIL: gfortran.dg/g77/f77-edit-x-out.f -O3 -fomit-frame-pointer output pattern test, is 1 2 3
FAIL: gfortran.dg/g77/f77-edit-x-out.f -O3 -fomit-frame-pointer -funroll-all-loops -finline-functions output pattern test, is 1 2 3
FAIL: gfortran.dg/g77/f77-edit-x-out.f -O3 -fomit-frame-pointer -funroll-loops output pattern test, is 1 2 3
FAIL: gfortran.dg/g77/f77-edit-x-out.f -O3 -g output pattern test, is 1 2 3
FAIL: gfortran.dg/g77/f77-edit-x-out.f -Os output pattern test, is 1 2 3
WARNING: program timed out.
WARNING: program timed out.
WARNING: program timed out.
WARNING: program timed out.
WARNING: program timed out.
WARNING: program timed out.
FAIL: gfortran.dg/graphite/id-11.f -O (internal compiler error)
FAIL: gfortran.dg/graphite/id-11.f -O (test for excess errors)
FAIL: gfortran.dg/graphite/id-12.f -O (internal compiler error)
FAIL: gfortran.dg/graphite/id-12.f -O (test for excess errors)
FAIL: gfortran.dg/graphite/id-13.f -O (internal compiler error)
FAIL: gfortran.dg/graphite/id-13.f -O (test for excess errors)
FAIL: gfortran.dg/graphite/id-14.f -O (internal compiler error)
FAIL: gfortran.dg/graphite/id-14.f -O (test for excess errors)
FAIL: gfortran.dg/graphite/id-15.f -O (internal compiler error)
FAIL: gfortran.dg/graphite/id-15.f -O (test for excess errors)
FAIL: gfortran.dg/graphite/id-16.f -O (internal compiler error)
FAIL: gfortran.dg/graphite/id-16.f -O (test for excess errors)
FAIL: gfortran.dg/graphite/id-17.f -O (internal compiler error)
FAIL: gfortran.dg/graphite/id-17.f -O (test for excess errors)
FAIL: gfortran.dg/graphite/id-18.f90 -O (internal compiler error)
FAIL: gfortran.dg/graphite/id-18.f90 -O (test for excess errors)
FAIL: gfortran.dg/graphite/id-24.f -O (internal compiler error)
FAIL: gfortran.dg/graphite/id-24.f -O (test for excess errors)
FAIL: gfortran.dg/graphite/id-25.f -O (internal compiler error)
FAIL: gfortran.dg/graphite/id-25.f -O (test for excess errors)
FAIL: gfortran.dg/graphite/id-4.f90 -O (internal compiler error)
FAIL: gfortran.dg/graphite/id-4.f90 -O (test for excess errors)
FAIL: gfortran.dg/graphite/id-7.f -O (internal compiler error)
FAIL: gfortran.dg/graphite/id-7.f -O (test for excess errors)
FAIL: gfortran.dg/graphite/id-8.f -O (internal compiler error)
FAIL: gfortran.dg/graphite/id-8.f -O (test for excess errors)
FAIL: gfortran.dg/graphite/id-9.f -O (internal compiler error)
FAIL: gfortran.dg/graphite/id-9.f -O (test for excess errors)
FAIL: gfortran.dg/graphite/id-pr43354.f -O (internal compiler error)
FAIL: gfortran.dg/graphite/id-pr43354.f -O (test for excess errors)
FAIL: gfortran.dg/graphite/interchange-3.f90 -O scan-tree-dump-times graphite "will be interchanged" 1
FAIL: gfortran.dg/graphite/interchange-3.f90 -O (internal compiler error)
FAIL: gfortran.dg/graphite/interchange-3.f90 -O (test for excess errors)
FAIL: gfortran.dg/graphite/pr14741.f90 -O (internal compiler error)
FAIL: gfortran.dg/graphite/pr14741.f90 -O (test for excess errors)
FAIL: gfortran.dg/graphite/pr29581.f90 -O0 (internal compiler error)
FAIL: gfortran.dg/graphite/pr29581.f90 -O0 (test for excess errors)
WARNING: gfortran.dg/graphite/pr29581.f90 -O0 compilation failed to produce executable
FAIL: gfortran.dg/graphite/pr29581.f90 -O1 (internal compiler error)
FAIL: gfortran.dg/graphite/pr29581.f90 -O1 (test for excess errors)
WARNING: gfortran.dg/graphite/pr29581.f90 -O1 compilation failed to produce executable
FAIL: gfortran.dg/graphite/pr29581.f90 -O2 (internal compiler error)
FAIL: gfortran.dg/graphite/pr29581.f90 -O2 (test for excess errors)
WARNING: gfortran.dg/graphite/pr29581.f90 -O2 compilation failed to produce executable
FAIL: gfortran.dg/graphite/pr29581.f90 -O3 -fomit-frame-pointer (internal compiler error)
FAIL: gfortran.dg/graphite/pr29581.f90 -O3 -fomit-frame-pointer (test for excess errors)
WARNING: gfortran.dg/graphite/pr29581.f90 -O3 -fomit-frame-pointer compilation failed to produce executable
FAIL: gfortran.dg/graphite/pr29581.f90 -O3 -fomit-frame-pointer -funroll-all-loops -finline-functions (internal compiler error)
FAIL: gfortran.dg/graphite/pr29581.f90 -O3 -fomit-frame-pointer -funroll-all-loops -finline-functions (test for excess errors)
WARNING: gfortran.dg/graphite/pr29581.f90 -O3 -fomit-frame-pointer -funroll-all-loops -finline-functions compilation failed to produce executable
FAIL: gfortran.dg/graphite/pr29581.f90 -O3 -fomit-frame-pointer -funroll-loops (internal compiler error)
FAIL: gfortran.dg/graphite/pr29581.f90 -O3 -fomit-frame-pointer -funroll-loops (test for excess errors)
WARNING: gfortran.dg/graphite/pr29581.f90 -O3 -fomit-frame-pointer -funroll-loops compilation failed to produce executable
FAIL: gfortran.dg/graphite/pr29581.f90 -O3 -g (internal compiler error)
FAIL: gfortran.dg/graphite/pr29581.f90 -O3 -g (test for excess errors)
WARNING: gfortran.dg/graphite/pr29581.f90 -O3 -g compilation failed to produce executable
FAIL: gfortran.dg/graphite/pr29581.f90 -Os (internal compiler error)
FAIL: gfortran.dg/graphite/pr29581.f90 -Os (test for excess errors)
WARNING: gfortran.dg/graphite/pr29581.f90 -Os compilation failed to produce executable
FAIL: gfortran.dg/graphite/pr29832.f90 -O0 (internal compiler error)
FAIL: gfortran.dg/graphite/pr29832.f90 -O0 (test for excess errors)
WARNING: gfortran.dg/graphite/pr29832.f90 -O0 compilation failed to produce executable
FAIL: gfortran.dg/graphite/pr29832.f90 -O1 (internal compiler error)
FAIL: gfortran.dg/graphite/pr29832.f90 -O1 (test for excess errors)
WARNING: gfortran.dg/graphite/pr29832.f90 -O1 compilation failed to produce executable
FAIL: gfortran.dg/graphite/pr29832.f90 -O2 (internal compiler error)
FAIL: gfortran.dg/graphite/pr29832.f90 -O2 (test for excess errors)
WARNING: gfortran.dg/graphite/pr29832.f90 -O2 compilation failed to produce executable
FAIL: gfortran.dg/graphite/pr29832.f90 -O3 -fomit-frame-pointer (internal compiler error)
FAIL: gfortran.dg/graphite/pr29832.f90 -O3 -fomit-frame-pointer (test for excess errors)
WARNING: gfortran.dg/graphite/pr29832.f90 -O3 -fomit-frame-pointer compilation failed to produce executable
FAIL: gfortran.dg/graphite/pr29832.f90 -O3 -fomit-frame-pointer -funroll-all-loops -finline-functions (internal compiler error)
FAIL: gfortran.dg/graphite/pr29832.f90 -O3 -fomit-frame-pointer -funroll-all-loops -finline-functions (test for excess errors)
WARNING: gfortran.dg/graphite/pr29832.f90 -O3 -fomit-frame-pointer -funroll-all-loops -finline-functions compilation failed to produce executable
FAIL: gfortran.dg/graphite/pr29832.f90 -O3 -fomit-frame-pointer -funroll-loops (internal compiler error)
FAIL: gfortran.dg/graphite/pr29832.f90 -O3 -fomit-frame-pointer -funroll-loops (test for excess errors)
WARNING: gfortran.dg/graphite/pr29832.f90 -O3 -fomit-frame-pointer -funroll-loops compilation failed to produce executable
FAIL: gfortran.dg/graphite/pr29832.f90 -O3 -g (internal compiler error)
FAIL: gfortran.dg/graphite/pr29832.f90 -O3 -g (test for excess errors)
WARNING: gfortran.dg/graphite/pr29832.f90 -O3 -g compilation failed to produce executable
FAIL: gfortran.dg/graphite/pr29832.f90 -Os (internal compiler error)
FAIL: gfortran.dg/graphite/pr29832.f90 -Os (test for excess errors)
WARNING: gfortran.dg/graphite/pr29832.f90 -Os compilation failed to produce executable
FAIL: gfortran.dg/graphite/pr40982.f90 -O (internal compiler error)
FAIL: gfortran.dg/graphite/pr40982.f90 -O (test for excess errors)
FAIL: gfortran.dg/graphite/pr41924.f90 -O (internal compiler error)
FAIL: gfortran.dg/graphite/pr41924.f90 -O (test for excess errors)
FAIL: gfortran.dg/graphite/pr42186.f90 -O (internal compiler error)
FAIL: gfortran.dg/graphite/pr42186.f90 -O (test for excess errors)
FAIL: gfortran.dg/graphite/pr42285.f90 -O (internal compiler error)
FAIL: gfortran.dg/graphite/pr42285.f90 -O (test for excess errors)
FAIL: gfortran.dg/graphite/pr42334-1.f -O (internal compiler error)
FAIL: gfortran.dg/graphite/pr42334-1.f -O (test for excess errors)
FAIL: gfortran.dg/graphite/pr42393-1.f90 -O (internal compiler error)
FAIL: gfortran.dg/graphite/pr42393-1.f90 -O (test for excess errors)
FAIL: gfortran.dg/graphite/pr42393.f90 -O (internal compiler error)
FAIL: gfortran.dg/graphite/pr42393.f90 -O (test for excess errors)
FAIL: gfortran.dg/graphite/pr42732.f -O (internal compiler error)
FAIL: gfortran.dg/graphite/pr42732.f -O (test for excess errors)
FAIL: gfortran.dg/graphite/pr59586.f -O (internal compiler error)
FAIL: gfortran.dg/graphite/pr59586.f -O (test for excess errors)
FAIL: gfortran.dg/graphite/run-id-1.f -O (internal compiler error)
FAIL: gfortran.dg/graphite/run-id-1.f -O (test for excess errors)
WARNING: gfortran.dg/graphite/run-id-1.f -O compilation failed to produce executable
FAIL: gfortran.dg/graphite/run-id-2.f90 -O (internal compiler error)
FAIL: gfortran.dg/graphite/run-id-2.f90 -O (test for excess errors)
WARNING: gfortran.dg/graphite/run-id-2.f90 -O compilation failed to produce executable
FAIL: gfortran.dg/ieee/ieee_1.F90 -O0 execution test
FAIL: gfortran.dg/ieee/ieee_1.F90 -O1 execution test
FAIL: gfortran.dg/ieee/ieee_1.F90 -O2 execution test
FAIL: gfortran.dg/ieee/ieee_1.F90 -O3 -fomit-frame-pointer execution test
FAIL: gfortran.dg/ieee/ieee_1.F90 -O3 -fomit-frame-pointer -funroll-all-loops -finline-functions execution test
FAIL: gfortran.dg/ieee/ieee_1.F90 -O3 -fomit-frame-pointer -funroll-loops execution test
FAIL: gfortran.dg/ieee/ieee_1.F90 -O3 -g execution test
FAIL: gfortran.dg/ieee/ieee_1.F90 -Os execution test
FAIL: gfortran.dg/ieee/ieee_2.f90 -O0 execution test
FAIL: gfortran.dg/ieee/ieee_2.f90 -O1 execution test
FAIL: gfortran.dg/ieee/ieee_2.f90 -O2 execution test
FAIL: gfortran.dg/ieee/ieee_2.f90 -O3 -fomit-frame-pointer execution test
FAIL: gfortran.dg/ieee/ieee_2.f90 -O3 -fomit-frame-pointer -funroll-all-loops -finline-functions execution test
FAIL: gfortran.dg/ieee/ieee_2.f90 -O3 -fomit-frame-pointer -funroll-loops execution test
FAIL: gfortran.dg/ieee/ieee_2.f90 -O3 -g execution test
FAIL: gfortran.dg/ieee/ieee_2.f90 -Os execution test
FAIL: gfortran.dg/ieee/ieee_3.f90 -O0 execution test
FAIL: gfortran.dg/ieee/ieee_3.f90 -O1 execution test
FAIL: gfortran.dg/ieee/ieee_3.f90 -O2 execution test
FAIL: gfortran.dg/ieee/ieee_3.f90 -O3 -fomit-frame-pointer execution test
FAIL: gfortran.dg/ieee/ieee_3.f90 -O3 -fomit-frame-pointer -funroll-all-loops -finline-functions execution test
FAIL: gfortran.dg/ieee/ieee_3.f90 -O3 -fomit-frame-pointer -funroll-loops execution test
FAIL: gfortran.dg/ieee/ieee_3.f90 -O3 -g execution test
FAIL: gfortran.dg/ieee/ieee_3.f90 -Os execution test
FAIL: gfortran.dg/ieee/ieee_4.f90 -O0 execution test
FAIL: gfortran.dg/ieee/ieee_4.f90 -O1 execution test
FAIL: gfortran.dg/ieee/ieee_4.f90 -O2 execution test
FAIL: gfortran.dg/ieee/ieee_4.f90 -O3 -fomit-frame-pointer execution test
FAIL: gfortran.dg/ieee/ieee_4.f90 -O3 -fomit-frame-pointer -funroll-all-loops -finline-functions execution test
FAIL: gfortran.dg/ieee/ieee_4.f90 -O3 -fomit-frame-pointer -funroll-loops execution test
FAIL: gfortran.dg/ieee/ieee_4.f90 -O3 -g execution test
FAIL: gfortran.dg/ieee/ieee_4.f90 -Os execution test
FAIL: gfortran.dg/ieee/ieee_6.f90 -O0 execution test
FAIL: gfortran.dg/ieee/ieee_6.f90 -O1 execution test
FAIL: gfortran.dg/ieee/ieee_6.f90 -O2 execution test
FAIL: gfortran.dg/ieee/ieee_6.f90 -O3 -fomit-frame-pointer execution test
FAIL: gfortran.dg/ieee/ieee_6.f90 -O3 -fomit-frame-pointer -funroll-all-loops -finline-functions execution test
FAIL: gfortran.dg/ieee/ieee_6.f90 -O3 -fomit-frame-pointer -funroll-loops execution test
FAIL: gfortran.dg/ieee/ieee_6.f90 -O3 -g execution test
FAIL: gfortran.dg/ieee/ieee_6.f90 -Os execution test
FAIL: gfortran.fortran-torture/execute/intrinsic_fraction_exponent.f90 execution, -O0
FAIL: gfortran.fortran-torture/execute/intrinsic_fraction_exponent.f90 execution, -O1
FAIL: gfortran.fortran-torture/execute/intrinsic_fraction_exponent.f90 execution, -O2
FAIL: gfortran.fortran-torture/execute/intrinsic_fraction_exponent.f90 execution, -O2 -fbounds-check
FAIL: gfortran.fortran-torture/execute/intrinsic_fraction_exponent.f90 execution, -O2 -fomit-frame-pointer -finline-functions
FAIL: gfortran.fortran-torture/execute/intrinsic_fraction_exponent.f90 execution, -O2 -fomit-frame-pointer -finline-functions -funroll-loops
FAIL: gfortran.fortran-torture/execute/intrinsic_fraction_exponent.f90 execution, -O3 -g
FAIL: gfortran.fortran-torture/execute/intrinsic_fraction_exponent.f90 execution, -Os
FAIL: gfortran.fortran-torture/execute/intrinsic_nearest.f90 execution, -O0
FAIL: gfortran.fortran-torture/execute/intrinsic_nearest.f90 execution, -O1
FAIL: gfortran.fortran-torture/execute/intrinsic_nearest.f90 execution, -O2
FAIL: gfortran.fortran-torture/execute/intrinsic_nearest.f90 execution, -O2 -fbounds-check
FAIL: gfortran.fortran-torture/execute/intrinsic_nearest.f90 execution, -O2 -fomit-frame-pointer -finline-functions
FAIL: gfortran.fortran-torture/execute/intrinsic_nearest.f90 execution, -O2 -fomit-frame-pointer -finline-functions -funroll-loops
FAIL: gfortran.fortran-torture/execute/intrinsic_nearest.f90 execution, -O3 -g
FAIL: gfortran.fortran-torture/execute/intrinsic_nearest.f90 execution, -Os
FAIL: gfortran.fortran-torture/execute/nan_inf_fmt.f90 execution, -O0
FAIL: gfortran.fortran-torture/execute/nan_inf_fmt.f90 execution, -O1
FAIL: gfortran.fortran-torture/execute/nan_inf_fmt.f90 execution, -O2
FAIL: gfortran.fortran-torture/execute/nan_inf_fmt.f90 execution, -O2 -fbounds-check
FAIL: gfortran.fortran-torture/execute/nan_inf_fmt.f90 execution, -O2 -fomit-frame-pointer -finline-functions
FAIL: gfortran.fortran-torture/execute/nan_inf_fmt.f90 execution, -O2 -fomit-frame-pointer -finline-functions -funroll-loops
FAIL: gfortran.fortran-torture/execute/nan_inf_fmt.f90 execution, -O3 -g
FAIL: gfortran.fortran-torture/execute/nan_inf_fmt.f90 execution, -Os
=== gfortran Summary ===
# of expected passes 46716
# of unexpected failures 474
# of unexpected successes 1
# of expected failures 94
# of unresolved testcases 8
# of unsupported tests 245
/home/b30502/e500v2/opt/freescale/NLAe500v2/obj_gcc/gcc/testsuite/gfortran/../../gfortran version 5.0.0 20150305 (Thu Mar 5 02:17:52 CST 2015 build.sh rev=1196 s=FCtrunk t=DGREMboard0 NLAe500v2) (GCC)
=== g++ tests ===
Running target perf3board018270
FAIL: c-c++-common/asan/null-deref-1.c -O2 output pattern test, is ASAN:SIGSEGV
FAIL: c-c++-common/asan/null-deref-1.c -O2 -flto -fno-use-linker-plugin -flto-partition=none output pattern test, is ASAN:SIGSEGV
FAIL: c-c++-common/asan/null-deref-1.c -O2 -flto -fuse-linker-plugin -fno-fat-lto-objects output pattern test, is ASAN:SIGSEGV
FAIL: c-c++-common/asan/null-deref-1.c -O3 -fomit-frame-pointer output pattern test, is ASAN:SIGSEGV
FAIL: c-c++-common/asan/null-deref-1.c -O3 -g output pattern test, is ASAN:SIGSEGV
FAIL: tmpdir-g++.dg-struct-layout-1/t001 cp_compat_main_tst.o compile
FAIL: tmpdir-g++.dg-struct-layout-1/t001 cp_compat_x_tst.o compile
UNRESOLVED: tmpdir-g++.dg-struct-layout-1/t001 cp_compat_x_tst.o-cp_compat_y_tst.o execute
UNRESOLVED: tmpdir-g++.dg-struct-layout-1/t001 cp_compat_x_tst.o-cp_compat_y_tst.o link
FAIL: tmpdir-g++.dg-struct-layout-1/t001 cp_compat_y_tst.o compile
FAIL: tmpdir-g++.dg-struct-layout-1/t002 cp_compat_main_tst.o compile
FAIL: tmpdir-g++.dg-struct-layout-1/t002 cp_compat_x_tst.o compile
UNRESOLVED: tmpdir-g++.dg-struct-layout-1/t002 cp_compat_x_tst.o-cp_compat_y_tst.o execute
UNRESOLVED: tmpdir-g++.dg-struct-layout-1/t002 cp_compat_x_tst.o-cp_compat_y_tst.o link
FAIL: tmpdir-g++.dg-struct-layout-1/t002 cp_compat_y_tst.o compile
FAIL: tmpdir-g++.dg-struct-layout-1/t003 cp_compat_main_tst.o compile
FAIL: tmpdir-g++.dg-struct-layout-1/t003 cp_compat_x_tst.o compile
UNRESOLVED: tmpdir-g++.dg-struct-layout-1/t003 cp_compat_x_tst.o-cp_compat_y_tst.o execute
UNRESOLVED: tmpdir-g++.dg-struct-layout-1/t003 cp_compat_x_tst.o-cp_compat_y_tst.o link
FAIL: tmpdir-g++.dg-struct-layout-1/t003 cp_compat_y_tst.o compile
FAIL: tmpdir-g++.dg-struct-layout-1/t004 cp_compat_main_tst.o compile
FAIL: tmpdir-g++.dg-struct-layout-1/t004 cp_compat_x_tst.o compile
UNRESOLVED: tmpdir-g++.dg-struct-layout-1/t004 cp_compat_x_tst.o-cp_compat_y_tst.o execute
UNRESOLVED: tmpdir-g++.dg-struct-layout-1/t004 cp_compat_x_tst.o-cp_compat_y_tst.o link
FAIL: tmpdir-g++.dg-struct-layout-1/t004 cp_compat_y_tst.o compile
FAIL: tmpdir-g++.dg-struct-layout-1/t005 cp_compat_main_tst.o compile
FAIL: tmpdir-g++.dg-struct-layout-1/t005 cp_compat_x_tst.o compile
UNRESOLVED: tmpdir-g++.dg-struct-layout-1/t005 cp_compat_x_tst.o-cp_compat_y_tst.o execute
UNRESOLVED: tmpdir-g++.dg-struct-layout-1/t005 cp_compat_x_tst.o-cp_compat_y_tst.o link
FAIL: tmpdir-g++.dg-struct-layout-1/t005 cp_compat_y_tst.o compile
FAIL: tmpdir-g++.dg-struct-layout-1/t006 cp_compat_main_tst.o compile
FAIL: tmpdir-g++.dg-struct-layout-1/t006 cp_compat_x_tst.o compile
UNRESOLVED: tmpdir-g++.dg-struct-layout-1/t006 cp_compat_x_tst.o-cp_compat_y_tst.o execute
UNRESOLVED: tmpdir-g++.dg-struct-layout-1/t006 cp_compat_x_tst.o-cp_compat_y_tst.o link
FAIL: tmpdir-g++.dg-struct-layout-1/t006 cp_compat_y_tst.o compile
FAIL: tmpdir-g++.dg-struct-layout-1/t007 cp_compat_main_tst.o compile
FAIL: tmpdir-g++.dg-struct-layout-1/t007 cp_compat_x_tst.o compile
UNRESOLVED: tmpdir-g++.dg-struct-layout-1/t007 cp_compat_x_tst.o-cp_compat_y_tst.o execute
UNRESOLVED: tmpdir-g++.dg-struct-layout-1/t007 cp_compat_x_tst.o-cp_compat_y_tst.o link
FAIL: tmpdir-g++.dg-struct-layout-1/t007 cp_compat_y_tst.o compile
FAIL: tmpdir-g++.dg-struct-layout-1/t008 cp_compat_main_tst.o compile
FAIL: tmpdir-g++.dg-struct-layout-1/t008 cp_compat_x_tst.o compile
UNRESOLVED: tmpdir-g++.dg-struct-layout-1/t008 cp_compat_x_tst.o-cp_compat_y_tst.o execute
UNRESOLVED: tmpdir-g++.dg-struct-layout-1/t008 cp_compat_x_tst.o-cp_compat_y_tst.o link
FAIL: tmpdir-g++.dg-struct-layout-1/t008 cp_compat_y_tst.o compile
FAIL: tmpdir-g++.dg-struct-layout-1/t009 cp_compat_main_tst.o compile
FAIL: tmpdir-g++.dg-struct-layout-1/t009 cp_compat_x_tst.o compile
UNRESOLVED: tmpdir-g++.dg-struct-layout-1/t009 cp_compat_x_tst.o-cp_compat_y_tst.o execute
UNRESOLVED: tmpdir-g++.dg-struct-layout-1/t009 cp_compat_x_tst.o-cp_compat_y_tst.o link
FAIL: tmpdir-g++.dg-struct-layout-1/t009 cp_compat_y_tst.o compile
FAIL: tmpdir-g++.dg-struct-layout-1/t010 cp_compat_main_tst.o compile
FAIL: tmpdir-g++.dg-struct-layout-1/t010 cp_compat_x_tst.o compile
UNRESOLVED: tmpdir-g++.dg-struct-layout-1/t010 cp_compat_x_tst.o-cp_compat_y_tst.o execute
UNRESOLVED: tmpdir-g++.dg-struct-layout-1/t010 cp_compat_x_tst.o-cp_compat_y_tst.o link
FAIL: tmpdir-g++.dg-struct-layout-1/t010 cp_compat_y_tst.o compile
FAIL: tmpdir-g++.dg-struct-layout-1/t011 cp_compat_main_tst.o compile
FAIL: tmpdir-g++.dg-struct-layout-1/t011 cp_compat_x_tst.o compile
UNRESOLVED: tmpdir-g++.dg-struct-layout-1/t011 cp_compat_x_tst.o-cp_compat_y_tst.o execute
UNRESOLVED: tmpdir-g++.dg-struct-layout-1/t011 cp_compat_x_tst.o-cp_compat_y_tst.o link
FAIL: tmpdir-g++.dg-struct-layout-1/t011 cp_compat_y_tst.o compile
FAIL: tmpdir-g++.dg-struct-layout-1/t012 cp_compat_main_tst.o compile
FAIL: tmpdir-g++.dg-struct-layout-1/t012 cp_compat_x_tst.o compile
UNRESOLVED: tmpdir-g++.dg-struct-layout-1/t012 cp_compat_x_tst.o-cp_compat_y_tst.o execute
UNRESOLVED: tmpdir-g++.dg-struct-layout-1/t012 cp_compat_x_tst.o-cp_compat_y_tst.o link
FAIL: tmpdir-g++.dg-struct-layout-1/t012 cp_compat_y_tst.o compile
FAIL: tmpdir-g++.dg-struct-layout-1/t013 cp_compat_main_tst.o compile
FAIL: tmpdir-g++.dg-struct-layout-1/t013 cp_compat_x_tst.o compile
UNRESOLVED: tmpdir-g++.dg-struct-layout-1/t013 cp_compat_x_tst.o-cp_compat_y_tst.o execute
UNRESOLVED: tmpdir-g++.dg-struct-layout-1/t013 cp_compat_x_tst.o-cp_compat_y_tst.o link
FAIL: tmpdir-g++.dg-struct-layout-1/t013 cp_compat_y_tst.o compile
FAIL: tmpdir-g++.dg-struct-layout-1/t014 cp_compat_main_tst.o compile
FAIL: tmpdir-g++.dg-struct-layout-1/t014 cp_compat_x_tst.o compile
UNRESOLVED: tmpdir-g++.dg-struct-layout-1/t014 cp_compat_x_tst.o-cp_compat_y_tst.o execute
UNRESOLVED: tmpdir-g++.dg-struct-layout-1/t014 cp_compat_x_tst.o-cp_compat_y_tst.o link
FAIL: tmpdir-g++.dg-struct-layout-1/t014 cp_compat_y_tst.o compile
FAIL: tmpdir-g++.dg-struct-layout-1/t015 cp_compat_main_tst.o compile
FAIL: tmpdir-g++.dg-struct-layout-1/t015 cp_compat_x_tst.o compile
UNRESOLVED: tmpdir-g++.dg-struct-layout-1/t015 cp_compat_x_tst.o-cp_compat_y_tst.o execute
UNRESOLVED: tmpdir-g++.dg-struct-layout-1/t015 cp_compat_x_tst.o-cp_compat_y_tst.o link
FAIL: tmpdir-g++.dg-struct-layout-1/t015 cp_compat_y_tst.o compile
FAIL: tmpdir-g++.dg-struct-layout-1/t016 cp_compat_main_tst.o compile
FAIL: tmpdir-g++.dg-struct-layout-1/t016 cp_compat_x_tst.o compile
UNRESOLVED: tmpdir-g++.dg-struct-layout-1/t016 cp_compat_x_tst.o-cp_compat_y_tst.o execute
UNRESOLVED: tmpdir-g++.dg-struct-layout-1/t016 cp_compat_x_tst.o-cp_compat_y_tst.o link
FAIL: tmpdir-g++.dg-struct-layout-1/t016 cp_compat_y_tst.o compile
FAIL: tmpdir-g++.dg-struct-layout-1/t017 cp_compat_main_tst.o compile
FAIL: tmpdir-g++.dg-struct-layout-1/t017 cp_compat_x_tst.o compile
UNRESOLVED: tmpdir-g++.dg-struct-layout-1/t017 cp_compat_x_tst.o-cp_compat_y_tst.o execute
UNRESOLVED: tmpdir-g++.dg-struct-layout-1/t017 cp_compat_x_tst.o-cp_compat_y_tst.o link
FAIL: tmpdir-g++.dg-struct-layout-1/t017 cp_compat_y_tst.o compile
FAIL: tmpdir-g++.dg-struct-layout-1/t018 cp_compat_main_tst.o compile
FAIL: tmpdir-g++.dg-struct-layout-1/t018 cp_compat_x_tst.o compile
UNRESOLVED: tmpdir-g++.dg-struct-layout-1/t018 cp_compat_x_tst.o-cp_compat_y_tst.o execute
UNRESOLVED: tmpdir-g++.dg-struct-layout-1/t018 cp_compat_x_tst.o-cp_compat_y_tst.o link
FAIL: tmpdir-g++.dg-struct-layout-1/t018 cp_compat_y_tst.o compile
FAIL: tmpdir-g++.dg-struct-layout-1/t019 cp_compat_main_tst.o compile
FAIL: tmpdir-g++.dg-struct-layout-1/t019 cp_compat_x_tst.o compile
UNRESOLVED: tmpdir-g++.dg-struct-layout-1/t019 cp_compat_x_tst.o-cp_compat_y_tst.o execute
UNRESOLVED: tmpdir-g++.dg-struct-layout-1/t019 cp_compat_x_tst.o-cp_compat_y_tst.o link
FAIL: tmpdir-g++.dg-struct-layout-1/t019 cp_compat_y_tst.o compile
FAIL: tmpdir-g++.dg-struct-layout-1/t020 cp_compat_main_tst.o compile
FAIL: tmpdir-g++.dg-struct-layout-1/t020 cp_compat_x_tst.o compile
UNRESOLVED: tmpdir-g++.dg-struct-layout-1/t020 cp_compat_x_tst.o-cp_compat_y_tst.o execute
UNRESOLVED: tmpdir-g++.dg-struct-layout-1/t020 cp_compat_x_tst.o-cp_compat_y_tst.o link
FAIL: tmpdir-g++.dg-struct-layout-1/t020 cp_compat_y_tst.o compile
FAIL: tmpdir-g++.dg-struct-layout-1/t021 cp_compat_main_tst.o compile
FAIL: tmpdir-g++.dg-struct-layout-1/t021 cp_compat_x_tst.o compile
UNRESOLVED: tmpdir-g++.dg-struct-layout-1/t021 cp_compat_x_tst.o-cp_compat_y_tst.o execute
UNRESOLVED: tmpdir-g++.dg-struct-layout-1/t021 cp_compat_x_tst.o-cp_compat_y_tst.o link
FAIL: tmpdir-g++.dg-struct-layout-1/t021 cp_compat_y_tst.o compile
FAIL: tmpdir-g++.dg-struct-layout-1/t022 cp_compat_main_tst.o compile
FAIL: tmpdir-g++.dg-struct-layout-1/t022 cp_compat_x_tst.o compile
UNRESOLVED: tmpdir-g++.dg-struct-layout-1/t022 cp_compat_x_tst.o-cp_compat_y_tst.o execute
UNRESOLVED: tmpdir-g++.dg-struct-layout-1/t022 cp_compat_x_tst.o-cp_compat_y_tst.o link
FAIL: tmpdir-g++.dg-struct-layout-1/t022 cp_compat_y_tst.o compile
FAIL: tmpdir-g++.dg-struct-layout-1/t023 cp_compat_main_tst.o compile
FAIL: tmpdir-g++.dg-struct-layout-1/t023 cp_compat_x_tst.o compile
UNRESOLVED: tmpdir-g++.dg-struct-layout-1/t023 cp_compat_x_tst.o-cp_compat_y_tst.o execute
UNRESOLVED: tmpdir-g++.dg-struct-layout-1/t023 cp_compat_x_tst.o-cp_compat_y_tst.o link
FAIL: tmpdir-g++.dg-struct-layout-1/t023 cp_compat_y_tst.o compile
FAIL: tmpdir-g++.dg-struct-layout-1/t024 cp_compat_main_tst.o compile
FAIL: tmpdir-g++.dg-struct-layout-1/t024 cp_compat_x_tst.o compile
UNRESOLVED: tmpdir-g++.dg-struct-layout-1/t024 cp_compat_x_tst.o-cp_compat_y_tst.o execute
UNRESOLVED: tmpdir-g++.dg-struct-layout-1/t024 cp_compat_x_tst.o-cp_compat_y_tst.o link
FAIL: tmpdir-g++.dg-struct-layout-1/t024 cp_compat_y_tst.o compile
FAIL: tmpdir-g++.dg-struct-layout-1/t025 cp_compat_main_tst.o compile
FAIL: tmpdir-g++.dg-struct-layout-1/t025 cp_compat_x_tst.o compile
UNRESOLVED: tmpdir-g++.dg-struct-layout-1/t025 cp_compat_x_tst.o-cp_compat_y_tst.o execute
UNRESOLVED: tmpdir-g++.dg-struct-layout-1/t025 cp_compat_x_tst.o-cp_compat_y_tst.o link
FAIL: tmpdir-g++.dg-struct-layout-1/t025 cp_compat_y_tst.o compile
FAIL: tmpdir-g++.dg-struct-layout-1/t026 cp_compat_main_tst.o compile
FAIL: tmpdir-g++.dg-struct-layout-1/t026 cp_compat_x_tst.o compile
UNRESOLVED: tmpdir-g++.dg-struct-layout-1/t026 cp_compat_x_tst.o-cp_compat_y_tst.o execute
UNRESOLVED: tmpdir-g++.dg-struct-layout-1/t026 cp_compat_x_tst.o-cp_compat_y_tst.o link
FAIL: tmpdir-g++.dg-struct-layout-1/t026 cp_compat_y_tst.o compile
FAIL: tmpdir-g++.dg-struct-layout-1/t027 cp_compat_main_tst.o compile
FAIL: tmpdir-g++.dg-struct-layout-1/t027 cp_compat_x_tst.o compile
UNRESOLVED: tmpdir-g++.dg-struct-layout-1/t027 cp_compat_x_tst.o-cp_compat_y_tst.o execute
UNRESOLVED: tmpdir-g++.dg-struct-layout-1/t027 cp_compat_x_tst.o-cp_compat_y_tst.o link
FAIL: tmpdir-g++.dg-struct-layout-1/t027 cp_compat_y_tst.o compile
FAIL: tmpdir-g++.dg-struct-layout-1/t028 cp_compat_main_tst.o compile
FAIL: tmpdir-g++.dg-struct-layout-1/t028 cp_compat_x_tst.o compile
UNRESOLVED: tmpdir-g++.dg-struct-layout-1/t028 cp_compat_x_tst.o-cp_compat_y_tst.o execute
UNRESOLVED: tmpdir-g++.dg-struct-layout-1/t028 cp_compat_x_tst.o-cp_compat_y_tst.o link
FAIL: tmpdir-g++.dg-struct-layout-1/t028 cp_compat_y_tst.o compile
FAIL: tmpdir-g++.dg-struct-layout-1/t029 cp_compat_main_tst.o compile
FAIL: tmpdir-g++.dg-struct-layout-1/t029 cp_compat_x_tst.o compile
UNRESOLVED: tmpdir-g++.dg-struct-layout-1/t029 cp_compat_x_tst.o-cp_compat_y_tst.o execute
UNRESOLVED: tmpdir-g++.dg-struct-layout-1/t029 cp_compat_x_tst.o-cp_compat_y_tst.o link
FAIL: tmpdir-g++.dg-struct-layout-1/t029 cp_compat_y_tst.o compile
FAIL: tmpdir-g++.dg-struct-layout-1/t030 cp_compat_main_tst.o compile
FAIL: tmpdir-g++.dg-struct-layout-1/t030 cp_compat_x_tst.o compile
UNRESOLVED: tmpdir-g++.dg-struct-layout-1/t030 cp_compat_x_tst.o-cp_compat_y_tst.o execute
UNRESOLVED: tmpdir-g++.dg-struct-layout-1/t030 cp_compat_x_tst.o-cp_compat_y_tst.o link
FAIL: tmpdir-g++.dg-struct-layout-1/t030 cp_compat_y_tst.o compile
FAIL: g++.dg/abi/scoped1.C -std=gnu++11 execution test
FAIL: g++.dg/abi/scoped1.C -std=gnu++14 execution test
FAIL: g++.dg/ext/spe1.C -std=gnu++11 (test for excess errors)
FAIL: g++.dg/ext/spe1.C -std=gnu++14 (test for excess errors)
FAIL: g++.dg/ext/spe1.C -std=gnu++98 (test for excess errors)
FAIL: g++.dg/ipa/devirt-41.C -std=gnu++11 scan-ipa-dump inline "Second type is base of first"
FAIL: g++.dg/ipa/devirt-41.C -std=gnu++11 scan-ipa-dump-times inline "Discovered a virtual call to a known target" 1
FAIL: g++.dg/ipa/devirt-41.C -std=gnu++11 (internal compiler error)
FAIL: g++.dg/ipa/devirt-41.C -std=gnu++11 (test for excess errors)
FAIL: g++.dg/ipa/devirt-41.C -std=gnu++14 scan-ipa-dump inline "Second type is base of first"
FAIL: g++.dg/ipa/devirt-41.C -std=gnu++14 scan-ipa-dump-times inline "Discovered a virtual call to a known target" 1
FAIL: g++.dg/ipa/devirt-41.C -std=gnu++14 (internal compiler error)
FAIL: g++.dg/ipa/devirt-41.C -std=gnu++14 (test for excess errors)
FAIL: g++.dg/ipa/devirt-41.C -std=gnu++98 scan-ipa-dump inline "Second type is base of first"
FAIL: g++.dg/ipa/devirt-41.C -std=gnu++98 scan-ipa-dump-times inline "Discovered a virtual call to a known target" 1
FAIL: g++.dg/ipa/devirt-41.C -std=gnu++98 (internal compiler error)
FAIL: g++.dg/ipa/devirt-41.C -std=gnu++98 (test for excess errors)
FAIL: g++.dg/ipa/devirt-42.C -std=gnu++11 scan-ipa-dump inline "First type is base of second"
FAIL: g++.dg/ipa/devirt-42.C -std=gnu++11 scan-ipa-dump-times inline "Discovered a virtual call to a known target" 2
UNRESOLVED: g++.dg/ipa/devirt-42.C -std=gnu++11 scan-tree-dump-not optimized "OBJ_TYPE_REF"
UNRESOLVED: g++.dg/ipa/devirt-42.C -std=gnu++11 scan-tree-dump-times optimized "return 2" 3
FAIL: g++.dg/ipa/devirt-42.C -std=gnu++11 (internal compiler error)
FAIL: g++.dg/ipa/devirt-42.C -std=gnu++11 (test for excess errors)
FAIL: g++.dg/ipa/devirt-42.C -std=gnu++14 scan-ipa-dump inline "First type is base of second"
FAIL: g++.dg/ipa/devirt-42.C -std=gnu++14 scan-ipa-dump-times inline "Discovered a virtual call to a known target" 2
UNRESOLVED: g++.dg/ipa/devirt-42.C -std=gnu++14 scan-tree-dump-not optimized "OBJ_TYPE_REF"
UNRESOLVED: g++.dg/ipa/devirt-42.C -std=gnu++14 scan-tree-dump-times optimized "return 2" 3
FAIL: g++.dg/ipa/devirt-42.C -std=gnu++14 (internal compiler error)
FAIL: g++.dg/ipa/devirt-42.C -std=gnu++14 (test for excess errors)
FAIL: g++.dg/ipa/devirt-42.C -std=gnu++98 scan-ipa-dump inline "First type is base of second"
FAIL: g++.dg/ipa/devirt-42.C -std=gnu++98 scan-ipa-dump-times inline "Discovered a virtual call to a known target" 2
UNRESOLVED: g++.dg/ipa/devirt-42.C -std=gnu++98 scan-tree-dump-not optimized "OBJ_TYPE_REF"
UNRESOLVED: g++.dg/ipa/devirt-42.C -std=gnu++98 scan-tree-dump-times optimized "return 2" 3
FAIL: g++.dg/ipa/devirt-42.C -std=gnu++98 (internal compiler error)
FAIL: g++.dg/ipa/devirt-42.C -std=gnu++98 (test for excess errors)
FAIL: g++.dg/ipa/devirt-43.C -std=gnu++11 (internal compiler error)
FAIL: g++.dg/ipa/devirt-43.C -std=gnu++11 (test for excess errors)
FAIL: g++.dg/ipa/devirt-43.C -std=gnu++14 (internal compiler error)
FAIL: g++.dg/ipa/devirt-43.C -std=gnu++14 (test for excess errors)
FAIL: g++.dg/ipa/devirt-43.C -std=gnu++98 (internal compiler error)
FAIL: g++.dg/ipa/devirt-43.C -std=gnu++98 (test for excess errors)
FAIL: g++.dg/ipa/devirt-44.C -std=gnu++11 scan-ipa-dump inline "Second type is base of first"
FAIL: g++.dg/ipa/devirt-44.C -std=gnu++11 scan-ipa-dump-times inline "Discovered a virtual call to a known target[^\\\\n]*A::foo" 1
FAIL: g++.dg/ipa/devirt-44.C -std=gnu++11 scan-ipa-dump-times inline "Discovered a virtual call to a known target[^\\\\n]*B::foo" 1
FAIL: g++.dg/ipa/devirt-44.C -std=gnu++11 (internal compiler error)
FAIL: g++.dg/ipa/devirt-44.C -std=gnu++11 (test for excess errors)
FAIL: g++.dg/ipa/devirt-44.C -std=gnu++14 scan-ipa-dump inline "Second type is base of first"
FAIL: g++.dg/ipa/devirt-44.C -std=gnu++14 scan-ipa-dump-times inline "Discovered a virtual call to a known target[^\\\\n]*A::foo" 1
FAIL: g++.dg/ipa/devirt-44.C -std=gnu++14 scan-ipa-dump-times inline "Discovered a virtual call to a known target[^\\\\n]*B::foo" 1
FAIL: g++.dg/ipa/devirt-44.C -std=gnu++14 (internal compiler error)
FAIL: g++.dg/ipa/devirt-44.C -std=gnu++14 (test for excess errors)
FAIL: g++.dg/ipa/devirt-44.C -std=gnu++98 scan-ipa-dump inline "Second type is base of first"
FAIL: g++.dg/ipa/devirt-44.C -std=gnu++98 scan-ipa-dump-times inline "Discovered a virtual call to a known target[^\\\\n]*A::foo" 1
FAIL: g++.dg/ipa/devirt-44.C -std=gnu++98 scan-ipa-dump-times inline "Discovered a virtual call to a known target[^\\\\n]*B::foo" 1
FAIL: g++.dg/ipa/devirt-44.C -std=gnu++98 (internal compiler error)
FAIL: g++.dg/ipa/devirt-44.C -std=gnu++98 (test for excess errors)
FAIL: g++.dg/ipa/devirt-45.C -std=gnu++11 scan-ipa-dump-times inline "Discovered a virtual call to a known target[^\\\\n]*A::foo" 1
FAIL: g++.dg/ipa/devirt-45.C -std=gnu++11 scan-ipa-dump-times inline "Discovered a virtual call to a known target[^\\\\n]*B::foo" 1
FAIL: g++.dg/ipa/devirt-45.C -std=gnu++11 (internal compiler error)
FAIL: g++.dg/ipa/devirt-45.C -std=gnu++11 (test for excess errors)
FAIL: g++.dg/ipa/devirt-45.C -std=gnu++14 scan-ipa-dump-times inline "Discovered a virtual call to a known target[^\\\\n]*A::foo" 1
FAIL: g++.dg/ipa/devirt-45.C -std=gnu++14 scan-ipa-dump-times inline "Discovered a virtual call to a known target[^\\\\n]*B::foo" 1
FAIL: g++.dg/ipa/devirt-45.C -std=gnu++14 (internal compiler error)
FAIL: g++.dg/ipa/devirt-45.C -std=gnu++14 (test for excess errors)
FAIL: g++.dg/ipa/devirt-45.C -std=gnu++98 scan-ipa-dump-times inline "Discovered a virtual call to a known target[^\\\\n]*A::foo" 1
FAIL: g++.dg/ipa/devirt-45.C -std=gnu++98 scan-ipa-dump-times inline "Discovered a virtual call to a known target[^\\\\n]*B::foo" 1
FAIL: g++.dg/ipa/devirt-45.C -std=gnu++98 (internal compiler error)
FAIL: g++.dg/ipa/devirt-45.C -std=gnu++98 (test for excess errors)
FAIL: g++.dg/ipa/devirt-46.C -std=gnu++11 scan-ipa-dump-times inline "Discovered a virtual call to a known target[^\\\\n]*B::foo" 1
UNRESOLVED: g++.dg/ipa/devirt-46.C -std=gnu++11 scan-tree-dump-not optimized "OBJ_TYPE_REF"
UNRESOLVED: g++.dg/ipa/devirt-46.C -std=gnu++11 scan-tree-dump-not optimized "abort"
FAIL: g++.dg/ipa/devirt-46.C -std=gnu++11 (internal compiler error)
FAIL: g++.dg/ipa/devirt-46.C -std=gnu++11 (test for excess errors)
FAIL: g++.dg/ipa/devirt-46.C -std=gnu++14 scan-ipa-dump-times inline "Discovered a virtual call to a known target[^\\\\n]*B::foo" 1
UNRESOLVED: g++.dg/ipa/devirt-46.C -std=gnu++14 scan-tree-dump-not optimized "OBJ_TYPE_REF"
UNRESOLVED: g++.dg/ipa/devirt-46.C -std=gnu++14 scan-tree-dump-not optimized "abort"
FAIL: g++.dg/ipa/devirt-46.C -std=gnu++14 (internal compiler error)
FAIL: g++.dg/ipa/devirt-46.C -std=gnu++14 (test for excess errors)
FAIL: g++.dg/ipa/devirt-46.C -std=gnu++98 scan-ipa-dump-times inline "Discovered a virtual call to a known target[^\\\\n]*B::foo" 1
UNRESOLVED: g++.dg/ipa/devirt-46.C -std=gnu++98 scan-tree-dump-not optimized "OBJ_TYPE_REF"
UNRESOLVED: g++.dg/ipa/devirt-46.C -std=gnu++98 scan-tree-dump-not optimized "abort"
FAIL: g++.dg/ipa/devirt-46.C -std=gnu++98 (internal compiler error)
FAIL: g++.dg/ipa/devirt-46.C -std=gnu++98 (test for excess errors)
FAIL: g++.dg/ipa/devirt-47.C -std=gnu++11 scan-ipa-dump-times inline "Discovered a virtual call to a known target[^\\\\n]*C::_ZTh" 1
UNRESOLVED: g++.dg/ipa/devirt-47.C -std=gnu++11 scan-tree-dump optimized "C::_ZThn"
UNRESOLVED: g++.dg/ipa/devirt-47.C -std=gnu++11 scan-tree-dump-not optimized "OBJ_TYPE_REF"
FAIL: g++.dg/ipa/devirt-47.C -std=gnu++11 (internal compiler error)
FAIL: g++.dg/ipa/devirt-47.C -std=gnu++11 (test for excess errors)
FAIL: g++.dg/ipa/devirt-47.C -std=gnu++14 scan-ipa-dump-times inline "Discovered a virtual call to a known target[^\\\\n]*C::_ZTh" 1
UNRESOLVED: g++.dg/ipa/devirt-47.C -std=gnu++14 scan-tree-dump optimized "C::_ZThn"
UNRESOLVED: g++.dg/ipa/devirt-47.C -std=gnu++14 scan-tree-dump-not optimized "OBJ_TYPE_REF"
FAIL: g++.dg/ipa/devirt-47.C -std=gnu++14 (internal compiler error)
FAIL: g++.dg/ipa/devirt-47.C -std=gnu++14 (test for excess errors)
FAIL: g++.dg/ipa/devirt-47.C -std=gnu++98 scan-ipa-dump-times inline "Discovered a virtual call to a known target[^\\\\n]*C::_ZTh" 1
UNRESOLVED: g++.dg/ipa/devirt-47.C -std=gnu++98 scan-tree-dump optimized "C::_ZThn"
UNRESOLVED: g++.dg/ipa/devirt-47.C -std=gnu++98 scan-tree-dump-not optimized "OBJ_TYPE_REF"
FAIL: g++.dg/ipa/devirt-47.C -std=gnu++98 (internal compiler error)
FAIL: g++.dg/ipa/devirt-47.C -std=gnu++98 (test for excess errors)
FAIL: g++.dg/ipa/devirt-48.C -std=gnu++11 scan-ipa-dump-times inline "Discovered a virtual call to a known target[^\\\\n]*__builtin_unreachable" 1
FAIL: g++.dg/ipa/devirt-48.C -std=gnu++11 (internal compiler error)
FAIL: g++.dg/ipa/devirt-48.C -std=gnu++11 (test for excess errors)
FAIL: g++.dg/ipa/devirt-48.C -std=gnu++14 scan-ipa-dump-times inline "Discovered a virtual call to a known target[^\\\\n]*__builtin_unreachable" 1
FAIL: g++.dg/ipa/devirt-48.C -std=gnu++14 (internal compiler error)
FAIL: g++.dg/ipa/devirt-48.C -std=gnu++14 (test for excess errors)
FAIL: g++.dg/ipa/devirt-48.C -std=gnu++98 scan-ipa-dump-times inline "Discovered a virtual call to a known target[^\\\\n]*__builtin_unreachable" 1
FAIL: g++.dg/ipa/devirt-48.C -std=gnu++98 (internal compiler error)
FAIL: g++.dg/ipa/devirt-48.C -std=gnu++98 (test for excess errors)
FAIL: g++.dg/ipa/pr64146.C -std=gnu++11 (internal compiler error)
FAIL: g++.dg/ipa/pr64146.C -std=gnu++11 (test for excess errors)
FAIL: g++.dg/ipa/pr64146.C -std=gnu++14 (internal compiler error)
FAIL: g++.dg/ipa/pr64146.C -std=gnu++14 (test for excess errors)
FAIL: g++.dg/ipa/pr64146.C -std=gnu++98 (internal compiler error)
FAIL: g++.dg/ipa/pr64146.C -std=gnu++98 (test for excess errors)
FAIL: g++.dg/gcov/gcov-1.C -std=gnu++11 gcov failed: gcov-1.C.gov does not exist
FAIL: g++.dg/gcov/gcov-1.C -std=gnu++14 gcov failed: gcov-1.C.gov does not exist
FAIL: g++.dg/gcov/gcov-1.C -std=gnu++98 gcov failed: gcov-1.C.gov does not exist
FAIL: g++.dg/gcov/gcov-10.C -std=gnu++11 gcov failed: gcov-10.C.gov does not exist
FAIL: g++.dg/gcov/gcov-10.C -std=gnu++14 gcov failed: gcov-10.C.gov does not exist
FAIL: g++.dg/gcov/gcov-10.C -std=gnu++98 gcov failed: gcov-10.C.gov does not exist
FAIL: g++.dg/gcov/gcov-11.C -std=gnu++11 gcov failed: gcov-11.C.gov does not exist
FAIL: g++.dg/gcov/gcov-11.C -std=gnu++14 gcov failed: gcov-11.C.gov does not exist
FAIL: g++.dg/gcov/gcov-11.C -std=gnu++98 gcov failed: gcov-11.C.gov does not exist
FAIL: g++.dg/gcov/gcov-12.C -std=gnu++11 gcov failed: gcov-12.C.gov does not exist
FAIL: g++.dg/gcov/gcov-12.C -std=gnu++14 gcov failed: gcov-12.C.gov does not exist
FAIL: g++.dg/gcov/gcov-12.C -std=gnu++98 gcov failed: gcov-12.C.gov does not exist
FAIL: g++.dg/gcov/gcov-13.C -std=gnu++11 gcov failed: gcov-13.C.gov does not exist
FAIL: g++.dg/gcov/gcov-13.C -std=gnu++14 gcov failed: gcov-13.C.gov does not exist
FAIL: g++.dg/gcov/gcov-13.C -std=gnu++98 gcov failed: gcov-13.C.gov does not exist
FAIL: g++.dg/gcov/gcov-14.C -std=gnu++11 gcov failed: gcov-14.C.gov does not exist
FAIL: g++.dg/gcov/gcov-14.C -std=gnu++14 gcov failed: gcov-14.C.gov does not exist
FAIL: g++.dg/gcov/gcov-14.C -std=gnu++98 gcov failed: gcov-14.C.gov does not exist
FAIL: g++.dg/gcov/gcov-15.C -std=gnu++11 gcov failed: gcov-15.C.gov does not exist
FAIL: g++.dg/gcov/gcov-15.C -std=gnu++14 gcov failed: gcov-15.C.gov does not exist
FAIL: g++.dg/gcov/gcov-15.C -std=gnu++98 gcov failed: gcov-15.C.gov does not exist
FAIL: g++.dg/gcov/gcov-2.C -std=gnu++11 gcov failed: gcov-2.C.gov does not exist
FAIL: g++.dg/gcov/gcov-2.C -std=gnu++14 gcov failed: gcov-2.C.gov does not exist
FAIL: g++.dg/gcov/gcov-2.C -std=gnu++98 gcov failed: gcov-2.C.gov does not exist
FAIL: g++.dg/gcov/gcov-3.C -std=gnu++11 gcov failed: gcov-3.C.gov does not exist
FAIL: g++.dg/gcov/gcov-3.C -std=gnu++14 gcov failed: gcov-3.C.gov does not exist
FAIL: g++.dg/gcov/gcov-3.C -std=gnu++98 gcov failed: gcov-3.C.gov does not exist
FAIL: g++.dg/gcov/gcov-4.C -std=gnu++11 gcov failed: gcov-4.C.gov does not exist
FAIL: g++.dg/gcov/gcov-4.C -std=gnu++14 gcov failed: gcov-4.C.gov does not exist
FAIL: g++.dg/gcov/gcov-4.C -std=gnu++98 gcov failed: gcov-4.C.gov does not exist
FAIL: g++.dg/gcov/gcov-5.C -std=gnu++11 gcov failed: gcov-5.C.gov does not exist
FAIL: g++.dg/gcov/gcov-5.C -std=gnu++14 gcov failed: gcov-5.C.gov does not exist
FAIL: g++.dg/gcov/gcov-5.C -std=gnu++98 gcov failed: gcov-5.C.gov does not exist
FAIL: g++.dg/gcov/gcov-7.C -std=gnu++11 gcov failed: gcov-7.C.gov does not exist
FAIL: g++.dg/gcov/gcov-7.C -std=gnu++14 gcov failed: gcov-7.C.gov does not exist
FAIL: g++.dg/gcov/gcov-7.C -std=gnu++98 gcov failed: gcov-7.C.gov does not exist
FAIL: g++.dg/gcov/gcov-8.C -std=gnu++11 expected 'branch:' tag not found
FAIL: g++.dg/gcov/gcov-8.C -std=gnu++11 expected 'function:' tag not found
FAIL: g++.dg/gcov/gcov-8.C -std=gnu++11 expected 'lcount:' tag not found
FAIL: g++.dg/gcov/gcov-8.C -std=gnu++11 gcov: 0 failures in line counts, 0 in branch percentages, 0 in return percentages, 3 in intermediate format
FAIL: g++.dg/gcov/gcov-8.C -std=gnu++14 expected 'branch:' tag not found
FAIL: g++.dg/gcov/gcov-8.C -std=gnu++14 expected 'function:' tag not found
FAIL: g++.dg/gcov/gcov-8.C -std=gnu++14 expected 'lcount:' tag not found
FAIL: g++.dg/gcov/gcov-8.C -std=gnu++14 gcov: 0 failures in line counts, 0 in branch percentages, 0 in return percentages, 3 in intermediate format
FAIL: g++.dg/gcov/gcov-8.C -std=gnu++98 expected 'branch:' tag not found
FAIL: g++.dg/gcov/gcov-8.C -std=gnu++98 expected 'function:' tag not found
FAIL: g++.dg/gcov/gcov-8.C -std=gnu++98 expected 'lcount:' tag not found
FAIL: g++.dg/gcov/gcov-8.C -std=gnu++98 gcov: 0 failures in line counts, 0 in branch percentages, 0 in return percentages, 3 in intermediate format
FAIL: g++.dg/graphite/id-1.C -std=c++98 (internal compiler error)
FAIL: g++.dg/graphite/id-1.C -std=c++98 (test for excess errors)
FAIL: c-c++-common/torture/complex-sign-add.c -O0 execution test
FAIL: c-c++-common/torture/complex-sign-add.c -O1 execution test
FAIL: c-c++-common/torture/complex-sign-add.c -O2 execution test
FAIL: c-c++-common/torture/complex-sign-add.c -O2 -flto -fno-use-linker-plugin -flto-partition=none execution test
FAIL: c-c++-common/torture/complex-sign-add.c -O2 -flto -fuse-linker-plugin -fno-fat-lto-objects execution test
FAIL: c-c++-common/torture/complex-sign-add.c -O3 -fomit-frame-pointer execution test
FAIL: c-c++-common/torture/complex-sign-add.c -O3 -fomit-frame-pointer -funroll-all-loops -finline-functions execution test
FAIL: c-c++-common/torture/complex-sign-add.c -O3 -fomit-frame-pointer -funroll-loops execution test
FAIL: c-c++-common/torture/complex-sign-add.c -O3 -g execution test
FAIL: c-c++-common/torture/complex-sign-add.c -Os execution test
FAIL: c-c++-common/torture/complex-sign-mixed-add.c -O0 execution test
FAIL: c-c++-common/torture/complex-sign-mixed-add.c -O1 execution test
FAIL: c-c++-common/torture/complex-sign-mixed-add.c -O2 execution test
FAIL: c-c++-common/torture/complex-sign-mixed-add.c -O2 -flto -fno-use-linker-plugin -flto-partition=none execution test
FAIL: c-c++-common/torture/complex-sign-mixed-add.c -O2 -flto -fuse-linker-plugin -fno-fat-lto-objects execution test
FAIL: c-c++-common/torture/complex-sign-mixed-add.c -O3 -fomit-frame-pointer execution test
FAIL: c-c++-common/torture/complex-sign-mixed-add.c -O3 -fomit-frame-pointer -funroll-all-loops -finline-functions execution test
FAIL: c-c++-common/torture/complex-sign-mixed-add.c -O3 -fomit-frame-pointer -funroll-loops execution test
FAIL: c-c++-common/torture/complex-sign-mixed-add.c -O3 -g execution test
FAIL: c-c++-common/torture/complex-sign-mixed-add.c -Os execution test
FAIL: c-c++-common/torture/complex-sign-mixed-div.c -O3 -fomit-frame-pointer -funroll-all-loops -finline-functions execution test
FAIL: c-c++-common/torture/complex-sign-mixed-div.c -O3 -fomit-frame-pointer -funroll-loops execution test
FAIL: c-c++-common/torture/complex-sign-mixed-mul.c -O3 -fomit-frame-pointer -funroll-all-loops -finline-functions execution test
FAIL: c-c++-common/torture/complex-sign-mixed-mul.c -O3 -fomit-frame-pointer -funroll-loops execution test
FAIL: c-c++-common/torture/complex-sign-mixed-sub.c -O0 execution test
FAIL: c-c++-common/torture/complex-sign-mixed-sub.c -O1 execution test
FAIL: c-c++-common/torture/complex-sign-mixed-sub.c -O2 execution test
FAIL: c-c++-common/torture/complex-sign-mixed-sub.c -O2 -flto -fno-use-linker-plugin -flto-partition=none execution test
FAIL: c-c++-common/torture/complex-sign-mixed-sub.c -O2 -flto -fuse-linker-plugin -fno-fat-lto-objects execution test
FAIL: c-c++-common/torture/complex-sign-mixed-sub.c -O3 -fomit-frame-pointer execution test
FAIL: c-c++-common/torture/complex-sign-mixed-sub.c -O3 -fomit-frame-pointer -funroll-all-loops -finline-functions execution test
FAIL: c-c++-common/torture/complex-sign-mixed-sub.c -O3 -fomit-frame-pointer -funroll-loops execution test
FAIL: c-c++-common/torture/complex-sign-mixed-sub.c -O3 -g execution test
FAIL: c-c++-common/torture/complex-sign-mixed-sub.c -Os execution test
FAIL: c-c++-common/torture/complex-sign-mul-minus-one.c -O0 execution test
FAIL: c-c++-common/torture/complex-sign-mul-minus-one.c -O1 execution test
FAIL: c-c++-common/torture/complex-sign-mul-minus-one.c -O2 execution test
FAIL: c-c++-common/torture/complex-sign-mul-minus-one.c -O2 -flto -fno-use-linker-plugin -flto-partition=none execution test
FAIL: c-c++-common/torture/complex-sign-mul-minus-one.c -O2 -flto -fuse-linker-plugin -fno-fat-lto-objects execution test
FAIL: c-c++-common/torture/complex-sign-mul-minus-one.c -O3 -fomit-frame-pointer execution test
FAIL: c-c++-common/torture/complex-sign-mul-minus-one.c -O3 -fomit-frame-pointer -funroll-all-loops -finline-functions execution test
FAIL: c-c++-common/torture/complex-sign-mul-minus-one.c -O3 -fomit-frame-pointer -funroll-loops execution test
FAIL: c-c++-common/torture/complex-sign-mul-minus-one.c -O3 -g execution test
FAIL: c-c++-common/torture/complex-sign-mul-minus-one.c -Os execution test
FAIL: c-c++-common/torture/complex-sign-mul-one.c -O0 execution test
FAIL: c-c++-common/torture/complex-sign-mul-one.c -O1 execution test
FAIL: c-c++-common/torture/complex-sign-mul-one.c -O2 execution test
FAIL: c-c++-common/torture/complex-sign-mul-one.c -O2 -flto -fno-use-linker-plugin -flto-partition=none execution test
FAIL: c-c++-common/torture/complex-sign-mul-one.c -O2 -flto -fuse-linker-plugin -fno-fat-lto-objects execution test
FAIL: c-c++-common/torture/complex-sign-mul-one.c -O3 -fomit-frame-pointer execution test
FAIL: c-c++-common/torture/complex-sign-mul-one.c -O3 -fomit-frame-pointer -funroll-all-loops -finline-functions execution test
FAIL: c-c++-common/torture/complex-sign-mul-one.c -O3 -fomit-frame-pointer -funroll-loops execution test
FAIL: c-c++-common/torture/complex-sign-mul-one.c -O3 -g execution test
FAIL: c-c++-common/torture/complex-sign-mul-one.c -Os execution test
FAIL: c-c++-common/torture/complex-sign-mul.c -O0 execution test
FAIL: c-c++-common/torture/complex-sign-mul.c -O1 execution test
FAIL: c-c++-common/torture/complex-sign-mul.c -O2 execution test
FAIL: c-c++-common/torture/complex-sign-mul.c -O2 -flto -fno-use-linker-plugin -flto-partition=none execution test
FAIL: c-c++-common/torture/complex-sign-mul.c -O2 -flto -fuse-linker-plugin -fno-fat-lto-objects execution test
FAIL: c-c++-common/torture/complex-sign-mul.c -O3 -fomit-frame-pointer execution test
FAIL: c-c++-common/torture/complex-sign-mul.c -O3 -fomit-frame-pointer -funroll-all-loops -finline-functions execution test
FAIL: c-c++-common/torture/complex-sign-mul.c -O3 -fomit-frame-pointer -funroll-loops execution test
FAIL: c-c++-common/torture/complex-sign-mul.c -O3 -g execution test
FAIL: c-c++-common/torture/complex-sign-mul.c -Os execution test
FAIL: c-c++-common/torture/complex-sign-sub.c -O0 execution test
FAIL: c-c++-common/torture/complex-sign-sub.c -O1 execution test
FAIL: c-c++-common/torture/complex-sign-sub.c -O2 execution test
FAIL: c-c++-common/torture/complex-sign-sub.c -O2 -flto -fno-use-linker-plugin -flto-partition=none execution test
FAIL: c-c++-common/torture/complex-sign-sub.c -O2 -flto -fuse-linker-plugin -fno-fat-lto-objects execution test
FAIL: c-c++-common/torture/complex-sign-sub.c -O3 -fomit-frame-pointer execution test
FAIL: c-c++-common/torture/complex-sign-sub.c -O3 -fomit-frame-pointer -funroll-all-loops -finline-functions execution test
FAIL: c-c++-common/torture/complex-sign-sub.c -O3 -fomit-frame-pointer -funroll-loops execution test
FAIL: c-c++-common/torture/complex-sign-sub.c -O3 -g execution test
FAIL: c-c++-common/torture/complex-sign-sub.c -Os execution test
FAIL: g++.dg/torture/type-generic-1.C -O0 execution test
FAIL: g++.dg/torture/type-generic-1.C -O1 execution test
FAIL: g++.dg/torture/type-generic-1.C -O2 execution test
FAIL: g++.dg/torture/type-generic-1.C -O2 -flto -fno-use-linker-plugin -flto-partition=none execution test
FAIL: g++.dg/torture/type-generic-1.C -O2 -flto -fuse-linker-plugin -fno-fat-lto-objects execution test
FAIL: g++.dg/torture/type-generic-1.C -O3 -fomit-frame-pointer execution test
FAIL: g++.dg/torture/type-generic-1.C -O3 -g execution test
FAIL: g++.dg/torture/type-generic-1.C -Os execution test
FAIL: c-c++-common/ubsan/object-size-1.c -O2 output pattern test, is c-c++-common/ubsan/object-size-1.c:16:15: runtime error: load of address 0x10016a24 with insufficient space for an object of type 'char'
FAIL: c-c++-common/ubsan/object-size-1.c -O2 -flto -fno-use-linker-plugin -flto-partition=none output pattern test, is c-c++-common/ubsan/object-size-1.c:16:15: runtime error: load of address 0x10016a24 with insufficient space for an object of type 'char'
FAIL: c-c++-common/ubsan/object-size-1.c -O2 -flto -fuse-linker-plugin -fno-fat-lto-objects output pattern test, is c-c++-common/ubsan/object-size-1.c:16:15: runtime error: load of address 0x10016a24 with insufficient space for an object of type 'char'
FAIL: c-c++-common/ubsan/object-size-10.c -O2 output pattern test, is c-c++-common/ubsan/object-size-10.c:19:19: runtime error: index 128 out of bounds for type 'char [128]'
FAIL: c-c++-common/ubsan/object-size-10.c -O2 -flto -fno-use-linker-plugin -flto-partition=none output pattern test, is c-c++-common/ubsan/object-size-10.c:19:19: runtime error: index 128 out of bounds for type 'char [128]'
FAIL: c-c++-common/ubsan/object-size-10.c -O2 -flto -fuse-linker-plugin -fno-fat-lto-objects output pattern test, is c-c++-common/ubsan/object-size-10.c:19:19: runtime error: index 128 out of bounds for type 'char [128]'
FAIL: c-c++-common/ubsan/object-size-4.c -O2 output pattern test, is c-c++-common/ubsan/object-size-4.c:16:13: runtime error: load of address 0x10015a18 with insufficient space for an object of type 'int'
FAIL: c-c++-common/ubsan/object-size-4.c -O2 -flto -fno-use-linker-plugin -flto-partition=none output pattern test, is c-c++-common/ubsan/object-size-4.c:16:13: runtime error: load of address 0x10015a18 with insufficient space for an object of type 'int'
FAIL: c-c++-common/ubsan/object-size-4.c -O2 -flto -fuse-linker-plugin -fno-fat-lto-objects output pattern test, is c-c++-common/ubsan/object-size-4.c:16:13: runtime error: load of address 0x10015a18 with insufficient space for an object of type 'int'
FAIL: c-c++-common/ubsan/object-size-5.c -O2 output pattern test, is c-c++-common/ubsan/object-size-5.c:18:12: runtime error: load of address 0x10015a24 with insufficient space for an object of type 'char'
FAIL: c-c++-common/ubsan/object-size-5.c -O2 -flto -fno-use-linker-plugin -flto-partition=none output pattern test, is c-c++-common/ubsan/object-size-5.c:18:12: runtime error: load of address 0x10015a24 with insufficient space for an object of type 'char'
FAIL: c-c++-common/ubsan/object-size-5.c -O2 -flto -fuse-linker-plugin -fno-fat-lto-objects output pattern test, is c-c++-common/ubsan/object-size-5.c:18:12: runtime error: load of address 0x10015a24 with insufficient space for an object of type 'char'
FAIL: c-c++-common/ubsan/object-size-7.c -O2 output pattern test, is c-c++-common/ubsan/object-size-7.c:15:11: runtime error: load of address 0xbfb46768 with insufficient space for an object of type 'const struct S'
FAIL: c-c++-common/ubsan/object-size-7.c -O2 -flto -fno-use-linker-plugin -flto-partition=none output pattern test, is c-c++-common/ubsan/object-size-7.c:15:11: runtime error: load of address 0xbfd8d7c8 with insufficient space for an object of type 'const struct S'
FAIL: c-c++-common/ubsan/object-size-7.c -O2 -flto -fuse-linker-plugin -fno-fat-lto-objects output pattern test, is c-c++-common/ubsan/object-size-7.c:15:11: runtime error: load of address 0xbffd5078 with insufficient space for an object of type 'const struct S'
FAIL: c-c++-common/ubsan/object-size-8.c -O2 output pattern test, is c-c++-common/ubsan/object-size-8.c:12:13: runtime error: load of address 0x10015a14 with insufficient space for an object of type 'int'
FAIL: c-c++-common/ubsan/object-size-8.c -O2 -flto -fno-use-linker-plugin -flto-partition=none output pattern test, is c-c++-common/ubsan/object-size-8.c:12:13: runtime error: load of address 0x10015a14 with insufficient space for an object of type 'int'
FAIL: c-c++-common/ubsan/object-size-8.c -O2 -flto -fuse-linker-plugin -fno-fat-lto-objects output pattern test, is c-c++-common/ubsan/object-size-8.c:12:13: runtime error: load of address 0x10015a14 with insufficient space for an object of type 'int'
FAIL: c-c++-common/ubsan/object-size-9.c -O2 output pattern test, is c-c++-common/ubsan/object-size-9.c:21:11: runtime error: load of address 0xbfff4e24 with insufficient space for an object of type 'char'
FAIL: c-c++-common/ubsan/object-size-9.c -O2 -flto -fno-use-linker-plugin -flto-partition=none output pattern test, is c-c++-common/ubsan/object-size-9.c:21:11: runtime error: load of address 0xbfa94194 with insufficient space for an object of type 'char'
FAIL: c-c++-common/ubsan/object-size-9.c -O2 -flto -fuse-linker-plugin -fno-fat-lto-objects output pattern test, is c-c++-common/ubsan/object-size-9.c:21:11: runtime error: load of address 0xbff0fc04 with insufficient space for an object of type 'char'
FAIL: c-c++-common/ubsan/overflow-negate-3.c -O0 output pattern test, is c-c++-common/ubsan/overflow-negate-3.c:12:12: runtime error: negation of -2147483648 cannot be represented in type 'int'; cast to an unsigned type to negate this value to itself
FAIL: c-c++-common/ubsan/overflow-negate-3.c -O1 output pattern test, is c-c++-common/ubsan/overflow-negate-3.c:12:12: runtime error: negation of -2147483648 cannot be represented in type 'int'; cast to an unsigned type to negate this value to itself
FAIL: c-c++-common/ubsan/overflow-negate-3.c -O2 output pattern test, is c-c++-common/ubsan/overflow-negate-3.c:12:12: runtime error: negation of -2147483648 cannot be represented in type 'int'; cast to an unsigned type to negate this value to itself
FAIL: c-c++-common/ubsan/overflow-negate-3.c -O2 -flto -fno-use-linker-plugin -flto-partition=none output pattern test, is c-c++-common/ubsan/overflow-negate-3.c:12:12: runtime error: negation of -2147483648 cannot be represented in type 'int'; cast to an unsigned type to negate this value to itself
FAIL: c-c++-common/ubsan/overflow-negate-3.c -O2 -flto -fuse-linker-plugin -fno-fat-lto-objects output pattern test, is c-c++-common/ubsan/overflow-negate-3.c:12:12: runtime error: negation of -2147483648 cannot be represented in type 'int'; cast to an unsigned type to negate this value to itself
FAIL: c-c++-common/ubsan/overflow-negate-3.c -O3 -fomit-frame-pointer output pattern test, is c-c++-common/ubsan/overflow-negate-3.c:12:12: runtime error: negation of -2147483648 cannot be represented in type 'int'; cast to an unsigned type to negate this value to itself
FAIL: c-c++-common/ubsan/overflow-negate-3.c -O3 -g output pattern test, is c-c++-common/ubsan/overflow-negate-3.c:12:12: runtime error: negation of -2147483648 cannot be represented in type 'int'; cast to an unsigned type to negate this value to itself
FAIL: c-c++-common/ubsan/overflow-negate-3.c -Os output pattern test, is c-c++-common/ubsan/overflow-negate-3.c:12:12: runtime error: negation of -2147483648 cannot be represented in type 'int'; cast to an unsigned type to negate this value to itself
FAIL: c-c++-common/ubsan/overflow-sub-4.c -O0 output pattern test, is c-c++-common/ubsan/overflow-sub-4.c:14:9: runtime error: negation of -2147483648 cannot be represented in type 'int'; cast to an unsigned type to negate this value to itself
FAIL: c-c++-common/ubsan/overflow-sub-4.c -O1 output pattern test, is c-c++-common/ubsan/overflow-sub-4.c:14:9: runtime error: negation of -2147483648 cannot be represented in type 'int'; cast to an unsigned type to negate this value to itself
FAIL: c-c++-common/ubsan/overflow-sub-4.c -O2 output pattern test, is c-c++-common/ubsan/overflow-sub-4.c:14:9: runtime error: negation of -2147483648 cannot be represented in type 'int'; cast to an unsigned type to negate this value to itself
FAIL: c-c++-common/ubsan/overflow-sub-4.c -O2 -flto -fno-use-linker-plugin -flto-partition=none output pattern test, is c-c++-common/ubsan/overflow-sub-4.c:14:9: runtime error: negation of -2147483648 cannot be represented in type 'int'; cast to an unsigned type to negate this value to itself
FAIL: c-c++-common/ubsan/overflow-sub-4.c -O2 -flto -fuse-linker-plugin -fno-fat-lto-objects output pattern test, is c-c++-common/ubsan/overflow-sub-4.c:14:9: runtime error: negation of -2147483648 cannot be represented in type 'int'; cast to an unsigned type to negate this value to itself
FAIL: c-c++-common/ubsan/overflow-sub-4.c -O3 -fomit-frame-pointer output pattern test, is c-c++-common/ubsan/overflow-sub-4.c:14:9: runtime error: negation of -2147483648 cannot be represented in type 'int'; cast to an unsigned type to negate this value to itself
FAIL: c-c++-common/ubsan/overflow-sub-4.c -O3 -g output pattern test, is c-c++-common/ubsan/overflow-sub-4.c:14:9: runtime error: negation of -2147483648 cannot be represented in type 'int'; cast to an unsigned type to negate this value to itself
FAIL: c-c++-common/ubsan/overflow-sub-4.c -Os output pattern test, is c-c++-common/ubsan/overflow-sub-4.c:14:9: runtime error: negation of -2147483648 cannot be represented in type 'int'; cast to an unsigned type to negate this value to itself
FAIL: c-c++-common/ubsan/recovery-1.c -O0 output pattern test, is c-c++-common/ubsan/recovery-common.inc:12:5: runtime error: shift exponent 152 is too large for 32-bit type 'int'
FAIL: c-c++-common/ubsan/recovery-1.c -O1 output pattern test, is c-c++-common/ubsan/recovery-common.inc:12:5: runtime error: shift exponent 152 is too large for 32-bit type 'int'
FAIL: c-c++-common/ubsan/recovery-1.c -O2 output pattern test, is c-c++-common/ubsan/recovery-common.inc:12:5: runtime error: shift exponent 152 is too large for 32-bit type 'int'
FAIL: c-c++-common/ubsan/recovery-1.c -O2 -flto -fno-use-linker-plugin -flto-partition=none output pattern test, is c-c++-common/ubsan/recovery-common.inc:12:5: runtime error: shift exponent 152 is too large for 32-bit type 'int'
FAIL: c-c++-common/ubsan/recovery-1.c -O2 -flto -fuse-linker-plugin -fno-fat-lto-objects output pattern test, is c-c++-common/ubsan/recovery-common.inc:12:5: runtime error: shift exponent 152 is too large for 32-bit type 'int'
FAIL: c-c++-common/ubsan/recovery-1.c -O3 -fomit-frame-pointer output pattern test, is c-c++-common/ubsan/recovery-common.inc:12:5: runtime error: shift exponent 152 is too large for 32-bit type 'int'
FAIL: c-c++-common/ubsan/recovery-1.c -O3 -fomit-frame-pointer -funroll-all-loops -finline-functions output pattern test, is c-c++-common/ubsan/recovery-common.inc:12:5: runtime error: shift exponent 152 is too large for 32-bit type 'int'
FAIL: c-c++-common/ubsan/recovery-1.c -O3 -fomit-frame-pointer -funroll-loops output pattern test, is c-c++-common/ubsan/recovery-common.inc:12:5: runtime error: shift exponent 152 is too large for 32-bit type 'int'
FAIL: c-c++-common/ubsan/recovery-1.c -O3 -g output pattern test, is c-c++-common/ubsan/recovery-common.inc:12:5: runtime error: shift exponent 152 is too large for 32-bit type 'int'
FAIL: c-c++-common/ubsan/recovery-1.c -Os output pattern test, is c-c++-common/ubsan/recovery-common.inc:12:5: runtime error: shift exponent 152 is too large for 32-bit type 'int'
FAIL: c-c++-common/ubsan/recovery-2.c -O0 output pattern test, is c-c++-common/ubsan/recovery-common.inc:12:5: runtime error: shift exponent 152 is too large for 32-bit type 'int'
FAIL: c-c++-common/ubsan/recovery-2.c -O1 output pattern test, is c-c++-common/ubsan/recovery-common.inc:12:5: runtime error: shift exponent 152 is too large for 32-bit type 'int'
FAIL: c-c++-common/ubsan/recovery-2.c -O2 output pattern test, is c-c++-common/ubsan/recovery-common.inc:12:5: runtime error: shift exponent 152 is too large for 32-bit type 'int'
FAIL: c-c++-common/ubsan/recovery-2.c -O2 -flto -fno-use-linker-plugin -flto-partition=none output pattern test, is c-c++-common/ubsan/recovery-common.inc:12:5: runtime error: shift exponent 152 is too large for 32-bit type 'int'
FAIL: c-c++-common/ubsan/recovery-2.c -O2 -flto -fuse-linker-plugin -fno-fat-lto-objects output pattern test, is c-c++-common/ubsan/recovery-common.inc:12:5: runtime error: shift exponent 152 is too large for 32-bit type 'int'
FAIL: c-c++-common/ubsan/recovery-2.c -O3 -fomit-frame-pointer output pattern test, is c-c++-common/ubsan/recovery-common.inc:12:5: runtime error: shift exponent 152 is too large for 32-bit type 'int'
FAIL: c-c++-common/ubsan/recovery-2.c -O3 -fomit-frame-pointer -funroll-all-loops -finline-functions output pattern test, is c-c++-common/ubsan/recovery-common.inc:12:5: runtime error: shift exponent 152 is too large for 32-bit type 'int'
FAIL: c-c++-common/ubsan/recovery-2.c -O3 -fomit-frame-pointer -funroll-loops output pattern test, is c-c++-common/ubsan/recovery-common.inc:12:5: runtime error: shift exponent 152 is too large for 32-bit type 'int'
FAIL: c-c++-common/ubsan/recovery-2.c -O3 -g output pattern test, is c-c++-common/ubsan/recovery-common.inc:12:5: runtime error: shift exponent 152 is too large for 32-bit type 'int'
FAIL: c-c++-common/ubsan/recovery-2.c -Os output pattern test, is c-c++-common/ubsan/recovery-common.inc:12:5: runtime error: shift exponent 152 is too large for 32-bit type 'int'
FAIL: c-c++-common/ubsan/recovery-3.c -O0 output pattern test, is c-c++-common/ubsan/recovery-common.inc:12:5: runtime error: shift exponent 152 is too large for 32-bit type 'int'
FAIL: c-c++-common/ubsan/recovery-3.c -O1 output pattern test, is c-c++-common/ubsan/recovery-common.inc:12:5: runtime error: shift exponent 152 is too large for 32-bit type 'int'
FAIL: c-c++-common/ubsan/recovery-3.c -O2 output pattern test, is c-c++-common/ubsan/recovery-common.inc:12:5: runtime error: shift exponent 152 is too large for 32-bit type 'int'
FAIL: c-c++-common/ubsan/recovery-3.c -O2 -flto -fno-use-linker-plugin -flto-partition=none output pattern test, is c-c++-common/ubsan/recovery-common.inc:12:5: runtime error: shift exponent 152 is too large for 32-bit type 'int'
FAIL: c-c++-common/ubsan/recovery-3.c -O2 -flto -fuse-linker-plugin -fno-fat-lto-objects output pattern test, is c-c++-common/ubsan/recovery-common.inc:12:5: runtime error: shift exponent 152 is too large for 32-bit type 'int'
FAIL: c-c++-common/ubsan/recovery-3.c -O3 -fomit-frame-pointer output pattern test, is c-c++-common/ubsan/recovery-common.inc:12:5: runtime error: shift exponent 152 is too large for 32-bit type 'int'
FAIL: c-c++-common/ubsan/recovery-3.c -O3 -fomit-frame-pointer -funroll-all-loops -finline-functions output pattern test, is c-c++-common/ubsan/recovery-common.inc:12:5: runtime error: shift exponent 152 is too large for 32-bit type 'int'
FAIL: c-c++-common/ubsan/recovery-3.c -O3 -fomit-frame-pointer -funroll-loops output pattern test, is c-c++-common/ubsan/recovery-common.inc:12:5: runtime error: shift exponent 152 is too large for 32-bit type 'int'
FAIL: c-c++-common/ubsan/recovery-3.c -O3 -g output pattern test, is c-c++-common/ubsan/recovery-common.inc:12:5: runtime error: shift exponent 152 is too large for 32-bit type 'int'
FAIL: c-c++-common/ubsan/recovery-3.c -Os output pattern test, is c-c++-common/ubsan/recovery-common.inc:12:5: runtime error: shift exponent 152 is too large for 32-bit type 'int'
FAIL: c-c++-common/ubsan/shift-7.c -O0 output pattern test, is c-c++-common/ubsan/shift-7.c:9:12: runtime error: shift exponent 4294967296 is too large for 64-bit type 'long long unsigned int'
FAIL: c-c++-common/ubsan/shift-7.c -O1 output pattern test, is c-c++-common/ubsan/shift-7.c:9:12: runtime error: shift exponent 4294967296 is too large for 64-bit type 'long long unsigned int'
FAIL: c-c++-common/ubsan/shift-7.c -O2 output pattern test, is c-c++-common/ubsan/shift-7.c:9:12: runtime error: shift exponent 4294967296 is too large for 64-bit type 'long long unsigned int'
FAIL: c-c++-common/ubsan/shift-7.c -O2 -flto -fno-use-linker-plugin -flto-partition=none output pattern test, is c-c++-common/ubsan/shift-7.c:9:12: runtime error: shift exponent 4294967296 is too large for 64-bit type 'long long unsigned int'
FAIL: c-c++-common/ubsan/shift-7.c -O2 -flto -fuse-linker-plugin -fno-fat-lto-objects output pattern test, is c-c++-common/ubsan/shift-7.c:9:12: runtime error: shift exponent 4294967296 is too large for 64-bit type 'long long unsigned int'
FAIL: c-c++-common/ubsan/shift-7.c -O3 -fomit-frame-pointer output pattern test, is c-c++-common/ubsan/shift-7.c:9:12: runtime error: shift exponent 4294967296 is too large for 64-bit type 'long long unsigned int'
FAIL: c-c++-common/ubsan/shift-7.c -O3 -fomit-frame-pointer -funroll-all-loops -finline-functions output pattern test, is c-c++-common/ubsan/shift-7.c:9:12: runtime error: shift exponent 4294967296 is too large for 64-bit type 'long long unsigned int'
FAIL: c-c++-common/ubsan/shift-7.c -O3 -fomit-frame-pointer -funroll-loops output pattern test, is c-c++-common/ubsan/shift-7.c:9:12: runtime error: shift exponent 4294967296 is too large for 64-bit type 'long long unsigned int'
FAIL: c-c++-common/ubsan/shift-7.c -O3 -g output pattern test, is c-c++-common/ubsan/shift-7.c:9:12: runtime error: shift exponent 4294967296 is too large for 64-bit type 'long long unsigned int'
FAIL: c-c++-common/ubsan/shift-7.c -Os output pattern test, is c-c++-common/ubsan/shift-7.c:9:12: runtime error: shift exponent 4294967296 is too large for 64-bit type 'long long unsigned int'
FAIL: c-c++-common/ubsan/undefined-2.c -O0 output pattern test, is c-c++-common/ubsan/undefined-2.c:12:12: runtime error: shift exponent -2147483647 is negative, should match shift exponent -[^
FAIL: c-c++-common/ubsan/undefined-2.c -O1 output pattern test, is c-c++-common/ubsan/undefined-2.c:12:12: runtime error: shift exponent -2147483647 is negative, should match shift exponent -[^
FAIL: c-c++-common/ubsan/undefined-2.c -O2 output pattern test, is c-c++-common/ubsan/undefined-2.c:12:12: runtime error: shift exponent -2147483647 is negative, should match shift exponent -[^
FAIL: c-c++-common/ubsan/undefined-2.c -O2 -flto -fno-use-linker-plugin -flto-partition=none output pattern test, is c-c++-common/ubsan/undefined-2.c:12:12: runtime error: shift exponent -2147483647 is negative, should match shift exponent -[^
FAIL: c-c++-common/ubsan/undefined-2.c -O2 -flto -fuse-linker-plugin -fno-fat-lto-objects output pattern test, is c-c++-common/ubsan/undefined-2.c:12:12: runtime error: shift exponent -2147483647 is negative, should match shift exponent -[^
FAIL: c-c++-common/ubsan/undefined-2.c -O3 -fomit-frame-pointer output pattern test, is c-c++-common/ubsan/undefined-2.c:12:12: runtime error: shift exponent -2147483647 is negative, should match shift exponent -[^
FAIL: c-c++-common/ubsan/undefined-2.c -O3 -g output pattern test, is c-c++-common/ubsan/undefined-2.c:12:12: runtime error: shift exponent -2147483647 is negative, should match shift exponent -[^
FAIL: c-c++-common/ubsan/undefined-2.c -Os output pattern test, is c-c++-common/ubsan/undefined-2.c:12:12: runtime error: shift exponent -2147483647 is negative, should match shift exponent -[^
FAIL: g++.dg/ubsan/null-1.C -O0 output pattern test, is g++.dg/ubsan/null-1.C:12:13: runtime error: reference binding to null pointer of type 'int'
FAIL: g++.dg/ubsan/null-1.C -O1 output pattern test, is g++.dg/ubsan/null-1.C:12:13: runtime error: reference binding to null pointer of type 'int'
FAIL: g++.dg/ubsan/null-1.C -O2 output pattern test, is g++.dg/ubsan/null-1.C:12:13: runtime error: reference binding to null pointer of type 'int'
FAIL: g++.dg/ubsan/null-1.C -O2 -flto -fno-use-linker-plugin -flto-partition=none output pattern test, is g++.dg/ubsan/null-1.C:12:13: runtime error: reference binding to null pointer of type 'int'
FAIL: g++.dg/ubsan/null-1.C -O2 -flto -fuse-linker-plugin -fno-fat-lto-objects output pattern test, is g++.dg/ubsan/null-1.C:12:13: runtime error: reference binding to null pointer of type 'int'
FAIL: g++.dg/ubsan/null-1.C -O3 -fomit-frame-pointer output pattern test, is g++.dg/ubsan/null-1.C:12:13: runtime error: reference binding to null pointer of type 'int'
FAIL: g++.dg/ubsan/null-1.C -O3 -g output pattern test, is g++.dg/ubsan/null-1.C:12:13: runtime error: reference binding to null pointer of type 'int'
FAIL: g++.dg/ubsan/null-1.C -Os output pattern test, is g++.dg/ubsan/null-1.C:12:13: runtime error: reference binding to null pointer of type 'int'
FAIL: g++.dg/ubsan/null-3.C -O0 output pattern test, is g++.dg/ubsan/null-3.C:9:14: runtime error: reference binding to null pointer of type 'int'
FAIL: g++.dg/ubsan/null-3.C -O1 output pattern test, is g++.dg/ubsan/null-3.C:9:14: runtime error: reference binding to null pointer of type 'int'
FAIL: g++.dg/ubsan/null-3.C -O2 output pattern test, is g++.dg/ubsan/null-3.C:9:14: runtime error: reference binding to null pointer of type 'int'
FAIL: g++.dg/ubsan/null-3.C -O2 -flto -fno-use-linker-plugin -flto-partition=none output pattern test, is g++.dg/ubsan/null-3.C:9:14: runtime error: reference binding to null pointer of type 'int'
FAIL: g++.dg/ubsan/null-3.C -O2 -flto -fuse-linker-plugin -fno-fat-lto-objects output pattern test, is g++.dg/ubsan/null-3.C:9:14: runtime error: reference binding to null pointer of type 'int'
FAIL: g++.dg/ubsan/null-3.C -O3 -fomit-frame-pointer output pattern test, is g++.dg/ubsan/null-3.C:9:14: runtime error: reference binding to null pointer of type 'int'
FAIL: g++.dg/ubsan/null-3.C -O3 -g output pattern test, is g++.dg/ubsan/null-3.C:9:14: runtime error: reference binding to null pointer of type 'int'
FAIL: g++.dg/ubsan/null-3.C -Os output pattern test, is g++.dg/ubsan/null-3.C:9:14: runtime error: reference binding to null pointer of type 'int'
FAIL: g++.dg/ubsan/null-4.C -O0 output pattern test, is g++.dg/ubsan/null-4.C:11:14: runtime error: reference binding to null pointer of type 'int', should match reference binding to null pointer of type 'int'(
FAIL: g++.dg/ubsan/null-4.C -O1 output pattern test, is g++.dg/ubsan/null-4.C:11:14: runtime error: reference binding to null pointer of type 'int', should match reference binding to null pointer of type 'int'(
FAIL: g++.dg/ubsan/null-4.C -O2 output pattern test, is g++.dg/ubsan/null-4.C:11:14: runtime error: reference binding to null pointer of type 'int', should match reference binding to null pointer of type 'int'(
FAIL: g++.dg/ubsan/null-4.C -O2 -flto -fno-use-linker-plugin -flto-partition=none output pattern test, is g++.dg/ubsan/null-4.C:11:14: runtime error: reference binding to null pointer of type 'int', should match reference binding to null pointer of type 'int'(
FAIL: g++.dg/ubsan/null-4.C -O3 -fomit-frame-pointer output pattern test, is g++.dg/ubsan/null-4.C:11:14: runtime error: reference binding to null pointer of type 'int', should match reference binding to null pointer of type 'int'(
FAIL: g++.dg/ubsan/null-4.C -O3 -g output pattern test, is g++.dg/ubsan/null-4.C:11:14: runtime error: reference binding to null pointer of type 'int', should match reference binding to null pointer of type 'int'(
FAIL: g++.dg/ubsan/null-4.C -Os output pattern test, is g++.dg/ubsan/null-4.C:11:14: runtime error: reference binding to null pointer of type 'int', should match reference binding to null pointer of type 'int'(
FAIL: g++.dg/ubsan/vptr-8.C -O0 output pattern test, is g++.dg/ubsan/vptr-8.C:24:13: runtime error: cast to virtual base of address 0xbf9648c8 which does not point to an object of type 'V'
FAIL: g++.dg/ubsan/vptr-8.C -O1 output pattern test, is g++.dg/ubsan/vptr-8.C:24:13: runtime error: cast to virtual base of address 0xbf897158 which does not point to an object of type 'V'
FAIL: g++.dg/ubsan/vptr-8.C -O2 output pattern test, is g++.dg/ubsan/vptr-8.C:24:13: runtime error: cast to virtual base of address 0xbf804d68 which does not point to an object of type 'V'
FAIL: g++.dg/ubsan/vptr-8.C -O2 -flto -fno-use-linker-plugin -flto-partition=none output pattern test, is g++.dg/ubsan/vptr-8.C:24:13: runtime error: cast to virtual base of address 0xbfa88e78 which does not point to an object of type 'V'
FAIL: g++.dg/ubsan/vptr-8.C -O2 -flto -fuse-linker-plugin -fno-fat-lto-objects output pattern test, is g++.dg/ubsan/vptr-8.C:24:13: runtime error: cast to virtual base of address 0xbff44518 which does not point to an object of type 'V'
FAIL: g++.dg/ubsan/vptr-8.C -O3 -fomit-frame-pointer output pattern test, is g++.dg/ubsan/vptr-8.C:24:13: runtime error: cast to virtual base of address 0xbfabee38 which does not point to an object of type 'V'
FAIL: g++.dg/ubsan/vptr-8.C -O3 -fomit-frame-pointer -funroll-all-loops -finline-functions output pattern test, is g++.dg/ubsan/vptr-8.C:24:13: runtime error: cast to virtual base of address 0xbfca6738 which does not point to an object of type 'V'
FAIL: g++.dg/ubsan/vptr-8.C -O3 -fomit-frame-pointer -funroll-loops output pattern test, is g++.dg/ubsan/vptr-8.C:24:13: runtime error: cast to virtual base of address 0xbf899108 which does not point to an object of type 'V'
FAIL: g++.dg/ubsan/vptr-8.C -O3 -g output pattern test, is g++.dg/ubsan/vptr-8.C:24:13: runtime error: cast to virtual base of address 0xbf97bf28 which does not point to an object of type 'V'
FAIL: g++.dg/ubsan/vptr-8.C -Os output pattern test, is g++.dg/ubsan/vptr-8.C:24:13: runtime error: cast to virtual base of address 0xbff36738 which does not point to an object of type 'V'
FAIL: g++.dg/ubsan/vptr-9.C -O0 output pattern test, is g++.dg/ubsan/vptr-9.C:14:10: runtime error: cast to virtual base of address 0xbf9f2620 which does not point to an object of type 'T'
FAIL: g++.dg/ubsan/vptr-9.C -O1 output pattern test, is g++.dg/ubsan/vptr-9.C:14:10: runtime error: cast to virtual base of address 0xbfde3038 which does not point to an object of type 'T'
FAIL: g++.dg/ubsan/vptr-9.C -O2 output pattern test, is g++.dg/ubsan/vptr-9.C:14:10: runtime error: cast to virtual base of address 0xbfc96cf8 which does not point to an object of type 'T'
FAIL: g++.dg/ubsan/vptr-9.C -O2 -flto -fno-use-linker-plugin -flto-partition=none output pattern test, is g++.dg/ubsan/vptr-9.C:14:10: runtime error: cast to virtual base of address 0xbfaa1dc8 which does not point to an object of type 'T'
FAIL: g++.dg/ubsan/vptr-9.C -O2 -flto -fuse-linker-plugin -fno-fat-lto-objects output pattern test, is g++.dg/ubsan/vptr-9.C:14:10: runtime error: cast to virtual base of address 0xbfd19938 which does not point to an object of type 'T'
FAIL: g++.dg/ubsan/vptr-9.C -O3 -fomit-frame-pointer output pattern test, is g++.dg/ubsan/vptr-9.C:14:10: runtime error: cast to virtual base of address 0xbff52308 which does not point to an object of type 'T'
FAIL: g++.dg/ubsan/vptr-9.C -O3 -fomit-frame-pointer -funroll-all-loops -finline-functions output pattern test, is g++.dg/ubsan/vptr-9.C:14:10: runtime error: cast to virtual base of address 0xbfe942b8 which does not point to an object of type 'T'
FAIL: g++.dg/ubsan/vptr-9.C -O3 -fomit-frame-pointer -funroll-loops output pattern test, is g++.dg/ubsan/vptr-9.C:14:10: runtime error: cast to virtual base of address 0xbfc366f8 which does not point to an object of type 'T'
FAIL: g++.dg/ubsan/vptr-9.C -O3 -g output pattern test, is g++.dg/ubsan/vptr-9.C:14:10: runtime error: cast to virtual base of address 0xbff888b8 which does not point to an object of type 'T'
FAIL: g++.dg/ubsan/vptr-9.C -Os output pattern test, is g++.dg/ubsan/vptr-9.C:14:10: runtime error: cast to virtual base of address 0xbf8fadf8 which does not point to an object of type 'T'
=== g++ Summary ===
# of expected passes 84580
# of unexpected failures 450
# of expected failures 335
# of unresolved testcases 78
# of unsupported tests 3989
/home/b30502/e500v2/opt/freescale/NLAe500v2/obj_gcc/gcc/testsuite/g++/../../xg++ version 5.0.0 20150305 (Thu Mar 5 02:17:52 CST 2015 build.sh rev=1196 s=FCtrunk t=DGREMboard0 NLAe500v2) (GCC)
=== objc tests ===
Running target perf3board018270
WARNING: Could not execute objc.dg/gnu-encoding/struct-layout-encoding-1 generator
=== objc Summary ===
# of expected passes 2954
# of unsupported tests 74
/home/b30502/e500v2/opt/freescale/NLAe500v2/obj_gcc/gcc/xgcc version 5.0.0 20150305 (Thu Mar 5 02:17:52 CST 2015 build.sh rev=1196 s=FCtrunk t=DGREMboard0 NLAe500v2) (GCC)
Compiler version: 5.0.0 20150305 (Thu Mar 5 02:17:52 CST 2015 build.sh rev=1196 s=FCtrunk t=DGREMboard0 NLAe500v2) (GCC)
Platform: powerpc-unknown-linux-gnuspe
configure flags: --prefix=/home/b30502/e500v2//opt/freescale/gcc-5.0.x-Ne500v2-linuxspe/ppc64-linux --target=powerpc-unknown-linux-gnuspe --build=powerpc-unknown-linux-gnuspe --enable-checking --disable-decimal-float --enable-interfaces=c,c++ --with-cpu=8548 --enable-e500_double --enable-tls --enable-build-with-cxx --with-mpfr=/home/b30502/e500v2//opt/freescale/NLAe500v2/linux_host_libs/usr --with-mpc=/home/b30502/e500v2//opt/freescale/NLAe500v2/linux_host_libs/usr --with-ppl=/home/b30502/e500v2//opt/freescale/NLAe500v2/linux_host_libs/usr --with-isl=/home/b30502/e500v2//opt/freescale/NLAe500v2/linux_host_libs/usr --with-cloog=/home/b30502/e500v2//opt/freescale/NLAe500v2/linux_host_libs/usr --enable-cloog-backend=isl
More information about the Gcc-testresults
mailing list