Results for 5.0.0 20150304 (experimental) [trunk revision 221192] (GCC) testsuite on armv6-unknown-freebsd11.0
Andreas Tobler
andreast@fgznet.ch
Thu Mar 5 21:00:00 GMT 2015
LAST_UPDATED: Wed Mar 4 19:13:42 UTC 2015 (revision 221192)
Native configuration is armv6-unknown-freebsd11.0
=== libatomic tests ===
Running target unix
=== libatomic Summary ===
# of expected passes 44
# of unsupported tests 5
=== libgomp tests ===
Running target unix
=== libgomp Summary ===
# of expected passes 4580
# of unsupported tests 236
=== libitm tests ===
Running target unix
=== libitm Summary ===
# of expected passes 26
# of expected failures 3
# of unsupported tests 1
=== libstdc++ tests ===
Running target unix
FAIL: 26_numerics/headers/cmath/c99_classification_macros_c.cc (test for excess errors)
FAIL: 30_threads/async/42819.cc execution test
FAIL: 30_threads/async/49668.cc execution test
FAIL: 30_threads/async/54297.cc execution test
FAIL: 30_threads/async/any.cc execution test
FAIL: 30_threads/async/async.cc execution test
FAIL: 30_threads/async/sync.cc execution test
FAIL: 30_threads/call_once/39909.cc execution test
FAIL: 30_threads/call_once/49668.cc execution test
FAIL: 30_threads/call_once/call_once1.cc execution test
FAIL: 30_threads/future/members/45133.cc execution test
FAIL: 30_threads/future/members/get.cc execution test
FAIL: 30_threads/future/members/get2.cc execution test
FAIL: 30_threads/future/members/share.cc execution test
FAIL: 30_threads/future/members/valid.cc execution test
FAIL: 30_threads/future/members/wait.cc execution test
FAIL: 30_threads/future/members/wait_for.cc execution test
FAIL: 30_threads/future/members/wait_until.cc execution test
FAIL: 30_threads/packaged_task/49668.cc execution test
FAIL: 30_threads/packaged_task/cons/3.cc execution test
FAIL: 30_threads/packaged_task/cons/alloc.cc execution test
FAIL: 30_threads/packaged_task/members/at_thread_exit.cc execution test
FAIL: 30_threads/packaged_task/members/get_future.cc execution test
FAIL: 30_threads/packaged_task/members/invoke.cc execution test
FAIL: 30_threads/packaged_task/members/invoke2.cc execution test
FAIL: 30_threads/packaged_task/members/invoke3.cc execution test
FAIL: 30_threads/packaged_task/members/invoke4.cc execution test
FAIL: 30_threads/packaged_task/members/invoke5.cc execution test
FAIL: 30_threads/packaged_task/members/reset2.cc execution test
FAIL: 30_threads/promise/60966.cc execution test
FAIL: 30_threads/promise/cons/alloc.cc execution test
FAIL: 30_threads/promise/cons/move.cc execution test
FAIL: 30_threads/promise/cons/move_assign.cc execution test
FAIL: 30_threads/promise/members/at_thread_exit.cc execution test
FAIL: 30_threads/promise/members/get_future.cc execution test
FAIL: 30_threads/promise/members/set_exception.cc execution test
FAIL: 30_threads/promise/members/set_exception2.cc execution test
FAIL: 30_threads/promise/members/set_value.cc execution test
FAIL: 30_threads/promise/members/set_value2.cc execution test
FAIL: 30_threads/promise/members/set_value3.cc execution test
FAIL: 30_threads/promise/members/swap.cc execution test
FAIL: 30_threads/shared_future/members/get.cc execution test
FAIL: 30_threads/shared_future/members/get2.cc execution test
FAIL: 30_threads/shared_future/members/valid.cc execution test
FAIL: 30_threads/shared_future/members/wait.cc execution test
FAIL: 30_threads/shared_future/members/wait_for.cc execution test
FAIL: 30_threads/shared_future/members/wait_until.cc execution test
=== libstdc++ Summary ===
# of expected passes 9235
# of unexpected failures 47
# of expected failures 64
# of unsupported tests 656
=== g++ tests ===
Running target unix
FAIL: g++.dg/tls/static-1.C -std=gnu++98 execution test
FAIL: g++.dg/tls/static-1.C -std=gnu++11 execution test
FAIL: g++.dg/tls/static-1.C -std=gnu++14 execution test
FAIL: g++.old-deja/g++.other/init18.C -std=c++98 execution test
FAIL: g++.old-deja/g++.other/init18.C -std=c++11 execution test
FAIL: g++.old-deja/g++.other/init18.C -std=c++14 execution test
FAIL: g++.old-deja/g++.other/init19.C -std=c++98 execution test
FAIL: g++.old-deja/g++.other/init19.C -std=c++11 execution test
FAIL: g++.old-deja/g++.other/init19.C -std=c++14 execution test
=== g++ Summary ===
# of expected passes 80973
# of unexpected failures 9
# of expected failures 281
# of unsupported tests 3666
/build/gcc/obj_gcc_armv6/gcc/testsuite/g++/../../xg++ version 5.0.0 20150304 (experimental) [trunk revision 221192] (GCC)
=== gcc tests ===
Running target unix
FAIL: gcc.c-torture/compile/limits-exprparen.c -O0 (internal compiler error)
FAIL: gcc.c-torture/compile/limits-exprparen.c -O0 (test for excess errors)
FAIL: gcc.c-torture/compile/limits-exprparen.c -O1 (internal compiler error)
FAIL: gcc.c-torture/compile/limits-exprparen.c -O1 (test for excess errors)
FAIL: gcc.c-torture/compile/limits-exprparen.c -O2 (internal compiler error)
FAIL: gcc.c-torture/compile/limits-exprparen.c -O2 (test for excess errors)
FAIL: gcc.c-torture/compile/limits-exprparen.c -O3 -fomit-frame-pointer (internal compiler error)
FAIL: gcc.c-torture/compile/limits-exprparen.c -O3 -fomit-frame-pointer (test for excess errors)
FAIL: gcc.c-torture/compile/limits-exprparen.c -O3 -g (internal compiler error)
FAIL: gcc.c-torture/compile/limits-exprparen.c -O3 -g (test for excess errors)
FAIL: gcc.c-torture/compile/limits-exprparen.c -Os (internal compiler error)
FAIL: gcc.c-torture/compile/limits-exprparen.c -Os (test for excess errors)
FAIL: gcc.c-torture/compile/limits-exprparen.c -O2 -flto -fno-use-linker-plugin -flto-partition=none (internal compiler error)
FAIL: gcc.c-torture/compile/limits-exprparen.c -O2 -flto -fno-use-linker-plugin -flto-partition=none (test for excess errors)
FAIL: gcc.c-torture/compile/limits-exprparen.c -O2 -flto -fuse-linker-plugin -fno-fat-lto-objects (internal compiler error)
FAIL: gcc.c-torture/compile/limits-exprparen.c -O2 -flto -fuse-linker-plugin -fno-fat-lto-objects (test for excess errors)
FAIL: gcc.c-torture/compile/limits-fndefn.c -O2 -flto -fno-use-linker-plugin -flto-partition=none (internal compiler error)
FAIL: gcc.c-torture/compile/limits-fndefn.c -O2 -flto -fno-use-linker-plugin -flto-partition=none (test for excess errors)
FAIL: gcc.c-torture/compile/limits-fndefn.c -O2 -flto -fuse-linker-plugin -fno-fat-lto-objects (internal compiler error)
FAIL: gcc.c-torture/compile/limits-fndefn.c -O2 -flto -fuse-linker-plugin -fno-fat-lto-objects (test for excess errors)
FAIL: gcc.c-torture/execute/20000822-1.c -O0 execution test
FAIL: gcc.c-torture/execute/20030125-1.c -O1 execution test
FAIL: gcc.c-torture/execute/20030125-1.c -O2 execution test
FAIL: gcc.c-torture/execute/20030125-1.c -O3 -fomit-frame-pointer execution test
FAIL: gcc.c-torture/execute/20030125-1.c -O3 -g execution test
FAIL: gcc.c-torture/execute/20030125-1.c -Os execution test
FAIL: gcc.c-torture/execute/20030125-1.c -O2 -flto -fno-use-linker-plugin -flto-partition=none execution test
FAIL: gcc.c-torture/execute/20030125-1.c -O2 -flto -fuse-linker-plugin -fno-fat-lto-objects execution test
FAIL: gcc.c-torture/execute/nestfunc-3.c -O0 execution test
FAIL: gcc.c-torture/execute/ieee/20000320-1.c execution, -O2 -flto -fuse-linker-plugin -fno-fat-lto-objects
FAIL: gcc.c-torture/execute/ieee/mul-subnormal-single-1.c execution, -O2 -flto -fuse-linker-plugin -fno-fat-lto-objects
FAIL: gcc.c-torture/execute/ieee/pr50310.c execution, -O2 -flto -fuse-linker-plugin -fno-fat-lto-objects
FAIL: gcc.dg/cpp/trad/include.c (test for excess errors)
FAIL: gcc.dg/builtins-20.c (test for excess errors)
FAIL: gcc.dg/builtins-57.c (test for excess errors)
FAIL: gcc.dg/builtins-58.c scan-assembler-not pow\\\\M
FAIL: gcc.dg/builtins-59.c scan-tree-dump gimple "__builtin_cexpi"
FAIL: gcc.dg/builtins-59.c scan-tree-dump-not gimple "sincos"
FAIL: gcc.dg/builtins-61.c scan-tree-dump optimized "cexpi"
FAIL: gcc.dg/builtins-61.c scan-tree-dump optimized "sin"
FAIL: gcc.dg/builtins-61.c scan-tree-dump optimized "cos"
FAIL: gcc.dg/builtins-61.c scan-tree-dump optimized "return 0.0"
FAIL: gcc.dg/builtins-62.c scan-tree-dump-times optimized "cexpi" 3
FAIL: gcc.dg/builtins-65.c (test for excess errors)
FAIL: gcc.dg/c99-stdint-5.c (test for excess errors)
FAIL: gcc.dg/c99-stdint-6.c (test for excess errors)
FAIL: gcc.dg/c99-stdint-7.c (test for excess errors)
FAIL: gcc.dg/c99-tgmath-4.c (test for excess errors)
UNRESOLVED: gcc.dg/c99-tgmath-4.c scan-assembler cpowf
FAIL: gcc.dg/utf-array-short-wchar.c (test for errors, line 41)
FAIL: gcc.dg/utf-array-short-wchar.c (test for excess errors)
FAIL: gcc.dg/fixed-point/binary.c (test for excess errors)
UNRESOLVED: gcc.dg/fixed-point/binary.c compilation failed to produce executable
FAIL: gcc.dg/pch/largefile.c -O0 -g assembly comparison
FAIL: gcc.dg/pch/largefile.c -O0 assembly comparison
FAIL: gcc.dg/pch/largefile.c -O1 assembly comparison
FAIL: gcc.dg/pch/largefile.c -O2 assembly comparison
FAIL: gcc.dg/pch/largefile.c -O3 -fomit-frame-pointer assembly comparison
FAIL: gcc.dg/pch/largefile.c -O3 -g assembly comparison
FAIL: gcc.dg/pch/largefile.c -Os assembly comparison
FAIL: largefile.c -O0 -g -I. -Dwith_PCH (internal compiler error)
FAIL: largefile.c -O0 -g -I. -Dwith_PCH (test for excess errors)
FAIL: largefile.c -O0 -I. -Dwith_PCH (internal compiler error)
FAIL: largefile.c -O0 -I. -Dwith_PCH (test for excess errors)
FAIL: largefile.c -O1 -I. -Dwith_PCH (internal compiler error)
FAIL: largefile.c -O1 -I. -Dwith_PCH (test for excess errors)
FAIL: largefile.c -O2 -I. -Dwith_PCH (internal compiler error)
FAIL: largefile.c -O2 -I. -Dwith_PCH (test for excess errors)
FAIL: largefile.c -O3 -fomit-frame-pointer -I. -Dwith_PCH (internal compiler error)
FAIL: largefile.c -O3 -fomit-frame-pointer -I. -Dwith_PCH (test for excess errors)
FAIL: largefile.c -O3 -g -I. -Dwith_PCH (internal compiler error)
FAIL: largefile.c -O3 -g -I. -Dwith_PCH (test for excess errors)
FAIL: largefile.c -Os -I. -Dwith_PCH (internal compiler error)
FAIL: largefile.c -Os -I. -Dwith_PCH (test for excess errors)
FAIL: gcc.dg/torture/builtin-convert-1.c -O1 (test for excess errors)
FAIL: gcc.dg/torture/builtin-convert-1.c -O2 (test for excess errors)
FAIL: gcc.dg/torture/builtin-convert-1.c -O3 -fomit-frame-pointer (test for excess errors)
FAIL: gcc.dg/torture/builtin-convert-1.c -O3 -g (test for excess errors)
FAIL: gcc.dg/torture/builtin-convert-1.c -Os (test for excess errors)
FAIL: gcc.dg/torture/builtin-convert-1.c -O2 -flto -fno-use-linker-plugin -flto-partition=none (test for excess errors)
FAIL: gcc.dg/torture/builtin-convert-2.c -O1 (test for excess errors)
FAIL: gcc.dg/torture/builtin-convert-2.c -O2 (test for excess errors)
FAIL: gcc.dg/torture/builtin-convert-2.c -O3 -fomit-frame-pointer (test for excess errors)
FAIL: gcc.dg/torture/builtin-convert-2.c -O3 -g (test for excess errors)
FAIL: gcc.dg/torture/builtin-convert-2.c -Os (test for excess errors)
FAIL: gcc.dg/torture/builtin-convert-2.c -O2 -flto -fno-use-linker-plugin -flto-partition=none (test for excess errors)
FAIL: gcc.dg/torture/builtin-convert-3.c -O1 (test for excess errors)
FAIL: gcc.dg/torture/builtin-convert-3.c -O2 (test for excess errors)
FAIL: gcc.dg/torture/builtin-convert-3.c -O3 -fomit-frame-pointer (test for excess errors)
FAIL: gcc.dg/torture/builtin-convert-3.c -O3 -g (test for excess errors)
FAIL: gcc.dg/torture/builtin-convert-3.c -Os (test for excess errors)
FAIL: gcc.dg/torture/builtin-convert-3.c -O2 -flto -fno-use-linker-plugin -flto-partition=none (test for excess errors)
FAIL: gcc.dg/torture/builtin-power-1.c -O1 (test for excess errors)
FAIL: gcc.dg/torture/builtin-power-1.c -O2 (test for excess errors)
FAIL: gcc.dg/torture/builtin-power-1.c -O3 -fomit-frame-pointer (test for excess errors)
FAIL: gcc.dg/torture/builtin-power-1.c -O3 -g (test for excess errors)
FAIL: gcc.dg/torture/builtin-power-1.c -Os (test for excess errors)
FAIL: gcc.dg/torture/builtin-power-1.c -O2 -flto -fno-use-linker-plugin -flto-partition=none (test for excess errors)
FAIL: gcc.dg/torture/type-generic-1.c -O2 -flto -fuse-linker-plugin -fno-fat-lto-objects execution test
FAIL: gcc.dg/torture/tls/run-ie.c -O0 execution test
FAIL: gcc.dg/torture/tls/run-ie.c -O0 -fpic execution test
FAIL: gcc.dg/torture/tls/run-ie.c -O1 -fpic execution test
FAIL: gcc.dg/torture/tls/run-ie.c -O2 -fpic execution test
FAIL: gcc.dg/torture/tls/run-ie.c -O3 -fomit-frame-pointer -fpic execution test
FAIL: gcc.dg/torture/tls/run-ie.c -O3 -g -fpic execution test
FAIL: gcc.dg/torture/tls/run-ie.c -Os -fpic execution test
FAIL: gcc.dg/torture/tls/run-ie.c -O0 -fPIC execution test
FAIL: gcc.dg/torture/tls/run-ie.c -O1 -fPIC execution test
FAIL: gcc.dg/torture/tls/run-ie.c -O2 -fPIC execution test
FAIL: gcc.dg/torture/tls/run-ie.c -O3 -fomit-frame-pointer -fPIC execution test
FAIL: gcc.dg/torture/tls/run-ie.c -O3 -g -fPIC execution test
FAIL: gcc.dg/torture/tls/run-ie.c -Os -fPIC execution test
FAIL: gcc.dg/tree-ssa/sra-12.c scan-tree-dump-times release_ssa "l;" 0
FAIL: gcc.dg/tree-ssa/ssa-dom-cse-2.c scan-tree-dump optimized "return 28;"
FAIL: gcc.target/arm/atomic-comp-swap-release-acquire.c scan-assembler-times ldaex 4
FAIL: gcc.target/arm/atomic-comp-swap-release-acquire.c scan-assembler-times stlex 4
FAIL: gcc.target/arm/fixed-point-exec.c (test for excess errors)
UNRESOLVED: gcc.target/arm/fixed-point-exec.c compilation failed to produce executable
FAIL: gcc.target/arm/ftest-armv6-arm.c (test for excess errors)
FAIL: gcc.target/arm/ftest-armv6-thumb.c (test for excess errors)
FAIL: gcc.target/arm/ftest-armv6k-arm.c (test for excess errors)
FAIL: gcc.target/arm/ftest-armv6k-thumb.c (test for excess errors)
FAIL: gcc.target/arm/ftest-armv6t2-arm.c (test for excess errors)
FAIL: gcc.target/arm/ftest-armv6t2-thumb.c (test for excess errors)
FAIL: gcc.target/arm/ftest-armv6z-arm.c (test for excess errors)
FAIL: gcc.target/arm/ftest-armv6z-thumb.c (test for excess errors)
FAIL: gcc.target/arm/ftest-armv7a-arm.c (test for excess errors)
FAIL: gcc.target/arm/ftest-armv7a-thumb.c (test for excess errors)
FAIL: gcc.target/arm/ftest-armv7em-thumb.c (test for excess errors)
FAIL: gcc.target/arm/ftest-armv7m-thumb.c (test for excess errors)
FAIL: gcc.target/arm/ftest-armv7r-arm.c (test for excess errors)
FAIL: gcc.target/arm/ftest-armv7r-thumb.c (test for excess errors)
FAIL: gcc.target/arm/ftest-armv7ve-arm.c (test for excess errors)
FAIL: gcc.target/arm/ftest-armv7ve-thumb.c (test for excess errors)
FAIL: gcc.target/arm/ftest-armv8a-arm.c (test for excess errors)
FAIL: gcc.target/arm/ftest-armv8a-thumb.c (test for excess errors)
UNRESOLVED: gcc.target/arm/ifcvt-size-check.c object-size text <= 12
UNRESOLVED: gcc.target/arm/ivopts.c object-size text <= 36
FAIL: gcc.target/arm/long-calls-1.c scan-assembler-not \\tbl?\\tweak_l1\\n
FAIL: gcc.target/arm/long-calls-1.c scan-assembler-not \\tbl?\\tweak_l3\\n
FAIL: gcc.target/arm/long-calls-2.c scan-assembler-not \\tbl?\\tweak_n1\\n
FAIL: gcc.target/arm/long-calls-2.c scan-assembler-not \\tbl?\\tweak_n3\\n
FAIL: gcc.target/arm/long-calls-2.c scan-assembler-not \\tbl?\\tweak_l1\\n
FAIL: gcc.target/arm/long-calls-2.c scan-assembler-not \\tbl?\\tweak_l3\\n
FAIL: gcc.target/arm/neon-vfma-1.c scan-assembler vfma\\\\.f32[\\t]+[dDqQ]
FAIL: gcc.target/arm/neon-vfms-1.c scan-assembler vfms\\\\.f32[\\t]+[dDqQ]
FAIL: gcc.target/arm/pr42172-1.c scan-assembler-times ldr 1
FAIL: gcc.target/arm/pr42575.c scan-assembler-not mov
FAIL: gcc.target/arm/pr45701-1.c scan-assembler push\\t{r3
FAIL: gcc.target/arm/pr45701-2.c scan-assembler push\\t{r3
UNRESOLVED: gcc.target/arm/pr63210.c object-size text <= 28
UNRESOLVED: gcc.target/arm/split-live-ranges-for-shrink-wrap.c object-size text <= 20
FAIL: gcc.target/arm/thumb-bitfld1.c (test for excess errors)
FAIL: gcc.target/arm/thumb-ltu.c (test for excess errors)
FAIL: gcc.target/arm/thumb-ltu.c scan-assembler-not uxtb
=== gcc Summary ===
# of expected passes 87763
# of unexpected failures 148
# of expected failures 112
# of unresolved testcases 7
# of unsupported tests 3795
/build/gcc/obj_gcc_armv6/gcc/xgcc version 5.0.0 20150304 (experimental) [trunk revision 221192] (GCC)
=== gfortran tests ===
Running target unix
FAIL: gfortran.dg/default_format_denormal_1.f90 -O0 execution test
FAIL: gfortran.dg/default_format_denormal_1.f90 -O1 execution test
FAIL: gfortran.dg/default_format_denormal_1.f90 -O2 execution test
FAIL: gfortran.dg/default_format_denormal_1.f90 -O3 -fomit-frame-pointer execution test
FAIL: gfortran.dg/default_format_denormal_1.f90 -O3 -fomit-frame-pointer -funroll-loops execution test
FAIL: gfortran.dg/default_format_denormal_1.f90 -O3 -fomit-frame-pointer -funroll-all-loops -finline-functions execution test
FAIL: gfortran.dg/default_format_denormal_1.f90 -O3 -g execution test
FAIL: gfortran.dg/default_format_denormal_1.f90 -Os execution test
FAIL: gfortran.dg/nearest_3.f90 -O0 execution test
FAIL: gfortran.dg/nearest_3.f90 -O1 execution test
FAIL: gfortran.dg/nearest_3.f90 -O2 execution test
FAIL: gfortran.dg/nearest_3.f90 -O3 -fomit-frame-pointer execution test
FAIL: gfortran.dg/nearest_3.f90 -O3 -fomit-frame-pointer -funroll-loops execution test
FAIL: gfortran.dg/nearest_3.f90 -O3 -fomit-frame-pointer -funroll-all-loops -finline-functions execution test
FAIL: gfortran.dg/nearest_3.f90 -O3 -g execution test
FAIL: gfortran.dg/nearest_3.f90 -Os execution test
FAIL: gfortran.dg/proc_ptr_18.f90 -O0 execution test
FAIL: gfortran.dg/proc_ptr_20.f90 -O0 execution test
FAIL: gfortran.dg/ieee/ieee_1.F90 -O0 execution test
FAIL: gfortran.dg/ieee/ieee_1.F90 -O1 execution test
FAIL: gfortran.dg/ieee/ieee_1.F90 -O2 execution test
FAIL: gfortran.dg/ieee/ieee_1.F90 -O3 -fomit-frame-pointer execution test
FAIL: gfortran.dg/ieee/ieee_1.F90 -O3 -fomit-frame-pointer -funroll-loops execution test
FAIL: gfortran.dg/ieee/ieee_1.F90 -O3 -fomit-frame-pointer -funroll-all-loops -finline-functions execution test
FAIL: gfortran.dg/ieee/ieee_1.F90 -O3 -g execution test
FAIL: gfortran.dg/ieee/ieee_1.F90 -Os execution test
FAIL: gfortran.dg/ieee/ieee_2.f90 -O0 execution test
FAIL: gfortran.dg/ieee/ieee_2.f90 -O1 execution test
FAIL: gfortran.dg/ieee/ieee_2.f90 -O2 execution test
FAIL: gfortran.dg/ieee/ieee_2.f90 -O3 -fomit-frame-pointer execution test
FAIL: gfortran.dg/ieee/ieee_2.f90 -O3 -fomit-frame-pointer -funroll-loops execution test
FAIL: gfortran.dg/ieee/ieee_2.f90 -O3 -fomit-frame-pointer -funroll-all-loops -finline-functions execution test
FAIL: gfortran.dg/ieee/ieee_2.f90 -O3 -g execution test
FAIL: gfortran.dg/ieee/ieee_2.f90 -Os execution test
FAIL: gfortran.dg/ieee/ieee_6.f90 -O0 execution test
FAIL: gfortran.dg/ieee/ieee_6.f90 -O1 execution test
FAIL: gfortran.dg/ieee/ieee_6.f90 -O2 execution test
FAIL: gfortran.dg/ieee/ieee_6.f90 -O3 -fomit-frame-pointer execution test
FAIL: gfortran.dg/ieee/ieee_6.f90 -O3 -fomit-frame-pointer -funroll-loops execution test
FAIL: gfortran.dg/ieee/ieee_6.f90 -O3 -fomit-frame-pointer -funroll-all-loops -finline-functions execution test
FAIL: gfortran.dg/ieee/ieee_6.f90 -O3 -g execution test
FAIL: gfortran.dg/ieee/ieee_6.f90 -Os execution test
FAIL: gfortran.dg/ieee/rounding_1.f90 -O0 execution test
FAIL: gfortran.dg/ieee/rounding_1.f90 -O1 execution test
FAIL: gfortran.dg/ieee/rounding_1.f90 -O2 execution test
FAIL: gfortran.dg/ieee/rounding_1.f90 -O3 -fomit-frame-pointer execution test
FAIL: gfortran.dg/ieee/rounding_1.f90 -O3 -fomit-frame-pointer -funroll-loops execution test
FAIL: gfortran.dg/ieee/rounding_1.f90 -O3 -fomit-frame-pointer -funroll-all-loops -finline-functions execution test
FAIL: gfortran.dg/ieee/rounding_1.f90 -O3 -g execution test
FAIL: gfortran.dg/ieee/rounding_1.f90 -Os execution test
FAIL: gfortran.fortran-torture/execute/intrinsic_nearest.f90 execution, -O0
FAIL: gfortran.fortran-torture/execute/intrinsic_nearest.f90 execution, -O1
FAIL: gfortran.fortran-torture/execute/intrinsic_nearest.f90 execution, -O2
FAIL: gfortran.fortran-torture/execute/intrinsic_nearest.f90 execution, -O2 -fomit-frame-pointer -finline-functions
FAIL: gfortran.fortran-torture/execute/intrinsic_nearest.f90 execution, -O2 -fomit-frame-pointer -finline-functions -funroll-loops
FAIL: gfortran.fortran-torture/execute/intrinsic_nearest.f90 execution, -O2 -fbounds-check
FAIL: gfortran.fortran-torture/execute/intrinsic_nearest.f90 execution, -O3 -g
FAIL: gfortran.fortran-torture/execute/intrinsic_nearest.f90 execution, -Os
=== gfortran Summary ===
# of expected passes 46679
# of unexpected failures 58
# of expected failures 64
# of unsupported tests 433
/build/gcc/obj_gcc_armv6/gcc/testsuite/gfortran/../../gfortran version 5.0.0 20150304 (experimental) [trunk revision 221192] (GCC)
=== objc tests ===
Running target unix
=== objc Summary ===
# of expected passes 3016
# of unsupported tests 74
/build/gcc/obj_gcc_armv6/gcc/xgcc version 5.0.0 20150304 (experimental) [trunk revision 221192] (GCC)
Compiler version: 5.0.0 20150304 (experimental) [trunk revision 221192] (GCC)
Platform: armv6-unknown-freebsd11.0
configure flags: --with-gmp=/usr/local --disable-nls --with-ld=/usr/local/bin/ld --with-as=/usr/local/bin/as --prefix=/build/gcc/testbin_armv6
More information about the Gcc-testresults
mailing list