Results for 4.8.5 20150227 (prerelease) [gcc-4_8-branch revision 221054] (GCC) testsuite on i386-pc-solaris2.9
Rainer Orth
ro@CeBiTec.Uni-Bielefeld.DE
Sun Mar 1 07:41:00 GMT 2015
LAST_UPDATED: Fri Feb 27 13:58:05 UTC 2015 (revision 221054)
=== acats tests ===
=== acats Summary ===
# of expected passes 2320
# of unexpected failures 0
Native configuration is i386-pc-solaris2.9
=== g++ tests ===
Running target unix
FAIL: g++.dg/tree-prof/pr59255.C compilation, -fprofile-generate
UNRESOLVED: g++.dg/tree-prof/pr59255.C execution, -fprofile-generate
UNRESOLVED: g++.dg/tree-prof/pr59255.C compilation, -fprofile-use
UNRESOLVED: g++.dg/tree-prof/pr59255.C execution, -fprofile-use
=== g++ Summary ===
# of expected passes 51256
# of unexpected failures 1
# of expected failures 294
# of unresolved testcases 3
# of unsupported tests 695
/var/gcc/regression/gcc-4.8-branch/9-gcc-gas/build/gcc/testsuite/g++/../../xg++ version 4.8.5 20150227 (prerelease) [gcc-4_8-branch revision 221054] (GCC)
=== gcc tests ===
Running target unix
FAIL: gcc.c-torture/compile/930621-1.c -Os (test for excess errors)
WARNING: program timed out.
FAIL: gcc.dg/lto/20090210 c_lto_20090210_0.o-c_lto_20090210_1.o execute -O2 -flto -flto-partition=none
FAIL: gcc.dg/lto/20090210 c_lto_20090210_0.o-c_lto_20090210_1.o execute -O2 -flto -flto-partition=1to1
FAIL: gcc.dg/lto/20090210 c_lto_20090210_0.o-c_lto_20090210_1.o execute -O2 -flto
FAIL: gcc.dg/tls/pr58595.c (test for excess errors)
WARNING: gcc.dg/tls/pr58595.c compilation failed to produce executable
FAIL: gcc.dg/torture/tls/run-ld.c -O1 execution test
FAIL: gcc.dg/torture/tls/run-ld.c -O2 execution test
FAIL: gcc.dg/torture/tls/run-ld.c -O3 -fomit-frame-pointer execution test
FAIL: gcc.dg/torture/tls/run-ld.c -O3 -g execution test
FAIL: gcc.dg/torture/tls/run-ld.c -Os execution test
FAIL: gcc.dg/torture/tls/run-ld.c -O1 -fpic execution test
FAIL: gcc.dg/torture/tls/run-ld.c -O2 -fpic execution test
FAIL: gcc.dg/torture/tls/run-ld.c -O3 -fomit-frame-pointer -fpic execution test
FAIL: gcc.dg/torture/tls/run-ld.c -O3 -g -fpic execution test
FAIL: gcc.dg/torture/tls/run-ld.c -Os -fpic execution test
FAIL: gcc.dg/torture/tls/run-ld.c -O1 -fPIC execution test
FAIL: gcc.dg/torture/tls/run-ld.c -O2 -fPIC execution test
FAIL: gcc.dg/torture/tls/run-ld.c -O3 -fomit-frame-pointer -fPIC execution test
FAIL: gcc.dg/torture/tls/run-ld.c -O3 -g -fPIC execution test
FAIL: gcc.dg/torture/tls/run-ld.c -Os -fPIC execution test
FAIL: gcc.dg/torture/tls/run-ld.c -O2 -flto -flto-partition=none execution test
FAIL: gcc.dg/torture/tls/run-ld.c -O2 -flto execution test
FAIL: gcc.dg/torture/tls/thr-init-2.c -O2 -fpic execution test
FAIL: gcc.dg/torture/tls/thr-init-2.c -O3 -fomit-frame-pointer -fpic execution test
FAIL: gcc.dg/torture/tls/thr-init-2.c -O3 -g -fpic execution test
FAIL: gcc.dg/torture/tls/thr-init-2.c -Os -fpic execution test
FAIL: gcc.dg/torture/tls/thr-init-2.c -O2 -fPIC execution test
FAIL: gcc.dg/torture/tls/thr-init-2.c -O3 -fomit-frame-pointer -fPIC execution test
FAIL: gcc.dg/torture/tls/thr-init-2.c -O3 -g -fPIC execution test
FAIL: gcc.dg/torture/tls/thr-init-2.c -Os -fPIC execution test
FAIL: gcc.target/i386/pr61801.c (internal compiler error)
FAIL: gcc.target/i386/pr61801.c (test for excess errors)
FAIL: gcc.target/i386/pr61923.c (internal compiler error)
FAIL: gcc.target/i386/pr61923.c (test for excess errors)
=== gcc Summary ===
# of expected passes 93145
# of unexpected failures 34
# of expected failures 265
# of unsupported tests 1192
/var/gcc/regression/gcc-4.8-branch/9-gcc-gas/build/gcc/xgcc version 4.8.5 20150227 (prerelease) [gcc-4_8-branch revision 221054] (GCC)
=== gfortran tests ===
Running target unix
FAIL: gfortran.dg/pr35662.f90 -O3 -fomit-frame-pointer (test for excess errors)
WARNING: gfortran.dg/pr35662.f90 -O3 -fomit-frame-pointer compilation failed to produce executable
WARNING: program timed out.
=== gfortran Summary ===
# of expected passes 43451
# of unexpected failures 1
# of expected failures 64
# of unsupported tests 358
/var/gcc/regression/gcc-4.8-branch/9-gcc-gas/build/gcc/testsuite/gfortran/../../gfortran version 4.8.5 20150227 (prerelease) [gcc-4_8-branch revision 221054] (GCC)
=== gnat tests ===
Running target unix
=== gnat Summary ===
# of expected passes 1176
# of expected failures 17
# of unsupported tests 6
/var/gcc/regression/gcc-4.8-branch/9-gcc-gas/build/gcc/gnatmake version 4.8.5 20150227 (prerelease) [gcc-4_8-branch revision 221054]
=== go tests ===
Running target unix
=== go Summary ===
# of expected passes 5181
# of expected failures 1
# of untested testcases 5
/var/gcc/regression/gcc-4.8-branch/9-gcc-gas/build/gcc/testsuite/go/../../gccgo version 4.8.5 20150227 (prerelease) [gcc-4_8-branch revision 221054] (GCC)
=== obj-c++ tests ===
Running target unix
=== obj-c++ Summary ===
# of expected passes 1450
# of expected failures 2
# of unsupported tests 86
/var/gcc/regression/gcc-4.8-branch/9-gcc-gas/build/gcc/testsuite/obj-c++/../../xg++ version 4.8.5 20150227 (prerelease) [gcc-4_8-branch revision 221054] (GCC)
=== objc tests ===
Running target unix
=== objc Summary ===
# of expected passes 2988
# of expected failures 6
# of unsupported tests 74
/var/gcc/regression/gcc-4.8-branch/9-gcc-gas/build/gcc/xgcc version 4.8.5 20150227 (prerelease) [gcc-4_8-branch revision 221054] (GCC)
=== boehm-gc tests ===
Running target unix
=== boehm-gc Summary ===
# of expected passes 12
# of unsupported tests 1
=== libatomic tests ===
Running target unix
=== libatomic Summary ===
# of expected passes 44
# of unsupported tests 5
=== libffi tests ===
Running target unix
=== libffi Summary ===
# of expected passes 1819
# of unsupported tests 55
=== libgo tests ===
Running target unix
FAIL: math
FAIL: runtime
FAIL: log/syslog
=== libgo Summary ===
# of expected passes 119
# of unexpected failures 3
=== libgomp tests ===
Running target unix
=== libgomp Summary ===
# of expected passes 3084
# of unsupported tests 3
=== libitm tests ===
Running target unix
=== libitm Summary ===
# of expected passes 26
# of expected failures 3
# of unsupported tests 1
=== libjava tests ===
Running target unix
FAIL: Divide_1 output - source compiled test
FAIL: Divide_1 -findirect-dispatch output - source compiled test
FAIL: Divide_1 -O3 output - source compiled test
FAIL: Divide_1 -O3 -findirect-dispatch output - source compiled test
=== libjava Summary ===
# of expected passes 2578
# of unexpected failures 4
# of expected failures 4
=== libstdc++ tests ===
Running target unix
XPASS: 22_locale/num_put/put/char/14220.cc execution test
XPASS: 22_locale/num_put/put/wchar_t/14220.cc execution test
=== libstdc++ Summary ===
# of expected passes 7719
# of unexpected successes 2
# of expected failures 47
# of unsupported tests 893
Compiler version: 4.8.5 20150227 (prerelease) [gcc-4_8-branch revision 221054] (GCC)
Platform: i386-pc-solaris2.9
configure flags: --prefix=/vol/gcc --target=i386-pc-solaris2.9 --enable-objc-gc --with-as=/vol/gcc/bin/gas-2.25 --with-gnu-as --with-gmp-include=/vol/gcc/include --with-gmp-lib=/vol/gcc/lib --with-mpfr-include=/vol/gcc/include --with-mpfr-lib=/vol/gcc/lib --with-mpc-include=/vol/gcc/include --with-mpc-lib=/vol/gcc/lib --enable-languages=all,ada,obj-c++,go --with-isl-include=/vol/gcc/include --with-isl-lib=/vol/gcc/lib --with-cloog-include=/vol/gcc/include --with-cloog-lib=/vol/gcc/lib --enable-cloog-backend=isl
BOOT_CFLAGS=-g -O2
More information about the Gcc-testresults
mailing list