Results for 5.2.1 20150724 [gcc-5-branch revision 226194] (GCC) testsuite on hppa64-hp-hpux11.11
John David Anglin
dave@hiauly3.hia.nrc.ca
Mon Jul 27 20:16:00 GMT 2015
Native configuration is hppa64-hp-hpux11.11
=== g++ tests ===
Running target unix
WARNING: program timed out.
=== g++ Summary ===
# of expected passes 79590
# of expected failures 282
# of unsupported tests 4024
/mnt/gnu/gcc/objdir-test/gcc/testsuite/g++/../../xg++ version 5.2.1 20150724 [gcc-5-branch revision 226194] (GCC)
=== gcc tests ===
Running target unix
FAIL: gcc.dg/atomic/c11-atomic-exec-5.c -O0 execution test
FAIL: gcc.dg/atomic/c11-atomic-exec-5.c -O1 execution test
FAIL: gcc.dg/atomic/c11-atomic-exec-5.c -O2 execution test
FAIL: gcc.dg/atomic/c11-atomic-exec-5.c -O3 -fomit-frame-pointer execution test
FAIL: gcc.dg/atomic/c11-atomic-exec-5.c -O3 -fomit-frame-pointer -funroll-loops execution test
FAIL: gcc.dg/atomic/c11-atomic-exec-5.c -O3 -fomit-frame-pointer -funroll-all-loops -finline-functions execution test
FAIL: gcc.dg/atomic/c11-atomic-exec-5.c -O3 -g execution test
FAIL: gcc.dg/atomic/c11-atomic-exec-5.c -Os execution test
FAIL: gcc.dg/atomic/c11-atomic-exec-5.c -O2 -flto -flto-partition=none execution test
FAIL: gcc.dg/atomic/c11-atomic-exec-5.c -O2 -flto execution test
FAIL: gcc.dg/pr64434.c scan-rtl-dump-times expand "Swap operands" 1
XPASS: gcc.dg/sibcall-3.c execution test
XPASS: gcc.dg/sibcall-4.c execution test
FAIL: gcc.dg/uninit-19.c (test for warnings, line 22)
FAIL: gcc.dg/uninit-19.c (test for excess errors)
WARNING: program timed out.
=== gcc Summary ===
# of expected passes 84038
# of unexpected failures 13
# of unexpected successes 2
# of expected failures 132
# of unsupported tests 1913
/mnt/gnu/gcc/objdir-test/gcc/xgcc version 5.2.1 20150724 [gcc-5-branch revision 226194] (GCC)
=== gfortran tests ===
Running target unix
=== gfortran Summary ===
# of expected passes 46937
# of expected failures 81
# of unsupported tests 410
/mnt/gnu/gcc/objdir-test/gcc/testsuite/gfortran/../../gfortran version 5.2.1 20150724 [gcc-5-branch revision 226194] (GCC)
=== obj-c++ tests ===
Running target unix
=== obj-c++ Summary ===
# of expected passes 1445
# of expected failures 10
# of unsupported tests 86
/mnt/gnu/gcc/objdir-test/gcc/testsuite/obj-c++/../../xg++ version 5.2.1 20150724 [gcc-5-branch revision 226194] (GCC)
=== objc tests ===
Running target unix
=== objc Summary ===
# of expected passes 3014
# of unsupported tests 75
/mnt/gnu/gcc/objdir-test/gcc/xgcc version 5.2.1 20150724 [gcc-5-branch revision 226194] (GCC)
=== libatomic tests ===
Running target unix
=== libatomic Summary ===
# of expected passes 44
# of unsupported tests 5
=== libgomp tests ===
Running target unix
=== libgomp Summary ===
# of expected passes 5748
# of unsupported tests 293
=== libstdc++ tests ===
Running target unix
=== libstdc++ Summary ===
# of expected passes 8626
# of expected failures 65
# of unsupported tests 970
Compiler version: 5.2.1 20150724 [gcc-5-branch revision 226194] (GCC)
Platform: hppa64-hp-hpux11.11
configure flags:Test Run By dave on Sat Jul 25 22:34:36 2015
More information about the Gcc-testresults
mailing list