Results for 6.0.0 20150724 (experimental) [trunk revision 226194] (GCC) testsuite on hppa2.0w-hp-hpux11.11
John David Anglin
dave@hiauly3.hia.nrc.ca
Mon Jul 27 20:15:00 GMT 2015
=== acats tests ===
FAIL: c761006
FAIL: c974013
FAIL: c9a011b
=== acats Summary ===
# of expected passes 2317
# of unexpected failures 3
Native configuration is hppa2.0w-hp-hpux11.11
=== g++ tests ===
Running target unix
WARNING: program timed out.
FAIL: g++.dg/torture/pr63419.C -O0 (internal compiler error)
FAIL: g++.dg/torture/pr63419.C -O0 (test for excess errors)
=== g++ Summary ===
# of expected passes 76185
# of unexpected failures 2
# of expected failures 273
# of unsupported tests 3951
/test/gnu/gcc/objdir/gcc/testsuite/g++/../../xg++ version 6.0.0 20150724 (experimental) [trunk revision 226194] (GCC)
=== gcc tests ===
Running target unix
FAIL: gcc.c-torture/compile/pr39928-1.c -O0 (internal compiler error)
FAIL: gcc.c-torture/compile/pr39928-1.c -O0 (test for excess errors)
FAIL: gcc.c-torture/compile/pr39928-1.c -O1 (internal compiler error)
FAIL: gcc.c-torture/compile/pr39928-1.c -O1 (test for excess errors)
FAIL: gcc.c-torture/compile/pr39928-1.c -O2 (internal compiler error)
FAIL: gcc.c-torture/compile/pr39928-1.c -O2 (test for excess errors)
FAIL: gcc.c-torture/compile/pr39928-1.c -O3 -g (internal compiler error)
FAIL: gcc.c-torture/compile/pr39928-1.c -O3 -g (test for excess errors)
FAIL: gcc.c-torture/compile/pr39928-1.c -Os (internal compiler error)
FAIL: gcc.c-torture/compile/pr39928-1.c -Os (test for excess errors)
FAIL: gcc.c-torture/compile/pr54713-3.c -O0 (internal compiler error)
FAIL: gcc.c-torture/compile/pr54713-3.c -O0 (test for excess errors)
FAIL: gcc.c-torture/compile/pr54713-3.c -O1 (internal compiler error)
FAIL: gcc.c-torture/compile/pr54713-3.c -O1 (test for excess errors)
FAIL: gcc.c-torture/compile/pr54713-3.c -O2 (internal compiler error)
FAIL: gcc.c-torture/compile/pr54713-3.c -O2 (test for excess errors)
FAIL: gcc.c-torture/compile/pr54713-3.c -O3 -g (internal compiler error)
FAIL: gcc.c-torture/compile/pr54713-3.c -O3 -g (test for excess errors)
FAIL: gcc.c-torture/compile/pr54713-3.c -Os (internal compiler error)
FAIL: gcc.c-torture/compile/pr54713-3.c -Os (test for excess errors)
FAIL: gcc.dg/atomic/c11-atomic-exec-5.c -O0 execution test
FAIL: gcc.dg/atomic/c11-atomic-exec-5.c -O1 execution test
FAIL: gcc.dg/atomic/c11-atomic-exec-5.c -O2 execution test
FAIL: gcc.dg/atomic/c11-atomic-exec-5.c -O3 -fomit-frame-pointer -funroll-loops -fpeel-loops -ftracer -finline-functions execution test
FAIL: gcc.dg/atomic/c11-atomic-exec-5.c -O3 -g execution test
FAIL: gcc.dg/atomic/c11-atomic-exec-5.c -Os execution test
FAIL: gcc.dg/compat/vector-1 c_compat_x_tst.o compile, (internal compiler error)
UNRESOLVED: gcc.dg/compat/vector-1 c_compat_x_tst.o-c_compat_y_tst.o link
UNRESOLVED: gcc.dg/compat/vector-1 c_compat_x_tst.o-c_compat_y_tst.o execute
FAIL: gcc.dg/compat/vector-2 c_compat_x_tst.o compile, (internal compiler error)
UNRESOLVED: gcc.dg/compat/vector-2 c_compat_x_tst.o-c_compat_y_tst.o link
UNRESOLVED: gcc.dg/compat/vector-2 c_compat_x_tst.o-c_compat_y_tst.o execute
FAIL: gcc.dg/loop-8.c scan-rtl-dump-times loop2_invariant "Decided" 1
FAIL: gcc.dg/loop-8.c scan-rtl-dump-not loop2_invariant "without introducing a new temporary register"
FAIL: gcc.dg/memcpy-5.c (internal compiler error)
FAIL: gcc.dg/memcpy-5.c (test for excess errors)
FAIL: gcc.dg/pr43300.c (internal compiler error)
FAIL: gcc.dg/pr43300.c (test for excess errors)
FAIL: gcc.dg/pr49551.c (test for excess errors)
FAIL: gcc.dg/pr64434.c scan-rtl-dump-times expand "Swap operands" 1
FAIL: gcc.dg/gomp/notify-new-function-3.c scan-tree-dump-times ompexpssa "Added new ssa gimple function foo\\\\._loopfn\\\\.0 to callgraph" 1
WARNING: program timed out.
FAIL: gcc.dg/torture/pr36891.c -O0 (internal compiler error)
FAIL: gcc.dg/torture/pr36891.c -O0 (test for excess errors)
FAIL: gcc.dg/torture/pr36891.c -O1 (internal compiler error)
FAIL: gcc.dg/torture/pr36891.c -O1 (test for excess errors)
FAIL: gcc.dg/torture/pr36891.c -O2 (internal compiler error)
FAIL: gcc.dg/torture/pr36891.c -O2 (test for excess errors)
FAIL: gcc.dg/torture/pr36891.c -O3 -fomit-frame-pointer -funroll-loops -fpeel-loops -ftracer -finline-functions (internal compiler error)
FAIL: gcc.dg/torture/pr36891.c -O3 -fomit-frame-pointer -funroll-loops -fpeel-loops -ftracer -finline-functions (test for excess errors)
FAIL: gcc.dg/torture/pr36891.c -O3 -g (internal compiler error)
FAIL: gcc.dg/torture/pr36891.c -O3 -g (test for excess errors)
FAIL: gcc.dg/torture/pr36891.c -Os (internal compiler error)
FAIL: gcc.dg/torture/pr36891.c -Os (test for excess errors)
FAIL: gcc.dg/torture/pr47968.c -O0 (internal compiler error)
FAIL: gcc.dg/torture/pr47968.c -O0 (test for excess errors)
FAIL: gcc.dg/torture/pr47968.c -O1 (internal compiler error)
FAIL: gcc.dg/torture/pr47968.c -O1 (test for excess errors)
FAIL: gcc.dg/torture/pr47968.c -O2 (internal compiler error)
FAIL: gcc.dg/torture/pr47968.c -O2 (test for excess errors)
FAIL: gcc.dg/torture/pr47968.c -O3 -g (internal compiler error)
FAIL: gcc.dg/torture/pr47968.c -O3 -g (test for excess errors)
FAIL: gcc.dg/torture/pr47968.c -Os (internal compiler error)
FAIL: gcc.dg/torture/pr47968.c -Os (test for excess errors)
FAIL: gcc.dg/tree-ssa/forwprop-5.c (internal compiler error)
FAIL: gcc.dg/tree-ssa/forwprop-5.c (test for excess errors)
FAIL: gcc.dg/tree-ssa/ivopts-lt-2.c scan-tree-dump-times ivopts "PHI <p_" 1
FAIL: gcc.dg/tree-ssa/ivopts-lt-2.c scan-tree-dump-times ivopts "p_[0-9]* <" 1
FAIL: gcc.dg/tree-ssa/pr65447.c scan-tree-dump-not ivopts "\\\\nuse 5\\\\n"
FAIL: gcc.dg/tree-ssa/vector-1.c (internal compiler error)
FAIL: gcc.dg/tree-ssa/vector-1.c (test for excess errors)
=== gcc Summary ===
# of expected passes 62268
# of unexpected failures 66
# of expected failures 137
# of unresolved testcases 4
# of unsupported tests 1691
/test/gnu/gcc/objdir/gcc/xgcc version 6.0.0 20150724 (experimental) [trunk revision 226194] (GCC)
=== gfortran tests ===
Running target unix
=== gfortran Summary ===
# of expected passes 38823
# of expected failures 71
# of unsupported tests 339
/test/gnu/gcc/objdir/gcc/testsuite/gfortran/../../gfortran version 6.0.0 20150724 (experimental) [trunk revision 226194] (GCC)
=== gnat tests ===
Running target unix
=== gnat Summary ===
# of expected passes 1362
# of expected failures 21
# of unsupported tests 22
/test/gnu/gcc/objdir/gcc/gnatmake version 6.0.0 20150724 (experimental) [trunk revision 226194]
=== obj-c++ tests ===
Running target unix
=== obj-c++ Summary ===
# of expected passes 1397
# of expected failures 2
# of unsupported tests 60
/test/gnu/gcc/objdir/gcc/testsuite/obj-c++/../../xg++ version 6.0.0 20150724 (experimental) [trunk revision 226194] (GCC)
=== objc tests ===
Running target unix
=== objc Summary ===
# of expected passes 2690
# of unsupported tests 61
/test/gnu/gcc/objdir/gcc/xgcc version 6.0.0 20150724 (experimental) [trunk revision 226194] (GCC)
=== boehm-gc tests ===
Running target unix
=== boehm-gc Summary ===
# of expected passes 12
# of unsupported tests 1
=== libatomic tests ===
Running target unix
=== libatomic Summary ===
# of expected passes 44
# of unsupported tests 5
=== libffi tests ===
Running target unix
=== libffi Summary ===
# of expected passes 1904
# of unsupported tests 35
=== libgomp tests ===
Running target unix
=== libgomp Summary ===
# of expected passes 4001
# of expected failures 4
# of unsupported tests 250
=== libjava tests ===
Running target unix
FAIL: LargeFile execution - source compiled test
FAIL: LargeFile -findirect-dispatch execution - source compiled test
FAIL: LargeFile -O3 execution - source compiled test
FAIL: LargeFile -O3 -findirect-dispatch execution - source compiled test
XPASS: sourcelocation output - source compiled test
XPASS: sourcelocation -findirect-dispatch output - source compiled test
XPASS: sourcelocation -O3 output - source compiled test
XPASS: sourcelocation -O3 -findirect-dispatch output - source compiled test
=== libjava Summary ===
# of expected passes 2574
# of unexpected failures 4
# of unexpected successes 4
# of untested testcases 4
=== libstdc++ tests ===
Running target unix
FAIL: tr1/8_c_compatibility/complex/50880.cc (test for excess errors)
UNRESOLVED: tr1/8_c_compatibility/complex/50880.cc compilation failed to produce executable
FAIL: tr1/8_c_compatibility/complex/functions.cc (test for excess errors)
=== libstdc++ Summary ===
# of expected passes 8824
# of unexpected failures 2
# of expected failures 66
# of unresolved testcases 1
# of unsupported tests 1034
Compiler version: 6.0.0 20150724 (experimental) [trunk revision 226194] (GCC)
Platform: hppa2.0w-hp-hpux11.11
configure flags:Test Run By dave on Sat Jul 25 22:55:09 EDT 2015
More information about the Gcc-testresults
mailing list