Results for 6.0.0 20150722 (Wed Jul 22 21:14:04 PDT 2015 build.sh rev=1237 s=FCtrunk -FSF t=DGNOBOARD NLAe600 -V nightly_NLAe600) (GCC) testsuite on powerpc-unknown-linux-gnualtivec
Dharmakan Rohit Arul Raj
rohitarulraj@freescale.com
Thu Jul 23 07:22:00 GMT 2015
Native configuration is powerpc-unknown-linux-gnualtivec
=== gcc tests ===
Running target unix
FAIL: gcc.c-torture/execute/920501-5.c -O1 (test for excess errors)
FAIL: gcc.c-torture/execute/920721-4.c -O2 -flto -fno-use-linker-plugin -flto-partition=none (test for excess errors)
FAIL: c-c++-common/asan/misalign-1.c -O0 output pattern test, is =================================================================
FAIL: c-c++-common/asan/misalign-1.c -O1 output pattern test, is =================================================================
FAIL: c-c++-common/asan/misalign-1.c -O2 output pattern test, is =================================================================
FAIL: c-c++-common/asan/misalign-1.c -O2 -flto -fno-use-linker-plugin -flto-partition=none output pattern test, is =================================================================
FAIL: c-c++-common/asan/misalign-1.c -O2 -flto -fuse-linker-plugin -fno-fat-lto-objects output pattern test, is =================================================================
FAIL: c-c++-common/asan/misalign-1.c -O3 -g output pattern test, is =================================================================
FAIL: c-c++-common/asan/misalign-1.c -Os output pattern test, is =================================================================
FAIL: c-c++-common/asan/misalign-2.c -O0 output pattern test, is =================================================================
FAIL: c-c++-common/asan/misalign-2.c -O1 output pattern test, is =================================================================
FAIL: c-c++-common/asan/misalign-2.c -O2 output pattern test, is =================================================================
FAIL: c-c++-common/asan/misalign-2.c -O2 -flto -fno-use-linker-plugin -flto-partition=none output pattern test, is =================================================================
FAIL: c-c++-common/asan/misalign-2.c -O2 -flto -fuse-linker-plugin -fno-fat-lto-objects output pattern test, is =================================================================
FAIL: c-c++-common/asan/misalign-2.c -O3 -g output pattern test, is =================================================================
FAIL: c-c++-common/asan/misalign-2.c -Os output pattern test, is =================================================================
FAIL: c-c++-common/asan/null-deref-1.c -O0 output pattern test, is ASAN:SIGSEGV
FAIL: c-c++-common/asan/null-deref-1.c -O1 output pattern test, is ASAN:SIGSEGV
FAIL: c-c++-common/asan/null-deref-1.c -O2 output pattern test, is ASAN:SIGSEGV
FAIL: c-c++-common/asan/null-deref-1.c -O2 -flto -fno-use-linker-plugin -flto-partition=none output pattern test, is ASAN:SIGSEGV
FAIL: c-c++-common/asan/null-deref-1.c -O2 -flto -fuse-linker-plugin -fno-fat-lto-objects output pattern test, is ASAN:SIGSEGV
FAIL: c-c++-common/asan/null-deref-1.c -O3 -g output pattern test, is ASAN:SIGSEGV
FAIL: c-c++-common/asan/null-deref-1.c -Os output pattern test, is ASAN:SIGSEGV
FAIL: tmpdir-gcc.dg-struct-layout-1/t024 c_compat_x_tst.o-c_compat_y_tst.o execute
FAIL: gcc.dg/debug/dwarf2/stacked-qualified-types-3.c scan-assembler-times DIE \\\\([^\\n]*\\\\) DW_TAG_(?:const|volatile|atomic|restrict)_type 8
FAIL: gcc.dg/20021014-1.c execution test
FAIL: gcc.dg/aru-2.c execution test
FAIL: gcc.dg/nest.c execution test
FAIL: gcc.dg/nested-func-4.c execution test
FAIL: gcc.dg/pow-sqrt-synth-1.c scan-tree-dump-times sincos "synthesizing" 7
FAIL: gcc.dg/pr32450.c execution test
FAIL: gcc.dg/pr43643.c execution test
FAIL: gcc.dg/sms-8.c scan-rtl-dump-times sms "SMS succeeded" 0
XPASS: gcc.dg/graphite/vect-pr43423.c scan-tree-dump-times vect "vectorized 2 loops" 1
FAIL: gcc.dg/torture/pr66952.c -O0 execution test
FAIL: gcc.dg/torture/pr66952.c -O1 execution test
FAIL: gcc.dg/torture/pr66952.c -O2 execution test
FAIL: gcc.dg/torture/pr66952.c -O2 -flto -fno-use-linker-plugin -flto-partition=none execution test
FAIL: gcc.dg/torture/pr66952.c -O2 -flto -fuse-linker-plugin -fno-fat-lto-objects execution test
FAIL: gcc.dg/torture/pr66952.c -O3 -g execution test
FAIL: gcc.dg/torture/pr66952.c -Os execution test
FAIL: gcc.dg/tree-ssa/ivopts-lt-2.c scan-tree-dump-times ivopts "PHI <p_" 1
FAIL: gcc.dg/tree-ssa/ivopts-lt-2.c scan-tree-dump-times ivopts "PHI" 1
FAIL: gcc.dg/tree-ssa/ivopts-lt-2.c scan-tree-dump-times ivopts "p_[0-9]* <" 1
FAIL: gcc.dg/tree-ssa/sra-12.c scan-tree-dump-times release_ssa "l;" 0
FAIL: gcc.dg/vect/costmodel/ppc/costmodel-vect-31a.c scan-tree-dump-times vect "vectorization not profitable" 1
FAIL: gcc.dg/vect/costmodel/ppc/costmodel-vect-33.c scan-tree-dump-times vect "vectorization not profitable" 1
XPASS: gcc.dg/vect/no-scevccp-outer-11.c scan-tree-dump-times vect "OUTER LOOP VECTORIZED." 1
FAIL: gcc.dg/vect/no-vfa-vect-depend-2.c scan-tree-dump-times vect "vectorized 1 loops" 1
FAIL: gcc.dg/vect/no-vfa-vect-depend-3.c scan-tree-dump-times vect "vectorized 1 loops" 4
FAIL: gcc.dg/vect/slp-multitypes-4.c -flto -ffat-lto-objects scan-tree-dump-times vect "vectorized 1 loops" 1
FAIL: gcc.dg/vect/slp-multitypes-4.c -flto -ffat-lto-objects scan-tree-dump-times vect "vectorizing stmts using SLP" 1
FAIL: gcc.dg/vect/slp-multitypes-4.c scan-tree-dump-times vect "vectorized 1 loops" 1
FAIL: gcc.dg/vect/slp-multitypes-4.c scan-tree-dump-times vect "vectorizing stmts using SLP" 1
FAIL: gcc.dg/vect/slp-multitypes-5.c -flto -ffat-lto-objects scan-tree-dump-times vect "vectorized 1 loops" 1
FAIL: gcc.dg/vect/slp-multitypes-5.c -flto -ffat-lto-objects scan-tree-dump-times vect "vectorizing stmts using SLP" 1
FAIL: gcc.dg/vect/slp-multitypes-5.c scan-tree-dump-times vect "vectorized 1 loops" 1
FAIL: gcc.dg/vect/slp-multitypes-5.c scan-tree-dump-times vect "vectorizing stmts using SLP" 1
FAIL: gcc.dg/vect/vect-125.c -flto -ffat-lto-objects scan-tree-dump vect "vectorized 1 loops"
FAIL: gcc.dg/vect/vect-125.c scan-tree-dump vect "vectorized 1 loops"
FAIL: gcc.dg/vect/vect-31.c -flto -ffat-lto-objects scan-tree-dump-times vect "vectorized 4 loops" 1
FAIL: gcc.dg/vect/vect-31.c scan-tree-dump-times vect "vectorized 4 loops" 1
FAIL: gcc.dg/vmx/extract-vsx-be-order.c -O0 (test for excess errors)
UNRESOLVED: gcc.dg/vmx/extract-vsx-be-order.c -O0 compilation failed to produce executable
FAIL: gcc.dg/vmx/extract-vsx.c -O0 (test for excess errors)
UNRESOLVED: gcc.dg/vmx/extract-vsx.c -O0 compilation failed to produce executable
FAIL: gcc.dg/vmx/ld-vsx-be-order.c -O0 (test for excess errors)
UNRESOLVED: gcc.dg/vmx/ld-vsx-be-order.c -O0 compilation failed to produce executable
FAIL: gcc.dg/vmx/ld-vsx.c -O0 (test for excess errors)
UNRESOLVED: gcc.dg/vmx/ld-vsx.c -O0 compilation failed to produce executable
FAIL: gcc.dg/vmx/ldl-vsx-be-order.c -O0 (test for excess errors)
UNRESOLVED: gcc.dg/vmx/ldl-vsx-be-order.c -O0 compilation failed to produce executable
FAIL: gcc.dg/vmx/ldl-vsx.c -O0 (test for excess errors)
UNRESOLVED: gcc.dg/vmx/ldl-vsx.c -O0 compilation failed to produce executable
FAIL: gcc.dg/vmx/merge-vsx-be-order.c -O0 (test for excess errors)
UNRESOLVED: gcc.dg/vmx/merge-vsx-be-order.c -O0 compilation failed to produce executable
FAIL: gcc.dg/vmx/merge-vsx-be-order.c -O1 (test for excess errors)
UNRESOLVED: gcc.dg/vmx/merge-vsx-be-order.c -O1 compilation failed to produce executable
FAIL: gcc.dg/vmx/merge-vsx-be-order.c -Os (test for excess errors)
UNRESOLVED: gcc.dg/vmx/merge-vsx-be-order.c -Os compilation failed to produce executable
FAIL: gcc.dg/vmx/merge-vsx.c -O0 (test for excess errors)
UNRESOLVED: gcc.dg/vmx/merge-vsx.c -O0 compilation failed to produce executable
FAIL: gcc.dg/vmx/merge-vsx.c -O1 (test for excess errors)
UNRESOLVED: gcc.dg/vmx/merge-vsx.c -O1 compilation failed to produce executable
FAIL: gcc.dg/vmx/merge-vsx.c -Os (test for excess errors)
UNRESOLVED: gcc.dg/vmx/merge-vsx.c -Os compilation failed to produce executable
FAIL: gcc.dg/vmx/splat-vsx-be-order.c -O0 (test for excess errors)
UNRESOLVED: gcc.dg/vmx/splat-vsx-be-order.c -O0 compilation failed to produce executable
FAIL: gcc.dg/vmx/splat-vsx-be-order.c -O1 (test for excess errors)
UNRESOLVED: gcc.dg/vmx/splat-vsx-be-order.c -O1 compilation failed to produce executable
FAIL: gcc.dg/vmx/splat-vsx.c -O0 (test for excess errors)
UNRESOLVED: gcc.dg/vmx/splat-vsx.c -O0 compilation failed to produce executable
FAIL: gcc.dg/vmx/splat-vsx.c -O1 (test for excess errors)
UNRESOLVED: gcc.dg/vmx/splat-vsx.c -O1 compilation failed to produce executable
FAIL: gcc.dg/vmx/st-vsx-be-order.c -O0 (test for excess errors)
UNRESOLVED: gcc.dg/vmx/st-vsx-be-order.c -O0 compilation failed to produce executable
FAIL: gcc.dg/vmx/st-vsx.c -O0 (test for excess errors)
UNRESOLVED: gcc.dg/vmx/st-vsx.c -O0 compilation failed to produce executable
FAIL: gcc.dg/vmx/stl-vsx-be-order.c -O0 (test for excess errors)
UNRESOLVED: gcc.dg/vmx/stl-vsx-be-order.c -O0 compilation failed to produce executable
FAIL: gcc.dg/vmx/stl-vsx.c -O0 (test for excess errors)
UNRESOLVED: gcc.dg/vmx/stl-vsx.c -O0 compilation failed to produce executable
FAIL: gcc.target/powerpc/dfp-builtin-1.c (test for excess errors)
UNRESOLVED: gcc.target/powerpc/dfp-builtin-1.c scan-assembler-not bl __builtin
UNRESOLVED: gcc.target/powerpc/dfp-builtin-1.c scan-assembler-not dctqpq
UNRESOLVED: gcc.target/powerpc/dfp-builtin-1.c scan-assembler-not drdpq
UNRESOLVED: gcc.target/powerpc/dfp-builtin-1.c scan-assembler-not lfd
UNRESOLVED: gcc.target/powerpc/dfp-builtin-1.c scan-assembler-not stfd
UNRESOLVED: gcc.target/powerpc/dfp-builtin-1.c scan-assembler-times ddedpd 4
UNRESOLVED: gcc.target/powerpc/dfp-builtin-1.c scan-assembler-times denbcd 2
UNRESOLVED: gcc.target/powerpc/dfp-builtin-1.c scan-assembler-times diex 1
UNRESOLVED: gcc.target/powerpc/dfp-builtin-1.c scan-assembler-times dscli 2
UNRESOLVED: gcc.target/powerpc/dfp-builtin-1.c scan-assembler-times dscri 2
UNRESOLVED: gcc.target/powerpc/dfp-builtin-1.c scan-assembler-times dxex 1
FAIL: gcc.target/powerpc/dfp-builtin-2.c (test for excess errors)
UNRESOLVED: gcc.target/powerpc/dfp-builtin-2.c scan-assembler-not bl __builtin
UNRESOLVED: gcc.target/powerpc/dfp-builtin-2.c scan-assembler-not dctqpq
UNRESOLVED: gcc.target/powerpc/dfp-builtin-2.c scan-assembler-not drdpq
UNRESOLVED: gcc.target/powerpc/dfp-builtin-2.c scan-assembler-not lfd
UNRESOLVED: gcc.target/powerpc/dfp-builtin-2.c scan-assembler-not stfd
UNRESOLVED: gcc.target/powerpc/dfp-builtin-2.c scan-assembler-times ddedpdq 4
UNRESOLVED: gcc.target/powerpc/dfp-builtin-2.c scan-assembler-times denbcdq 2
UNRESOLVED: gcc.target/powerpc/dfp-builtin-2.c scan-assembler-times diexq 1
UNRESOLVED: gcc.target/powerpc/dfp-builtin-2.c scan-assembler-times dscliq 2
UNRESOLVED: gcc.target/powerpc/dfp-builtin-2.c scan-assembler-times dscriq 2
UNRESOLVED: gcc.target/powerpc/dfp-builtin-2.c scan-assembler-times dxexq 1
FAIL: gcc.target/powerpc/dfp-dd-2.c (test for excess errors)
UNRESOLVED: gcc.target/powerpc/dfp-dd-2.c scan-assembler-times fabs 1
UNRESOLVED: gcc.target/powerpc/dfp-dd-2.c scan-assembler-times fmr 0
UNRESOLVED: gcc.target/powerpc/dfp-dd-2.c scan-assembler-times fnabs 1
UNRESOLVED: gcc.target/powerpc/dfp-dd-2.c scan-assembler-times fneg 1
FAIL: gcc.target/powerpc/dfp-dd.c (test for excess errors)
UNRESOLVED: gcc.target/powerpc/dfp-dd.c scan-assembler dadd
UNRESOLVED: gcc.target/powerpc/dfp-dd.c scan-assembler ddiv
UNRESOLVED: gcc.target/powerpc/dfp-dd.c scan-assembler dmul
UNRESOLVED: gcc.target/powerpc/dfp-dd.c scan-assembler dsub
UNRESOLVED: gcc.target/powerpc/dfp-dd.c scan-assembler-times dcffixq 2
UNRESOLVED: gcc.target/powerpc/dfp-dd.c scan-assembler-times dcmpu 6
UNRESOLVED: gcc.target/powerpc/dfp-dd.c scan-assembler-times dctfix 2
UNRESOLVED: gcc.target/powerpc/dfp-dd.c scan-assembler-times drintn 2
FAIL: gcc.target/powerpc/dfp-td-2.c (test for excess errors)
UNRESOLVED: gcc.target/powerpc/dfp-td-2.c scan-assembler-times fabs 1
UNRESOLVED: gcc.target/powerpc/dfp-td-2.c scan-assembler-times fmr 0
UNRESOLVED: gcc.target/powerpc/dfp-td-2.c scan-assembler-times fnabs 1
UNRESOLVED: gcc.target/powerpc/dfp-td-2.c scan-assembler-times fneg 1
FAIL: gcc.target/powerpc/dfp-td-3.c (test for excess errors)
UNRESOLVED: gcc.target/powerpc/dfp-td-3.c scan-assembler-times fabs 1
UNRESOLVED: gcc.target/powerpc/dfp-td-3.c scan-assembler-times fmr 3
UNRESOLVED: gcc.target/powerpc/dfp-td-3.c scan-assembler-times fnabs 1
UNRESOLVED: gcc.target/powerpc/dfp-td-3.c scan-assembler-times fneg 1
FAIL: gcc.target/powerpc/dfp-td.c (test for excess errors)
UNRESOLVED: gcc.target/powerpc/dfp-td.c scan-assembler daddq
UNRESOLVED: gcc.target/powerpc/dfp-td.c scan-assembler ddivq
UNRESOLVED: gcc.target/powerpc/dfp-td.c scan-assembler dmulq
UNRESOLVED: gcc.target/powerpc/dfp-td.c scan-assembler dsubq
UNRESOLVED: gcc.target/powerpc/dfp-td.c scan-assembler-times dcffixq 2
UNRESOLVED: gcc.target/powerpc/dfp-td.c scan-assembler-times dcmpuq 6
UNRESOLVED: gcc.target/powerpc/dfp-td.c scan-assembler-times dctfixq 2
UNRESOLVED: gcc.target/powerpc/dfp-td.c scan-assembler-times drintnq 2
FAIL: gcc.target/powerpc/pr39902-2.c (test for excess errors)
UNRESOLVED: gcc.target/powerpc/pr39902-2.c scan-assembler-not fneg
FAIL: gcc.target/powerpc/pr48857.c scan-assembler-not ld
FAIL: gcc.target/powerpc/pr64205.c (test for excess errors)
=== gcc Summary ===
# of expected passes 89897
# of unexpected failures 90
# of unexpected successes 2
# of expected failures 230
# of unresolved testcases 71
# of unsupported tests 2013
/home/local/nightly/build/opt/freescale/NLAe600/obj_gcc/gcc/xgcc version 6.0.0 20150722 (Wed Jul 22 21:14:04 PDT 2015 build.sh rev=1237 s=FCtrunk -FSF t=DGNOBOARD NLAe600 -V nightly_NLAe600) (GCC)
=== gfortran tests ===
Running target unix
FAIL: gfortran.dg/allocatable_function_1.f90 -O0 scan-tree-dump-times original "free" 10
FAIL: gfortran.dg/allocatable_function_1.f90 -O1 scan-tree-dump-times original "free" 10
FAIL: gfortran.dg/allocatable_function_1.f90 -O2 scan-tree-dump-times original "free" 10
FAIL: gfortran.dg/allocatable_function_1.f90 -O3 -fomit-frame-pointer -funroll-loops -fpeel-loops -ftracer -finline-functions scan-tree-dump-times original "free" 10
FAIL: gfortran.dg/allocatable_function_1.f90 -O3 -g scan-tree-dump-times original "free" 10
FAIL: gfortran.dg/allocatable_function_1.f90 -Os scan-tree-dump-times original "free" 10
FAIL: gfortran.dg/bessel_6.f90 -O0 execution test
FAIL: gfortran.dg/bessel_6.f90 -O1 execution test
FAIL: gfortran.dg/bessel_6.f90 -O2 execution test
FAIL: gfortran.dg/bessel_6.f90 -O3 -fomit-frame-pointer -funroll-loops -fpeel-loops -ftracer -finline-functions execution test
FAIL: gfortran.dg/bessel_6.f90 -O3 -g execution test
FAIL: gfortran.dg/bessel_6.f90 -Os execution test
FAIL: gfortran.dg/default_format_denormal_2.f90 -O0 execution test
FAIL: gfortran.dg/default_format_denormal_2.f90 -O1 execution test
FAIL: gfortran.dg/default_format_denormal_2.f90 -O2 execution test
FAIL: gfortran.dg/default_format_denormal_2.f90 -O3 -fomit-frame-pointer -funroll-loops -fpeel-loops -ftracer -finline-functions execution test
FAIL: gfortran.dg/default_format_denormal_2.f90 -O3 -g execution test
FAIL: gfortran.dg/default_format_denormal_2.f90 -Os execution test
XPASS: gfortran.dg/nint_2.f90 -O0 execution test
FAIL: gfortran.dg/graphite/pr42393.f90 -O (test for excess errors)
WARNING: program timed out.
FAIL: gfortran.dg/vect/pr62283-2.f -O scan-tree-dump slp2 "basic block vectorized"
=== gfortran Summary ===
# of expected passes 40199
# of unexpected failures 20
# of unexpected successes 1
# of expected failures 84
# of unsupported tests 218
/home/local/nightly/build/opt/freescale/NLAe600/obj_gcc/gcc/testsuite/gfortran/../../gfortran version 6.0.0 20150722 (Wed Jul 22 21:14:04 PDT 2015 build.sh rev=1237 s=FCtrunk -FSF t=DGNOBOARD NLAe600 -V nightly_NLAe600) (GCC)
=== g++ tests ===
Running target unix
FAIL: c-c++-common/asan/null-deref-1.c -O2 output pattern test, is ASAN:SIGSEGV
FAIL: c-c++-common/asan/null-deref-1.c -O2 -flto -fno-use-linker-plugin -flto-partition=none output pattern test, is ASAN:SIGSEGV
FAIL: c-c++-common/asan/null-deref-1.c -O2 -flto -fuse-linker-plugin -fno-fat-lto-objects output pattern test, is ASAN:SIGSEGV
FAIL: c-c++-common/asan/null-deref-1.c -O3 -g output pattern test, is ASAN:SIGSEGV
FAIL: g++.dg/abi/scoped1.C -std=gnu++11 execution test
FAIL: g++.dg/abi/scoped1.C -std=gnu++14 execution test
FAIL: g++.dg/vect/pr36648.cc -std=c++11 scan-tree-dump-times vect "vectorized 1 loops" 1
FAIL: g++.dg/vect/pr36648.cc -std=c++11 scan-tree-dump-times vect "vectorizing stmts using SLP" 1
FAIL: g++.dg/vect/pr36648.cc -std=c++14 scan-tree-dump-times vect "vectorized 1 loops" 1
FAIL: g++.dg/vect/pr36648.cc -std=c++14 scan-tree-dump-times vect "vectorizing stmts using SLP" 1
FAIL: g++.dg/vect/pr36648.cc -std=c++98 scan-tree-dump-times vect "vectorized 1 loops" 1
FAIL: g++.dg/vect/pr36648.cc -std=c++98 scan-tree-dump-times vect "vectorizing stmts using SLP" 1
FAIL: g++.old-deja/g++.law/profile1.C -std=gnu++11 execution test
FAIL: g++.old-deja/g++.law/profile1.C -std=gnu++14 execution test
FAIL: g++.old-deja/g++.law/profile1.C -std=gnu++98 execution test
=== g++ Summary ===
# of expected passes 86856
# of unexpected failures 15
# of expected failures 333
# of unsupported tests 3725
/home/local/nightly/build/opt/freescale/NLAe600/obj_gcc/gcc/testsuite/g++/../../xg++ version 6.0.0 20150722 (Wed Jul 22 21:14:04 PDT 2015 build.sh rev=1237 s=FCtrunk -FSF t=DGNOBOARD NLAe600 -V nightly_NLAe600) (GCC)
=== objc tests ===
Running target unix
=== objc Summary ===
# of expected passes 2772
# of unsupported tests 68
/home/local/nightly/build/opt/freescale/NLAe600/obj_gcc/gcc/xgcc version 6.0.0 20150722 (Wed Jul 22 21:14:04 PDT 2015 build.sh rev=1237 s=FCtrunk -FSF t=DGNOBOARD NLAe600 -V nightly_NLAe600) (GCC)
=== boehm-gc tests ===
Running target unix
=== boehm-gc Summary ===
# of expected passes 12
# of unsupported tests 1
=== libatomic tests ===
Running target unix
=== libatomic Summary ===
# of expected passes 44
# of unsupported tests 5
=== libffi tests ===
Running target unix
=== libffi Summary ===
# of expected passes 1914
# of unsupported tests 30
=== libgomp tests ===
Running target unix
=== libgomp Summary ===
# of expected passes 5059
# of expected failures 8
# of unsupported tests 301
=== libitm tests ===
Running target unix
=== libitm Summary ===
# of expected passes 26
# of expected failures 3
# of unsupported tests 1
=== libjava tests ===
Running target unix
FAIL: indirect_read -O3 compilation from source
=== libjava Summary ===
# of expected passes 2579
# of unexpected failures 1
# of expected failures 4
# of untested testcases 2
=== libstdc++ tests ===
Running target unix
FAIL: tr1/4_metaprogramming/is_function/35637.cc (test for excess errors)
=== libstdc++ Summary ===
# of expected passes 10394
# of unexpected failures 1
# of expected failures 66
# of unsupported tests 269
Compiler version: 6.0.0 20150722 (Wed Jul 22 21:14:04 PDT 2015 build.sh rev=1237 s=FCtrunk -FSF t=DGNOBOARD NLAe600 -V nightly_NLAe600) (GCC)
Platform: powerpc-unknown-linux-gnualtivec configure flags: --prefix=/local/nightly/build//opt/freescale/gcc-6.0.x-Ne600-linuxaltivec/ppc64-linux --target=powerpc-unknown-linux-gnualtivec --build=powerpc-unknown-linux-gnualtivec --enable-checking --disable-decimal-float --enable-interfaces=c,c++ --with-cpu=7450 --enable-altivec --enable-tls --enable-build-with-cxx --with-mpfr=/local/nightly/build//opt/freescale/NLAe600/linux_host_libs/usr --with-mpc=/local/nightly/build//opt/freescale/NLAe600/linux_host_libs/usr --with-ppl=/local/nightly/build//opt/freescale/NLAe600/linux_host_libs/usr --with-isl=/local/nightly/build//opt/freescale/NLAe600/linux_host_libs/usr --with-cloog=/local/nightly/build//opt/freescale/NLAe600/linux_host_libs/usr --enable-cloog-backend=isl
More information about the Gcc-testresults
mailing list