Results for 6.0.0 20150709 (experimental) [trunk revision 225661] (GCC) testsuite on x86_64-unknown-linux-gnu
Sebastian Baginski
s.baginski@mail.com
Fri Jul 10 14:59:00 GMT 2015
Linux 3.13.0-55-generic x86_64 x86_64
ldd (Ubuntu EGLIBC 2.19-0ubuntu6.6) 2.19
GNU ld (GNU Binutils for Ubuntu) 2.24
GNU Make 3.81
DejaGnu:
Expect version is 5.45
Tcl version is 8.6
Framework version is 1.5
Native configuration is x86_64-unknown-linux-gnu
=== gcc tests ===
Running target unix
FAIL: gcc.dg/debug/dwarf2/stacked-qualified-types-3.c scan-assembler-times DIE \\\\([^\\n]*\\\\) DW_TAG_(?:const|volatile|atomic|restrict)_type 8
FAIL: gcc.target/i386/pr49781-1.c scan-assembler-not lea[lq]?[ \\t]\\\\((%|)r[a-z0-9]*
FAIL: gcc.target/i386/pr61403.c scan-assembler blend
=== gcc Summary ===
# of expected passes 114338
# of unexpected failures 3
# of expected failures 258
# of unsupported tests 2337
/home/seb/tests/gcc5/host-x86_64-unknown-linux-gnu/gcc/xgcc version 6.0.0 20150709 (experimental) (GCC)
=== gfortran tests ===
Running target unix
=== gfortran Summary ===
# of expected passes 49168
# of expected failures 64
# of unsupported tests 77
/home/seb/tests/gcc5/host-x86_64-unknown-linux-gnu/gcc/testsuite/gfortran/../../gfortran version 6.0.0 20150709 (experimental) (GCC)
=== g++ tests ===
Running target unix
XPASS: g++.dg/tls/thread_local-order2.C -std=c++11 execution test
XPASS: g++.dg/tls/thread_local-order2.C -std=c++14 execution test
=== g++ Summary ===
# of expected passes 95027
# of unexpected successes 2
# of expected failures 339
# of unsupported tests 3489
/home/seb/tests/gcc5/host-x86_64-unknown-linux-gnu/gcc/testsuite/g++/../../xg++ version 6.0.0 20150709 (experimental) (GCC)
=== objc tests ===
Running target unix
=== objc Summary ===
# of expected passes 3010
# of expected failures 6
# of unsupported tests 74
/home/seb/tests/gcc5/host-x86_64-unknown-linux-gnu/gcc/xgcc version 6.0.0 20150709 (experimental) (GCC)
=== boehm-gc tests ===
Running target unix
=== boehm-gc Summary ===
# of expected passes 12
# of unsupported tests 1
=== libatomic tests ===
Running target unix
=== libatomic Summary ===
# of expected passes 54
=== libffi tests ===
Running target unix
=== libffi Summary ===
# of expected passes 1914
# of unsupported tests 30
=== libitm tests ===
Running target unix
=== libitm Summary ===
# of expected passes 26
# of expected failures 3
# of unsupported tests 1
=== libjava tests ===
Running target unix
=== libjava Summary ===
# of expected passes 2582
# of expected failures 4
=== libstdc++ tests ===
Running target unix
=== libstdc++ Summary ===
# of expected passes 10151
# of expected failures 65
# of unsupported tests 545
Compiler version: 6.0.0 20150709 (experimental) (GCC)
Platform: x86_64-unknown-linux-gnu
configure flags: --disable-multilib
More information about the Gcc-testresults
mailing list