Results for 6.0.0 20150707 (experimental) [trunk revision 225521] (GCC) testsuite on x86_64-unknown-linux-gnu
H.J. Lu Intel64 Core i7
intel64corei7@gnu-34.sc.intel.com
Tue Jul 7 21:49:00 GMT 2015
Native configuration is x86_64-unknown-linux-gnu
=== gcc tests ===
Running target unix
FAIL: gcc.dg/debug/dwarf2/stacked-qualified-types-3.c scan-assembler-times DIE \\\\([^\\n]*\\\\) DW_TAG_(?:const|volatile|atomic|restrict)_type 8
FAIL: c-c++-common/ubsan/object-size-9.c -O2 -flto -fuse-linker-plugin -fno-fat-lto-objects output pattern test
FAIL: gcc.target/i386/pr49781-1.c scan-assembler-not lea[lq]?[ \\t]\\\\((%|)r[a-z0-9]*
FAIL: gcc.target/i386/pr61403.c scan-assembler blend
=== gcc Summary for unix ===
# of expected passes 115610
# of unexpected failures 4
# of expected failures 263
# of unsupported tests 1826
Running target unix/-m32
FAIL: gcc.dg/debug/dwarf2/stacked-qualified-types-3.c scan-assembler-times DIE \\\\([^\\n]*\\\\) DW_TAG_(?:const|volatile|atomic|restrict)_type 8
XPASS: gcc.dg/graphite/vect-pr43423.c scan-tree-dump-times vect "vectorized 2 loops" 1
FAIL: gcc.target/i386/pr61403.c scan-assembler blend
=== gcc Summary for unix/-m32 ===
# of expected passes 114675
# of unexpected failures 2
# of unexpected successes 1
# of expected failures 263
# of unsupported tests 1658
=== gcc Summary ===
# of expected passes 230285
# of unexpected failures 6
# of unexpected successes 1
# of expected failures 526
# of unsupported tests 3484
/export/gnu/import/git/gcc-test-intel64corei7/bld/gcc/xgcc version 6.0.0 20150707 (experimental) [trunk revision 225521] (GCC)
=== gfortran tests ===
Running target unix
=== gfortran Summary for unix ===
# of expected passes 49286
# of expected failures 78
# of unsupported tests 71
Running target unix/-m32
=== gfortran Summary for unix/-m32 ===
# of expected passes 48999
# of expected failures 78
# of unsupported tests 209
=== gfortran Summary ===
# of expected passes 98285
# of expected failures 156
# of unsupported tests 280
/export/gnu/import/git/gcc-test-intel64corei7/bld/gcc/testsuite/gfortran/../../gfortran version 6.0.0 20150707 (experimental) [trunk revision 225521] (GCC)
=== g++ tests ===
Running target unix
XPASS: g++.dg/tls/thread_local-order2.C -std=c++11 execution test
XPASS: g++.dg/tls/thread_local-order2.C -std=c++14 execution test
=== g++ Summary for unix ===
# of expected passes 95026
# of unexpected successes 2
# of expected failures 339
# of unsupported tests 3487
Running target unix/-m32
XPASS: g++.dg/tls/thread_local-order2.C -std=c++11 execution test
XPASS: g++.dg/tls/thread_local-order2.C -std=c++14 execution test
=== g++ Summary for unix/-m32 ===
# of expected passes 93471
# of unexpected successes 2
# of expected failures 339
# of unsupported tests 3227
=== g++ Summary ===
# of expected passes 188497
# of unexpected successes 4
# of expected failures 678
# of unsupported tests 6714
/export/gnu/import/git/gcc-test-intel64corei7/bld/gcc/testsuite/g++/../../xg++ version 6.0.0 20150707 (experimental) [trunk revision 225521] (GCC)
=== objc tests ===
Running target unix
=== objc Summary for unix ===
# of expected passes 3010
# of expected failures 6
# of unsupported tests 74
Running target unix/-m32
=== objc Summary for unix/-m32 ===
# of expected passes 3010
# of expected failures 6
# of unsupported tests 74
=== objc Summary ===
# of expected passes 6020
# of expected failures 12
# of unsupported tests 148
/export/gnu/import/git/gcc-test-intel64corei7/bld/gcc/xgcc version 6.0.0 20150707 (experimental) [trunk revision 225521] (GCC)
=== boehm-gc tests ===
Running target unix/-m32
=== boehm-gc Summary for unix/-m32 ===
# of expected passes 12
# of unsupported tests 1
Running target unix
=== boehm-gc Summary for unix ===
# of expected passes 12
# of unsupported tests 1
=== boehm-gc Summary ===
# of expected passes 24
# of unsupported tests 2
=== libatomic tests ===
Running target unix/-m32
=== libatomic Summary for unix/-m32 ===
# of expected passes 44
# of unsupported tests 5
Running target unix
=== libatomic Summary for unix ===
# of expected passes 54
=== libatomic Summary ===
# of expected passes 98
# of unsupported tests 5
=== libffi tests ===
Running target unix/-m32
=== libffi Summary for unix/-m32 ===
# of expected passes 2439
# of unsupported tests 30
Running target unix
=== libffi Summary for unix ===
# of expected passes 1914
# of unsupported tests 30
=== libffi Summary ===
# of expected passes 4353
# of unsupported tests 60
=== libgomp tests ===
Running target unix/-m32
FAIL: libgomp.c/parloops-exit-first-loop-alt-3.c (test for excess errors)
UNRESOLVED: libgomp.c/parloops-exit-first-loop-alt-3.c compilation failed to produce executable
FAIL: libgomp.c/parloops-exit-first-loop-alt.c (test for excess errors)
UNRESOLVED: libgomp.c/parloops-exit-first-loop-alt.c compilation failed to produce executable
=== libgomp Summary for unix/-m32 ===
# of expected passes 5951
# of unexpected failures 2
# of expected failures 8
# of unresolved testcases 2
# of unsupported tests 278
Running target unix
FAIL: libgomp.c/parloops-exit-first-loop-alt-3.c (test for excess errors)
UNRESOLVED: libgomp.c/parloops-exit-first-loop-alt-3.c compilation failed to produce executable
FAIL: libgomp.c/parloops-exit-first-loop-alt.c (test for excess errors)
UNRESOLVED: libgomp.c/parloops-exit-first-loop-alt.c compilation failed to produce executable
=== libgomp Summary for unix ===
# of expected passes 5951
# of unexpected failures 2
# of expected failures 8
# of unresolved testcases 2
# of unsupported tests 278
=== libgomp Summary ===
# of expected passes 11902
# of unexpected failures 4
# of expected failures 16
# of unresolved testcases 4
# of unsupported tests 556
=== libitm tests ===
Running target unix/-m32
=== libitm Summary for unix/-m32 ===
# of expected passes 26
# of expected failures 3
# of unsupported tests 1
Running target unix
=== libitm Summary for unix ===
# of expected passes 26
# of expected failures 3
# of unsupported tests 1
=== libitm Summary ===
# of expected passes 52
# of expected failures 6
# of unsupported tests 2
=== libjava tests ===
Running target unix/-m32
=== libjava Summary for unix/-m32 ===
# of expected passes 2582
# of expected failures 4
Running target unix
=== libjava Summary for unix ===
# of expected passes 2582
# of expected failures 4
=== libjava Summary ===
# of expected passes 5164
# of expected failures 8
=== libstdc++ tests ===
Running target unix
XPASS: 26_numerics/inner_product/1.cc execution test
=== libstdc++ Summary for unix ===
# of expected passes 4805
# of unexpected successes 1
# of expected failures 61
# of unsupported tests 231
Running target unix/-m32
FAIL: 23_containers/map/modifiers/erase/dr130-linkage-check.cc (test for excess errors)
UNRESOLVED: 23_containers/map/modifiers/erase/dr130-linkage-check.cc compilation failed to produce executable
FAIL: 23_containers/multimap/modifiers/erase/dr130-linkage-check.cc (test for excess errors)
UNRESOLVED: 23_containers/multimap/modifiers/erase/dr130-linkage-check.cc compilation failed to produce executable
FAIL: 23_containers/multiset/modifiers/erase/dr130-linkage-check.cc (test for excess errors)
UNRESOLVED: 23_containers/multiset/modifiers/erase/dr130-linkage-check.cc compilation failed to produce executable
FAIL: 23_containers/set/modifiers/erase/dr130-linkage-check.cc (test for excess errors)
UNRESOLVED: 23_containers/set/modifiers/erase/dr130-linkage-check.cc compilation failed to produce executable
=== libstdc++ Summary for unix/-m32 ===
# of expected passes 10865
# of unexpected failures 4
# of expected failures 65
# of unresolved testcases 4
# of unsupported tests 227
=== libstdc++ Summary ===
# of expected passes 15670
# of unexpected failures 4
# of unexpected successes 1
# of expected failures 126
# of unresolved testcases 4
# of unsupported tests 458
Compiler version: 6.0.0 20150707 (experimental) [trunk revision 225521] (GCC)
Platform: x86_64-unknown-linux-gnu
configure flags: --with-arch=corei7 --with-cpu=corei7 --prefix=/usr/6.0.0 --enable-clocale=gnu --with-system-zlib --enable-shared --with-demangler-in-ld --with-fpmath=sse --enable-languages=c,c++,fortran,java,lto,objc
More information about the Gcc-testresults
mailing list